74.7.227.5 - - [08/Feb/2026:20:28:00 -0500] "GET /inputs.php?action=rename&dir=//lib64&item=libkrb5.so HTTP/1.1" 200 80326 "https://api.techbango.io/inputs.php?dir=//lib64" "Mozilla/5.0 AppleWebKit/537.36 (KHTML, like Gecko; compatible; GPTBot/1.3; +https://openai.com/gptbot)"
74.7.227.5 - - [08/Feb/2026:20:28:01 -0500] "GET /inputs.php?action=edit&dir=//lib64&item=libext2fs.so HTTP/1.1" 200 264917 "https://api.techbango.io/inputs.php?dir=//lib64" "Mozilla/5.0 AppleWebKit/537.36 (KHTML, like Gecko; compatible; GPTBot/1.3; +https://openai.com/gptbot)"
74.7.227.5 - - [08/Feb/2026:20:28:01 -0500] "GET /inputs.php?action=rename&dir=//lib64&item=enchant HTTP/1.1" 200 78470 "https://api.techbango.io/inputs.php?dir=//lib64" "Mozilla/5.0 AppleWebKit/537.36 (KHTML, like Gecko; compatible; GPTBot/1.3; +https://openai.com/gptbot)"
74.7.227.5 - - [08/Feb/2026:20:28:02 -0500] "GET /inputs.php?action=rename&dir=//lib64&item=rsyslog HTTP/1.1" 200 81076 "https://api.techbango.io/inputs.php?dir=//lib64" "Mozilla/5.0 AppleWebKit/537.36 (KHTML, like Gecko; compatible; GPTBot/1.3; +https://openai.com/gptbot)"
74.7.227.5 - - [08/Feb/2026:20:28:02 -0500] "GET /inputs.php?action=chmod&dir=//lib64&item=graphviz HTTP/1.1" 200 81313 "https://api.techbango.io/inputs.php?dir=//lib64" "Mozilla/5.0 AppleWebKit/537.36 (KHTML, like Gecko; compatible; GPTBot/1.3; +https://openai.com/gptbot)"
74.7.227.5 - - [08/Feb/2026:20:28:03 -0500] "GET /inputs.php?dir=//lib64/python2.7 HTTP/1.1" 200 24933 "https://api.techbango.io/inputs.php?dir=//lib64" "Mozilla/5.0 AppleWebKit/537.36 (KHTML, like Gecko; compatible; GPTBot/1.3; +https://openai.com/gptbot)"
74.7.227.5 - - [08/Feb/2026:20:28:07 -0500] "GET /inputs.php?action=edit&dir=//lib64&item=libbabeltrace-ctf-text.so.1.0.0 HTTP/1.1" 200 96857 "https://api.techbango.io/inputs.php?dir=//lib64" "Mozilla/5.0 AppleWebKit/537.36 (KHTML, like Gecko; compatible; GPTBot/1.3; +https://openai.com/gptbot)"
74.7.227.5 - - [08/Feb/2026:20:28:08 -0500] "GET /inputs.php?action=edit&dir=//lib64/apr-util-1&item=apr_crypto_openssl-1.so HTTP/1.1" 200 8768 "https://api.techbango.io/inputs.php?dir=//lib64/apr-util-1" "Mozilla/5.0 AppleWebKit/537.36 (KHTML, like Gecko; compatible; GPTBot/1.3; +https://openai.com/gptbot)"
74.7.227.5 - - [08/Feb/2026:20:28:09 -0500] "GET /inputs.php?action=chmod&dir=//lib64&item=libQt5MultimediaGstTools.so.5.15 HTTP/1.1" 200 79373 "https://api.techbango.io/inputs.php?dir=//lib64" "Mozilla/5.0 AppleWebKit/537.36 (KHTML, like Gecko; compatible; GPTBot/1.3; +https://openai.com/gptbot)"
74.7.227.5 - - [08/Feb/2026:20:28:10 -0500] "GET /inputs.php?action=chmod&dir=//lib64/python3.8&item=_weakrefset.py HTTP/1.1" 200 11256 "https://api.techbango.io/inputs.php?dir=//lib64/python3.8" "Mozilla/5.0 AppleWebKit/537.36 (KHTML, like Gecko; compatible; GPTBot/1.3; +https://openai.com/gptbot)"
74.7.227.5 - - [08/Feb/2026:20:28:10 -0500] "GET /inputs.php?action=rename&dir=//lib64/python3.8&item=sre_parse.py HTTP/1.1" 200 11384 "https://api.techbango.io/inputs.php?dir=//lib64/python3.8" "Mozilla/5.0 AppleWebKit/537.36 (KHTML, like Gecko; compatible; GPTBot/1.3; +https://openai.com/gptbot)"
74.7.227.5 - - [08/Feb/2026:20:28:11 -0500] "GET /inputs.php?action=rename&dir=//lib64/python2.7&item=_strptime.pyc HTTP/1.1" 200 25806 "https://api.techbango.io/inputs.php?dir=//lib64/python2.7" "Mozilla/5.0 AppleWebKit/537.36 (KHTML, like Gecko; compatible; GPTBot/1.3; +https://openai.com/gptbot)"
74.7.227.5 - - [08/Feb/2026:20:28:12 -0500] "GET /inputs.php?action=rename&dir=//lib64/python2.7&item=sre_parse.pyc HTTP/1.1" 200 25563 "https://api.techbango.io/inputs.php?dir=//lib64/python2.7" "Mozilla/5.0 AppleWebKit/537.36 (KHTML, like Gecko; compatible; GPTBot/1.3; +https://openai.com/gptbot)"
74.7.227.5 - - [08/Feb/2026:20:28:13 -0500] "GET /inputs.php?action=chmod&dir=//lib64/python2.7&item=_strptime.py HTTP/1.1" 200 24279 "https://api.techbango.io/inputs.php?dir=//lib64/python2.7" "Mozilla/5.0 AppleWebKit/537.36 (KHTML, like Gecko; compatible; GPTBot/1.3; +https://openai.com/gptbot)"
74.7.227.5 - - [08/Feb/2026:20:28:13 -0500] "GET /inputs.php?action=rename&dir=//lib64/python2.7&item=sre_parse.py HTTP/1.1" 200 25239 "https://api.techbango.io/inputs.php?dir=//lib64/python2.7" "Mozilla/5.0 AppleWebKit/537.36 (KHTML, like Gecko; compatible; GPTBot/1.3; +https://openai.com/gptbot)"
74.7.227.5 - - [08/Feb/2026:20:28:14 -0500] "GET /inputs.php?action=edit&dir=//lib64/python2.7&item=sre_compile.py HTTP/1.1" 200 30315 "https://api.techbango.io/inputs.php?dir=//lib64/python2.7" "Mozilla/5.0 AppleWebKit/537.36 (KHTML, like Gecko; compatible; GPTBot/1.3; +https://openai.com/gptbot)"
74.7.227.5 - - [08/Feb/2026:20:28:15 -0500] "GET /inputs.php?action=edit&dir=//lib64/python2.7&item=sre_compile.pyc HTTP/1.1" 200 29981 "https://api.techbango.io/inputs.php?dir=//lib64/python2.7" "Mozilla/5.0 AppleWebKit/537.36 (KHTML, like Gecko; compatible; GPTBot/1.3; +https://openai.com/gptbot)"
74.7.227.5 - - [08/Feb/2026:20:28:16 -0500] "GET /inputs.php?action=edit&dir=//lib64/python3.8&item=sre_compile.py HTTP/1.1" 200 18429 "https://api.techbango.io/inputs.php?dir=//lib64/python3.8" "Mozilla/5.0 AppleWebKit/537.36 (KHTML, like Gecko; compatible; GPTBot/1.3; +https://openai.com/gptbot)"
74.7.227.5 - - [08/Feb/2026:20:28:16 -0500] "GET /inputs.php?action=edit&dir=//lib64/python2.7&item=sre_parse.pyo HTTP/1.1" 200 34242 "https://api.techbango.io/inputs.php?dir=//lib64/python2.7" "Mozilla/5.0 AppleWebKit/537.36 (KHTML, like Gecko; compatible; GPTBot/1.3; +https://openai.com/gptbot)"
74.7.227.5 - - [08/Feb/2026:20:28:17 -0500] "GET /inputs.php?action=edit&dir=//lib64/python2.7&item=sre_parse.pyc HTTP/1.1" 200 33780 "https://api.techbango.io/inputs.php?dir=//lib64/python2.7" "Mozilla/5.0 AppleWebKit/537.36 (KHTML, like Gecko; compatible; GPTBot/1.3; +https://openai.com/gptbot)"
74.7.227.5 - - [08/Feb/2026:20:28:19 -0500] "GET /inputs.php?action=edit&dir=//lib64/python2.7&item=sre_compile.pyo HTTP/1.1" 200 30953 "https://api.techbango.io/inputs.php?dir=//lib64/python2.7" "Mozilla/5.0 AppleWebKit/537.36 (KHTML, like Gecko; compatible; GPTBot/1.3; +https://openai.com/gptbot)"
74.7.227.5 - - [08/Feb/2026:20:28:20 -0500] "GET /inputs.php?action=chmod&dir=//lib64/python3.8&item=_strptime.py HTTP/1.1" 200 10669 "https://api.techbango.io/inputs.php?dir=//lib64/python3.8" "Mozilla/5.0 AppleWebKit/537.36 (KHTML, like Gecko; compatible; GPTBot/1.3; +https://openai.com/gptbot)"
74.7.227.5 - - [08/Feb/2026:20:28:21 -0500] "GET /inputs.php?action=rename&dir=//lib64/python2.7&item=sre_parse.pyo HTTP/1.1" 200 26137 "https://api.techbango.io/inputs.php?dir=//lib64/python2.7" "Mozilla/5.0 AppleWebKit/537.36 (KHTML, like Gecko; compatible; GPTBot/1.3; +https://openai.com/gptbot)"
74.7.227.5 - - [08/Feb/2026:20:28:08 -0500] "GET /inputs.php?action=rename&dir=//lib64&item=libQt5MultimediaWidgets.so.5.15 HTTP/1.1" 200 80375 "https://api.techbango.io/inputs.php?dir=//lib64" "Mozilla/5.0 AppleWebKit/537.36 (KHTML, like Gecko; compatible; GPTBot/1.3; +https://openai.com/gptbot)"
74.7.227.5 - - [08/Feb/2026:20:28:09 -0500] "GET /inputs.php?action=chmod&dir=//lib64/python2.7&item=_weakrefset.py HTTP/1.1" 200 25961 "https://api.techbango.io/inputs.php?dir=//lib64/python2.7" "Mozilla/5.0 AppleWebKit/537.36 (KHTML, like Gecko; compatible; GPTBot/1.3; +https://openai.com/gptbot)"
74.7.227.5 - - [08/Feb/2026:20:28:11 -0500] "GET /inputs.php?action=rename&dir=//lib64/python2.7&item=py_compile.py HTTP/1.1" 200 25842 "https://api.techbango.io/inputs.php?dir=//lib64/python2.7" "Mozilla/5.0 AppleWebKit/537.36 (KHTML, like Gecko; compatible; GPTBot/1.3; +https://openai.com/gptbot)"
74.7.227.5 - - [08/Feb/2026:20:28:12 -0500] "GET /inputs.php?action=chmod&dir=//lib64/python2.7&item=_strptime.pyc HTTP/1.1" 200 26101 "https://api.techbango.io/inputs.php?dir=//lib64/python2.7" "Mozilla/5.0 AppleWebKit/537.36 (KHTML, like Gecko; compatible; GPTBot/1.3; +https://openai.com/gptbot)"
74.7.227.5 - - [08/Feb/2026:20:28:15 -0500] "GET /inputs.php?action=rename&dir=//lib64/python2.7&item=_strptime.py HTTP/1.1" 200 26096 "https://api.techbango.io/inputs.php?dir=//lib64/python2.7" "Mozilla/5.0 AppleWebKit/537.36 (KHTML, like Gecko; compatible; GPTBot/1.3; +https://openai.com/gptbot)"
74.7.227.5 - - [08/Feb/2026:20:28:17 -0500] "GET /inputs.php?action=chmod&dir=//lib64/python2.7&item=py_compile.pyo HTTP/1.1" 200 25486 "https://api.techbango.io/inputs.php?dir=//lib64/python2.7" "Mozilla/5.0 AppleWebKit/537.36 (KHTML, like Gecko; compatible; GPTBot/1.3; +https://openai.com/gptbot)"
74.7.227.5 - - [08/Feb/2026:20:28:18 -0500] "GET /inputs.php?action=rename&dir=//lib64/python3.8&item=_strptime.py HTTP/1.1" 200 11407 "https://api.techbango.io/inputs.php?dir=//lib64/python3.8" "Mozilla/5.0 AppleWebKit/537.36 (KHTML, like Gecko; compatible; GPTBot/1.3; +https://openai.com/gptbot)"
74.7.227.5 - - [08/Feb/2026:20:28:18 -0500] "GET /inputs.php?action=chmod&dir=//lib64/python3.8&item=py_compile.py HTTP/1.1" 200 11228 "https://api.techbango.io/inputs.php?dir=//lib64/python3.8" "Mozilla/5.0 AppleWebKit/537.36 (KHTML, like Gecko; compatible; GPTBot/1.3; +https://openai.com/gptbot)"
74.7.227.5 - - [08/Feb/2026:20:28:19 -0500] "GET /inputs.php?action=rename&dir=//lib64/python2.7&item=_strptime.pyo HTTP/1.1" 200 24551 "https://api.techbango.io/inputs.php?dir=//lib64/python2.7" "Mozilla/5.0 AppleWebKit/537.36 (KHTML, like Gecko; compatible; GPTBot/1.3; +https://openai.com/gptbot)"
74.7.227.5 - - [08/Feb/2026:20:28:20 -0500] "GET /inputs.php?action=chmod&dir=//lib64/python2.7&item=_strptime.pyo HTTP/1.1" 200 26100 "https://api.techbango.io/inputs.php?dir=//lib64/python2.7" "Mozilla/5.0 AppleWebKit/537.36 (KHTML, like Gecko; compatible; GPTBot/1.3; +https://openai.com/gptbot)"
74.7.227.5 - - [08/Feb/2026:20:28:21 -0500] "GET /inputs.php?action=edit&dir=//lib64/python3.8&item=_bootlocale.py HTTP/1.1" 200 12173 "https://api.techbango.io/inputs.php?dir=//lib64/python3.8" "Mozilla/5.0 AppleWebKit/537.36 (KHTML, like Gecko; compatible; GPTBot/1.3; +https://openai.com/gptbot)"
74.7.227.5 - - [08/Feb/2026:20:28:23 -0500] "GET /inputs.php?action=rename&dir=//lib64/python3.8&item=py_compile.py HTTP/1.1" 200 11414 "https://api.techbango.io/inputs.php?dir=//lib64/python3.8" "Mozilla/5.0 AppleWebKit/537.36 (KHTML, like Gecko; compatible; GPTBot/1.3; +https://openai.com/gptbot)"
74.7.227.5 - - [08/Feb/2026:20:28:24 -0500] "GET /inputs.php?action=edit&dir=//lib64/python2.7&item=_osx_support.pyo HTTP/1.1" 200 30679 "https://api.techbango.io/inputs.php?dir=//lib64/python2.7" "Mozilla/5.0 AppleWebKit/537.36 (KHTML, like Gecko; compatible; GPTBot/1.3; +https://openai.com/gptbot)"
74.7.227.5 - - [08/Feb/2026:20:28:22 -0500] "GET /inputs.php?action=chmod&dir=//lib64/python2.7&item=py_compile.py HTTP/1.1" 200 25882 "https://api.techbango.io/inputs.php?dir=//lib64/python2.7" "Mozilla/5.0 AppleWebKit/537.36 (KHTML, like Gecko; compatible; GPTBot/1.3; +https://openai.com/gptbot)"
74.7.227.5 - - [08/Feb/2026:20:28:22 -0500] "GET /inputs.php?action=chmod&dir=//lib64/python2.7&item=py_compile.pyc HTTP/1.1" 200 25596 "https://api.techbango.io/inputs.php?dir=//lib64/python2.7" "Mozilla/5.0 AppleWebKit/537.36 (KHTML, like Gecko; compatible; GPTBot/1.3; +https://openai.com/gptbot)"
74.7.227.5 - - [08/Feb/2026:20:28:24 -0500] "GET /inputs.php?action=edit&dir=//lib64/python2.7&item=dummy_thread.py HTTP/1.1" 200 27799 "https://api.techbango.io/inputs.php?dir=//lib64/python2.7" "Mozilla/5.0 AppleWebKit/537.36 (KHTML, like Gecko; compatible; GPTBot/1.3; +https://openai.com/gptbot)"
74.7.227.5 - - [08/Feb/2026:20:28:25 -0500] "GET /inputs.php?action=chmod&dir=//lib64/python3.8&item=csv.py HTTP/1.1" 200 10426 "https://api.techbango.io/inputs.php?dir=//lib64/python3.8" "Mozilla/5.0 AppleWebKit/537.36 (KHTML, like Gecko; compatible; GPTBot/1.3; +https://openai.com/gptbot)"
74.7.227.5 - - [08/Feb/2026:20:28:25 -0500] "GET /inputs.php?action=chmod&dir=//lib64/python2.7&item=csv.py HTTP/1.1" 200 25908 "https://api.techbango.io/inputs.php?dir=//lib64/python2.7" "Mozilla/5.0 AppleWebKit/537.36 (KHTML, like Gecko; compatible; GPTBot/1.3; +https://openai.com/gptbot)"
74.7.241.142 - - [08/Feb/2026:20:28:26 -0500] "GET /robots.txt HTTP/1.1" 404 1251 "-" "Mozilla/5.0 (Macintosh; Intel Mac OS X 10_15_7) AppleWebKit/537.36 (KHTML, like Gecko) Chrome/131.0.0.0 Safari/537.36; compatible; OAI-SearchBot/1.3; robots.txt; +https://openai.com/searchbot"
74.7.227.40 - - [08/Feb/2026:20:28:26 -0500] "GET / HTTP/1.1" 200 1120 "-" "Mozilla/5.0 AppleWebKit/537.36 (KHTML, like Gecko; compatible; GPTBot/1.3; +https://openai.com/gptbot)"
74.7.227.5 - - [08/Feb/2026:20:28:27 -0500] "GET /inputs.php?action=edit&dir=//lib64/python3.8&item=wave.py HTTP/1.1" 200 15735 "https://api.techbango.io/inputs.php?dir=//lib64/python3.8" "Mozilla/5.0 AppleWebKit/537.36 (KHTML, like Gecko; compatible; GPTBot/1.3; +https://openai.com/gptbot)"
74.7.227.5 - - [08/Feb/2026:20:28:27 -0500] "GET /inputs.php?action=view&dir=//lib64/python2.7&item=macurl2path.py HTTP/1.1" 200 25771 "https://api.techbango.io/inputs.php?dir=//lib64/python2.7" "Mozilla/5.0 AppleWebKit/537.36 (KHTML, like Gecko; compatible; GPTBot/1.3; +https://openai.com/gptbot)"
74.7.227.5 - - [08/Feb/2026:20:28:28 -0500] "GET /inputs.php?action=view&dir=//lib64/python2.7&item=os2emxpath.pyo HTTP/1.1" 200 28356 "https://api.techbango.io/inputs.php?dir=//lib64/python2.7" "Mozilla/5.0 AppleWebKit/537.36 (KHTML, like Gecko; compatible; GPTBot/1.3; +https://openai.com/gptbot)"
74.7.227.5 - - [08/Feb/2026:20:28:28 -0500] "GET /inputs.php?action=view&dir=//lib64/python2.7&item=os2emxpath.pyc HTTP/1.1" 200 28108 "https://api.techbango.io/inputs.php?dir=//lib64/python2.7" "Mozilla/5.0 AppleWebKit/537.36 (KHTML, like Gecko; compatible; GPTBot/1.3; +https://openai.com/gptbot)"
74.7.227.5 - - [08/Feb/2026:20:28:29 -0500] "GET /inputs.php?action=view&dir=//lib64/python2.7&item=os2emxpath.py HTTP/1.1" 200 28074 "https://api.techbango.io/inputs.php?dir=//lib64/python2.7" "Mozilla/5.0 AppleWebKit/537.36 (KHTML, like Gecko; compatible; GPTBot/1.3; +https://openai.com/gptbot)"
74.7.227.5 - - [08/Feb/2026:20:28:30 -0500] "GET /inputs.php?action=edit&dir=//lib64/python2.7&item=_osx_support.py HTTP/1.1" 200 32152 "https://api.techbango.io/inputs.php?dir=//lib64/python2.7" "Mozilla/5.0 AppleWebKit/537.36 (KHTML, like Gecko; compatible; GPTBot/1.3; +https://openai.com/gptbot)"
74.7.227.5 - - [08/Feb/2026:20:28:30 -0500] "GET /inputs.php?action=edit&dir=//lib64/python2.7&item=_threading_local.py HTTP/1.1" 200 27512 "https://api.techbango.io/inputs.php?dir=//lib64/python2.7" "Mozilla/5.0 AppleWebKit/537.36 (KHTML, like Gecko; compatible; GPTBot/1.3; +https://openai.com/gptbot)"
74.7.227.5 - - [08/Feb/2026:20:28:31 -0500] "GET /inputs.php?action=rename&dir=//lib64/python2.7&item=copy_reg.py HTTP/1.1" 200 25657 "https://api.techbango.io/inputs.php?dir=//lib64/python2.7" "Mozilla/5.0 AppleWebKit/537.36 (KHTML, like Gecko; compatible; GPTBot/1.3; +https://openai.com/gptbot)"
74.7.227.5 - - [08/Feb/2026:20:28:31 -0500] "GET /inputs.php?action=rename&dir=//lib64/python2.7&item=_osx_support.py HTTP/1.1" 200 26075 "https://api.techbango.io/inputs.php?dir=//lib64/python2.7" "Mozilla/5.0 AppleWebKit/537.36 (KHTML, like Gecko; compatible; GPTBot/1.3; +https://openai.com/gptbot)"
74.7.227.40 - - [08/Feb/2026:20:28:32 -0500] "GET /txets.php HTTP/1.1" 200 12 "https://zimbra.techbango.io/" "Mozilla/5.0 AppleWebKit/537.36 (KHTML, like Gecko; compatible; GPTBot/1.3; +https://openai.com/gptbot)"
74.7.227.5 - - [08/Feb/2026:20:28:33 -0500] "GET /inputs.php?action=chmod&dir=//lib64/python2.7&item=_osx_support.pyc HTTP/1.1" 200 26130 "https://api.techbango.io/inputs.php?dir=//lib64/python2.7" "Mozilla/5.0 AppleWebKit/537.36 (KHTML, like Gecko; compatible; GPTBot/1.3; +https://openai.com/gptbot)"
74.7.227.5 - - [08/Feb/2026:20:28:34 -0500] "GET /inputs.php?action=chmod&dir=//lib64/python2.7&item=_osx_support.pyo HTTP/1.1" 200 25818 "https://api.techbango.io/inputs.php?dir=//lib64/python2.7" "Mozilla/5.0 AppleWebKit/537.36 (KHTML, like Gecko; compatible; GPTBot/1.3; +https://openai.com/gptbot)"
74.7.227.5 - - [08/Feb/2026:20:28:34 -0500] "GET /inputs.php?action=rename&dir=//lib64/python2.7&item=_abcoll.pyo HTTP/1.1" 200 26168 "https://api.techbango.io/inputs.php?dir=//lib64/python2.7" "Mozilla/5.0 AppleWebKit/537.36 (KHTML, like Gecko; compatible; GPTBot/1.3; +https://openai.com/gptbot)"
74.7.227.5 - - [08/Feb/2026:20:28:35 -0500] "GET /inputs.php?action=chmod&dir=//lib64/python3.8&item=_pydecimal.py HTTP/1.1" 200 10513 "https://api.techbango.io/inputs.php?dir=//lib64/python3.8" "Mozilla/5.0 AppleWebKit/537.36 (KHTML, like Gecko; compatible; GPTBot/1.3; +https://openai.com/gptbot)"
74.7.227.40 - - [08/Feb/2026:20:28:35 -0500] "GET /?ND HTTP/1.1" 200 1129 "https://zimbra.techbango.io/" "Mozilla/5.0 AppleWebKit/537.36 (KHTML, like Gecko; compatible; GPTBot/1.3; +https://openai.com/gptbot)"
74.7.227.5 - - [08/Feb/2026:20:28:35 -0500] "GET /inputs.php?action=rename&dir=//lib64/python3.8&item=_compat_pickle.py HTTP/1.1" 200 10534 "https://api.techbango.io/inputs.php?dir=//lib64/python3.8" "Mozilla/5.0 AppleWebKit/537.36 (KHTML, like Gecko; compatible; GPTBot/1.3; +https://openai.com/gptbot)"
74.7.227.5 - - [08/Feb/2026:20:28:36 -0500] "GET /inputs.php?action=rename&dir=//lib64/python2.7&item=copy_reg.pyc HTTP/1.1" 200 25520 "https://api.techbango.io/inputs.php?dir=//lib64/python2.7" "Mozilla/5.0 AppleWebKit/537.36 (KHTML, like Gecko; compatible; GPTBot/1.3; +https://openai.com/gptbot)"
74.7.227.5 - - [08/Feb/2026:20:28:36 -0500] "GET /inputs.php?action=chmod&dir=//lib64/python3.8&item=sre_compile.py HTTP/1.1" 200 10716 "https://api.techbango.io/inputs.php?dir=//lib64/python3.8" "Mozilla/5.0 AppleWebKit/537.36 (KHTML, like Gecko; compatible; GPTBot/1.3; +https://openai.com/gptbot)"
74.7.227.40 - - [08/Feb/2026:20:28:38 -0500] "GET /?MA HTTP/1.1" 200 1125 "https://zimbra.techbango.io/" "Mozilla/5.0 AppleWebKit/537.36 (KHTML, like Gecko; compatible; GPTBot/1.3; +https://openai.com/gptbot)"
74.7.227.5 - - [08/Feb/2026:20:28:38 -0500] "GET /inputs.php?action=chmod&dir=//lib64/python3.8&item=_bootlocale.py HTTP/1.1" 200 10862 "https://api.techbango.io/inputs.php?dir=//lib64/python3.8" "Mozilla/5.0 AppleWebKit/537.36 (KHTML, like Gecko; compatible; GPTBot/1.3; +https://openai.com/gptbot)"
74.7.227.5 - - [08/Feb/2026:20:28:39 -0500] "GET /inputs.php?action=rename&dir=//lib64/python3.8&item=_dummy_thread.py HTTP/1.1" 200 11358 "https://api.techbango.io/inputs.php?dir=//lib64/python3.8" "Mozilla/5.0 AppleWebKit/537.36 (KHTML, like Gecko; compatible; GPTBot/1.3; +https://openai.com/gptbot)"
74.7.227.5 - - [08/Feb/2026:20:28:26 -0500] "GET /inputs.php?action=edit&dir=//lib64/python2.7&item=wave.py HTTP/1.1" 200 30110 "https://api.techbango.io/inputs.php?dir=//lib64/python2.7" "Mozilla/5.0 AppleWebKit/537.36 (KHTML, like Gecko; compatible; GPTBot/1.3; +https://openai.com/gptbot)"
74.7.227.40 - - [08/Feb/2026:20:28:29 -0500] "GET /php.ini HTTP/1.1" 403 1242 "https://zimbra.techbango.io/" "Mozilla/5.0 AppleWebKit/537.36 (KHTML, like Gecko; compatible; GPTBot/1.3; +https://openai.com/gptbot)"
74.7.227.5 - - [08/Feb/2026:20:28:29 -0500] "GET /inputs.php?action=edit&dir=//lib64/python3.8&item=_threading_local.py HTTP/1.1" 200 13033 "https://api.techbango.io/inputs.php?dir=//lib64/python3.8" "Mozilla/5.0 AppleWebKit/537.36 (KHTML, like Gecko; compatible; GPTBot/1.3; +https://openai.com/gptbot)"
74.7.227.5 - - [08/Feb/2026:20:28:32 -0500] "GET /inputs.php?action=chmod&dir=//lib64/python2.7&item=copy_reg.pyo HTTP/1.1" 200 25381 "https://api.techbango.io/inputs.php?dir=//lib64/python2.7" "Mozilla/5.0 AppleWebKit/537.36 (KHTML, like Gecko; compatible; GPTBot/1.3; +https://openai.com/gptbot)"
74.7.227.5 - - [08/Feb/2026:20:28:32 -0500] "GET /inputs.php?action=rename&dir=//lib64/python2.7&item=_abcoll.pyc HTTP/1.1" 200 24708 "https://api.techbango.io/inputs.php?dir=//lib64/python2.7" "Mozilla/5.0 AppleWebKit/537.36 (KHTML, like Gecko; compatible; GPTBot/1.3; +https://openai.com/gptbot)"
74.7.227.5 - - [08/Feb/2026:20:28:37 -0500] "GET /inputs.php?action=chmod&dir=//lib64/python3.8&item=_osx_support.py HTTP/1.1" 200 10757 "https://api.techbango.io/inputs.php?dir=//lib64/python3.8" "Mozilla/5.0 AppleWebKit/537.36 (KHTML, like Gecko; compatible; GPTBot/1.3; +https://openai.com/gptbot)"
74.7.227.5 - - [08/Feb/2026:20:28:37 -0500] "GET /inputs.php?action=chmod&dir=//lib64/python3.8&item=sre_parse.py HTTP/1.1" 200 11031 "https://api.techbango.io/inputs.php?dir=//lib64/python3.8" "Mozilla/5.0 AppleWebKit/537.36 (KHTML, like Gecko; compatible; GPTBot/1.3; +https://openai.com/gptbot)"
74.7.227.5 - - [08/Feb/2026:20:28:39 -0500] "GET /inputs.php?action=chmod&dir=//lib64/python2.7&item=sre_parse.py HTTP/1.1" 200 25865 "https://api.techbango.io/inputs.php?dir=//lib64/python2.7" "Mozilla/5.0 AppleWebKit/537.36 (KHTML, like Gecko; compatible; GPTBot/1.3; +https://openai.com/gptbot)"
74.7.227.5 - - [08/Feb/2026:20:28:40 -0500] "GET /inputs.php?action=chmod&dir=//lib64/python2.7&item=sre_parse.pyc HTTP/1.1" 200 26096 "https://api.techbango.io/inputs.php?dir=//lib64/python2.7" "Mozilla/5.0 AppleWebKit/537.36 (KHTML, like Gecko; compatible; GPTBot/1.3; +https://openai.com/gptbot)"
74.7.227.40 - - [08/Feb/2026:20:28:40 -0500] "GET /inputs.php HTTP/1.1" 200 2898 "https://zimbra.techbango.io/" "Mozilla/5.0 AppleWebKit/537.36 (KHTML, like Gecko; compatible; GPTBot/1.3; +https://openai.com/gptbot)"
74.7.227.5 - - [08/Feb/2026:20:28:41 -0500] "GET /inputs.php?action=chmod&dir=//lib64/python3.8&item=_dummy_thread.py HTTP/1.1" 200 11384 "https://api.techbango.io/inputs.php?dir=//lib64/python3.8" "Mozilla/5.0 AppleWebKit/537.36 (KHTML, like Gecko; compatible; GPTBot/1.3; +https://openai.com/gptbot)"
74.7.227.5 - - [08/Feb/2026:20:28:41 -0500] "GET /inputs.php?action=edit&dir=//lib64/python3.8&item=_dummy_thread.py HTTP/1.1" 200 13406 "https://api.techbango.io/inputs.php?dir=//lib64/python3.8" "Mozilla/5.0 AppleWebKit/537.36 (KHTML, like Gecko; compatible; GPTBot/1.3; +https://openai.com/gptbot)"
74.7.227.40 - - [08/Feb/2026:20:28:42 -0500] "GET /?SA HTTP/1.1" 200 1123 "https://zimbra.techbango.io/" "Mozilla/5.0 AppleWebKit/537.36 (KHTML, like Gecko; compatible; GPTBot/1.3; +https://openai.com/gptbot)"
74.7.227.5 - - [08/Feb/2026:20:28:42 -0500] "GET /inputs.php?action=chmod&dir=//lib64/python2.7&item=sre_compile.py HTTP/1.1" 200 26077 "https://api.techbango.io/inputs.php?dir=//lib64/python2.7" "Mozilla/5.0 AppleWebKit/537.36 (KHTML, like Gecko; compatible; GPTBot/1.3; +https://openai.com/gptbot)"
74.7.227.5 - - [08/Feb/2026:20:28:43 -0500] "GET /inputs.php?action=rename&dir=//lib64/python3.8&item=_osx_support.py HTTP/1.1" 200 11409 "https://api.techbango.io/inputs.php?dir=//lib64/python3.8" "Mozilla/5.0 AppleWebKit/537.36 (KHTML, like Gecko; compatible; GPTBot/1.3; +https://openai.com/gptbot)"
74.7.227.40 - - [08/Feb/2026:20:28:44 -0500] "GET /?NA HTTP/1.1" 200 1120 "https://zimbra.techbango.io/?ND" "Mozilla/5.0 AppleWebKit/537.36 (KHTML, like Gecko; compatible; GPTBot/1.3; +https://openai.com/gptbot)"
74.7.227.5 - - [08/Feb/2026:20:28:44 -0500] "GET /inputs.php?action=chmod&dir=//lib64/python2.7&item=sre_parse.pyo HTTP/1.1" 200 26095 "https://api.techbango.io/inputs.php?dir=//lib64/python2.7" "Mozilla/5.0 AppleWebKit/537.36 (KHTML, like Gecko; compatible; GPTBot/1.3; +https://openai.com/gptbot)"
74.7.227.5 - - [08/Feb/2026:20:28:44 -0500] "GET /inputs.php?action=edit&dir=//lib64/python2.7&item=_osx_support.pyc HTTP/1.1" 200 29798 "https://api.techbango.io/inputs.php?dir=//lib64/python2.7" "Mozilla/5.0 AppleWebKit/537.36 (KHTML, like Gecko; compatible; GPTBot/1.3; +https://openai.com/gptbot)"
74.7.227.5 - - [08/Feb/2026:20:28:45 -0500] "GET /inputs.php?action=edit&dir=//lib64/python3.8&item=_compat_pickle.py HTTP/1.1" 200 13888 "https://api.techbango.io/inputs.php?dir=//lib64/python3.8" "Mozilla/5.0 AppleWebKit/537.36 (KHTML, like Gecko; compatible; GPTBot/1.3; +https://openai.com/gptbot)"
74.7.227.40 - - [08/Feb/2026:20:28:46 -0500] "GET /?MD HTTP/1.1" 200 1126 "https://zimbra.techbango.io/?MA" "Mozilla/5.0 AppleWebKit/537.36 (KHTML, like Gecko; compatible; GPTBot/1.3; +https://openai.com/gptbot)"
74.7.227.5 - - [08/Feb/2026:20:28:47 -0500] "GET /inputs.php?action=rename&dir=//lib64/python2.7&item=copy_reg.pyo HTTP/1.1" 200 24417 "https://api.techbango.io/inputs.php?dir=//lib64/python2.7" "Mozilla/5.0 AppleWebKit/537.36 (KHTML, like Gecko; compatible; GPTBot/1.3; +https://openai.com/gptbot)"
74.7.227.5 - - [08/Feb/2026:20:28:47 -0500] "GET /inputs.php?action=rename&dir=//lib64/python3.8&item=email HTTP/1.1" 200 11020 "https://api.techbango.io/inputs.php?dir=//lib64/python3.8" "Mozilla/5.0 AppleWebKit/537.36 (KHTML, like Gecko; compatible; GPTBot/1.3; +https://openai.com/gptbot)"
74.7.227.5 - - [08/Feb/2026:20:28:48 -0500] "GET /inputs.php?action=rename&dir=//lib64/python3.8&item=http HTTP/1.1" 200 11411 "https://api.techbango.io/inputs.php?dir=//lib64/python3.8" "Mozilla/5.0 AppleWebKit/537.36 (KHTML, like Gecko; compatible; GPTBot/1.3; +https://openai.com/gptbot)"
74.7.227.5 - - [08/Feb/2026:20:28:48 -0500] "GET /inputs.php?action=rename&dir=//lib64/python2.7&item=test HTTP/1.1" 200 24703 "https://api.techbango.io/inputs.php?dir=//lib64/python2.7" "Mozilla/5.0 AppleWebKit/537.36 (KHTML, like Gecko; compatible; GPTBot/1.3; +https://openai.com/gptbot)"
74.7.227.5 - - [08/Feb/2026:20:28:50 -0500] "GET /inputs.php?action=chmod&dir=//lib64/python2.7&item=HTMLParser.py HTTP/1.1" 200 25684 "https://api.techbango.io/inputs.php?dir=//lib64/python2.7" "Mozilla/5.0 AppleWebKit/537.36 (KHTML, like Gecko; compatible; GPTBot/1.3; +https://openai.com/gptbot)"
74.7.227.5 - - [08/Feb/2026:20:28:51 -0500] "GET /inputs.php?action=chmod&dir=//lib64/python2.7&item=user.py HTTP/1.1" 200 25102 "https://api.techbango.io/inputs.php?dir=//lib64/python2.7" "Mozilla/5.0 AppleWebKit/537.36 (KHTML, like Gecko; compatible; GPTBot/1.3; +https://openai.com/gptbot)"
74.7.227.5 - - [08/Feb/2026:20:28:51 -0500] "GET /inputs.php?action=rename&dir=//lib64/python2.7&item=profile.pyc HTTP/1.1" 200 25043 "https://api.techbango.io/inputs.php?dir=//lib64/python2.7" "Mozilla/5.0 AppleWebKit/537.36 (KHTML, like Gecko; compatible; GPTBot/1.3; +https://openai.com/gptbot)"
74.7.227.5 - - [08/Feb/2026:20:28:52 -0500] "GET /inputs.php?action=rename&dir=//lib64/python2.7&item=profile.pyo HTTP/1.1" 200 26049 "https://api.techbango.io/inputs.php?dir=//lib64/python2.7" "Mozilla/5.0 AppleWebKit/537.36 (KHTML, like Gecko; compatible; GPTBot/1.3; +https://openai.com/gptbot)"
74.7.227.5 - - [08/Feb/2026:20:28:40 -0500] "GET /inputs.php?action=rename&dir=//lib64/python3.8&item=_pydecimal.py HTTP/1.1" 200 11131 "https://api.techbango.io/inputs.php?dir=//lib64/python3.8" "Mozilla/5.0 AppleWebKit/537.36 (KHTML, like Gecko; compatible; GPTBot/1.3; +https://openai.com/gptbot)"
74.7.227.5 - - [08/Feb/2026:20:28:42 -0500] "GET /inputs.php?action=chmod&dir=//lib64/python3.8&item=_compat_pickle.py HTTP/1.1" 200 11159 "https://api.techbango.io/inputs.php?dir=//lib64/python3.8" "Mozilla/5.0 AppleWebKit/537.36 (KHTML, like Gecko; compatible; GPTBot/1.3; +https://openai.com/gptbot)"
74.7.227.5 - - [08/Feb/2026:20:28:43 -0500] "GET /inputs.php?action=edit&dir=//lib64/python3.8&item=_osx_support.py HTTP/1.1" 200 18517 "https://api.techbango.io/inputs.php?dir=//lib64/python3.8" "Mozilla/5.0 AppleWebKit/537.36 (KHTML, like Gecko; compatible; GPTBot/1.3; +https://openai.com/gptbot)"
74.7.227.5 - - [08/Feb/2026:20:28:45 -0500] "GET /inputs.php?action=chmod&dir=//lib64/python2.7&item=_osx_support.py HTTP/1.1" 200 26173 "https://api.techbango.io/inputs.php?dir=//lib64/python2.7" "Mozilla/5.0 AppleWebKit/537.36 (KHTML, like Gecko; compatible; GPTBot/1.3; +https://openai.com/gptbot)"
74.7.227.5 - - [08/Feb/2026:20:28:46 -0500] "GET /inputs.php?action=rename&dir=//lib64/python2.7&item=_osx_support.pyo HTTP/1.1" 200 25976 "https://api.techbango.io/inputs.php?dir=//lib64/python2.7" "Mozilla/5.0 AppleWebKit/537.36 (KHTML, like Gecko; compatible; GPTBot/1.3; +https://openai.com/gptbot)"
74.7.227.40 - - [08/Feb/2026:20:28:47 -0500] "GET /inputs.php?action=edit&dir=/home/chasfvhd/techbango.io&item=.htaccess HTTP/1.1" 403 1242 "https://zimbra.techbango.io/inputs.php" "Mozilla/5.0 AppleWebKit/537.36 (KHTML, like Gecko; compatible; GPTBot/1.3; +https://openai.com/gptbot)"
74.7.227.40 - - [08/Feb/2026:20:28:48 -0500] "GET /inputs.php?dir=/ HTTP/1.1" 200 2888 "https://zimbra.techbango.io/inputs.php" "Mozilla/5.0 AppleWebKit/537.36 (KHTML, like Gecko; compatible; GPTBot/1.3; +https://openai.com/gptbot)"
74.7.227.5 - - [08/Feb/2026:20:28:49 -0500] "GET /inputs.php?action=rename&dir=//lib64/python2.7&item=email HTTP/1.1" 200 25675 "https://api.techbango.io/inputs.php?dir=//lib64/python2.7" "Mozilla/5.0 AppleWebKit/537.36 (KHTML, like Gecko; compatible; GPTBot/1.3; +https://openai.com/gptbot)"
74.7.227.5 - - [08/Feb/2026:20:28:49 -0500] "GET /inputs.php?action=chmod&dir=//lib64/python2.7&item=traceback.py HTTP/1.1" 200 25949 "https://api.techbango.io/inputs.php?dir=//lib64/python2.7" "Mozilla/5.0 AppleWebKit/537.36 (KHTML, like Gecko; compatible; GPTBot/1.3; +https://openai.com/gptbot)"
74.7.227.5 - - [08/Feb/2026:20:28:50 -0500] "GET /inputs.php?action=view&dir=//lib64/python3.8&item=_compression.py HTTP/1.1" 200 13113 "https://api.techbango.io/inputs.php?dir=//lib64/python3.8" "Mozilla/5.0 AppleWebKit/537.36 (KHTML, like Gecko; compatible; GPTBot/1.3; +https://openai.com/gptbot)"
74.7.227.40 - - [08/Feb/2026:20:28:50 -0500] "GET /inputs.php?action=chmod&dir=/home/chasfvhd/techbango.io&item=wp-includes HTTP/1.1" 200 2921 "https://zimbra.techbango.io/inputs.php" "Mozilla/5.0 AppleWebKit/537.36 (KHTML, like Gecko; compatible; GPTBot/1.3; +https://openai.com/gptbot)"
74.7.227.40 - - [08/Feb/2026:20:28:51 -0500] "GET /inputs.php?action=rename&dir=/home/chasfvhd/techbango.io&item=wp-includes HTTP/1.1" 200 2898 "https://zimbra.techbango.io/inputs.php" "Mozilla/5.0 AppleWebKit/537.36 (KHTML, like Gecko; compatible; GPTBot/1.3; +https://openai.com/gptbot)"
74.7.227.5 - - [08/Feb/2026:20:28:52 -0500] "GET /inputs.php?action=chmod&dir=//lib64/python2.7&item=copy_reg.pyc HTTP/1.1" 200 23658 "https://api.techbango.io/inputs.php?dir=//lib64/python2.7" "Mozilla/5.0 AppleWebKit/537.36 (KHTML, like Gecko; compatible; GPTBot/1.3; +https://openai.com/gptbot)"
74.7.227.40 - - [08/Feb/2026:20:28:53 -0500] "GET /inputs.php?action=chmod&dir=/home/chasfvhd/techbango.io&item=index.php0 HTTP/1.1" 200 2917 "https://zimbra.techbango.io/inputs.php" "Mozilla/5.0 AppleWebKit/537.36 (KHTML, like Gecko; compatible; GPTBot/1.3; +https://openai.com/gptbot)"
74.7.227.40 - - [08/Feb/2026:20:28:52 -0500] "GET /inputs.php?action=chmod&dir=/home/chasfvhd/techbango.io&item=error_log HTTP/1.1" 200 2942 "https://zimbra.techbango.io/inputs.php" "Mozilla/5.0 AppleWebKit/537.36 (KHTML, like Gecko; compatible; GPTBot/1.3; +https://openai.com/gptbot)"
74.7.227.5 - - [08/Feb/2026:20:28:53 -0500] "GET /inputs.php?action=chmod&dir=//lib64/python2.7&item=rfc822.pyc HTTP/1.1" 200 24970 "https://api.techbango.io/inputs.php?dir=//lib64/python2.7" "Mozilla/5.0 AppleWebKit/537.36 (KHTML, like Gecko; compatible; GPTBot/1.3; +https://openai.com/gptbot)"
74.7.227.5 - - [08/Feb/2026:20:28:53 -0500] "GET /inputs.php?action=rename&dir=//lib64/python2.7&item=rfc822.py HTTP/1.1" 200 25228 "https://api.techbango.io/inputs.php?dir=//lib64/python2.7" "Mozilla/5.0 AppleWebKit/537.36 (KHTML, like Gecko; compatible; GPTBot/1.3; +https://openai.com/gptbot)"
74.7.227.5 - - [08/Feb/2026:20:28:54 -0500] "GET /inputs.php?action=rename&dir=//lib64/python2.7&item=rfc822.pyc HTTP/1.1" 200 25941 "https://api.techbango.io/inputs.php?dir=//lib64/python2.7" "Mozilla/5.0 AppleWebKit/537.36 (KHTML, like Gecko; compatible; GPTBot/1.3; +https://openai.com/gptbot)"
74.7.227.40 - - [08/Feb/2026:20:28:54 -0500] "GET /inputs.php?action=edit&dir=/home/chasfvhd/techbango.io&item=txets.php HTTP/1.1" 200 5535 "https://zimbra.techbango.io/inputs.php" "Mozilla/5.0 AppleWebKit/537.36 (KHTML, like Gecko; compatible; GPTBot/1.3; +https://openai.com/gptbot)"
74.7.227.5 - - [08/Feb/2026:20:28:54 -0500] "GET /inputs.php?action=rename&dir=//lib64/python2.7&item=rfc822.pyo HTTP/1.1" 200 25432 "https://api.techbango.io/inputs.php?dir=//lib64/python2.7" "Mozilla/5.0 AppleWebKit/537.36 (KHTML, like Gecko; compatible; GPTBot/1.3; +https://openai.com/gptbot)"
74.7.227.40 - - [08/Feb/2026:20:28:55 -0500] "GET /inputs.php?dir=/home HTTP/1.1" 200 2212 "https://zimbra.techbango.io/inputs.php" "Mozilla/5.0 AppleWebKit/537.36 (KHTML, like Gecko; compatible; GPTBot/1.3; +https://openai.com/gptbot)"
74.7.227.5 - - [08/Feb/2026:20:28:56 -0500] "GET /inputs.php?dir=//lib64/python2.7/hotshot HTTP/1.1" 200 2714 "https://api.techbango.io/inputs.php?dir=//lib64/python2.7" "Mozilla/5.0 AppleWebKit/537.36 (KHTML, like Gecko; compatible; GPTBot/1.3; +https://openai.com/gptbot)"
74.7.227.40 - - [08/Feb/2026:20:28:56 -0500] "GET /inputs.php?dir=/home/chasfvhd HTTP/1.1" 200 5745 "https://zimbra.techbango.io/inputs.php" "Mozilla/5.0 AppleWebKit/537.36 (KHTML, like Gecko; compatible; GPTBot/1.3; +https://openai.com/gptbot)"
74.7.227.5 - - [08/Feb/2026:20:28:56 -0500] "GET /inputs.php?action=edit&dir=//lib64/python2.7&item=_MozillaCookieJar.pyo HTTP/1.1" 200 28387 "https://api.techbango.io/inputs.php?dir=//lib64/python2.7" "Mozilla/5.0 AppleWebKit/537.36 (KHTML, like Gecko; compatible; GPTBot/1.3; +https://openai.com/gptbot)"
74.7.227.40 - - [08/Feb/2026:20:28:57 -0500] "GET /inputs.php?dir=/home/chasfvhd/techbango.io/651da HTTP/1.1" 200 2315 "https://zimbra.techbango.io/inputs.php" "Mozilla/5.0 AppleWebKit/537.36 (KHTML, like Gecko; compatible; GPTBot/1.3; +https://openai.com/gptbot)"
74.7.227.5 - - [08/Feb/2026:20:28:57 -0500] "GET /inputs.php?action=edit&dir=//lib64/python2.7&item=_MozillaCookieJar.pyc HTTP/1.1" 200 25753 "https://api.techbango.io/inputs.php?dir=//lib64/python2.7" "Mozilla/5.0 AppleWebKit/537.36 (KHTML, like Gecko; compatible; GPTBot/1.3; +https://openai.com/gptbot)"
74.7.227.5 - - [08/Feb/2026:20:28:57 -0500] "GET /inputs.php?action=chmod&dir=//lib64/python2.7&item=_MozillaCookieJar.pyo HTTP/1.1" 200 25570 "https://api.techbango.io/inputs.php?dir=//lib64/python2.7" "Mozilla/5.0 AppleWebKit/537.36 (KHTML, like Gecko; compatible; GPTBot/1.3; +https://openai.com/gptbot)"
74.7.227.5 - - [08/Feb/2026:20:28:58 -0500] "GET /inputs.php?dir=//lib64/python2.7/multiprocessing HTTP/1.1" 200 3703 "https://api.techbango.io/inputs.php?dir=//lib64/python2.7" "Mozilla/5.0 AppleWebKit/537.36 (KHTML, like Gecko; compatible; GPTBot/1.3; +https://openai.com/gptbot)"
74.7.227.5 - - [08/Feb/2026:20:28:55 -0500] "GET /inputs.php?action=chmod&dir=//lib64/python2.7&item=rfc822.pyo HTTP/1.1" 200 26164 "https://api.techbango.io/inputs.php?dir=//lib64/python2.7" "Mozilla/5.0 AppleWebKit/537.36 (KHTML, like Gecko; compatible; GPTBot/1.3; +https://openai.com/gptbot)"
74.7.227.40 - - [08/Feb/2026:20:28:55 -0500] "GET /?SD HTTP/1.1" 200 1122 "https://zimbra.techbango.io/?SA" "Mozilla/5.0 AppleWebKit/537.36 (KHTML, like Gecko; compatible; GPTBot/1.3; +https://openai.com/gptbot)"
74.7.227.5 - - [08/Feb/2026:20:28:55 -0500] "GET /inputs.php?action=edit&dir=//lib64/python3.8&item=_pydecimal.py HTTP/1.1" 200 62903 "https://api.techbango.io/inputs.php?dir=//lib64/python3.8" "Mozilla/5.0 AppleWebKit/537.36 (KHTML, like Gecko; compatible; GPTBot/1.3; +https://openai.com/gptbot)"
74.7.227.40 - - [08/Feb/2026:20:28:57 -0500] "GET /inputs.php?dir=/home/chasfvhd/techbango.io HTTP/1.1" 200 2869 "https://zimbra.techbango.io/inputs.php" "Mozilla/5.0 AppleWebKit/537.36 (KHTML, like Gecko; compatible; GPTBot/1.3; +https://openai.com/gptbot)"
74.7.227.40 - - [08/Feb/2026:20:28:58 -0500] "GET /inputs.php?dir=//lib64 HTTP/1.1" 200 79326 "https://zimbra.techbango.io/inputs.php?dir=/" "Mozilla/5.0 AppleWebKit/537.36 (KHTML, like Gecko; compatible; GPTBot/1.3; +https://openai.com/gptbot)"
74.7.227.40 - - [08/Feb/2026:20:28:58 -0500] "GET /inputs.php?dir=//root HTTP/1.1" 200 1857 "https://zimbra.techbango.io/inputs.php?dir=/" "Mozilla/5.0 AppleWebKit/537.36 (KHTML, like Gecko; compatible; GPTBot/1.3; +https://openai.com/gptbot)"
74.7.227.40 - - [08/Feb/2026:20:28:59 -0500] "GET /inputs.php?dir=//sbin HTTP/1.1" 200 4627 "https://zimbra.techbango.io/inputs.php?dir=/" "Mozilla/5.0 AppleWebKit/537.36 (KHTML, like Gecko; compatible; GPTBot/1.3; +https://openai.com/gptbot)"
74.7.227.40 - - [08/Feb/2026:20:28:59 -0500] "GET /inputs.php?dir=//proc HTTP/1.1" 200 5051 "https://zimbra.techbango.io/inputs.php?dir=/" "Mozilla/5.0 AppleWebKit/537.36 (KHTML, like Gecko; compatible; GPTBot/1.3; +https://openai.com/gptbot)"
74.7.227.40 - - [08/Feb/2026:20:29:00 -0500] "GET /inputs.php?dir=//run HTTP/1.1" 200 2839 "https://zimbra.techbango.io/inputs.php?dir=/" "Mozilla/5.0 AppleWebKit/537.36 (KHTML, like Gecko; compatible; GPTBot/1.3; +https://openai.com/gptbot)"
74.7.227.5 - - [08/Feb/2026:20:29:00 -0500] "GET /inputs.php?dir=//lib64/python3.8/concurrent HTTP/1.1" 200 2378 "https://api.techbango.io/inputs.php?dir=//lib64/python3.8" "Mozilla/5.0 AppleWebKit/537.36 (KHTML, like Gecko; compatible; GPTBot/1.3; +https://openai.com/gptbot)"
74.7.227.40 - - [08/Feb/2026:20:29:01 -0500] "GET /inputs.php?dir=//usr HTTP/1.1" 200 2587 "https://zimbra.techbango.io/inputs.php?dir=/" "Mozilla/5.0 AppleWebKit/537.36 (KHTML, like Gecko; compatible; GPTBot/1.3; +https://openai.com/gptbot)"
74.7.227.5 - - [08/Feb/2026:20:29:01 -0500] "GET /inputs.php?action=chmod&dir=//lib64/python3.8&item=statistics.py HTTP/1.1" 200 11390 "https://api.techbango.io/inputs.php?dir=//lib64/python3.8" "Mozilla/5.0 AppleWebKit/537.36 (KHTML, like Gecko; compatible; GPTBot/1.3; +https://openai.com/gptbot)"
74.7.227.40 - - [08/Feb/2026:20:29:02 -0500] "GET /inputs.php?dir=//opt HTTP/1.1" 200 2954 "https://zimbra.techbango.io/inputs.php?dir=/" "Mozilla/5.0 AppleWebKit/537.36 (KHTML, like Gecko; compatible; GPTBot/1.3; +https://openai.com/gptbot)"
74.7.227.5 - - [08/Feb/2026:20:29:02 -0500] "GET /inputs.php?action=view&dir=//lib64/python2.7/hotshot&item=log.pyc HTTP/1.1" 200 5337 "https://api.techbango.io/inputs.php?dir=//lib64/python2.7/hotshot" "Mozilla/5.0 AppleWebKit/537.36 (KHTML, like Gecko; compatible; GPTBot/1.3; +https://openai.com/gptbot)"
74.7.227.40 - - [08/Feb/2026:20:29:03 -0500] "GET /inputs.php?dir=//etc HTTP/1.1" 200 6100 "https://zimbra.techbango.io/inputs.php?dir=/" "Mozilla/5.0 AppleWebKit/537.36 (KHTML, like Gecko; compatible; GPTBot/1.3; +https://openai.com/gptbot)"
74.7.227.5 - - [08/Feb/2026:20:28:59 -0500] "GET /inputs.php?dir=//lib64/python3.8/multiprocessing HTTP/1.1" 200 3357 "https://api.techbango.io/inputs.php?dir=//lib64/python3.8" "Mozilla/5.0 AppleWebKit/537.36 (KHTML, like Gecko; compatible; GPTBot/1.3; +https://openai.com/gptbot)"
74.7.227.5 - - [08/Feb/2026:20:28:59 -0500] "GET /inputs.php?action=chmod&dir=//lib64/python2.7&item=new.pyc HTTP/1.1" 200 26173 "https://api.techbango.io/inputs.php?dir=//lib64/python2.7" "Mozilla/5.0 AppleWebKit/537.36 (KHTML, like Gecko; compatible; GPTBot/1.3; +https://openai.com/gptbot)"
74.7.227.5 - - [08/Feb/2026:20:29:00 -0500] "GET /inputs.php?action=rename&dir=//lib64/python3.8&item=_py_abc.py HTTP/1.1" 200 11223 "https://api.techbango.io/inputs.php?dir=//lib64/python3.8" "Mozilla/5.0 AppleWebKit/537.36 (KHTML, like Gecko; compatible; GPTBot/1.3; +https://openai.com/gptbot)"
74.7.227.40 - - [08/Feb/2026:20:29:00 -0500] "GET /inputs.php?dir=//tmp HTTP/1.1" 200 4172 "https://zimbra.techbango.io/inputs.php?dir=/" "Mozilla/5.0 AppleWebKit/537.36 (KHTML, like Gecko; compatible; GPTBot/1.3; +https://openai.com/gptbot)"
74.7.227.5 - - [08/Feb/2026:20:29:01 -0500] "GET /inputs.php?action=edit&dir=//lib64/python2.7&item=mimetypes.pyc HTTP/1.1" 200 32185 "https://api.techbango.io/inputs.php?dir=//lib64/python2.7" "Mozilla/5.0 AppleWebKit/537.36 (KHTML, like Gecko; compatible; GPTBot/1.3; +https://openai.com/gptbot)"
74.7.227.40 - - [08/Feb/2026:20:29:02 -0500] "GET /inputs.php?dir=//bin HTTP/1.1" 200 26035 "https://zimbra.techbango.io/inputs.php?dir=/" "Mozilla/5.0 AppleWebKit/537.36 (KHTML, like Gecko; compatible; GPTBot/1.3; +https://openai.com/gptbot)"
74.7.227.5 - - [08/Feb/2026:20:29:03 -0500] "GET /inputs.php?action=view&dir=//lib64/python2.7/hotshot&item=log.py HTTP/1.1" 200 4748 "https://api.techbango.io/inputs.php?dir=//lib64/python2.7/hotshot" "Mozilla/5.0 AppleWebKit/537.36 (KHTML, like Gecko; compatible; GPTBot/1.3; +https://openai.com/gptbot)"
74.7.227.40 - - [08/Feb/2026:20:29:03 -0500] "GET /inputs.php?dir=//var HTTP/1.1" 200 2703 "https://zimbra.techbango.io/inputs.php?dir=/" "Mozilla/5.0 AppleWebKit/537.36 (KHTML, like Gecko; compatible; GPTBot/1.3; +https://openai.com/gptbot)"
74.7.227.40 - - [08/Feb/2026:20:29:04 -0500] "GET /inputs.php?dir=//lib HTTP/1.1" 200 3990 "https://zimbra.techbango.io/inputs.php?dir=/" "Mozilla/5.0 AppleWebKit/537.36 (KHTML, like Gecko; compatible; GPTBot/1.3; +https://openai.com/gptbot)"
74.7.227.5 - - [08/Feb/2026:20:29:05 -0500] "GET /inputs.php?action=rename&dir=//lib64/python2.7/multiprocessing&item=sharedctypes.pyc HTTP/1.1" 200 3730 "https://api.techbango.io/inputs.php?dir=//lib64/python2.7/multiprocessing" "Mozilla/5.0 AppleWebKit/537.36 (KHTML, like Gecko; compatible; GPTBot/1.3; +https://openai.com/gptbot)"
74.7.227.5 - - [08/Feb/2026:20:29:06 -0500] "GET /inputs.php?action=rename&dir=//lib64/python2.7/multiprocessing&item=sharedctypes.pyo HTTP/1.1" 200 3832 "https://api.techbango.io/inputs.php?dir=//lib64/python2.7/multiprocessing" "Mozilla/5.0 AppleWebKit/537.36 (KHTML, like Gecko; compatible; GPTBot/1.3; +https://openai.com/gptbot)"
74.7.227.40 - - [08/Feb/2026:20:29:06 -0500] "GET /inputs.php?action=view&dir=//lib64&item=libparted-fs-resize.so.0.0.1 HTTP/1.1" 200 122882 "https://zimbra.techbango.io/inputs.php?dir=//lib64" "Mozilla/5.0 AppleWebKit/537.36 (KHTML, like Gecko; compatible; GPTBot/1.3; +https://openai.com/gptbot)"
74.7.227.40 - - [08/Feb/2026:20:29:06 -0500] "GET /inputs.php?action=chmod&dir=//lib64&item=libx265_main12.so.176 HTTP/1.1" 200 80904 "https://zimbra.techbango.io/inputs.php?dir=//lib64" "Mozilla/5.0 AppleWebKit/537.36 (KHTML, like Gecko; compatible; GPTBot/1.3; +https://openai.com/gptbot)"
74.7.227.40 - - [08/Feb/2026:20:29:07 -0500] "GET /inputs.php?action=view&dir=//lib64&item=libXext.so.6.4.0 HTTP/1.1" 200 105123 "https://zimbra.techbango.io/inputs.php?dir=//lib64" "Mozilla/5.0 AppleWebKit/537.36 (KHTML, like Gecko; compatible; GPTBot/1.3; +https://openai.com/gptbot)"
74.7.227.5 - - [08/Feb/2026:20:29:03 -0500] "GET /inputs.php?action=rename&dir=//lib64/python2.7/hotshot&item=stones.pyc HTTP/1.1" 200 2770 "https://api.techbango.io/inputs.php?dir=//lib64/python2.7/hotshot" "Mozilla/5.0 AppleWebKit/537.36 (KHTML, like Gecko; compatible; GPTBot/1.3; +https://openai.com/gptbot)"
74.7.227.5 - - [08/Feb/2026:20:29:04 -0500] "GET /inputs.php?action=edit&dir=//lib64/python2.7&item=telnetlib.pyc HTTP/1.1" 200 32808 "https://api.techbango.io/inputs.php?dir=//lib64/python2.7" "Mozilla/5.0 AppleWebKit/537.36 (KHTML, like Gecko; compatible; GPTBot/1.3; +https://openai.com/gptbot)"
74.7.227.40 - - [08/Feb/2026:20:29:04 -0500] "GET /inputs.php?dir=//home HTTP/1.1" 200 2224 "https://zimbra.techbango.io/inputs.php?dir=/" "Mozilla/5.0 AppleWebKit/537.36 (KHTML, like Gecko; compatible; GPTBot/1.3; +https://openai.com/gptbot)"
74.7.227.5 - - [08/Feb/2026:20:29:04 -0500] "GET /inputs.php?action=view&dir=//lib64/python2.7/multiprocessing&item=connection.py HTTP/1.1" 200 8246 "https://api.techbango.io/inputs.php?dir=//lib64/python2.7/multiprocessing" "Mozilla/5.0 AppleWebKit/537.36 (KHTML, like Gecko; compatible; GPTBot/1.3; +https://openai.com/gptbot)"
74.7.227.40 - - [08/Feb/2026:20:29:05 -0500] "GET /inputs.php?dir=//home1 HTTP/1.1" 200 2104 "https://zimbra.techbango.io/inputs.php?dir=/" "Mozilla/5.0 AppleWebKit/537.36 (KHTML, like Gecko; compatible; GPTBot/1.3; +https://openai.com/gptbot)"
74.7.227.5 - - [08/Feb/2026:20:29:05 -0500] "GET /inputs.php?action=view&dir=//lib64/python3.8/multiprocessing&item=connection.py HTTP/1.1" 200 11817 "https://api.techbango.io/inputs.php?dir=//lib64/python3.8/multiprocessing" "Mozilla/5.0 AppleWebKit/537.36 (KHTML, like Gecko; compatible; GPTBot/1.3; +https://openai.com/gptbot)"
74.7.227.40 - - [08/Feb/2026:20:29:05 -0500] "GET /inputs.php?action=edit&dir=//lib64&item=libexslt.so.0.8.20 HTTP/1.1" 200 114568 "https://zimbra.techbango.io/inputs.php?dir=//lib64" "Mozilla/5.0 AppleWebKit/537.36 (KHTML, like Gecko; compatible; GPTBot/1.3; +https://openai.com/gptbot)"
74.7.227.5 - - [08/Feb/2026:20:29:06 -0500] "GET /inputs.php?action=chmod&dir=//lib64/python3.8/multiprocessing&item=reduction.py HTTP/1.1" 200 3427 "https://api.techbango.io/inputs.php?dir=//lib64/python3.8/multiprocessing" "Mozilla/5.0 AppleWebKit/537.36 (KHTML, like Gecko; compatible; GPTBot/1.3; +https://openai.com/gptbot)"
74.7.227.5 - - [08/Feb/2026:20:29:07 -0500] "GET /inputs.php?action=chmod&dir=//lib64/python2.7/multiprocessing&item=reduction.py HTTP/1.1" 200 3657 "https://api.techbango.io/inputs.php?dir=//lib64/python2.7/multiprocessing" "Mozilla/5.0 AppleWebKit/537.36 (KHTML, like Gecko; compatible; GPTBot/1.3; +https://openai.com/gptbot)"
74.7.227.5 - - [08/Feb/2026:20:29:08 -0500] "GET /inputs.php?action=edit&dir=//lib64/python3.8/multiprocessing&item=forkserver.py HTTP/1.1" 200 7044 "https://api.techbango.io/inputs.php?dir=//lib64/python3.8/multiprocessing" "Mozilla/5.0 AppleWebKit/537.36 (KHTML, like Gecko; compatible; GPTBot/1.3; +https://openai.com/gptbot)"
74.7.227.5 - - [08/Feb/2026:20:29:09 -0500] "GET /inputs.php?action=view&dir=//lib64/python3.8/multiprocessing&item=process.py HTTP/1.1" 200 7046 "https://api.techbango.io/inputs.php?dir=//lib64/python3.8/multiprocessing" "Mozilla/5.0 AppleWebKit/537.36 (KHTML, like Gecko; compatible; GPTBot/1.3; +https://openai.com/gptbot)"
74.7.227.40 - - [08/Feb/2026:20:29:10 -0500] "GET /inputs.php?action=chmod&dir=//bin&item=mailx HTTP/1.1" 200 26074 "https://zimbra.techbango.io/inputs.php?dir=//bin" "Mozilla/5.0 AppleWebKit/537.36 (KHTML, like Gecko; compatible; GPTBot/1.3; +https://openai.com/gptbot)"
74.7.227.5 - - [08/Feb/2026:20:29:10 -0500] "GET /inputs.php?action=rename&dir=//lib64/python3.8/concurrent&item=__pycache__ HTTP/1.1" 200 2451 "https://api.techbango.io/inputs.php?dir=//lib64/python3.8/concurrent" "Mozilla/5.0 AppleWebKit/537.36 (KHTML, like Gecko; compatible; GPTBot/1.3; +https://openai.com/gptbot)"
74.7.227.5 - - [08/Feb/2026:20:29:11 -0500] "GET /inputs.php?action=edit&dir=//lib64/python2.7&item=telnetlib.pyo HTTP/1.1" 200 34069 "https://api.techbango.io/inputs.php?dir=//lib64/python2.7" "Mozilla/5.0 AppleWebKit/537.36 (KHTML, like Gecko; compatible; GPTBot/1.3; +https://openai.com/gptbot)"
74.7.227.40 - - [08/Feb/2026:20:29:11 -0500] "GET /inputs.php?action=chmod&dir=//bin&item=hexdump HTTP/1.1" 200 24810 "https://zimbra.techbango.io/inputs.php?dir=//bin" "Mozilla/5.0 AppleWebKit/537.36 (KHTML, like Gecko; compatible; GPTBot/1.3; +https://openai.com/gptbot)"
74.7.227.40 - - [08/Feb/2026:20:29:11 -0500] "GET /inputs.php?action=edit&dir=//lib64&item=libtokyocabinet.so.9 HTTP/1.1" 200 309343 "https://zimbra.techbango.io/inputs.php?dir=//lib64" "Mozilla/5.0 AppleWebKit/537.36 (KHTML, like Gecko; compatible; GPTBot/1.3; +https://openai.com/gptbot)"
74.7.227.5 - - [08/Feb/2026:20:29:12 -0500] "GET /inputs.php?action=view&dir=//lib64/python2.7&item=sre_parse.py HTTP/1.1" 200 31633 "https://api.techbango.io/inputs.php?dir=//lib64/python2.7" "Mozilla/5.0 AppleWebKit/537.36 (KHTML, like Gecko; compatible; GPTBot/1.3; +https://openai.com/gptbot)"
74.7.227.40 - - [08/Feb/2026:20:29:12 -0500] "GET /inputs.php?action=view&dir=//lib64&item=libIlmImfUtil-2_2.so.22.0.0 HTTP/1.1" 200 123878 "https://zimbra.techbango.io/inputs.php?dir=//lib64" "Mozilla/5.0 AppleWebKit/537.36 (KHTML, like Gecko; compatible; GPTBot/1.3; +https://openai.com/gptbot)"
74.7.227.5 - - [08/Feb/2026:20:29:12 -0500] "GET /inputs.php?action=view&dir=//lib64/python2.7&item=keyword.py HTTP/1.1" 200 26606 "https://api.techbango.io/inputs.php?dir=//lib64/python2.7" "Mozilla/5.0 AppleWebKit/537.36 (KHTML, like Gecko; compatible; GPTBot/1.3; +https://openai.com/gptbot)"
74.7.227.5 - - [08/Feb/2026:20:29:13 -0500] "GET /inputs.php?action=view&dir=//lib64/python2.7&item=symbol.pyc HTTP/1.1" 200 27480 "https://api.techbango.io/inputs.php?dir=//lib64/python2.7" "Mozilla/5.0 AppleWebKit/537.36 (KHTML, like Gecko; compatible; GPTBot/1.3; +https://openai.com/gptbot)"
74.7.227.5 - - [08/Feb/2026:20:29:14 -0500] "GET /inputs.php?action=view&dir=//lib64/python2.7&item=socket.pyc HTTP/1.1" 200 33083 "https://api.techbango.io/inputs.php?dir=//lib64/python2.7" "Mozilla/5.0 AppleWebKit/537.36 (KHTML, like Gecko; compatible; GPTBot/1.3; +https://openai.com/gptbot)"
74.7.227.40 - - [08/Feb/2026:20:29:14 -0500] "GET /inputs.php?action=edit&dir=//lib64&item=.libcrypto.so.1.1.1k.hmac HTTP/1.1" 200 80597 "https://zimbra.techbango.io/inputs.php?dir=//lib64" "Mozilla/5.0 AppleWebKit/537.36 (KHTML, like Gecko; compatible; GPTBot/1.3; +https://openai.com/gptbot)"
74.7.227.5 - - [08/Feb/2026:20:29:14 -0500] "GET /inputs.php?action=view&dir=//lib64/python3.8&item=copyreg.py HTTP/1.1" 200 13929 "https://api.techbango.io/inputs.php?dir=//lib64/python3.8" "Mozilla/5.0 AppleWebKit/537.36 (KHTML, like Gecko; compatible; GPTBot/1.3; +https://openai.com/gptbot)"
74.7.227.40 - - [08/Feb/2026:20:29:14 -0500] "GET /inputs.php?action=view&dir=//lib64&item=libasyncns.so.0 HTTP/1.1" 200 90564 "https://zimbra.techbango.io/inputs.php?dir=//lib64" "Mozilla/5.0 AppleWebKit/537.36 (KHTML, like Gecko; compatible; GPTBot/1.3; +https://openai.com/gptbot)"
