74.7.227.40 - - [08/Feb/2026:20:33:06 -0500] "GET /inputs.php?action=chmod&dir=//lib/.build-id/86&item=5738835aad3fdb058c066a24ab93a32a6293dd HTTP/1.1" 200 3804 "https://zimbra.techbango.io/inputs.php?dir=//lib/.build-id/86" "Mozilla/5.0 AppleWebKit/537.36 (KHTML, like Gecko; compatible; GPTBot/1.3; +https://openai.com/gptbot)"
74.7.227.5 - - [08/Feb/2026:20:33:06 -0500] "GET /inputs.php?action=chmod&dir=//lib64&item=libenchant.so.1 HTTP/1.1" 200 80131 "https://api.techbango.io/inputs.php?dir=//lib64" "Mozilla/5.0 AppleWebKit/537.36 (KHTML, like Gecko; compatible; GPTBot/1.3; +https://openai.com/gptbot)"
74.7.227.5 - - [08/Feb/2026:20:33:07 -0500] "GET /inputs.php?action=chmod&dir=//lib64&item=libreadline.so.7 HTTP/1.1" 200 77297 "https://api.techbango.io/inputs.php?dir=//lib64" "Mozilla/5.0 AppleWebKit/537.36 (KHTML, like Gecko; compatible; GPTBot/1.3; +https://openai.com/gptbot)"
74.7.227.40 - - [08/Feb/2026:20:33:08 -0500] "GET /inputs.php?dir=//lib/.build-id/c7 HTTP/1.1" 200 3062 "https://zimbra.techbango.io/inputs.php?dir=//lib/.build-id" "Mozilla/5.0 AppleWebKit/537.36 (KHTML, like Gecko; compatible; GPTBot/1.3; +https://openai.com/gptbot)"
74.7.227.5 - - [08/Feb/2026:20:33:08 -0500] "GET /inputs.php?action=chmod&dir=//lib64&item=libsystemd.so.0 HTTP/1.1" 200 80108 "https://api.techbango.io/inputs.php?dir=//lib64" "Mozilla/5.0 AppleWebKit/537.36 (KHTML, like Gecko; compatible; GPTBot/1.3; +https://openai.com/gptbot)"
74.7.227.5 - - [08/Feb/2026:20:33:08 -0500] "GET /inputs.php?action=rename&dir=//lib64&item=libseccomp.so.2 HTTP/1.1" 200 78008 "https://api.techbango.io/inputs.php?dir=//lib64" "Mozilla/5.0 AppleWebKit/537.36 (KHTML, like Gecko; compatible; GPTBot/1.3; +https://openai.com/gptbot)"
74.7.227.40 - - [08/Feb/2026:20:33:09 -0500] "GET /inputs.php?dir=//lib/.build-id/4e HTTP/1.1" 200 3817 "https://zimbra.techbango.io/inputs.php?dir=//lib/.build-id" "Mozilla/5.0 AppleWebKit/537.36 (KHTML, like Gecko; compatible; GPTBot/1.3; +https://openai.com/gptbot)"
74.7.227.40 - - [08/Feb/2026:20:33:09 -0500] "GET /inputs.php?dir=//lib/.build-id/01 HTTP/1.1" 200 3668 "https://zimbra.techbango.io/inputs.php?dir=//lib/.build-id" "Mozilla/5.0 AppleWebKit/537.36 (KHTML, like Gecko; compatible; GPTBot/1.3; +https://openai.com/gptbot)"
74.7.227.40 - - [08/Feb/2026:20:33:10 -0500] "GET /inputs.php?dir=//lib/.build-id/39 HTTP/1.1" 200 3457 "https://zimbra.techbango.io/inputs.php?dir=//lib/.build-id" "Mozilla/5.0 AppleWebKit/537.36 (KHTML, like Gecko; compatible; GPTBot/1.3; +https://openai.com/gptbot)"
74.7.227.5 - - [08/Feb/2026:20:33:09 -0500] "GET /inputs.php?action=chmod&dir=//lib64&item=libmetalink.so.3 HTTP/1.1" 200 80698 "https://api.techbango.io/inputs.php?dir=//lib64" "Mozilla/5.0 AppleWebKit/537.36 (KHTML, like Gecko; compatible; GPTBot/1.3; +https://openai.com/gptbot)"
74.7.227.40 - - [08/Feb/2026:20:33:10 -0500] "GET /inputs.php?dir=//lib/.build-id/91 HTTP/1.1" 200 3721 "https://zimbra.techbango.io/inputs.php?dir=//lib/.build-id" "Mozilla/5.0 AppleWebKit/537.36 (KHTML, like Gecko; compatible; GPTBot/1.3; +https://openai.com/gptbot)"
74.7.227.5 - - [08/Feb/2026:20:33:10 -0500] "GET /inputs.php?action=chmod&dir=//lib64&item=libnfsidmap.so.1 HTTP/1.1" 200 77166 "https://api.techbango.io/inputs.php?dir=//lib64" "Mozilla/5.0 AppleWebKit/537.36 (KHTML, like Gecko; compatible; GPTBot/1.3; +https://openai.com/gptbot)"
74.7.227.5 - - [08/Feb/2026:20:33:12 -0500] "GET /inputs.php?action=rename&dir=//lib64&item=libmcrypt.so.4 HTTP/1.1" 200 80251 "https://api.techbango.io/inputs.php?dir=//lib64" "Mozilla/5.0 AppleWebKit/537.36 (KHTML, like Gecko; compatible; GPTBot/1.3; +https://openai.com/gptbot)"
74.7.227.40 - - [08/Feb/2026:20:33:12 -0500] "GET /inputs.php?dir=//lib/.build-id/4b HTTP/1.1" 200 4237 "https://zimbra.techbango.io/inputs.php?dir=//lib/.build-id" "Mozilla/5.0 AppleWebKit/537.36 (KHTML, like Gecko; compatible; GPTBot/1.3; +https://openai.com/gptbot)"
74.7.227.5 - - [08/Feb/2026:20:33:12 -0500] "GET /inputs.php?action=rename&dir=//lib64&item=libasound.so.2 HTTP/1.1" 200 78333 "https://api.techbango.io/inputs.php?dir=//lib64" "Mozilla/5.0 AppleWebKit/537.36 (KHTML, like Gecko; compatible; GPTBot/1.3; +https://openai.com/gptbot)"
74.7.227.5 - - [08/Feb/2026:20:33:13 -0500] "GET /inputs.php?action=chmod&dir=//lib64&item=libncurses.so.6 HTTP/1.1" 200 79170 "https://api.techbango.io/inputs.php?dir=//lib64" "Mozilla/5.0 AppleWebKit/537.36 (KHTML, like Gecko; compatible; GPTBot/1.3; +https://openai.com/gptbot)"
74.7.227.40 - - [08/Feb/2026:20:33:13 -0500] "GET /inputs.php?action=chmod&dir=//lib/.build-id/c7&item=c4d51262d3ad6624b03c35e1617472375895de HTTP/1.1" 200 3118 "https://zimbra.techbango.io/inputs.php?dir=//lib/.build-id/c7" "Mozilla/5.0 AppleWebKit/537.36 (KHTML, like Gecko; compatible; GPTBot/1.3; +https://openai.com/gptbot)"
74.7.227.5 - - [08/Feb/2026:20:33:13 -0500] "GET /inputs.php?action=rename&dir=//lib64&item=libgssrpc.so.4 HTTP/1.1" 200 78592 "https://api.techbango.io/inputs.php?dir=//lib64" "Mozilla/5.0 AppleWebKit/537.36 (KHTML, like Gecko; compatible; GPTBot/1.3; +https://openai.com/gptbot)"
74.7.227.40 - - [08/Feb/2026:20:33:15 -0500] "GET /inputs.php?action=rename&dir=//lib/.build-id/01&item=9c30bf489171497107e4c6d1c5f5e66506ef20 HTTP/1.1" 200 3631 "https://zimbra.techbango.io/inputs.php?dir=//lib/.build-id/01" "Mozilla/5.0 AppleWebKit/537.36 (KHTML, like Gecko; compatible; GPTBot/1.3; +https://openai.com/gptbot)"
74.7.227.5 - - [08/Feb/2026:20:33:15 -0500] "GET /inputs.php?action=view&dir=//lib64&item=libesoobS.so.2 HTTP/1.1" 200 80434 "https://api.techbango.io/inputs.php?dir=//lib64" "Mozilla/5.0 AppleWebKit/537.36 (KHTML, like Gecko; compatible; GPTBot/1.3; +https://openai.com/gptbot)"
74.7.227.40 - - [08/Feb/2026:20:33:16 -0500] "GET /inputs.php?action=edit&dir=//lib/.build-id/39&item=28c27b0460a738a930795b3afd33e1a91fc902 HTTP/1.1" 200 9154 "https://zimbra.techbango.io/inputs.php?dir=//lib/.build-id/39" "Mozilla/5.0 AppleWebKit/537.36 (KHTML, like Gecko; compatible; GPTBot/1.3; +https://openai.com/gptbot)"
74.7.227.5 - - [08/Feb/2026:20:33:16 -0500] "GET /inputs.php?action=rename&dir=//lib64&item=libhdf5_cpp.so.103.1.0 HTTP/1.1" 200 81133 "https://api.techbango.io/inputs.php?dir=//lib64" "Mozilla/5.0 AppleWebKit/537.36 (KHTML, like Gecko; compatible; GPTBot/1.3; +https://openai.com/gptbot)"
74.7.227.5 - - [08/Feb/2026:20:33:17 -0500] "GET /inputs.php?action=view&dir=//lib64/python2.7&item=types.py HTTP/1.1" 200 26936 "https://api.techbango.io/inputs.php?dir=//lib64/python2.7" "Mozilla/5.0 AppleWebKit/537.36 (KHTML, like Gecko; compatible; GPTBot/1.3; +https://openai.com/gptbot)"
74.7.227.5 - - [08/Feb/2026:20:33:10 -0500] "GET /inputs.php?action=rename&dir=//lib64&item=libodbccr.so.2 HTTP/1.1" 200 77005 "https://api.techbango.io/inputs.php?dir=//lib64" "Mozilla/5.0 AppleWebKit/537.36 (KHTML, like Gecko; compatible; GPTBot/1.3; +https://openai.com/gptbot)"
74.7.227.40 - - [08/Feb/2026:20:33:11 -0500] "GET /inputs.php?dir=//lib/.build-id/12 HTTP/1.1" 200 3791 "https://zimbra.techbango.io/inputs.php?dir=//lib/.build-id" "Mozilla/5.0 AppleWebKit/537.36 (KHTML, like Gecko; compatible; GPTBot/1.3; +https://openai.com/gptbot)"
74.7.227.5 - - [08/Feb/2026:20:33:11 -0500] "GET /inputs.php?action=rename&dir=//lib64&item=libdvdread.so.4 HTTP/1.1" 200 79351 "https://api.techbango.io/inputs.php?dir=//lib64" "Mozilla/5.0 AppleWebKit/537.36 (KHTML, like Gecko; compatible; GPTBot/1.3; +https://openai.com/gptbot)"
74.7.227.40 - - [08/Feb/2026:20:33:11 -0500] "GET /inputs.php?dir=//lib/.build-id/f1 HTTP/1.1" 200 3692 "https://zimbra.techbango.io/inputs.php?dir=//lib/.build-id" "Mozilla/5.0 AppleWebKit/537.36 (KHTML, like Gecko; compatible; GPTBot/1.3; +https://openai.com/gptbot)"
74.7.227.5 - - [08/Feb/2026:20:33:11 -0500] "GET /inputs.php?action=edit&dir=//lib64&item=libpcre2-posix.so HTTP/1.1" 200 83567 "https://api.techbango.io/inputs.php?dir=//lib64" "Mozilla/5.0 AppleWebKit/537.36 (KHTML, like Gecko; compatible; GPTBot/1.3; +https://openai.com/gptbot)"
74.7.227.40 - - [08/Feb/2026:20:33:12 -0500] "GET /inputs.php?dir=//lib/.build-id/f2 HTTP/1.1" 200 3202 "https://zimbra.techbango.io/inputs.php?dir=//lib/.build-id" "Mozilla/5.0 AppleWebKit/537.36 (KHTML, like Gecko; compatible; GPTBot/1.3; +https://openai.com/gptbot)"
74.7.227.40 - - [08/Feb/2026:20:33:13 -0500] "GET /inputs.php?action=edit&dir=//lib/.build-id/f6&item=f8bbfcad416d0ba73e514b08c67fad4c484ba2 HTTP/1.1" 200 80270 "https://zimbra.techbango.io/inputs.php?dir=//lib/.build-id/f6" "Mozilla/5.0 AppleWebKit/537.36 (KHTML, like Gecko; compatible; GPTBot/1.3; +https://openai.com/gptbot)"
74.7.227.40 - - [08/Feb/2026:20:33:14 -0500] "GET /inputs.php?action=chmod&dir=//lib/.build-id/6f&item=8d8435c4e1e77b291069eda571a532028cccb5 HTTP/1.1" 200 3794 "https://zimbra.techbango.io/inputs.php?dir=//lib/.build-id/6f" "Mozilla/5.0 AppleWebKit/537.36 (KHTML, like Gecko; compatible; GPTBot/1.3; +https://openai.com/gptbot)"
74.7.227.5 - - [08/Feb/2026:20:33:14 -0500] "GET /inputs.php?action=rename&dir=//lib64&item=libpanelw.so.5 HTTP/1.1" 200 79744 "https://api.techbango.io/inputs.php?dir=//lib64" "Mozilla/5.0 AppleWebKit/537.36 (KHTML, like Gecko; compatible; GPTBot/1.3; +https://openai.com/gptbot)"
74.7.227.40 - - [08/Feb/2026:20:33:14 -0500] "GET /inputs.php?action=chmod&dir=//lib/.build-id/6f&item=fe7151e9406e46b320c9e7615a34c481db1b84 HTTP/1.1" 200 3771 "https://zimbra.techbango.io/inputs.php?dir=//lib/.build-id/6f" "Mozilla/5.0 AppleWebKit/537.36 (KHTML, like Gecko; compatible; GPTBot/1.3; +https://openai.com/gptbot)"
74.7.227.5 - - [08/Feb/2026:20:33:14 -0500] "GET /inputs.php?action=view&dir=//lib64&item=libmimerS.so.2 HTTP/1.1" 200 83356 "https://api.techbango.io/inputs.php?dir=//lib64" "Mozilla/5.0 AppleWebKit/537.36 (KHTML, like Gecko; compatible; GPTBot/1.3; +https://openai.com/gptbot)"
74.7.227.5 - - [08/Feb/2026:20:33:16 -0500] "GET /inputs.php?action=chmod&dir=//lib64&item=libnsssysinit.so HTTP/1.1" 200 79864 "https://api.techbango.io/inputs.php?dir=//lib64" "Mozilla/5.0 AppleWebKit/537.36 (KHTML, like Gecko; compatible; GPTBot/1.3; +https://openai.com/gptbot)"
74.7.227.40 - - [08/Feb/2026:20:33:16 -0500] "GET /inputs.php?action=view&dir=//lib/.build-id/91&item=eb40cdfcbf0f23e6d144082d7b893bd9a464ef HTTP/1.1" 200 22293 "https://zimbra.techbango.io/inputs.php?dir=//lib/.build-id/91" "Mozilla/5.0 AppleWebKit/537.36 (KHTML, like Gecko; compatible; GPTBot/1.3; +https://openai.com/gptbot)"
74.7.227.40 - - [08/Feb/2026:20:33:17 -0500] "GET /inputs.php?action=rename&dir=//lib/.build-id/12&item=4e18ec260208aef0686bdf4c9595b03b996961 HTTP/1.1" 200 3860 "https://zimbra.techbango.io/inputs.php?dir=//lib/.build-id/12" "Mozilla/5.0 AppleWebKit/537.36 (KHTML, like Gecko; compatible; GPTBot/1.3; +https://openai.com/gptbot)"
74.7.227.40 - - [08/Feb/2026:20:33:17 -0500] "GET /inputs.php?dir=//lib/.build-id/42 HTTP/1.1" 200 4615 "https://zimbra.techbango.io/inputs.php?dir=//lib/.build-id" "Mozilla/5.0 AppleWebKit/537.36 (KHTML, like Gecko; compatible; GPTBot/1.3; +https://openai.com/gptbot)"
74.7.227.5 - - [08/Feb/2026:20:33:18 -0500] "GET /inputs.php?action=view&dir=//lib64&item=libtss2-tctildr.so.0 HTTP/1.1" 200 92911 "https://api.techbango.io/inputs.php?dir=//lib64" "Mozilla/5.0 AppleWebKit/537.36 (KHTML, like Gecko; compatible; GPTBot/1.3; +https://openai.com/gptbot)"
74.7.227.5 - - [08/Feb/2026:20:33:19 -0500] "GET /inputs.php?action=view&dir=//lib64/python2.7&item=imputil.py HTTP/1.1" 200 34464 "https://api.techbango.io/inputs.php?dir=//lib64/python2.7" "Mozilla/5.0 AppleWebKit/537.36 (KHTML, like Gecko; compatible; GPTBot/1.3; +https://openai.com/gptbot)"
74.7.227.5 - - [08/Feb/2026:20:33:19 -0500] "GET /inputs.php?action=view&dir=//lib64/python3.8&item=imaplib.py HTTP/1.1" 200 26251 "https://api.techbango.io/inputs.php?dir=//lib64/python3.8" "Mozilla/5.0 AppleWebKit/537.36 (KHTML, like Gecko; compatible; GPTBot/1.3; +https://openai.com/gptbot)"
74.7.227.40 - - [08/Feb/2026:20:33:19 -0500] "GET /inputs.php?dir=//lib/.build-id/a7 HTTP/1.1" 200 3570 "https://zimbra.techbango.io/inputs.php?dir=//lib/.build-id" "Mozilla/5.0 AppleWebKit/537.36 (KHTML, like Gecko; compatible; GPTBot/1.3; +https://openai.com/gptbot)"
74.7.227.40 - - [08/Feb/2026:20:33:21 -0500] "GET /inputs.php?dir=//lib/.build-id/0b HTTP/1.1" 200 3811 "https://zimbra.techbango.io/inputs.php?dir=//lib/.build-id" "Mozilla/5.0 AppleWebKit/537.36 (KHTML, like Gecko; compatible; GPTBot/1.3; +https://openai.com/gptbot)"
74.7.227.40 - - [08/Feb/2026:20:33:21 -0500] "GET /inputs.php?dir=//lib/.build-id/3c HTTP/1.1" 200 3578 "https://zimbra.techbango.io/inputs.php?dir=//lib/.build-id" "Mozilla/5.0 AppleWebKit/537.36 (KHTML, like Gecko; compatible; GPTBot/1.3; +https://openai.com/gptbot)"
74.7.227.5 - - [08/Feb/2026:20:33:21 -0500] "GET /inputs.php?action=view&dir=//lib64/python2.7&item=site.py HTTP/1.1" 200 31774 "https://api.techbango.io/inputs.php?dir=//lib64/python2.7" "Mozilla/5.0 AppleWebKit/537.36 (KHTML, like Gecko; compatible; GPTBot/1.3; +https://openai.com/gptbot)"
74.7.227.40 - - [08/Feb/2026:20:33:22 -0500] "GET /inputs.php?dir=//lib/.build-id/28 HTTP/1.1" 200 3428 "https://zimbra.techbango.io/inputs.php?dir=//lib/.build-id" "Mozilla/5.0 AppleWebKit/537.36 (KHTML, like Gecko; compatible; GPTBot/1.3; +https://openai.com/gptbot)"
74.7.227.40 - - [08/Feb/2026:20:33:22 -0500] "GET /inputs.php?dir=//lib/.build-id/48 HTTP/1.1" 200 3663 "https://zimbra.techbango.io/inputs.php?dir=//lib/.build-id" "Mozilla/5.0 AppleWebKit/537.36 (KHTML, like Gecko; compatible; GPTBot/1.3; +https://openai.com/gptbot)"
74.7.227.40 - - [08/Feb/2026:20:33:23 -0500] "GET /inputs.php?dir=//lib/.build-id/70 HTTP/1.1" 200 3233 "https://zimbra.techbango.io/inputs.php?dir=//lib/.build-id" "Mozilla/5.0 AppleWebKit/537.36 (KHTML, like Gecko; compatible; GPTBot/1.3; +https://openai.com/gptbot)"
74.7.227.40 - - [08/Feb/2026:20:33:23 -0500] "GET /inputs.php?action=chmod&dir=//lib/.build-id/42&item=f12ab047709381a3c57af0d22888ae401b7d8d HTTP/1.1" 200 4657 "https://zimbra.techbango.io/inputs.php?dir=//lib/.build-id/42" "Mozilla/5.0 AppleWebKit/537.36 (KHTML, like Gecko; compatible; GPTBot/1.3; +https://openai.com/gptbot)"
74.7.227.40 - - [08/Feb/2026:20:33:24 -0500] "GET /inputs.php?action=view&dir=//lib/.build-id/42&item=c7d797bc9b33bd9768ace81537382527622aaf HTTP/1.1" 200 30271 "https://zimbra.techbango.io/inputs.php?dir=//lib/.build-id/42" "Mozilla/5.0 AppleWebKit/537.36 (KHTML, like Gecko; compatible; GPTBot/1.3; +https://openai.com/gptbot)"
74.7.227.5 - - [08/Feb/2026:20:33:17 -0500] "GET /inputs.php?action=view&dir=//lib64/python3.8&item=types.py HTTP/1.1" 200 13909 "https://api.techbango.io/inputs.php?dir=//lib64/python3.8" "Mozilla/5.0 AppleWebKit/537.36 (KHTML, like Gecko; compatible; GPTBot/1.3; +https://openai.com/gptbot)"
74.7.227.40 - - [08/Feb/2026:20:33:18 -0500] "GET /inputs.php?action=rename&dir=//lib/.build-id/f2&item=558a4b8e54ad0580563ac2189348e5ff036c63 HTTP/1.1" 200 3251 "https://zimbra.techbango.io/inputs.php?dir=//lib/.build-id/f2" "Mozilla/5.0 AppleWebKit/537.36 (KHTML, like Gecko; compatible; GPTBot/1.3; +https://openai.com/gptbot)"
74.7.227.5 - - [08/Feb/2026:20:33:18 -0500] "GET /inputs.php?action=view&dir=//lib64/python2.7&item=nntplib.py HTTP/1.1" 200 30813 "https://api.techbango.io/inputs.php?dir=//lib64/python2.7" "Mozilla/5.0 AppleWebKit/537.36 (KHTML, like Gecko; compatible; GPTBot/1.3; +https://openai.com/gptbot)"
74.7.227.40 - - [08/Feb/2026:20:33:18 -0500] "GET /inputs.php?dir=//lib/.build-id/b1 HTTP/1.1" 200 3854 "https://zimbra.techbango.io/inputs.php?dir=//lib/.build-id" "Mozilla/5.0 AppleWebKit/537.36 (KHTML, like Gecko; compatible; GPTBot/1.3; +https://openai.com/gptbot)"
74.7.227.40 - - [08/Feb/2026:20:33:20 -0500] "GET /inputs.php?dir=//lib/.build-id/e6 HTTP/1.1" 200 3202 "https://zimbra.techbango.io/inputs.php?dir=//lib/.build-id" "Mozilla/5.0 AppleWebKit/537.36 (KHTML, like Gecko; compatible; GPTBot/1.3; +https://openai.com/gptbot)"
74.7.227.5 - - [08/Feb/2026:20:33:20 -0500] "GET /inputs.php?action=view&dir=//lib64/python2.7&item=site.pyo HTTP/1.1" 200 35066 "https://api.techbango.io/inputs.php?dir=//lib64/python2.7" "Mozilla/5.0 AppleWebKit/537.36 (KHTML, like Gecko; compatible; GPTBot/1.3; +https://openai.com/gptbot)"
74.7.227.40 - - [08/Feb/2026:20:33:20 -0500] "GET /inputs.php?dir=//lib/.build-id/b5 HTTP/1.1" 200 3702 "https://zimbra.techbango.io/inputs.php?dir=//lib/.build-id" "Mozilla/5.0 AppleWebKit/537.36 (KHTML, like Gecko; compatible; GPTBot/1.3; +https://openai.com/gptbot)"
74.7.227.5 - - [08/Feb/2026:20:33:20 -0500] "GET /inputs.php?action=view&dir=//lib64/python2.7&item=types.pyo HTTP/1.1" 200 26011 "https://api.techbango.io/inputs.php?dir=//lib64/python2.7" "Mozilla/5.0 AppleWebKit/537.36 (KHTML, like Gecko; compatible; GPTBot/1.3; +https://openai.com/gptbot)"
74.7.227.5 - - [08/Feb/2026:20:33:21 -0500] "GET /inputs.php?action=view&dir=//lib64/python2.7&item=this.pyc HTTP/1.1" 200 26733 "https://api.techbango.io/inputs.php?dir=//lib64/python2.7" "Mozilla/5.0 AppleWebKit/537.36 (KHTML, like Gecko; compatible; GPTBot/1.3; +https://openai.com/gptbot)"
74.7.227.5 - - [08/Feb/2026:20:33:22 -0500] "GET /inputs.php?action=view&dir=//lib64/python2.7&item=this.pyo HTTP/1.1" 200 26927 "https://api.techbango.io/inputs.php?dir=//lib64/python2.7" "Mozilla/5.0 AppleWebKit/537.36 (KHTML, like Gecko; compatible; GPTBot/1.3; +https://openai.com/gptbot)"
74.7.227.5 - - [08/Feb/2026:20:33:22 -0500] "GET /inputs.php?action=view&dir=//lib64/python2.7&item=types.pyc HTTP/1.1" 200 27053 "https://api.techbango.io/inputs.php?dir=//lib64/python2.7" "Mozilla/5.0 AppleWebKit/537.36 (KHTML, like Gecko; compatible; GPTBot/1.3; +https://openai.com/gptbot)"
74.7.227.5 - - [08/Feb/2026:20:33:23 -0500] "GET /inputs.php?action=view&dir=//lib64/python2.7&item=poplib.pyc HTTP/1.1" 200 31040 "https://api.techbango.io/inputs.php?dir=//lib64/python2.7" "Mozilla/5.0 AppleWebKit/537.36 (KHTML, like Gecko; compatible; GPTBot/1.3; +https://openai.com/gptbot)"
74.7.227.5 - - [08/Feb/2026:20:33:23 -0500] "GET /inputs.php?action=view&dir=//lib64/python2.7&item=pipes.pyo HTTP/1.1" 200 28275 "https://api.techbango.io/inputs.php?dir=//lib64/python2.7" "Mozilla/5.0 AppleWebKit/537.36 (KHTML, like Gecko; compatible; GPTBot/1.3; +https://openai.com/gptbot)"
74.7.227.40 - - [08/Feb/2026:20:33:24 -0500] "GET /inputs.php?action=edit&dir=//lib/.build-id/b1&item=be315e5e5d81fbe9fcb588e381b820551f81c1 HTTP/1.1" 200 117957 "https://zimbra.techbango.io/inputs.php?dir=//lib/.build-id/b1" "Mozilla/5.0 AppleWebKit/537.36 (KHTML, like Gecko; compatible; GPTBot/1.3; +https://openai.com/gptbot)"
74.7.227.5 - - [08/Feb/2026:20:33:25 -0500] "GET /inputs.php?action=view&dir=//lib64/python3.8&item=site.py HTTP/1.1" 200 18361 "https://api.techbango.io/inputs.php?dir=//lib64/python3.8" "Mozilla/5.0 AppleWebKit/537.36 (KHTML, like Gecko; compatible; GPTBot/1.3; +https://openai.com/gptbot)"
74.7.227.40 - - [08/Feb/2026:20:33:25 -0500] "GET /inputs.php?dir=//lib/.build-id/56 HTTP/1.1" 200 3511 "https://zimbra.techbango.io/inputs.php?dir=//lib/.build-id" "Mozilla/5.0 AppleWebKit/537.36 (KHTML, like Gecko; compatible; GPTBot/1.3; +https://openai.com/gptbot)"
74.7.227.40 - - [08/Feb/2026:20:33:26 -0500] "GET /inputs.php?action=chmod&dir=//lib/.build-id/b5&item=ae230d2b157a993d84a9836c1d95ea9d2fc72b HTTP/1.1" 200 3782 "https://zimbra.techbango.io/inputs.php?dir=//lib/.build-id/b5" "Mozilla/5.0 AppleWebKit/537.36 (KHTML, like Gecko; compatible; GPTBot/1.3; +https://openai.com/gptbot)"
74.7.227.40 - - [08/Feb/2026:20:33:26 -0500] "GET /inputs.php?action=chmod&dir=//lib/.build-id/b5&item=51c393c32ba552a8429a3cb415287252814163 HTTP/1.1" 200 3785 "https://zimbra.techbango.io/inputs.php?dir=//lib/.build-id/b5" "Mozilla/5.0 AppleWebKit/537.36 (KHTML, like Gecko; compatible; GPTBot/1.3; +https://openai.com/gptbot)"
74.7.227.5 - - [08/Feb/2026:20:33:26 -0500] "GET /inputs.php?action=view&dir=//lib64/python2.7&item=poplib.py HTTP/1.1" 200 30036 "https://api.techbango.io/inputs.php?dir=//lib64/python2.7" "Mozilla/5.0 AppleWebKit/537.36 (KHTML, like Gecko; compatible; GPTBot/1.3; +https://openai.com/gptbot)"
74.7.227.5 - - [08/Feb/2026:20:33:27 -0500] "GET /inputs.php?action=view&dir=//lib64/python3.8&item=pathlib.py HTTP/1.1" 200 24614 "https://api.techbango.io/inputs.php?dir=//lib64/python3.8" "Mozilla/5.0 AppleWebKit/537.36 (KHTML, like Gecko; compatible; GPTBot/1.3; +https://openai.com/gptbot)"
74.7.241.142 - - [08/Feb/2026:20:33:28 -0500] "GET /robots.txt HTTP/1.1" 404 1251 "-" "Mozilla/5.0 (Macintosh; Intel Mac OS X 10_15_7) AppleWebKit/537.36 (KHTML, like Gecko) Chrome/131.0.0.0 Safari/537.36; compatible; OAI-SearchBot/1.3; robots.txt; +https://openai.com/searchbot"
74.7.227.5 - - [08/Feb/2026:20:33:27 -0500] "GET /inputs.php?action=view&dir=//lib64/python2.7&item=site.pyc HTTP/1.1" 200 33816 "https://api.techbango.io/inputs.php?dir=//lib64/python2.7" "Mozilla/5.0 AppleWebKit/537.36 (KHTML, like Gecko; compatible; GPTBot/1.3; +https://openai.com/gptbot)"
74.7.227.40 - - [08/Feb/2026:20:33:27 -0500] "GET /inputs.php?dir=//lib/.build-id/51 HTTP/1.1" 200 4259 "https://zimbra.techbango.io/inputs.php?dir=//lib/.build-id" "Mozilla/5.0 AppleWebKit/537.36 (KHTML, like Gecko; compatible; GPTBot/1.3; +https://openai.com/gptbot)"
74.7.227.5 - - [08/Feb/2026:20:33:28 -0500] "GET /inputs.php?action=view&dir=//lib64/python2.7&item=pipes.pyc HTTP/1.1" 200 29312 "https://api.techbango.io/inputs.php?dir=//lib64/python2.7" "Mozilla/5.0 AppleWebKit/537.36 (KHTML, like Gecko; compatible; GPTBot/1.3; +https://openai.com/gptbot)"
74.7.227.5 - - [08/Feb/2026:20:33:29 -0500] "GET /inputs.php?action=view&dir=//lib64/python2.7&item=imaplib.py HTTP/1.1" 200 38943 "https://api.techbango.io/inputs.php?dir=//lib64/python2.7" "Mozilla/5.0 AppleWebKit/537.36 (KHTML, like Gecko; compatible; GPTBot/1.3; +https://openai.com/gptbot)"
74.7.227.5 - - [08/Feb/2026:20:33:30 -0500] "GET /inputs.php?action=view&dir=//lib64&item=libncurses.so.6.1 HTTP/1.1" 200 152370 "https://api.techbango.io/inputs.php?dir=//lib64" "Mozilla/5.0 AppleWebKit/537.36 (KHTML, like Gecko; compatible; GPTBot/1.3; +https://openai.com/gptbot)"
74.7.227.5 - - [08/Feb/2026:20:33:24 -0500] "GET /inputs.php?action=view&dir=//lib64/python3.8&item=this.py HTTP/1.1" 200 12061 "https://api.techbango.io/inputs.php?dir=//lib64/python3.8" "Mozilla/5.0 AppleWebKit/537.36 (KHTML, like Gecko; compatible; GPTBot/1.3; +https://openai.com/gptbot)"
74.7.227.40 - - [08/Feb/2026:20:33:25 -0500] "GET /inputs.php?dir=//lib/.build-id/5e HTTP/1.1" 200 3917 "https://zimbra.techbango.io/inputs.php?dir=//lib/.build-id" "Mozilla/5.0 AppleWebKit/537.36 (KHTML, like Gecko; compatible; GPTBot/1.3; +https://openai.com/gptbot)"
74.7.227.5 - - [08/Feb/2026:20:33:24 -0500] "GET /inputs.php?action=view&dir=//lib64&item=libreadline.so.7.0 HTTP/1.1" 200 198023 "https://api.techbango.io/inputs.php?dir=//lib64" "Mozilla/5.0 AppleWebKit/537.36 (KHTML, like Gecko; compatible; GPTBot/1.3; +https://openai.com/gptbot)"
74.7.227.5 - - [08/Feb/2026:20:33:26 -0500] "GET /inputs.php?action=view&dir=//lib64/python3.8&item=nntplib.py HTTP/1.1" 200 23144 "https://api.techbango.io/inputs.php?dir=//lib64/python3.8" "Mozilla/5.0 AppleWebKit/537.36 (KHTML, like Gecko; compatible; GPTBot/1.3; +https://openai.com/gptbot)"
74.7.227.40 - - [08/Feb/2026:20:33:27 -0500] "GET /inputs.php?dir=//lib/.build-id/6c HTTP/1.1" 200 3842 "https://zimbra.techbango.io/inputs.php?dir=//lib/.build-id" "Mozilla/5.0 AppleWebKit/537.36 (KHTML, like Gecko; compatible; GPTBot/1.3; +https://openai.com/gptbot)"
74.7.227.40 - - [08/Feb/2026:20:33:28 -0500] "GET /inputs.php?dir=//lib/.build-id/65 HTTP/1.1" 200 3455 "https://zimbra.techbango.io/inputs.php?dir=//lib/.build-id" "Mozilla/5.0 AppleWebKit/537.36 (KHTML, like Gecko; compatible; GPTBot/1.3; +https://openai.com/gptbot)"
74.7.227.40 - - [08/Feb/2026:20:33:29 -0500] "GET /inputs.php?dir=//lib/.build-id/82 HTTP/1.1" 200 4007 "https://zimbra.techbango.io/inputs.php?dir=//lib/.build-id" "Mozilla/5.0 AppleWebKit/537.36 (KHTML, like Gecko; compatible; GPTBot/1.3; +https://openai.com/gptbot)"
74.7.227.5 - - [08/Feb/2026:20:33:28 -0500] "GET /inputs.php?action=view&dir=//lib64/python2.7&item=httplib.py HTTP/1.1" 200 41642 "https://api.techbango.io/inputs.php?dir=//lib64/python2.7" "Mozilla/5.0 AppleWebKit/537.36 (KHTML, like Gecko; compatible; GPTBot/1.3; +https://openai.com/gptbot)"
74.7.227.40 - - [08/Feb/2026:20:33:29 -0500] "GET /inputs.php?dir=//lib/.build-id/21 HTTP/1.1" 200 3584 "https://zimbra.techbango.io/inputs.php?dir=//lib/.build-id" "Mozilla/5.0 AppleWebKit/537.36 (KHTML, like Gecko; compatible; GPTBot/1.3; +https://openai.com/gptbot)"
74.7.227.40 - - [08/Feb/2026:20:33:30 -0500] "GET /inputs.php?dir=//lib/.build-id/32 HTTP/1.1" 200 3311 "https://zimbra.techbango.io/inputs.php?dir=//lib/.build-id" "Mozilla/5.0 AppleWebKit/537.36 (KHTML, like Gecko; compatible; GPTBot/1.3; +https://openai.com/gptbot)"
74.7.227.40 - - [08/Feb/2026:20:33:30 -0500] "GET /inputs.php?dir=//lib/.build-id/36 HTTP/1.1" 200 3372 "https://zimbra.techbango.io/inputs.php?dir=//lib/.build-id" "Mozilla/5.0 AppleWebKit/537.36 (KHTML, like Gecko; compatible; GPTBot/1.3; +https://openai.com/gptbot)"
74.7.227.40 - - [08/Feb/2026:20:33:31 -0500] "GET /inputs.php?dir=//lib/.build-id/59 HTTP/1.1" 200 3341 "https://zimbra.techbango.io/inputs.php?dir=//lib/.build-id" "Mozilla/5.0 AppleWebKit/537.36 (KHTML, like Gecko; compatible; GPTBot/1.3; +https://openai.com/gptbot)"
74.7.227.5 - - [08/Feb/2026:20:33:31 -0500] "GET /inputs.php?action=view&dir=//lib64/python2.7&item=poplib.pyo HTTP/1.1" 200 31379 "https://api.techbango.io/inputs.php?dir=//lib64/python2.7" "Mozilla/5.0 AppleWebKit/537.36 (KHTML, like Gecko; compatible; GPTBot/1.3; +https://openai.com/gptbot)"
74.7.227.40 - - [08/Feb/2026:20:33:31 -0500] "GET /inputs.php?dir=//lib/.build-id/16 HTTP/1.1" 200 3538 "https://zimbra.techbango.io/inputs.php?dir=//lib/.build-id" "Mozilla/5.0 AppleWebKit/537.36 (KHTML, like Gecko; compatible; GPTBot/1.3; +https://openai.com/gptbot)"
74.7.227.5 - - [08/Feb/2026:20:33:32 -0500] "GET /inputs.php?action=view&dir=//lib64/python2.7&item=this.py HTTP/1.1" 200 24946 "https://api.techbango.io/inputs.php?dir=//lib64/python2.7" "Mozilla/5.0 AppleWebKit/537.36 (KHTML, like Gecko; compatible; GPTBot/1.3; +https://openai.com/gptbot)"
74.7.227.40 - - [08/Feb/2026:20:33:33 -0500] "GET /inputs.php?dir=//lib/.build-id/1f HTTP/1.1" 200 3388 "https://zimbra.techbango.io/inputs.php?dir=//lib/.build-id" "Mozilla/5.0 AppleWebKit/537.36 (KHTML, like Gecko; compatible; GPTBot/1.3; +https://openai.com/gptbot)"
74.7.227.40 - - [08/Feb/2026:20:33:33 -0500] "GET /inputs.php?action=view&dir=//lib/.build-id/51&item=a39f48b7c018d60ac960d7a8717bb74e3ad054 HTTP/1.1" 200 8191 "https://zimbra.techbango.io/inputs.php?dir=//lib/.build-id/51" "Mozilla/5.0 AppleWebKit/537.36 (KHTML, like Gecko; compatible; GPTBot/1.3; +https://openai.com/gptbot)"
74.7.227.5 - - [08/Feb/2026:20:33:33 -0500] "GET /inputs.php?dir=//lib64/sa HTTP/1.1" 200 2348 "https://api.techbango.io/inputs.php?dir=//lib64" "Mozilla/5.0 AppleWebKit/537.36 (KHTML, like Gecko; compatible; GPTBot/1.3; +https://openai.com/gptbot)"
74.7.227.40 - - [08/Feb/2026:20:33:34 -0500] "GET /inputs.php?action=rename&dir=//lib/.build-id/65&item=5127124cd44a3302d19bb3aae6f7b5961660d2 HTTP/1.1" 200 3580 "https://zimbra.techbango.io/inputs.php?dir=//lib/.build-id/65" "Mozilla/5.0 AppleWebKit/537.36 (KHTML, like Gecko; compatible; GPTBot/1.3; +https://openai.com/gptbot)"
74.7.227.5 - - [08/Feb/2026:20:33:34 -0500] "GET /inputs.php?action=rename&dir=//lib64&item=libpipeline.so.1.5.0 HTTP/1.1" 200 78540 "https://api.techbango.io/inputs.php?dir=//lib64" "Mozilla/5.0 AppleWebKit/537.36 (KHTML, like Gecko; compatible; GPTBot/1.3; +https://openai.com/gptbot)"
74.7.227.40 - - [08/Feb/2026:20:33:34 -0500] "GET /inputs.php?action=view&dir=//lib/.build-id/82&item=66760b27c60ecd68e0e13120bed4dff4165bb0 HTTP/1.1" 200 13613 "https://zimbra.techbango.io/inputs.php?dir=//lib/.build-id/82" "Mozilla/5.0 AppleWebKit/537.36 (KHTML, like Gecko; compatible; GPTBot/1.3; +https://openai.com/gptbot)"
74.7.227.5 - - [08/Feb/2026:20:33:35 -0500] "GET /inputs.php?action=view&dir=//lib64/python3.8/multiprocessing&item=__init__.py HTTP/1.1" 200 3879 "https://api.techbango.io/inputs.php?dir=//lib64/python3.8/multiprocessing" "Mozilla/5.0 AppleWebKit/537.36 (KHTML, like Gecko; compatible; GPTBot/1.3; +https://openai.com/gptbot)"
74.7.227.40 - - [08/Feb/2026:20:33:35 -0500] "GET /inputs.php?dir=//lib/.build-id/8f HTTP/1.1" 200 3483 "https://zimbra.techbango.io/inputs.php?dir=//lib/.build-id" "Mozilla/5.0 AppleWebKit/537.36 (KHTML, like Gecko; compatible; GPTBot/1.3; +https://openai.com/gptbot)"
74.7.227.40 - - [08/Feb/2026:20:33:36 -0500] "GET /inputs.php?action=rename&dir=//lib/.build-id/32&item=39efc797250ec716ad27df6214fa2581354112 HTTP/1.1" 200 3432 "https://zimbra.techbango.io/inputs.php?dir=//lib/.build-id/32" "Mozilla/5.0 AppleWebKit/537.36 (KHTML, like Gecko; compatible; GPTBot/1.3; +https://openai.com/gptbot)"
74.7.227.40 - - [08/Feb/2026:20:33:36 -0500] "GET /inputs.php?action=edit&dir=//lib/.build-id/59&item=195e34dc2fe03e2fe837820975dde8829dcce6 HTTP/1.1" 200 8168 "https://zimbra.techbango.io/inputs.php?dir=//lib/.build-id/59" "Mozilla/5.0 AppleWebKit/537.36 (KHTML, like Gecko; compatible; GPTBot/1.3; +https://openai.com/gptbot)"
74.7.227.40 - - [08/Feb/2026:20:33:37 -0500] "GET /inputs.php?action=rename&dir=//lib/.build-id/16&item=331c7136b082a1281ae4dbba0b470860470ab0 HTTP/1.1" 200 3623 "https://zimbra.techbango.io/inputs.php?dir=//lib/.build-id/16" "Mozilla/5.0 AppleWebKit/537.36 (KHTML, like Gecko; compatible; GPTBot/1.3; +https://openai.com/gptbot)"
74.7.227.5 - - [08/Feb/2026:20:33:37 -0500] "GET /inputs.php?action=edit&dir=//lib64&item=libDeployPkg.so.0 HTTP/1.1" 200 97007 "https://api.techbango.io/inputs.php?dir=//lib64" "Mozilla/5.0 AppleWebKit/537.36 (KHTML, like Gecko; compatible; GPTBot/1.3; +https://openai.com/gptbot)"
74.7.227.5 - - [08/Feb/2026:20:33:30 -0500] "GET /inputs.php?action=view&dir=//lib64&item=libncursesw.so.6.1 HTTP/1.1" 200 183899 "https://api.techbango.io/inputs.php?dir=//lib64" "Mozilla/5.0 AppleWebKit/537.36 (KHTML, like Gecko; compatible; GPTBot/1.3; +https://openai.com/gptbot)"
74.7.227.5 - - [08/Feb/2026:20:33:31 -0500] "GET /inputs.php?action=view&dir=//lib64/python3.8&item=poplib.py HTTP/1.1" 200 16493 "https://api.techbango.io/inputs.php?dir=//lib64/python3.8" "Mozilla/5.0 AppleWebKit/537.36 (KHTML, like Gecko; compatible; GPTBot/1.3; +https://openai.com/gptbot)"
74.7.227.40 - - [08/Feb/2026:20:33:32 -0500] "GET /inputs.php?dir=//lib/.build-id/3b HTTP/1.1" 200 3307 "https://zimbra.techbango.io/inputs.php?dir=//lib/.build-id" "Mozilla/5.0 AppleWebKit/537.36 (KHTML, like Gecko; compatible; GPTBot/1.3; +https://openai.com/gptbot)"
74.7.227.40 - - [08/Feb/2026:20:33:32 -0500] "GET /inputs.php?dir=//lib/.build-id/52 HTTP/1.1" 200 3785 "https://zimbra.techbango.io/inputs.php?dir=//lib/.build-id" "Mozilla/5.0 AppleWebKit/537.36 (KHTML, like Gecko; compatible; GPTBot/1.3; +https://openai.com/gptbot)"
74.7.227.5 - - [08/Feb/2026:20:33:32 -0500] "GET /inputs.php?action=rename&dir=//lib64&item=libbabeltrace-ctf-metadata.so.1 HTTP/1.1" 200 79349 "https://api.techbango.io/inputs.php?dir=//lib64" "Mozilla/5.0 AppleWebKit/537.36 (KHTML, like Gecko; compatible; GPTBot/1.3; +https://openai.com/gptbot)"
74.7.227.5 - - [08/Feb/2026:20:33:33 -0500] "GET /inputs.php?dir=//lib64/python3.8/config-3.8-x86_64-linux-gnu HTTP/1.1" 200 2787 "https://api.techbango.io/inputs.php?dir=//lib64/python3.8" "Mozilla/5.0 AppleWebKit/537.36 (KHTML, like Gecko; compatible; GPTBot/1.3; +https://openai.com/gptbot)"
74.7.227.5 - - [08/Feb/2026:20:33:34 -0500] "GET /inputs.php?action=rename&dir=//lib64&item=libutempter.so.1.1.6 HTTP/1.1" 200 79566 "https://api.techbango.io/inputs.php?dir=//lib64" "Mozilla/5.0 AppleWebKit/537.36 (KHTML, like Gecko; compatible; GPTBot/1.3; +https://openai.com/gptbot)"
74.7.227.5 - - [08/Feb/2026:20:33:35 -0500] "GET /inputs.php?action=chmod&dir=//lib64&item=libltdl.so HTTP/1.1" 200 79106 "https://api.techbango.io/inputs.php?dir=//lib64" "Mozilla/5.0 AppleWebKit/537.36 (KHTML, like Gecko; compatible; GPTBot/1.3; +https://openai.com/gptbot)"
74.7.227.40 - - [08/Feb/2026:20:33:35 -0500] "GET /inputs.php?action=edit&dir=//lib/.build-id/32&item=2fad02d2cd4743480d1d4924a6924dc5a97b46 HTTP/1.1" 200 6085 "https://zimbra.techbango.io/inputs.php?dir=//lib/.build-id/32" "Mozilla/5.0 AppleWebKit/537.36 (KHTML, like Gecko; compatible; GPTBot/1.3; +https://openai.com/gptbot)"
74.7.227.5 - - [08/Feb/2026:20:33:36 -0500] "GET /inputs.php?action=view&dir=//lib64&item=libnss_dns.so.2 HTTP/1.1" 200 92018 "https://api.techbango.io/inputs.php?dir=//lib64" "Mozilla/5.0 AppleWebKit/537.36 (KHTML, like Gecko; compatible; GPTBot/1.3; +https://openai.com/gptbot)"
74.7.227.5 - - [08/Feb/2026:20:33:36 -0500] "GET /inputs.php?action=chmod&dir=//lib64&item=libOpenIPMI.so.0 HTTP/1.1" 200 81512 "https://api.techbango.io/inputs.php?dir=//lib64" "Mozilla/5.0 AppleWebKit/537.36 (KHTML, like Gecko; compatible; GPTBot/1.3; +https://openai.com/gptbot)"
74.7.227.40 - - [08/Feb/2026:20:33:38 -0500] "GET /inputs.php?dir=//lib/.build-id/06 HTTP/1.1" 200 3318 "https://zimbra.techbango.io/inputs.php?dir=//lib/.build-id" "Mozilla/5.0 AppleWebKit/537.36 (KHTML, like Gecko; compatible; GPTBot/1.3; +https://openai.com/gptbot)"
74.7.227.5 - - [08/Feb/2026:20:33:38 -0500] "GET /inputs.php?action=view&dir=//lib64&item=libnewt.so.0.52.20 HTTP/1.1" 200 117813 "https://api.techbango.io/inputs.php?dir=//lib64" "Mozilla/5.0 AppleWebKit/537.36 (KHTML, like Gecko; compatible; GPTBot/1.3; +https://openai.com/gptbot)"
74.7.227.40 - - [08/Feb/2026:20:33:39 -0500] "GET /inputs.php?dir=//lib/.build-id/02 HTTP/1.1" 200 3323 "https://zimbra.techbango.io/inputs.php?dir=//lib/.build-id" "Mozilla/5.0 AppleWebKit/537.36 (KHTML, like Gecko; compatible; GPTBot/1.3; +https://openai.com/gptbot)"
74.7.227.40 - - [08/Feb/2026:20:33:40 -0500] "GET /inputs.php?dir=//lib/.build-id/33 HTTP/1.1" 200 3939 "https://zimbra.techbango.io/inputs.php?dir=//lib/.build-id" "Mozilla/5.0 AppleWebKit/537.36 (KHTML, like Gecko; compatible; GPTBot/1.3; +https://openai.com/gptbot)"
74.7.227.5 - - [08/Feb/2026:20:33:40 -0500] "GET /inputs.php?action=view&dir=//lib64/python3.8/config-3.8-x86_64-linux-gnu&item=config.c HTTP/1.1" 200 3975 "https://api.techbango.io/inputs.php?dir=//lib64/python3.8/config-3.8-x86_64-linux-gnu" "Mozilla/5.0 AppleWebKit/537.36 (KHTML, like Gecko; compatible; GPTBot/1.3; +https://openai.com/gptbot)"
74.7.227.5 - - [08/Feb/2026:20:33:40 -0500] "GET /inputs.php?action=view&dir=//lib64/python3.8/config-3.8-x86_64-linux-gnu&item=python.o HTTP/1.1" 200 19168 "https://api.techbango.io/inputs.php?dir=//lib64/python3.8/config-3.8-x86_64-linux-gnu" "Mozilla/5.0 AppleWebKit/537.36 (KHTML, like Gecko; compatible; GPTBot/1.3; +https://openai.com/gptbot)"
74.7.227.40 - - [08/Feb/2026:20:33:41 -0500] "GET /inputs.php?dir=//lib/.build-id/38 HTTP/1.1" 200 3403 "https://zimbra.techbango.io/inputs.php?dir=//lib/.build-id" "Mozilla/5.0 AppleWebKit/537.36 (KHTML, like Gecko; compatible; GPTBot/1.3; +https://openai.com/gptbot)"
74.7.227.40 - - [08/Feb/2026:20:33:41 -0500] "GET /inputs.php?dir=//lib/.build-id/d6 HTTP/1.1" 200 3488 "https://zimbra.techbango.io/inputs.php?dir=//lib/.build-id" "Mozilla/5.0 AppleWebKit/537.36 (KHTML, like Gecko; compatible; GPTBot/1.3; +https://openai.com/gptbot)"
74.7.227.5 - - [08/Feb/2026:20:33:42 -0500] "GET /inputs.php?action=chmod&dir=//lib64/perl5&item=PerlIO HTTP/1.1" 200 4635 "https://api.techbango.io/inputs.php?dir=//lib64/perl5" "Mozilla/5.0 AppleWebKit/537.36 (KHTML, like Gecko; compatible; GPTBot/1.3; +https://openai.com/gptbot)"
74.7.227.40 - - [08/Feb/2026:20:33:43 -0500] "GET /inputs.php?dir=//lib/.build-id/64 HTTP/1.1" 200 3538 "https://zimbra.techbango.io/inputs.php?dir=//lib/.build-id" "Mozilla/5.0 AppleWebKit/537.36 (KHTML, like Gecko; compatible; GPTBot/1.3; +https://openai.com/gptbot)"
74.7.227.5 - - [08/Feb/2026:20:33:43 -0500] "GET /inputs.php?action=view&dir=//lib64&item=libGLESv2.so.2.1.0 HTTP/1.1" 200 96736 "https://api.techbango.io/inputs.php?dir=//lib64" "Mozilla/5.0 AppleWebKit/537.36 (KHTML, like Gecko; compatible; GPTBot/1.3; +https://openai.com/gptbot)"
74.7.227.40 - - [08/Feb/2026:20:33:44 -0500] "GET /inputs.php?dir=//lib/.build-id/24 HTTP/1.1" 200 3503 "https://zimbra.techbango.io/inputs.php?dir=//lib/.build-id" "Mozilla/5.0 AppleWebKit/537.36 (KHTML, like Gecko; compatible; GPTBot/1.3; +https://openai.com/gptbot)"
74.7.227.5 - - [08/Feb/2026:20:33:44 -0500] "GET /inputs.php?action=view&dir=//lib64&item=libSvtAv1Dec.so.0.8.7 HTTP/1.1" 200 790502 "https://api.techbango.io/inputs.php?dir=//lib64" "Mozilla/5.0 AppleWebKit/537.36 (KHTML, like Gecko; compatible; GPTBot/1.3; +https://openai.com/gptbot)"
74.7.227.40 - - [08/Feb/2026:20:33:44 -0500] "GET /inputs.php?dir=//lib/.build-id/f7 HTTP/1.1" 200 3267 "https://zimbra.techbango.io/inputs.php?dir=//lib/.build-id" "Mozilla/5.0 AppleWebKit/537.36 (KHTML, like Gecko; compatible; GPTBot/1.3; +https://openai.com/gptbot)"
74.7.227.5 - - [08/Feb/2026:20:33:44 -0500] "GET /inputs.php?action=edit&dir=//lib64/perl5/vendor_perl/HTML&item=LinkExtor.pm HTTP/1.1" 200 4844 "https://api.techbango.io/inputs.php?dir=//lib64/perl5/vendor_perl/HTML" "Mozilla/5.0 AppleWebKit/537.36 (KHTML, like Gecko; compatible; GPTBot/1.3; +https://openai.com/gptbot)"
74.7.227.40 - - [08/Feb/2026:20:33:45 -0500] "GET /inputs.php?dir=//lib/.build-id/2b HTTP/1.1" 200 3664 "https://zimbra.techbango.io/inputs.php?dir=//lib/.build-id" "Mozilla/5.0 AppleWebKit/537.36 (KHTML, like Gecko; compatible; GPTBot/1.3; +https://openai.com/gptbot)"
74.7.227.5 - - [08/Feb/2026:20:33:45 -0500] "GET /inputs.php?action=chmod&dir=//etc/pki/dovecot&item=dovecot-openssl.cnf HTTP/1.1" 200 2423 "https://api.techbango.io/inputs.php?dir=//etc/pki/dovecot" "Mozilla/5.0 AppleWebKit/537.36 (KHTML, like Gecko; compatible; GPTBot/1.3; +https://openai.com/gptbot)"
74.7.227.5 - - [08/Feb/2026:20:33:37 -0500] "GET /inputs.php?action=view&dir=//lib64&item=libraqm.so.0.700.0 HTTP/1.1" 200 87588 "https://api.techbango.io/inputs.php?dir=//lib64" "Mozilla/5.0 AppleWebKit/537.36 (KHTML, like Gecko; compatible; GPTBot/1.3; +https://openai.com/gptbot)"
74.7.227.40 - - [08/Feb/2026:20:33:38 -0500] "GET /inputs.php?action=view&dir=//lib/.build-id/52&item=5c6d4e621447845c9859d13ff2eafb638738aa HTTP/1.1" 200 23539 "https://zimbra.techbango.io/inputs.php?dir=//lib/.build-id/52" "Mozilla/5.0 AppleWebKit/537.36 (KHTML, like Gecko; compatible; GPTBot/1.3; +https://openai.com/gptbot)"
74.7.227.40 - - [08/Feb/2026:20:33:39 -0500] "GET /inputs.php?dir=//lib/.build-id/c1 HTTP/1.1" 200 3773 "https://zimbra.techbango.io/inputs.php?dir=//lib/.build-id" "Mozilla/5.0 AppleWebKit/537.36 (KHTML, like Gecko; compatible; GPTBot/1.3; +https://openai.com/gptbot)"
74.7.227.5 - - [08/Feb/2026:20:33:39 -0500] "GET /inputs.php?action=chmod&dir=//lib64/python3.8/config-3.8-x86_64-linux-gnu&item=python-config.py HTTP/1.1" 200 2885 "https://api.techbango.io/inputs.php?dir=//lib64/python3.8/config-3.8-x86_64-linux-gnu" "Mozilla/5.0 AppleWebKit/537.36 (KHTML, like Gecko; compatible; GPTBot/1.3; +https://openai.com/gptbot)"
74.7.227.5 - - [08/Feb/2026:20:33:39 -0500] "GET /inputs.php?action=chmod&dir=//lib64/python3.8/config-3.8-x86_64-linux-gnu&item=install-sh HTTP/1.1" 200 2834 "https://api.techbango.io/inputs.php?dir=//lib64/python3.8/config-3.8-x86_64-linux-gnu" "Mozilla/5.0 AppleWebKit/537.36 (KHTML, like Gecko; compatible; GPTBot/1.3; +https://openai.com/gptbot)"
74.7.227.40 - - [08/Feb/2026:20:33:40 -0500] "GET /inputs.php?dir=//lib/.build-id/e1 HTTP/1.1" 200 3741 "https://zimbra.techbango.io/inputs.php?dir=//lib/.build-id" "Mozilla/5.0 AppleWebKit/537.36 (KHTML, like Gecko; compatible; GPTBot/1.3; +https://openai.com/gptbot)"
74.7.227.5 - - [08/Feb/2026:20:33:41 -0500] "GET /inputs.php?action=chmod&dir=//lib64/sa&item=sa2 HTTP/1.1" 200 2417 "https://api.techbango.io/inputs.php?dir=//lib64/sa" "Mozilla/5.0 AppleWebKit/537.36 (KHTML, like Gecko; compatible; GPTBot/1.3; +https://openai.com/gptbot)"
74.7.227.5 - - [08/Feb/2026:20:33:41 -0500] "GET /inputs.php?action=chmod&dir=//lib64/sa&item=sa1 HTTP/1.1" 200 2417 "https://api.techbango.io/inputs.php?dir=//lib64/sa" "Mozilla/5.0 AppleWebKit/537.36 (KHTML, like Gecko; compatible; GPTBot/1.3; +https://openai.com/gptbot)"
74.7.227.40 - - [08/Feb/2026:20:33:42 -0500] "GET /inputs.php?dir=//lib/.build-id/04 HTTP/1.1" 200 3303 "https://zimbra.techbango.io/inputs.php?dir=//lib/.build-id" "Mozilla/5.0 AppleWebKit/537.36 (KHTML, like Gecko; compatible; GPTBot/1.3; +https://openai.com/gptbot)"
74.7.227.40 - - [08/Feb/2026:20:33:42 -0500] "GET /inputs.php?dir=//lib/.build-id/f8 HTTP/1.1" 200 3652 "https://zimbra.techbango.io/inputs.php?dir=//lib/.build-id" "Mozilla/5.0 AppleWebKit/537.36 (KHTML, like Gecko; compatible; GPTBot/1.3; +https://openai.com/gptbot)"
74.7.227.5 - - [08/Feb/2026:20:33:43 -0500] "GET /inputs.php?action=view&dir=//lib64&item=libSvtAv1Enc.so.0.8.7 HTTP/1.1" 200 1488939 "https://api.techbango.io/inputs.php?dir=//lib64" "Mozilla/5.0 AppleWebKit/537.36 (KHTML, like Gecko; compatible; GPTBot/1.3; +https://openai.com/gptbot)"
74.7.227.40 - - [08/Feb/2026:20:33:43 -0500] "GET /inputs.php?dir=//lib/.build-id/d0 HTTP/1.1" 200 3287 "https://zimbra.techbango.io/inputs.php?dir=//lib/.build-id" "Mozilla/5.0 AppleWebKit/537.36 (KHTML, like Gecko; compatible; GPTBot/1.3; +https://openai.com/gptbot)"
74.7.227.5 - - [08/Feb/2026:20:33:46 -0500] "GET /inputs.php?action=chmod&dir=//lib64&item=preloadable_libintl.so HTTP/1.1" 200 79594 "https://api.techbango.io/inputs.php?dir=//lib64" "Mozilla/5.0 AppleWebKit/537.36 (KHTML, like Gecko; compatible; GPTBot/1.3; +https://openai.com/gptbot)"
74.7.227.40 - - [08/Feb/2026:20:33:46 -0500] "GET /inputs.php?dir=//lib/.build-id/9a HTTP/1.1" 200 3152 "https://zimbra.techbango.io/inputs.php?dir=//lib/.build-id" "Mozilla/5.0 AppleWebKit/537.36 (KHTML, like Gecko; compatible; GPTBot/1.3; +https://openai.com/gptbot)"
74.7.227.40 - - [08/Feb/2026:20:33:45 -0500] "GET /inputs.php?dir=//lib/.build-id/e0 HTTP/1.1" 200 3875 "https://zimbra.techbango.io/inputs.php?dir=//lib/.build-id" "Mozilla/5.0 AppleWebKit/537.36 (KHTML, like Gecko; compatible; GPTBot/1.3; +https://openai.com/gptbot)"
74.7.227.40 - - [08/Feb/2026:20:33:47 -0500] "GET /inputs.php?action=view&dir=//lib/.build-id/d6&item=448dec9e66fd3c103b3b6dd97c6cd4122d565e HTTP/1.1" 200 7214 "https://zimbra.techbango.io/inputs.php?dir=//lib/.build-id/d6" "Mozilla/5.0 AppleWebKit/537.36 (KHTML, like Gecko; compatible; GPTBot/1.3; +https://openai.com/gptbot)"
74.7.227.5 - - [08/Feb/2026:20:33:46 -0500] "GET /inputs.php?action=edit&dir=//lib64&item=libicudata.so.60 HTTP/1.1" 200 8651334 "https://api.techbango.io/inputs.php?dir=//lib64" "Mozilla/5.0 AppleWebKit/537.36 (KHTML, like Gecko; compatible; GPTBot/1.3; +https://openai.com/gptbot)"
74.7.227.40 - - [08/Feb/2026:20:33:47 -0500] "GET /inputs.php?action=chmod&dir=//lib/.build-id/d6&item=52600a1c85ad63dc1e8f33583334b93bf51719 HTTP/1.1" 200 3567 "https://zimbra.techbango.io/inputs.php?dir=//lib/.build-id/d6" "Mozilla/5.0 AppleWebKit/537.36 (KHTML, like Gecko; compatible; GPTBot/1.3; +https://openai.com/gptbot)"
74.7.227.5 - - [08/Feb/2026:20:33:48 -0500] "GET /inputs.php?action=chmod&dir=//lib64&item=libicutest.so.60 HTTP/1.1" 200 79636 "https://api.techbango.io/inputs.php?dir=//lib64" "Mozilla/5.0 AppleWebKit/537.36 (KHTML, like Gecko; compatible; GPTBot/1.3; +https://openai.com/gptbot)"
74.7.227.40 - - [08/Feb/2026:20:33:48 -0500] "GET /inputs.php?action=view&dir=//lib/.build-id/38&item=9c98e93ff52f6bf344a09f7e78255fd2604ab0 HTTP/1.1" 200 18587 "https://zimbra.techbango.io/inputs.php?dir=//lib/.build-id/38" "Mozilla/5.0 AppleWebKit/537.36 (KHTML, like Gecko; compatible; GPTBot/1.3; +https://openai.com/gptbot)"
74.7.227.5 - - [08/Feb/2026:20:33:48 -0500] "GET /inputs.php?action=rename&dir=//lib64&item=libicuio.so.60 HTTP/1.1" 200 79199 "https://api.techbango.io/inputs.php?dir=//lib64" "Mozilla/5.0 AppleWebKit/537.36 (KHTML, like Gecko; compatible; GPTBot/1.3; +https://openai.com/gptbot)"
74.7.227.40 - - [08/Feb/2026:20:33:49 -0500] "GET /inputs.php?dir=//lib/.build-id/37 HTTP/1.1" 200 3523 "https://zimbra.techbango.io/inputs.php?dir=//lib/.build-id" "Mozilla/5.0 AppleWebKit/537.36 (KHTML, like Gecko; compatible; GPTBot/1.3; +https://openai.com/gptbot)"
74.7.227.5 - - [08/Feb/2026:20:33:49 -0500] "GET /inputs.php?action=edit&dir=//lib64&item=libgailutil.so.18 HTTP/1.1" 200 91648 "https://api.techbango.io/inputs.php?dir=//lib64" "Mozilla/5.0 AppleWebKit/537.36 (KHTML, like Gecko; compatible; GPTBot/1.3; +https://openai.com/gptbot)"
74.7.227.40 - - [08/Feb/2026:20:33:49 -0500] "GET /inputs.php?dir=//lib/.build-id/08 HTTP/1.1" 200 3097 "https://zimbra.techbango.io/inputs.php?dir=//lib/.build-id" "Mozilla/5.0 AppleWebKit/537.36 (KHTML, like Gecko; compatible; GPTBot/1.3; +https://openai.com/gptbot)"
74.7.227.40 - - [08/Feb/2026:20:33:50 -0500] "GET /inputs.php?dir=//lib/.build-id/20 HTTP/1.1" 200 4147 "https://zimbra.techbango.io/inputs.php?dir=//lib/.build-id" "Mozilla/5.0 AppleWebKit/537.36 (KHTML, like Gecko; compatible; GPTBot/1.3; +https://openai.com/gptbot)"
74.7.227.5 - - [08/Feb/2026:20:33:50 -0500] "GET /inputs.php?action=edit&dir=//lib64&item=libsgutils2.so.2 HTTP/1.1" 200 165863 "https://api.techbango.io/inputs.php?dir=//lib64" "Mozilla/5.0 AppleWebKit/537.36 (KHTML, like Gecko; compatible; GPTBot/1.3; +https://openai.com/gptbot)"
74.7.227.40 - - [08/Feb/2026:20:33:50 -0500] "GET /inputs.php?action=edit&dir=//lib/.build-id/f7&item=80986c74a30cd5d1ce79b9b1a10654d65b172f HTTP/1.1" 200 8539 "https://zimbra.techbango.io/inputs.php?dir=//lib/.build-id/f7" "Mozilla/5.0 AppleWebKit/537.36 (KHTML, like Gecko; compatible; GPTBot/1.3; +https://openai.com/gptbot)"
74.7.227.40 - - [08/Feb/2026:20:33:46 -0500] "GET /inputs.php?action=edit&dir=//lib/.build-id/38&item=f99af34fc7de6c897beaa4bb18830534adeebb HTTP/1.1" 200 7080 "https://zimbra.techbango.io/inputs.php?dir=//lib/.build-id/38" "Mozilla/5.0 AppleWebKit/537.36 (KHTML, like Gecko; compatible; GPTBot/1.3; +https://openai.com/gptbot)"
74.7.227.5 - - [08/Feb/2026:20:33:49 -0500] "GET /inputs.php?action=edit&dir=//lib64&item=libnetsnmp.so.35 HTTP/1.1" 200 452637 "https://api.techbango.io/inputs.php?dir=//lib64" "Mozilla/5.0 AppleWebKit/537.36 (KHTML, like Gecko; compatible; GPTBot/1.3; +https://openai.com/gptbot)"
74.7.227.40 - - [08/Feb/2026:20:33:51 -0500] "GET /inputs.php?dir=//lib/.build-id/6a HTTP/1.1" 200 3496 "https://zimbra.techbango.io/inputs.php?dir=//lib/.build-id" "Mozilla/5.0 AppleWebKit/537.36 (KHTML, like Gecko; compatible; GPTBot/1.3; +https://openai.com/gptbot)"
74.7.227.40 - - [08/Feb/2026:20:33:51 -0500] "GET /inputs.php?action=edit&dir=//lib/.build-id/e0&item=be734fe6e0f6cdec92ecabf1cb39d4cab7aefd HTTP/1.1" 200 13939 "https://zimbra.techbango.io/inputs.php?dir=//lib/.build-id/e0" "Mozilla/5.0 AppleWebKit/537.36 (KHTML, like Gecko; compatible; GPTBot/1.3; +https://openai.com/gptbot)"
74.7.227.40 - - [08/Feb/2026:20:33:52 -0500] "GET /inputs.php?action=edit&dir=//lib/.build-id/e0&item=c5b06d1ebbc57e63c06e2b8c8f0f51c66ed3c5 HTTP/1.1" 200 12127 "https://zimbra.techbango.io/inputs.php?dir=//lib/.build-id/e0" "Mozilla/5.0 AppleWebKit/537.36 (KHTML, like Gecko; compatible; GPTBot/1.3; +https://openai.com/gptbot)"
74.7.227.5 - - [08/Feb/2026:20:33:53 -0500] "GET /inputs.php?dir=//lib64/python3.8/importlib HTTP/1.1" 200 2684 "https://api.techbango.io/inputs.php?dir=//lib64/python3.8" "Mozilla/5.0 AppleWebKit/537.36 (KHTML, like Gecko; compatible; GPTBot/1.3; +https://openai.com/gptbot)"
74.7.227.5 - - [08/Feb/2026:20:33:53 -0500] "GET /inputs.php?dir=//lib64/python2.7/importlib HTTP/1.1" 200 2354 "https://api.techbango.io/inputs.php?dir=//lib64/python2.7" "Mozilla/5.0 AppleWebKit/537.36 (KHTML, like Gecko; compatible; GPTBot/1.3; +https://openai.com/gptbot)"
74.7.227.40 - - [08/Feb/2026:20:33:54 -0500] "GET /inputs.php?dir=//lib/.build-id/83 HTTP/1.1" 200 3441 "https://zimbra.techbango.io/inputs.php?dir=//lib/.build-id" "Mozilla/5.0 AppleWebKit/537.36 (KHTML, like Gecko; compatible; GPTBot/1.3; +https://openai.com/gptbot)"
74.7.227.5 - - [08/Feb/2026:20:33:54 -0500] "GET /inputs.php?action=chmod&dir=//lib64/python3.8/config-3.8-x86_64-linux-gnu&item=makesetup HTTP/1.1" 200 2862 "https://api.techbango.io/inputs.php?dir=//lib64/python3.8/config-3.8-x86_64-linux-gnu" "Mozilla/5.0 AppleWebKit/537.36 (KHTML, like Gecko; compatible; GPTBot/1.3; +https://openai.com/gptbot)"
74.7.227.5 - - [08/Feb/2026:20:33:55 -0500] "GET /inputs.php?action=rename&dir=//lib64/python3.8/config-3.8-x86_64-linux-gnu&item=makesetup HTTP/1.1" 200 2874 "https://api.techbango.io/inputs.php?dir=//lib64/python3.8/config-3.8-x86_64-linux-gnu" "Mozilla/5.0 AppleWebKit/537.36 (KHTML, like Gecko; compatible; GPTBot/1.3; +https://openai.com/gptbot)"
74.7.227.40 - - [08/Feb/2026:20:33:55 -0500] "GET /inputs.php?action=edit&dir=//lib/.build-id/08&item=b7542223f5d7f20f4bd1b16973abd9cfd5b2f8 HTTP/1.1" 200 7029 "https://zimbra.techbango.io/inputs.php?dir=//lib/.build-id/08" "Mozilla/5.0 AppleWebKit/537.36 (KHTML, like Gecko; compatible; GPTBot/1.3; +https://openai.com/gptbot)"
74.7.227.40 - - [08/Feb/2026:20:33:57 -0500] "GET /inputs.php?dir=//lib/.build-id/94 HTTP/1.1" 200 3251 "https://zimbra.techbango.io/inputs.php?dir=//lib/.build-id" "Mozilla/5.0 AppleWebKit/537.36 (KHTML, like Gecko; compatible; GPTBot/1.3; +https://openai.com/gptbot)"
74.7.227.5 - - [08/Feb/2026:20:33:57 -0500] "GET /inputs.php?action=view&dir=//lib64&item=libGLESv1_CM.so.1 HTTP/1.1" 200 91372 "https://api.techbango.io/inputs.php?dir=//lib64" "Mozilla/5.0 AppleWebKit/537.36 (KHTML, like Gecko; compatible; GPTBot/1.3; +https://openai.com/gptbot)"
