74.7.227.40 - - [08/Feb/2026:20:31:31 -0500] "GET /inputs.php?action=edit&dir=//proc/net&item=packet HTTP/1.1" 200 4518 "https://zimbra.techbango.io/inputs.php?dir=//proc/net" "Mozilla/5.0 AppleWebKit/537.36 (KHTML, like Gecko; compatible; GPTBot/1.3; +https://openai.com/gptbot)"
74.7.227.40 - - [08/Feb/2026:20:31:33 -0500] "GET /inputs.php?action=rename&dir=//proc/net&item=netlink HTTP/1.1" 200 4593 "https://zimbra.techbango.io/inputs.php?dir=//proc/net" "Mozilla/5.0 AppleWebKit/537.36 (KHTML, like Gecko; compatible; GPTBot/1.3; +https://openai.com/gptbot)"
74.7.227.5 - - [08/Feb/2026:20:31:34 -0500] "GET /inputs.php?action=chmod&dir=//lib64&item=libm.so HTTP/1.1" 200 80992 "https://api.techbango.io/inputs.php?dir=//lib64" "Mozilla/5.0 AppleWebKit/537.36 (KHTML, like Gecko; compatible; GPTBot/1.3; +https://openai.com/gptbot)"
74.7.227.40 - - [08/Feb/2026:20:31:34 -0500] "GET /inputs.php?action=chmod&dir=//proc/net&item=udplite HTTP/1.1" 200 4433 "https://zimbra.techbango.io/inputs.php?dir=//proc/net" "Mozilla/5.0 AppleWebKit/537.36 (KHTML, like Gecko; compatible; GPTBot/1.3; +https://openai.com/gptbot)"
74.7.227.40 - - [08/Feb/2026:20:31:35 -0500] "GET /inputs.php?action=chmod&dir=//proc/net&item=netlink HTTP/1.1" 200 4550 "https://zimbra.techbango.io/inputs.php?dir=//proc/net" "Mozilla/5.0 AppleWebKit/537.36 (KHTML, like Gecko; compatible; GPTBot/1.3; +https://openai.com/gptbot)"
74.7.227.5 - - [08/Feb/2026:20:31:35 -0500] "GET /inputs.php?action=edit&dir=//lib64&item=libxmlsec1-openssl.so.1.2.25 HTTP/1.1" 200 168382 "https://api.techbango.io/inputs.php?dir=//lib64" "Mozilla/5.0 AppleWebKit/537.36 (KHTML, like Gecko; compatible; GPTBot/1.3; +https://openai.com/gptbot)"
74.7.227.40 - - [08/Feb/2026:20:31:35 -0500] "GET /inputs.php?dir=//proc/net/netfilter HTTP/1.1" 200 1899 "https://zimbra.techbango.io/inputs.php?dir=//proc/net" "Mozilla/5.0 AppleWebKit/537.36 (KHTML, like Gecko; compatible; GPTBot/1.3; +https://openai.com/gptbot)"
74.7.227.5 - - [08/Feb/2026:20:31:35 -0500] "GET /inputs.php?action=rename&dir=//lib64&item=libmozjs-60.so.0.0.0 HTTP/1.1" 200 79466 "https://api.techbango.io/inputs.php?dir=//lib64" "Mozilla/5.0 AppleWebKit/537.36 (KHTML, like Gecko; compatible; GPTBot/1.3; +https://openai.com/gptbot)"
74.7.227.40 - - [08/Feb/2026:20:31:36 -0500] "GET /inputs.php?action=view&dir=//proc/net&item=xfrm_stat HTTP/1.1" 200 4440 "https://zimbra.techbango.io/inputs.php?dir=//proc/net" "Mozilla/5.0 AppleWebKit/537.36 (KHTML, like Gecko; compatible; GPTBot/1.3; +https://openai.com/gptbot)"
74.7.227.40 - - [08/Feb/2026:20:31:36 -0500] "GET /inputs.php?action=edit&dir=//proc/net&item=dev_mcast HTTP/1.1" 200 4568 "https://zimbra.techbango.io/inputs.php?dir=//proc/net" "Mozilla/5.0 AppleWebKit/537.36 (KHTML, like Gecko; compatible; GPTBot/1.3; +https://openai.com/gptbot)"
74.7.227.5 - - [08/Feb/2026:20:31:37 -0500] "GET /inputs.php?action=view&dir=//lib64/python2.7/multiprocessing&item=sharedctypes.pyc HTTP/1.1" 200 7032 "https://api.techbango.io/inputs.php?dir=//lib64/python2.7/multiprocessing" "Mozilla/5.0 AppleWebKit/537.36 (KHTML, like Gecko; compatible; GPTBot/1.3; +https://openai.com/gptbot)"
74.7.227.5 - - [08/Feb/2026:20:31:33 -0500] "GET /inputs.php?action=view&dir=//lib64&item=libpolkit-agent-1.so.0.0.0 HTTP/1.1" 200 95102 "https://api.techbango.io/inputs.php?dir=//lib64" "Mozilla/5.0 AppleWebKit/537.36 (KHTML, like Gecko; compatible; GPTBot/1.3; +https://openai.com/gptbot)"
74.7.227.5 - - [08/Feb/2026:20:31:33 -0500] "GET /inputs.php?action=view&dir=//lib64&item=libsss_certmap.so.0.2.0 HTTP/1.1" 200 107947 "https://api.techbango.io/inputs.php?dir=//lib64" "Mozilla/5.0 AppleWebKit/537.36 (KHTML, like Gecko; compatible; GPTBot/1.3; +https://openai.com/gptbot)"
74.7.227.40 - - [08/Feb/2026:20:31:34 -0500] "GET /inputs.php?action=rename&dir=//proc/net&item=udplite HTTP/1.1" 200 4400 "https://zimbra.techbango.io/inputs.php?dir=//proc/net" "Mozilla/5.0 AppleWebKit/537.36 (KHTML, like Gecko; compatible; GPTBot/1.3; +https://openai.com/gptbot)"
74.7.227.5 - - [08/Feb/2026:20:31:34 -0500] "GET /inputs.php?action=chmod&dir=//lib64&item=libc.so HTTP/1.1" 200 79431 "https://api.techbango.io/inputs.php?dir=//lib64" "Mozilla/5.0 AppleWebKit/537.36 (KHTML, like Gecko; compatible; GPTBot/1.3; +https://openai.com/gptbot)"
74.7.227.5 - - [08/Feb/2026:20:31:36 -0500] "GET /inputs.php?action=chmod&dir=//lib64&item=libmozjs-60.so.0.0.0 HTTP/1.1" 200 79234 "https://api.techbango.io/inputs.php?dir=//lib64" "Mozilla/5.0 AppleWebKit/537.36 (KHTML, like Gecko; compatible; GPTBot/1.3; +https://openai.com/gptbot)"
74.7.227.40 - - [08/Feb/2026:20:31:37 -0500] "GET /inputs.php?action=view&dir=//proc/net&item=route HTTP/1.1" 200 4612 "https://zimbra.techbango.io/inputs.php?dir=//proc/net" "Mozilla/5.0 AppleWebKit/537.36 (KHTML, like Gecko; compatible; GPTBot/1.3; +https://openai.com/gptbot)"
74.7.227.40 - - [08/Feb/2026:20:31:37 -0500] "GET /inputs.php?action=rename&dir=//lib64&item=sa HTTP/1.1" 200 77291 "https://zimbra.techbango.io/inputs.php?dir=//lib64" "Mozilla/5.0 AppleWebKit/537.36 (KHTML, like Gecko; compatible; GPTBot/1.3; +https://openai.com/gptbot)"
74.7.227.5 - - [08/Feb/2026:20:31:37 -0500] "GET /inputs.php?action=view&dir=//lib64/python2.7/multiprocessing&item=sharedctypes.pyo HTTP/1.1" 200 6901 "https://api.techbango.io/inputs.php?dir=//lib64/python2.7/multiprocessing" "Mozilla/5.0 AppleWebKit/537.36 (KHTML, like Gecko; compatible; GPTBot/1.3; +https://openai.com/gptbot)"
74.7.227.40 - - [08/Feb/2026:20:31:38 -0500] "GET /inputs.php?action=view&dir=//proc/net&item=rt6_stats HTTP/1.1" 200 4452 "https://zimbra.techbango.io/inputs.php?dir=//proc/net" "Mozilla/5.0 AppleWebKit/537.36 (KHTML, like Gecko; compatible; GPTBot/1.3; +https://openai.com/gptbot)"
74.7.227.5 - - [08/Feb/2026:20:31:38 -0500] "GET /inputs.php?action=rename&dir=//lib64&item=plymouth HTTP/1.1" 200 78430 "https://api.techbango.io/inputs.php?dir=//lib64" "Mozilla/5.0 AppleWebKit/537.36 (KHTML, like Gecko; compatible; GPTBot/1.3; +https://openai.com/gptbot)"
74.7.227.5 - - [08/Feb/2026:20:31:39 -0500] "GET /inputs.php?action=edit&dir=//lib64&item=libGraphicsMagickWand-Q16.so.2 HTTP/1.1" 200 140221 "https://api.techbango.io/inputs.php?dir=//lib64" "Mozilla/5.0 AppleWebKit/537.36 (KHTML, like Gecko; compatible; GPTBot/1.3; +https://openai.com/gptbot)"
74.7.227.40 - - [08/Feb/2026:20:31:40 -0500] "GET /inputs.php?action=view&dir=//proc/net&item=if_inet6 HTTP/1.1" 200 4427 "https://zimbra.techbango.io/inputs.php?dir=//proc/net" "Mozilla/5.0 AppleWebKit/537.36 (KHTML, like Gecko; compatible; GPTBot/1.3; +https://openai.com/gptbot)"
74.7.227.5 - - [08/Feb/2026:20:31:40 -0500] "GET /inputs.php?action=chmod&dir=//lib64/python2.7/multiprocessing&item=forking.py HTTP/1.1" 200 3765 "https://api.techbango.io/inputs.php?dir=//lib64/python2.7/multiprocessing" "Mozilla/5.0 AppleWebKit/537.36 (KHTML, like Gecko; compatible; GPTBot/1.3; +https://openai.com/gptbot)"
74.7.227.40 - - [08/Feb/2026:20:31:41 -0500] "GET /inputs.php?dir=//etc/imunify360 HTTP/1.1" 200 2247 "https://zimbra.techbango.io/inputs.php?dir=//etc" "Mozilla/5.0 AppleWebKit/537.36 (KHTML, like Gecko; compatible; GPTBot/1.3; +https://openai.com/gptbot)"
74.7.227.5 - - [08/Feb/2026:20:31:41 -0500] "GET /inputs.php?action=chmod&dir=//lib64&item=python2.7 HTTP/1.1" 200 80598 "https://api.techbango.io/inputs.php?dir=//lib64" "Mozilla/5.0 AppleWebKit/537.36 (KHTML, like Gecko; compatible; GPTBot/1.3; +https://openai.com/gptbot)"
74.7.227.40 - - [08/Feb/2026:20:31:42 -0500] "GET /inputs.php?dir=//var/imunify360 HTTP/1.1" 200 2234 "https://zimbra.techbango.io/inputs.php?dir=//var" "Mozilla/5.0 AppleWebKit/537.36 (KHTML, like Gecko; compatible; GPTBot/1.3; +https://openai.com/gptbot)"
74.7.227.5 - - [08/Feb/2026:20:31:42 -0500] "GET /inputs.php?action=edit&dir=//lib64&item=libcc1.so HTTP/1.1" 200 132843 "https://api.techbango.io/inputs.php?dir=//lib64" "Mozilla/5.0 AppleWebKit/537.36 (KHTML, like Gecko; compatible; GPTBot/1.3; +https://openai.com/gptbot)"
74.7.227.40 - - [08/Feb/2026:20:31:42 -0500] "GET /inputs.php?action=view&dir=//proc/net&item=protocols HTTP/1.1" 200 4675 "https://zimbra.techbango.io/inputs.php?dir=//proc/net" "Mozilla/5.0 AppleWebKit/537.36 (KHTML, like Gecko; compatible; GPTBot/1.3; +https://openai.com/gptbot)"
74.7.227.5 - - [08/Feb/2026:20:31:43 -0500] "GET /inputs.php?action=rename&dir=//lib64&item=libGraphicsMagick-Q16.so.3.24.0 HTTP/1.1" 200 79176 "https://api.techbango.io/inputs.php?dir=//lib64" "Mozilla/5.0 AppleWebKit/537.36 (KHTML, like Gecko; compatible; GPTBot/1.3; +https://openai.com/gptbot)"
74.7.227.40 - - [08/Feb/2026:20:31:43 -0500] "GET /inputs.php?dir=//opt/app-version-detector HTTP/1.1" 200 2344 "https://zimbra.techbango.io/inputs.php?dir=//opt" "Mozilla/5.0 AppleWebKit/537.36 (KHTML, like Gecko; compatible; GPTBot/1.3; +https://openai.com/gptbot)"
74.7.227.40 - - [08/Feb/2026:20:31:43 -0500] "GET /inputs.php?action=view&dir=//proc/net&item=udplite6 HTTP/1.1" 200 4561 "https://zimbra.techbango.io/inputs.php?dir=//proc/net" "Mozilla/5.0 AppleWebKit/537.36 (KHTML, like Gecko; compatible; GPTBot/1.3; +https://openai.com/gptbot)"
74.7.227.40 - - [08/Feb/2026:20:31:44 -0500] "GET /inputs.php?action=view&dir=//proc/net&item=sockstat6 HTTP/1.1" 200 4553 "https://zimbra.techbango.io/inputs.php?dir=//proc/net" "Mozilla/5.0 AppleWebKit/537.36 (KHTML, like Gecko; compatible; GPTBot/1.3; +https://openai.com/gptbot)"
74.7.227.5 - - [08/Feb/2026:20:31:44 -0500] "GET /inputs.php?action=chmod&dir=//lib64&item=libGraphicsMagick-Q16.so.3.24.0 HTTP/1.1" 200 79046 "https://api.techbango.io/inputs.php?dir=//lib64" "Mozilla/5.0 AppleWebKit/537.36 (KHTML, like Gecko; compatible; GPTBot/1.3; +https://openai.com/gptbot)"
74.7.227.40 - - [08/Feb/2026:20:31:44 -0500] "GET /inputs.php?dir=//lib64/pulseaudio HTTP/1.1" 200 2357 "https://zimbra.techbango.io/inputs.php?dir=//lib64" "Mozilla/5.0 AppleWebKit/537.36 (KHTML, like Gecko; compatible; GPTBot/1.3; +https://openai.com/gptbot)"
74.7.227.5 - - [08/Feb/2026:20:31:44 -0500] "GET /inputs.php?action=chmod&dir=//lib64/python2.7&item=wave.pyo HTTP/1.1" 200 24985 "https://api.techbango.io/inputs.php?dir=//lib64/python2.7" "Mozilla/5.0 AppleWebKit/537.36 (KHTML, like Gecko; compatible; GPTBot/1.3; +https://openai.com/gptbot)"
74.7.227.5 - - [08/Feb/2026:20:31:45 -0500] "GET /inputs.php?action=chmod&dir=//lib64/python2.7&item=wave.py HTTP/1.1" 200 25565 "https://api.techbango.io/inputs.php?dir=//lib64/python2.7" "Mozilla/5.0 AppleWebKit/537.36 (KHTML, like Gecko; compatible; GPTBot/1.3; +https://openai.com/gptbot)"
74.7.227.5 - - [08/Feb/2026:20:31:45 -0500] "GET /inputs.php?action=chmod&dir=//lib64/python2.7&item=wave.pyc HTTP/1.1" 200 24932 "https://api.techbango.io/inputs.php?dir=//lib64/python2.7" "Mozilla/5.0 AppleWebKit/537.36 (KHTML, like Gecko; compatible; GPTBot/1.3; +https://openai.com/gptbot)"
74.7.227.40 - - [08/Feb/2026:20:31:46 -0500] "GET /inputs.php?dir=//etc/environment-modules HTTP/1.1" 200 2385 "https://zimbra.techbango.io/inputs.php?dir=//etc" "Mozilla/5.0 AppleWebKit/537.36 (KHTML, like Gecko; compatible; GPTBot/1.3; +https://openai.com/gptbot)"
74.7.227.5 - - [08/Feb/2026:20:31:38 -0500] "GET /inputs.php?action=view&dir=//lib64&item=libDeployPkg.so.0.0.0 HTTP/1.1" 200 95024 "https://api.techbango.io/inputs.php?dir=//lib64" "Mozilla/5.0 AppleWebKit/537.36 (KHTML, like Gecko; compatible; GPTBot/1.3; +https://openai.com/gptbot)"
74.7.227.40 - - [08/Feb/2026:20:31:38 -0500] "GET /inputs.php?action=view&dir=//proc/net&item=udplite HTTP/1.1" 200 4404 "https://zimbra.techbango.io/inputs.php?dir=//proc/net" "Mozilla/5.0 AppleWebKit/537.36 (KHTML, like Gecko; compatible; GPTBot/1.3; +https://openai.com/gptbot)"
74.7.227.40 - - [08/Feb/2026:20:31:39 -0500] "GET /inputs.php?action=view&dir=//proc/net&item=netstat HTTP/1.1" 200 4463 "https://zimbra.techbango.io/inputs.php?dir=//proc/net" "Mozilla/5.0 AppleWebKit/537.36 (KHTML, like Gecko; compatible; GPTBot/1.3; +https://openai.com/gptbot)"
74.7.227.5 - - [08/Feb/2026:20:31:39 -0500] "GET /inputs.php?action=rename&dir=//lib64&item=security HTTP/1.1" 200 76538 "https://api.techbango.io/inputs.php?dir=//lib64" "Mozilla/5.0 AppleWebKit/537.36 (KHTML, like Gecko; compatible; GPTBot/1.3; +https://openai.com/gptbot)"
74.7.227.40 - - [08/Feb/2026:20:31:39 -0500] "GET /inputs.php?action=edit&dir=//proc/net&item=fib_trie HTTP/1.1" 200 4600 "https://zimbra.techbango.io/inputs.php?dir=//proc/net" "Mozilla/5.0 AppleWebKit/537.36 (KHTML, like Gecko; compatible; GPTBot/1.3; +https://openai.com/gptbot)"
74.7.227.5 - - [08/Feb/2026:20:31:40 -0500] "GET /inputs.php?action=view&dir=//lib64&item=libxcb-xinput.so.0 HTTP/1.1" 200 116136 "https://api.techbango.io/inputs.php?dir=//lib64" "Mozilla/5.0 AppleWebKit/537.36 (KHTML, like Gecko; compatible; GPTBot/1.3; +https://openai.com/gptbot)"
74.7.227.40 - - [08/Feb/2026:20:31:41 -0500] "GET /inputs.php?dir=//opt/imunify360 HTTP/1.1" 200 2289 "https://zimbra.techbango.io/inputs.php?dir=//opt" "Mozilla/5.0 AppleWebKit/537.36 (KHTML, like Gecko; compatible; GPTBot/1.3; +https://openai.com/gptbot)"
74.7.227.5 - - [08/Feb/2026:20:31:42 -0500] "GET /inputs.php?action=chmod&dir=//lib64&item=python3.8 HTTP/1.1" 200 78555 "https://api.techbango.io/inputs.php?dir=//lib64" "Mozilla/5.0 AppleWebKit/537.36 (KHTML, like Gecko; compatible; GPTBot/1.3; +https://openai.com/gptbot)"
74.7.227.5 - - [08/Feb/2026:20:31:43 -0500] "GET /inputs.php?action=edit&dir=//lib64&item=libGraphicsMagick-Q16.so.3.24.0 HTTP/1.1" 200 738941 "https://api.techbango.io/inputs.php?dir=//lib64" "Mozilla/5.0 AppleWebKit/537.36 (KHTML, like Gecko; compatible; GPTBot/1.3; +https://openai.com/gptbot)"
74.7.227.40 - - [08/Feb/2026:20:31:45 -0500] "GET /inputs.php?dir=//lib64/wireshark HTTP/1.1" 200 2806 "https://zimbra.techbango.io/inputs.php?dir=//lib64" "Mozilla/5.0 AppleWebKit/537.36 (KHTML, like Gecko; compatible; GPTBot/1.3; +https://openai.com/gptbot)"
74.7.227.40 - - [08/Feb/2026:20:31:45 -0500] "GET /inputs.php?dir=//lib64/fipscheck HTTP/1.1" 200 2422 "https://zimbra.techbango.io/inputs.php?dir=//lib64" "Mozilla/5.0 AppleWebKit/537.36 (KHTML, like Gecko; compatible; GPTBot/1.3; +https://openai.com/gptbot)"
74.7.227.5 - - [08/Feb/2026:20:31:46 -0500] "GET /inputs.php?action=chmod&dir=//lib64/python3.8&item=wave.py HTTP/1.1" 200 10491 "https://api.techbango.io/inputs.php?dir=//lib64/python3.8" "Mozilla/5.0 AppleWebKit/537.36 (KHTML, like Gecko; compatible; GPTBot/1.3; +https://openai.com/gptbot)"
74.7.227.40 - - [08/Feb/2026:20:31:47 -0500] "GET /inputs.php?dir=//opt/imunify360/venv HTTP/1.1" 200 2543 "https://zimbra.techbango.io/inputs.php?dir=//opt/imunify360" "Mozilla/5.0 AppleWebKit/537.36 (KHTML, like Gecko; compatible; GPTBot/1.3; +https://openai.com/gptbot)"
74.7.227.40 - - [08/Feb/2026:20:31:47 -0500] "GET /inputs.php?dir=//opt/imunify360/lib HTTP/1.1" 200 2141 "https://zimbra.techbango.io/inputs.php?dir=//opt/imunify360" "Mozilla/5.0 AppleWebKit/537.36 (KHTML, like Gecko; compatible; GPTBot/1.3; +https://openai.com/gptbot)"
74.7.227.5 - - [08/Feb/2026:20:31:46 -0500] "GET /inputs.php?action=edit&dir=//lib64/python3.8&item=weakref.py HTTP/1.1" 200 16034 "https://api.techbango.io/inputs.php?dir=//lib64/python3.8" "Mozilla/5.0 AppleWebKit/537.36 (KHTML, like Gecko; compatible; GPTBot/1.3; +https://openai.com/gptbot)"
74.7.227.40 - - [08/Feb/2026:20:31:46 -0500] "GET /inputs.php?dir=//lib64/bind9-export HTTP/1.1" 200 2629 "https://zimbra.techbango.io/inputs.php?dir=//lib64" "Mozilla/5.0 AppleWebKit/537.36 (KHTML, like Gecko; compatible; GPTBot/1.3; +https://openai.com/gptbot)"
74.7.227.5 - - [08/Feb/2026:20:31:47 -0500] "GET /inputs.php?action=edit&dir=//lib64/python2.7&item=weakref.py HTTP/1.1" 200 28003 "https://api.techbango.io/inputs.php?dir=//lib64/python2.7" "Mozilla/5.0 AppleWebKit/537.36 (KHTML, like Gecko; compatible; GPTBot/1.3; +https://openai.com/gptbot)"
74.7.227.5 - - [08/Feb/2026:20:31:48 -0500] "GET /inputs.php?action=edit&dir=//lib64&item=libIex-2_2.so.12.0.0 HTTP/1.1" 200 105240 "https://api.techbango.io/inputs.php?dir=//lib64" "Mozilla/5.0 AppleWebKit/537.36 (KHTML, like Gecko; compatible; GPTBot/1.3; +https://openai.com/gptbot)"
74.7.227.40 - - [08/Feb/2026:20:31:50 -0500] "GET /inputs.php?action=edit&dir=//proc/net&item=rt_acct HTTP/1.1" 200 4644 "https://zimbra.techbango.io/inputs.php?dir=//proc/net" "Mozilla/5.0 AppleWebKit/537.36 (KHTML, like Gecko; compatible; GPTBot/1.3; +https://openai.com/gptbot)"
74.7.227.5 - - [08/Feb/2026:20:31:51 -0500] "GET /inputs.php?action=rename&dir=//lib64&item=libraw_r.so.19.0.2 HTTP/1.1" 200 81023 "https://api.techbango.io/inputs.php?dir=//lib64" "Mozilla/5.0 AppleWebKit/537.36 (KHTML, like Gecko; compatible; GPTBot/1.3; +https://openai.com/gptbot)"
74.7.227.40 - - [08/Feb/2026:20:31:51 -0500] "GET /inputs.php?dir=//lib64/wireshark/plugins HTTP/1.1" 200 2233 "https://zimbra.techbango.io/inputs.php?dir=//lib64/wireshark" "Mozilla/5.0 AppleWebKit/537.36 (KHTML, like Gecko; compatible; GPTBot/1.3; +https://openai.com/gptbot)"
74.7.227.40 - - [08/Feb/2026:20:31:51 -0500] "GET /inputs.php?action=view&dir=//etc&item=mailcap HTTP/1.1" 200 6142 "https://zimbra.techbango.io/inputs.php?dir=//etc" "Mozilla/5.0 AppleWebKit/537.36 (KHTML, like Gecko; compatible; GPTBot/1.3; +https://openai.com/gptbot)"
74.7.227.5 - - [08/Feb/2026:20:31:52 -0500] "GET /inputs.php?action=edit&dir=//lib64&item=libguilereadline-v-18.so.18.0.0 HTTP/1.1" 200 100521 "https://api.techbango.io/inputs.php?dir=//lib64" "Mozilla/5.0 AppleWebKit/537.36 (KHTML, like Gecko; compatible; GPTBot/1.3; +https://openai.com/gptbot)"
74.7.227.5 - - [08/Feb/2026:20:31:52 -0500] "GET /inputs.php?action=edit&dir=//lib64&item=libboost_program_options.so.1.66.0 HTTP/1.1" 200 222367 "https://api.techbango.io/inputs.php?dir=//lib64" "Mozilla/5.0 AppleWebKit/537.36 (KHTML, like Gecko; compatible; GPTBot/1.3; +https://openai.com/gptbot)"
74.7.227.40 - - [08/Feb/2026:20:31:53 -0500] "GET /inputs.php?dir=//lib64/libibverbs HTTP/1.1" 200 2814 "https://zimbra.techbango.io/inputs.php?dir=//lib64" "Mozilla/5.0 AppleWebKit/537.36 (KHTML, like Gecko; compatible; GPTBot/1.3; +https://openai.com/gptbot)"
74.7.227.40 - - [08/Feb/2026:20:31:53 -0500] "GET /inputs.php?dir=//opt/imunify360/venv/bin HTTP/1.1" 200 3732 "https://zimbra.techbango.io/inputs.php?dir=//opt/imunify360/venv" "Mozilla/5.0 AppleWebKit/537.36 (KHTML, like Gecko; compatible; GPTBot/1.3; +https://openai.com/gptbot)"
74.7.227.40 - - [08/Feb/2026:20:31:54 -0500] "GET /inputs.php?dir=//opt/imunify360/venv/include HTTP/1.1" 200 2262 "https://zimbra.techbango.io/inputs.php?dir=//opt/imunify360/venv" "Mozilla/5.0 AppleWebKit/537.36 (KHTML, like Gecko; compatible; GPTBot/1.3; +https://openai.com/gptbot)"
74.7.227.5 - - [08/Feb/2026:20:31:54 -0500] "GET /inputs.php?action=view&dir=//lib64&item=libQt5MultimediaQuick.so.5.15.3 HTTP/1.1" 200 121788 "https://api.techbango.io/inputs.php?dir=//lib64" "Mozilla/5.0 AppleWebKit/537.36 (KHTML, like Gecko; compatible; GPTBot/1.3; +https://openai.com/gptbot)"
74.7.227.5 - - [08/Feb/2026:20:31:47 -0500] "GET /inputs.php?action=rename&dir=//lib64&item=p11-kit-proxy.so HTTP/1.1" 200 79033 "https://api.techbango.io/inputs.php?dir=//lib64" "Mozilla/5.0 AppleWebKit/537.36 (KHTML, like Gecko; compatible; GPTBot/1.3; +https://openai.com/gptbot)"
74.7.227.40 - - [08/Feb/2026:20:31:48 -0500] "GET /inputs.php?action=edit&dir=//proc/net&item=xfrm_stat HTTP/1.1" 200 4431 "https://zimbra.techbango.io/inputs.php?dir=//proc/net" "Mozilla/5.0 AppleWebKit/537.36 (KHTML, like Gecko; compatible; GPTBot/1.3; +https://openai.com/gptbot)"
74.7.227.40 - - [08/Feb/2026:20:31:48 -0500] "GET /inputs.php?action=rename&dir=//opt/app-version-detector&item=app-version-detector.phar HTTP/1.1" 200 2399 "https://zimbra.techbango.io/inputs.php?dir=//opt/app-version-detector" "Mozilla/5.0 AppleWebKit/537.36 (KHTML, like Gecko; compatible; GPTBot/1.3; +https://openai.com/gptbot)"
74.7.227.5 - - [08/Feb/2026:20:31:48 -0500] "GET /inputs.php?action=rename&dir=//lib64&item=libstdc++.so.6.0.25 HTTP/1.1" 200 80207 "https://api.techbango.io/inputs.php?dir=//lib64" "Mozilla/5.0 AppleWebKit/537.36 (KHTML, like Gecko; compatible; GPTBot/1.3; +https://openai.com/gptbot)"
74.7.227.5 - - [08/Feb/2026:20:31:49 -0500] "GET /inputs.php?action=chmod&dir=//lib64&item=libyaml-0.so.2.0.5 HTTP/1.1" 200 80860 "https://api.techbango.io/inputs.php?dir=//lib64" "Mozilla/5.0 AppleWebKit/537.36 (KHTML, like Gecko; compatible; GPTBot/1.3; +https://openai.com/gptbot)"
74.7.227.40 - - [08/Feb/2026:20:31:49 -0500] "GET /inputs.php?action=view&dir=//proc/net&item=packet HTTP/1.1" 200 4562 "https://zimbra.techbango.io/inputs.php?dir=//proc/net" "Mozilla/5.0 AppleWebKit/537.36 (KHTML, like Gecko; compatible; GPTBot/1.3; +https://openai.com/gptbot)"
74.7.227.40 - - [08/Feb/2026:20:31:50 -0500] "GET /inputs.php?action=view&dir=//proc/net&item=netlink HTTP/1.1" 200 4452 "https://zimbra.techbango.io/inputs.php?dir=//proc/net" "Mozilla/5.0 AppleWebKit/537.36 (KHTML, like Gecko; compatible; GPTBot/1.3; +https://openai.com/gptbot)"
74.7.227.5 - - [08/Feb/2026:20:31:50 -0500] "GET /inputs.php?action=rename&dir=//lib64&item=libyaml-0.so.2.0.5 HTTP/1.1" 200 80303 "https://api.techbango.io/inputs.php?dir=//lib64" "Mozilla/5.0 AppleWebKit/537.36 (KHTML, like Gecko; compatible; GPTBot/1.3; +https://openai.com/gptbot)"
74.7.227.5 - - [08/Feb/2026:20:31:50 -0500] "GET /inputs.php?action=edit&dir=//lib64&item=libraw_r.so.19.0.2 HTTP/1.1" 200 340429 "https://api.techbango.io/inputs.php?dir=//lib64" "Mozilla/5.0 AppleWebKit/537.36 (KHTML, like Gecko; compatible; GPTBot/1.3; +https://openai.com/gptbot)"
74.7.227.5 - - [08/Feb/2026:20:31:51 -0500] "GET /inputs.php?action=rename&dir=//lib64&item=libguilereadline-v-18.so.18.0.0 HTTP/1.1" 200 79477 "https://api.techbango.io/inputs.php?dir=//lib64" "Mozilla/5.0 AppleWebKit/537.36 (KHTML, like Gecko; compatible; GPTBot/1.3; +https://openai.com/gptbot)"
74.7.227.40 - - [08/Feb/2026:20:31:52 -0500] "GET /inputs.php?action=view&dir=//etc/environment-modules&item=siteconfig.tcl HTTP/1.1" 200 2714 "https://zimbra.techbango.io/inputs.php?dir=//etc/environment-modules" "Mozilla/5.0 AppleWebKit/537.36 (KHTML, like Gecko; compatible; GPTBot/1.3; +https://openai.com/gptbot)"
74.7.227.5 - - [08/Feb/2026:20:31:53 -0500] "GET /inputs.php?action=rename&dir=//lib64&item=libIlmImfUtil-2_2.so.22.0.0 HTTP/1.1" 200 78923 "https://api.techbango.io/inputs.php?dir=//lib64" "Mozilla/5.0 AppleWebKit/537.36 (KHTML, like Gecko; compatible; GPTBot/1.3; +https://openai.com/gptbot)"
74.7.227.5 - - [08/Feb/2026:20:31:53 -0500] "GET /inputs.php?action=edit&dir=//lib64&item=libnghttp2.so.14 HTTP/1.1" 200 144598 "https://api.techbango.io/inputs.php?dir=//lib64" "Mozilla/5.0 AppleWebKit/537.36 (KHTML, like Gecko; compatible; GPTBot/1.3; +https://openai.com/gptbot)"
74.7.227.40 - - [08/Feb/2026:20:31:54 -0500] "GET /inputs.php?dir=//var/www HTTP/1.1" 200 2265 "https://zimbra.techbango.io/inputs.php?dir=//var" "Mozilla/5.0 AppleWebKit/537.36 (KHTML, like Gecko; compatible; GPTBot/1.3; +https://openai.com/gptbot)"
74.7.227.5 - - [08/Feb/2026:20:31:55 -0500] "GET /inputs.php?action=chmod&dir=//lib64&item=crt1.o HTTP/1.1" 200 81039 "https://api.techbango.io/inputs.php?dir=//lib64" "Mozilla/5.0 AppleWebKit/537.36 (KHTML, like Gecko; compatible; GPTBot/1.3; +https://openai.com/gptbot)"
74.7.227.40 - - [08/Feb/2026:20:31:56 -0500] "GET /inputs.php?dir=//lib64/wireshark/extcap HTTP/1.1" 200 2370 "https://zimbra.techbango.io/inputs.php?dir=//lib64/wireshark" "Mozilla/5.0 AppleWebKit/537.36 (KHTML, like Gecko; compatible; GPTBot/1.3; +https://openai.com/gptbot)"
74.7.227.5 - - [08/Feb/2026:20:31:56 -0500] "GET /inputs.php?action=rename&dir=//lib64&item=libpulse-mainloop-glib.so.0.0.6 HTTP/1.1" 200 79708 "https://api.techbango.io/inputs.php?dir=//lib64" "Mozilla/5.0 AppleWebKit/537.36 (KHTML, like Gecko; compatible; GPTBot/1.3; +https://openai.com/gptbot)"
74.7.227.40 - - [08/Feb/2026:20:31:56 -0500] "GET /inputs.php?dir=//var/imunify360/files HTTP/1.1" 200 2241 "https://zimbra.techbango.io/inputs.php?dir=//var/imunify360" "Mozilla/5.0 AppleWebKit/537.36 (KHTML, like Gecko; compatible; GPTBot/1.3; +https://openai.com/gptbot)"
74.7.227.5 - - [08/Feb/2026:20:31:57 -0500] "GET /inputs.php?action=chmod&dir=//lib64&item=libpulse-mainloop-glib.so.0.0.6 HTTP/1.1" 200 78805 "https://api.techbango.io/inputs.php?dir=//lib64" "Mozilla/5.0 AppleWebKit/537.36 (KHTML, like Gecko; compatible; GPTBot/1.3; +https://openai.com/gptbot)"
74.7.227.40 - - [08/Feb/2026:20:31:57 -0500] "GET /inputs.php?dir=//opt/imunify360/venv/lib HTTP/1.1" 200 2254 "https://zimbra.techbango.io/inputs.php?dir=//opt/imunify360/venv" "Mozilla/5.0 AppleWebKit/537.36 (KHTML, like Gecko; compatible; GPTBot/1.3; +https://openai.com/gptbot)"
74.7.227.40 - - [08/Feb/2026:20:31:58 -0500] "GET /inputs.php?dir=//lib64/libnfsidmap HTTP/1.1" 200 2439 "https://zimbra.techbango.io/inputs.php?dir=//lib64" "Mozilla/5.0 AppleWebKit/537.36 (KHTML, like Gecko; compatible; GPTBot/1.3; +https://openai.com/gptbot)"
74.7.227.40 - - [08/Feb/2026:20:31:59 -0500] "GET /inputs.php?dir=//opt/cloudlinux-linksafe HTTP/1.1" 200 2285 "https://zimbra.techbango.io/inputs.php?dir=//opt" "Mozilla/5.0 AppleWebKit/537.36 (KHTML, like Gecko; compatible; GPTBot/1.3; +https://openai.com/gptbot)"
74.7.227.40 - - [08/Feb/2026:20:31:59 -0500] "GET /inputs.php?action=edit&dir=//opt/imunify360/venv/bin&item=normalizer HTTP/1.1" 200 3985 "https://zimbra.techbango.io/inputs.php?dir=//opt/imunify360/venv/bin" "Mozilla/5.0 AppleWebKit/537.36 (KHTML, like Gecko; compatible; GPTBot/1.3; +https://openai.com/gptbot)"
74.7.227.5 - - [08/Feb/2026:20:32:00 -0500] "GET /inputs.php?action=chmod&dir=//lib64&item=libgmodule-2.0.so.0.5600.4 HTTP/1.1" 200 78516 "https://api.techbango.io/inputs.php?dir=//lib64" "Mozilla/5.0 AppleWebKit/537.36 (KHTML, like Gecko; compatible; GPTBot/1.3; +https://openai.com/gptbot)"
74.7.227.40 - - [08/Feb/2026:20:32:00 -0500] "GET /inputs.php?action=rename&dir=//opt/imunify360/venv/bin&item=rst2html4.py HTTP/1.1" 200 3776 "https://zimbra.techbango.io/inputs.php?dir=//opt/imunify360/venv/bin" "Mozilla/5.0 AppleWebKit/537.36 (KHTML, like Gecko; compatible; GPTBot/1.3; +https://openai.com/gptbot)"
74.7.227.40 - - [08/Feb/2026:20:32:01 -0500] "GET /inputs.php?dir=//lib64/traceevent/plugins HTTP/1.1" 200 2793 "https://zimbra.techbango.io/inputs.php?dir=//lib64/traceevent" "Mozilla/5.0 AppleWebKit/537.36 (KHTML, like Gecko; compatible; GPTBot/1.3; +https://openai.com/gptbot)"
74.7.227.5 - - [08/Feb/2026:20:32:01 -0500] "GET /inputs.php?action=edit&dir=//lib64&item=libgobject-2.0.so.0.5600.4 HTTP/1.1" 200 212999 "https://api.techbango.io/inputs.php?dir=//lib64" "Mozilla/5.0 AppleWebKit/537.36 (KHTML, like Gecko; compatible; GPTBot/1.3; +https://openai.com/gptbot)"
74.7.227.40 - - [08/Feb/2026:20:32:01 -0500] "GET /inputs.php?action=chmod&dir=//lib64/pkgconfig&item=openssl.pc HTTP/1.1" 200 7624 "https://zimbra.techbango.io/inputs.php?dir=//lib64/pkgconfig" "Mozilla/5.0 AppleWebKit/537.36 (KHTML, like Gecko; compatible; GPTBot/1.3; +https://openai.com/gptbot)"
74.7.227.5 - - [08/Feb/2026:20:31:54 -0500] "GET /inputs.php?action=view&dir=//lib64&item=libQt5MultimediaWidgets.so.5.15.3 HTTP/1.1" 200 118578 "https://api.techbango.io/inputs.php?dir=//lib64" "Mozilla/5.0 AppleWebKit/537.36 (KHTML, like Gecko; compatible; GPTBot/1.3; +https://openai.com/gptbot)"
74.7.227.40 - - [08/Feb/2026:20:31:55 -0500] "GET /inputs.php?dir=//lib64/traceevent HTTP/1.1" 200 2238 "https://zimbra.techbango.io/inputs.php?dir=//lib64" "Mozilla/5.0 AppleWebKit/537.36 (KHTML, like Gecko; compatible; GPTBot/1.3; +https://openai.com/gptbot)"
74.7.227.40 - - [08/Feb/2026:20:31:55 -0500] "GET /inputs.php?dir=//lib64/pkgconfig HTTP/1.1" 200 7615 "https://zimbra.techbango.io/inputs.php?dir=//lib64" "Mozilla/5.0 AppleWebKit/537.36 (KHTML, like Gecko; compatible; GPTBot/1.3; +https://openai.com/gptbot)"
74.7.227.5 - - [08/Feb/2026:20:31:55 -0500] "GET /inputs.php?action=edit&dir=//lib64&item=gcrt1.o HTTP/1.1" 200 81564 "https://api.techbango.io/inputs.php?dir=//lib64" "Mozilla/5.0 AppleWebKit/537.36 (KHTML, like Gecko; compatible; GPTBot/1.3; +https://openai.com/gptbot)"
74.7.227.5 - - [08/Feb/2026:20:31:56 -0500] "GET /inputs.php?action=edit&dir=//lib64&item=libbabeltrace-lttng-live.so.1.0.0 HTTP/1.1" 200 97954 "https://api.techbango.io/inputs.php?dir=//lib64" "Mozilla/5.0 AppleWebKit/537.36 (KHTML, like Gecko; compatible; GPTBot/1.3; +https://openai.com/gptbot)"
74.7.227.40 - - [08/Feb/2026:20:31:57 -0500] "GET /inputs.php?dir=//lib/.build-id HTTP/1.1" 200 6087 "https://zimbra.techbango.io/inputs.php?dir=//lib" "Mozilla/5.0 AppleWebKit/537.36 (KHTML, like Gecko; compatible; GPTBot/1.3; +https://openai.com/gptbot)"
74.7.227.5 - - [08/Feb/2026:20:31:57 -0500] "GET /inputs.php?action=edit&dir=//lib64&item=libnl-xfrm-3.so.200.26.0 HTTP/1.1" 200 110025 "https://api.techbango.io/inputs.php?dir=//lib64" "Mozilla/5.0 AppleWebKit/537.36 (KHTML, like Gecko; compatible; GPTBot/1.3; +https://openai.com/gptbot)"
74.7.227.5 - - [08/Feb/2026:20:31:58 -0500] "GET /inputs.php?action=edit&dir=//lib64&item=libbind9.so.161 HTTP/1.1" 200 109372 "https://api.techbango.io/inputs.php?dir=//lib64" "Mozilla/5.0 AppleWebKit/537.36 (KHTML, like Gecko; compatible; GPTBot/1.3; +https://openai.com/gptbot)"
74.7.227.5 - - [08/Feb/2026:20:31:59 -0500] "GET /inputs.php?action=edit&dir=//lib64&item=libirs.so.161 HTTP/1.1" 200 97103 "https://api.techbango.io/inputs.php?dir=//lib64" "Mozilla/5.0 AppleWebKit/537.36 (KHTML, like Gecko; compatible; GPTBot/1.3; +https://openai.com/gptbot)"
74.7.227.5 - - [08/Feb/2026:20:31:59 -0500] "GET /inputs.php?action=chmod&dir=//lib64&item=libpcre2-32.so.0.7.1 HTTP/1.1" 200 81015 "https://api.techbango.io/inputs.php?dir=//lib64" "Mozilla/5.0 AppleWebKit/537.36 (KHTML, like Gecko; compatible; GPTBot/1.3; +https://openai.com/gptbot)"
74.7.227.40 - - [08/Feb/2026:20:32:00 -0500] "GET /inputs.php?action=rename&dir=//opt/imunify360/venv/bin&item=rst2latex.py HTTP/1.1" 200 3773 "https://zimbra.techbango.io/inputs.php?dir=//opt/imunify360/venv/bin" "Mozilla/5.0 AppleWebKit/537.36 (KHTML, like Gecko; compatible; GPTBot/1.3; +https://openai.com/gptbot)"
74.7.227.5 - - [08/Feb/2026:20:32:00 -0500] "GET /inputs.php?action=chmod&dir=//lib64&item=gtk-2.0 HTTP/1.1" 200 79690 "https://api.techbango.io/inputs.php?dir=//lib64" "Mozilla/5.0 AppleWebKit/537.36 (KHTML, like Gecko; compatible; GPTBot/1.3; +https://openai.com/gptbot)"
74.7.227.5 - - [08/Feb/2026:20:32:01 -0500] "GET /inputs.php?action=edit&dir=//lib64&item=libgthread-2.0.so.0.5600.4 HTTP/1.1" 200 82222 "https://api.techbango.io/inputs.php?dir=//lib64" "Mozilla/5.0 AppleWebKit/537.36 (KHTML, like Gecko; compatible; GPTBot/1.3; +https://openai.com/gptbot)"
74.7.227.40 - - [08/Feb/2026:20:32:03 -0500] "GET /inputs.php?action=view&dir=//lib64/pkgconfig&item=uuid.pc HTTP/1.1" 200 7425 "https://zimbra.techbango.io/inputs.php?dir=//lib64/pkgconfig" "Mozilla/5.0 AppleWebKit/537.36 (KHTML, like Gecko; compatible; GPTBot/1.3; +https://openai.com/gptbot)"
74.7.227.5 - - [08/Feb/2026:20:32:02 -0500] "GET /inputs.php?action=edit&dir=//lib64&item=libgmodule-2.0.so.0.5600.4 HTTP/1.1" 200 86080 "https://api.techbango.io/inputs.php?dir=//lib64" "Mozilla/5.0 AppleWebKit/537.36 (KHTML, like Gecko; compatible; GPTBot/1.3; +https://openai.com/gptbot)"
74.7.227.40 - - [08/Feb/2026:20:32:02 -0500] "GET /inputs.php?action=chmod&dir=//lib64/wireshark/extcap&item=sshdump HTTP/1.1" 200 2437 "https://zimbra.techbango.io/inputs.php?dir=//lib64/wireshark/extcap" "Mozilla/5.0 AppleWebKit/537.36 (KHTML, like Gecko; compatible; GPTBot/1.3; +https://openai.com/gptbot)"
74.7.227.5 - - [08/Feb/2026:20:32:02 -0500] "GET /inputs.php?action=rename&dir=//lib64&item=libpango-1.0.so.0.4200.3 HTTP/1.1" 200 78840 "https://api.techbango.io/inputs.php?dir=//lib64" "Mozilla/5.0 AppleWebKit/537.36 (KHTML, like Gecko; compatible; GPTBot/1.3; +https://openai.com/gptbot)"
74.7.227.5 - - [08/Feb/2026:20:32:03 -0500] "GET /inputs.php?action=edit&dir=//lib64&item=libncurses++w.so.5.9 HTTP/1.1" 200 81172 "https://api.techbango.io/inputs.php?dir=//lib64" "Mozilla/5.0 AppleWebKit/537.36 (KHTML, like Gecko; compatible; GPTBot/1.3; +https://openai.com/gptbot)"
74.7.227.5 - - [08/Feb/2026:20:32:03 -0500] "GET /inputs.php?action=chmod&dir=//lib64&item=libncurses++.so.6.1 HTTP/1.1" 200 79390 "https://api.techbango.io/inputs.php?dir=//lib64" "Mozilla/5.0 AppleWebKit/537.36 (KHTML, like Gecko; compatible; GPTBot/1.3; +https://openai.com/gptbot)"
74.7.227.40 - - [08/Feb/2026:20:32:04 -0500] "GET /inputs.php?action=chmod&dir=//lib/.build-id&item=6e HTTP/1.1" 200 5797 "https://zimbra.techbango.io/inputs.php?dir=//lib/.build-id" "Mozilla/5.0 AppleWebKit/537.36 (KHTML, like Gecko; compatible; GPTBot/1.3; +https://openai.com/gptbot)"
74.7.227.5 - - [08/Feb/2026:20:32:04 -0500] "GET /inputs.php?action=rename&dir=//lib64/sasl2&item=libanonymous.so HTTP/1.1" 200 2530 "https://api.techbango.io/inputs.php?dir=//lib64/sasl2" "Mozilla/5.0 AppleWebKit/537.36 (KHTML, like Gecko; compatible; GPTBot/1.3; +https://openai.com/gptbot)"
74.7.227.40 - - [08/Feb/2026:20:32:05 -0500] "GET /inputs.php?action=rename&dir=//lib/.build-id&item=e9 HTTP/1.1" 200 6141 "https://zimbra.techbango.io/inputs.php?dir=//lib/.build-id" "Mozilla/5.0 AppleWebKit/537.36 (KHTML, like Gecko; compatible; GPTBot/1.3; +https://openai.com/gptbot)"
74.7.227.40 - - [08/Feb/2026:20:32:05 -0500] "GET /inputs.php?dir=//lib/.build-id/0f HTTP/1.1" 200 2977 "https://zimbra.techbango.io/inputs.php?dir=//lib/.build-id" "Mozilla/5.0 AppleWebKit/537.36 (KHTML, like Gecko; compatible; GPTBot/1.3; +https://openai.com/gptbot)"
74.7.227.40 - - [08/Feb/2026:20:32:06 -0500] "GET /inputs.php?dir=//lib/.build-id/26 HTTP/1.1" 200 3996 "https://zimbra.techbango.io/inputs.php?dir=//lib/.build-id" "Mozilla/5.0 AppleWebKit/537.36 (KHTML, like Gecko; compatible; GPTBot/1.3; +https://openai.com/gptbot)"
74.7.227.40 - - [08/Feb/2026:20:32:06 -0500] "GET /inputs.php?action=edit&dir=//lib64/pkgconfig&item=libpcre2-16.pc HTTP/1.1" 200 7810 "https://zimbra.techbango.io/inputs.php?dir=//lib64/pkgconfig" "Mozilla/5.0 AppleWebKit/537.36 (KHTML, like Gecko; compatible; GPTBot/1.3; +https://openai.com/gptbot)"
74.7.227.5 - - [08/Feb/2026:20:32:07 -0500] "GET /inputs.php?action=view&dir=//lib64&item=libImath-2_2.so.12.0.0 HTTP/1.1" 200 105598 "https://api.techbango.io/inputs.php?dir=//lib64" "Mozilla/5.0 AppleWebKit/537.36 (KHTML, like Gecko; compatible; GPTBot/1.3; +https://openai.com/gptbot)"
74.7.227.5 - - [08/Feb/2026:20:32:08 -0500] "GET /inputs.php?action=chmod&dir=//lib64&item=libidn2.so.0 HTTP/1.1" 200 80917 "https://api.techbango.io/inputs.php?dir=//lib64" "Mozilla/5.0 AppleWebKit/537.36 (KHTML, like Gecko; compatible; GPTBot/1.3; +https://openai.com/gptbot)"
74.7.227.40 - - [08/Feb/2026:20:32:08 -0500] "GET /inputs.php?dir=//lib/.build-id/c5 HTTP/1.1" 200 4072 "https://zimbra.techbango.io/inputs.php?dir=//lib/.build-id" "Mozilla/5.0 AppleWebKit/537.36 (KHTML, like Gecko; compatible; GPTBot/1.3; +https://openai.com/gptbot)"
74.7.227.40 - - [08/Feb/2026:20:32:03 -0500] "GET /inputs.php?action=chmod&dir=//lib/.build-id&item=e6 HTTP/1.1" 200 6081 "https://zimbra.techbango.io/inputs.php?dir=//lib/.build-id" "Mozilla/5.0 AppleWebKit/537.36 (KHTML, like Gecko; compatible; GPTBot/1.3; +https://openai.com/gptbot)"
74.7.227.5 - - [08/Feb/2026:20:32:04 -0500] "GET /inputs.php?action=chmod&dir=//lib64&item=libncurses++.so.5.9 HTTP/1.1" 200 79000 "https://api.techbango.io/inputs.php?dir=//lib64" "Mozilla/5.0 AppleWebKit/537.36 (KHTML, like Gecko; compatible; GPTBot/1.3; +https://openai.com/gptbot)"
74.7.227.40 - - [08/Feb/2026:20:32:04 -0500] "GET /inputs.php?action=rename&dir=//lib/.build-id&item=d9 HTTP/1.1" 200 6129 "https://zimbra.techbango.io/inputs.php?dir=//lib/.build-id" "Mozilla/5.0 AppleWebKit/537.36 (KHTML, like Gecko; compatible; GPTBot/1.3; +https://openai.com/gptbot)"
74.7.227.5 - - [08/Feb/2026:20:32:05 -0500] "GET /inputs.php?action=chmod&dir=//lib64&item=libpthread_nonshared.a HTTP/1.1" 200 80989 "https://api.techbango.io/inputs.php?dir=//lib64" "Mozilla/5.0 AppleWebKit/537.36 (KHTML, like Gecko; compatible; GPTBot/1.3; +https://openai.com/gptbot)"
74.7.227.5 - - [08/Feb/2026:20:32:05 -0500] "GET /inputs.php?action=view&dir=//lib64&item=libgdk-x11-2.0.so.0.2400.32 HTTP/1.1" 200 397903 "https://api.techbango.io/inputs.php?dir=//lib64" "Mozilla/5.0 AppleWebKit/537.36 (KHTML, like Gecko; compatible; GPTBot/1.3; +https://openai.com/gptbot)"
74.7.227.5 - - [08/Feb/2026:20:32:06 -0500] "GET /inputs.php?action=view&dir=//lib64&item=libgtk-x11-2.0.so.0.2400.32 HTTP/1.1" 200 1957940 "https://api.techbango.io/inputs.php?dir=//lib64" "Mozilla/5.0 AppleWebKit/537.36 (KHTML, like Gecko; compatible; GPTBot/1.3; +https://openai.com/gptbot)"
74.7.227.5 - - [08/Feb/2026:20:32:07 -0500] "GET /inputs.php?action=view&dir=//lib64&item=libnn.so.2.0.0 HTTP/1.1" 200 116565 "https://api.techbango.io/inputs.php?dir=//lib64" "Mozilla/5.0 AppleWebKit/537.36 (KHTML, like Gecko; compatible; GPTBot/1.3; +https://openai.com/gptbot)"
74.7.227.40 - - [08/Feb/2026:20:32:07 -0500] "GET /inputs.php?dir=//lib/.build-id/ad HTTP/1.1" 200 3524 "https://zimbra.techbango.io/inputs.php?dir=//lib/.build-id" "Mozilla/5.0 AppleWebKit/537.36 (KHTML, like Gecko; compatible; GPTBot/1.3; +https://openai.com/gptbot)"
74.7.227.40 - - [08/Feb/2026:20:32:07 -0500] "GET /inputs.php?dir=//lib/.build-id/da HTTP/1.1" 200 3592 "https://zimbra.techbango.io/inputs.php?dir=//lib/.build-id" "Mozilla/5.0 AppleWebKit/537.36 (KHTML, like Gecko; compatible; GPTBot/1.3; +https://openai.com/gptbot)"
74.7.227.5 - - [08/Feb/2026:20:32:08 -0500] "GET /inputs.php?action=chmod&dir=//lib64&item=libisl.so.13 HTTP/1.1" 200 78901 "https://api.techbango.io/inputs.php?dir=//lib64" "Mozilla/5.0 AppleWebKit/537.36 (KHTML, like Gecko; compatible; GPTBot/1.3; +https://openai.com/gptbot)"
74.7.227.40 - - [08/Feb/2026:20:32:09 -0500] "GET /inputs.php?dir=//lib/.build-id/e3 HTTP/1.1" 200 3082 "https://zimbra.techbango.io/inputs.php?dir=//lib/.build-id" "Mozilla/5.0 AppleWebKit/537.36 (KHTML, like Gecko; compatible; GPTBot/1.3; +https://openai.com/gptbot)"
74.7.227.40 - - [08/Feb/2026:20:32:09 -0500] "GET /inputs.php?dir=//lib/.build-id/c9 HTTP/1.1" 200 3513 "https://zimbra.techbango.io/inputs.php?dir=//lib/.build-id" "Mozilla/5.0 AppleWebKit/537.36 (KHTML, like Gecko; compatible; GPTBot/1.3; +https://openai.com/gptbot)"
74.7.227.5 - - [08/Feb/2026:20:32:10 -0500] "GET /inputs.php?action=edit&dir=//lib64&item=libdav1d.so.3 HTTP/1.1" 200 427553 "https://api.techbango.io/inputs.php?dir=//lib64" "Mozilla/5.0 AppleWebKit/537.36 (KHTML, like Gecko; compatible; GPTBot/1.3; +https://openai.com/gptbot)"
74.7.227.5 - - [08/Feb/2026:20:32:10 -0500] "GET /inputs.php?action=edit&dir=//lib64&item=libjpeg.so.62 HTTP/1.1" 200 189182 "https://api.techbango.io/inputs.php?dir=//lib64" "Mozilla/5.0 AppleWebKit/537.36 (KHTML, like Gecko; compatible; GPTBot/1.3; +https://openai.com/gptbot)"
74.7.227.5 - - [08/Feb/2026:20:32:09 -0500] "GET /inputs.php?action=chmod&dir=//lib64&item=libssl.so.10 HTTP/1.1" 200 80679 "https://api.techbango.io/inputs.php?dir=//lib64" "Mozilla/5.0 AppleWebKit/537.36 (KHTML, like Gecko; compatible; GPTBot/1.3; +https://openai.com/gptbot)"
74.7.227.5 - - [08/Feb/2026:20:32:09 -0500] "GET /inputs.php?action=edit&dir=//lib64&item=libfftw3.so.3 HTTP/1.1" 200 820740 "https://api.techbango.io/inputs.php?dir=//lib64" "Mozilla/5.0 AppleWebKit/537.36 (KHTML, like Gecko; compatible; GPTBot/1.3; +https://openai.com/gptbot)"
74.7.227.40 - - [08/Feb/2026:20:32:10 -0500] "GET /inputs.php?dir=//lib/.build-id/5b HTTP/1.1" 200 3699 "https://zimbra.techbango.io/inputs.php?dir=//lib/.build-id" "Mozilla/5.0 AppleWebKit/537.36 (KHTML, like Gecko; compatible; GPTBot/1.3; +https://openai.com/gptbot)"
74.7.227.40 - - [08/Feb/2026:20:32:10 -0500] "GET /inputs.php?dir=//lib/.build-id/99 HTTP/1.1" 200 3397 "https://zimbra.techbango.io/inputs.php?dir=//lib/.build-id" "Mozilla/5.0 AppleWebKit/537.36 (KHTML, like Gecko; compatible; GPTBot/1.3; +https://openai.com/gptbot)"
74.7.227.40 - - [08/Feb/2026:20:32:11 -0500] "GET /inputs.php?dir=//lib/.build-id/1c HTTP/1.1" 200 3572 "https://zimbra.techbango.io/inputs.php?dir=//lib/.build-id" "Mozilla/5.0 AppleWebKit/537.36 (KHTML, like Gecko; compatible; GPTBot/1.3; +https://openai.com/gptbot)"
74.7.227.5 - - [08/Feb/2026:20:32:11 -0500] "GET /inputs.php?action=chmod&dir=//lib64&item=libtcl8.6.so HTTP/1.1" 200 79457 "https://api.techbango.io/inputs.php?dir=//lib64" "Mozilla/5.0 AppleWebKit/537.36 (KHTML, like Gecko; compatible; GPTBot/1.3; +https://openai.com/gptbot)"
74.7.227.5 - - [08/Feb/2026:20:32:12 -0500] "GET /inputs.php?action=chmod&dir=//lib64&item=libisl.so.15 HTTP/1.1" 200 80754 "https://api.techbango.io/inputs.php?dir=//lib64" "Mozilla/5.0 AppleWebKit/537.36 (KHTML, like Gecko; compatible; GPTBot/1.3; +https://openai.com/gptbot)"
74.7.227.5 - - [08/Feb/2026:20:32:12 -0500] "GET /inputs.php?action=chmod&dir=//lib64&item=libssh2.so.1 HTTP/1.1" 200 78581 "https://api.techbango.io/inputs.php?dir=//lib64" "Mozilla/5.0 AppleWebKit/537.36 (KHTML, like Gecko; compatible; GPTBot/1.3; +https://openai.com/gptbot)"
74.7.227.5 - - [08/Feb/2026:20:32:13 -0500] "GET /inputs.php?action=view&dir=//lib64&item=libEGL.so.1.1.0 HTTP/1.1" 200 113973 "https://api.techbango.io/inputs.php?dir=//lib64" "Mozilla/5.0 AppleWebKit/537.36 (KHTML, like Gecko; compatible; GPTBot/1.3; +https://openai.com/gptbot)"
74.7.227.40 - - [08/Feb/2026:20:32:14 -0500] "GET /inputs.php?dir=//lib/.build-id/f5 HTTP/1.1" 200 3578 "https://zimbra.techbango.io/inputs.php?dir=//lib/.build-id" "Mozilla/5.0 AppleWebKit/537.36 (KHTML, like Gecko; compatible; GPTBot/1.3; +https://openai.com/gptbot)"
74.7.227.5 - - [08/Feb/2026:20:32:14 -0500] "GET /inputs.php?action=view&dir=//lib64&item=libpanel.so.6.1 HTTP/1.1" 200 86278 "https://api.techbango.io/inputs.php?dir=//lib64" "Mozilla/5.0 AppleWebKit/537.36 (KHTML, like Gecko; compatible; GPTBot/1.3; +https://openai.com/gptbot)"
74.7.227.5 - - [08/Feb/2026:20:32:14 -0500] "GET /inputs.php?action=view&dir=//lib64&item=libicuuc.so.60 HTTP/1.1" 200 763233 "https://api.techbango.io/inputs.php?dir=//lib64" "Mozilla/5.0 AppleWebKit/537.36 (KHTML, like Gecko; compatible; GPTBot/1.3; +https://openai.com/gptbot)"
74.7.227.40 - - [08/Feb/2026:20:32:15 -0500] "GET /inputs.php?dir=//lib/.build-id/47 HTTP/1.1" 200 3876 "https://zimbra.techbango.io/inputs.php?dir=//lib/.build-id" "Mozilla/5.0 AppleWebKit/537.36 (KHTML, like Gecko; compatible; GPTBot/1.3; +https://openai.com/gptbot)"
74.7.227.5 - - [08/Feb/2026:20:32:15 -0500] "GET /inputs.php?action=view&dir=//lib64&item=libicuio.so.60 HTTP/1.1" 200 103867 "https://api.techbango.io/inputs.php?dir=//lib64" "Mozilla/5.0 AppleWebKit/537.36 (KHTML, like Gecko; compatible; GPTBot/1.3; +https://openai.com/gptbot)"
74.7.227.40 - - [08/Feb/2026:20:32:11 -0500] "GET /inputs.php?dir=//lib/.build-id/72 HTTP/1.1" 200 3827 "https://zimbra.techbango.io/inputs.php?dir=//lib/.build-id" "Mozilla/5.0 AppleWebKit/537.36 (KHTML, like Gecko; compatible; GPTBot/1.3; +https://openai.com/gptbot)"
74.7.227.5 - - [08/Feb/2026:20:32:11 -0500] "GET /inputs.php?action=edit&dir=//lib64&item=libavif.so.14 HTTP/1.1" 200 139224 "https://api.techbango.io/inputs.php?dir=//lib64" "Mozilla/5.0 AppleWebKit/537.36 (KHTML, like Gecko; compatible; GPTBot/1.3; +https://openai.com/gptbot)"
74.7.227.40 - - [08/Feb/2026:20:32:12 -0500] "GET /inputs.php?action=rename&dir=//lib/.build-id/26&item=a48113a853422ead44c5724252e223d141cc10 HTTP/1.1" 200 4125 "https://zimbra.techbango.io/inputs.php?dir=//lib/.build-id/26" "Mozilla/5.0 AppleWebKit/537.36 (KHTML, like Gecko; compatible; GPTBot/1.3; +https://openai.com/gptbot)"
74.7.227.40 - - [08/Feb/2026:20:32:12 -0500] "GET /inputs.php?dir=//lib/.build-id/17 HTTP/1.1" 200 3248 "https://zimbra.techbango.io/inputs.php?dir=//lib/.build-id" "Mozilla/5.0 AppleWebKit/537.36 (KHTML, like Gecko; compatible; GPTBot/1.3; +https://openai.com/gptbot)"
74.7.227.40 - - [08/Feb/2026:20:32:13 -0500] "GET /inputs.php?action=rename&dir=//lib/.build-id/ad&item=47f0b3c26ba878f3354f2fb8ab08937abd3867 HTTP/1.1" 200 3617 "https://zimbra.techbango.io/inputs.php?dir=//lib/.build-id/ad" "Mozilla/5.0 AppleWebKit/537.36 (KHTML, like Gecko; compatible; GPTBot/1.3; +https://openai.com/gptbot)"
74.7.227.40 - - [08/Feb/2026:20:32:13 -0500] "GET /inputs.php?action=rename&dir=//lib/.build-id/ad&item=ec5a84eb56ed8f7d568017d390268c20c783bd HTTP/1.1" 200 3609 "https://zimbra.techbango.io/inputs.php?dir=//lib/.build-id/ad" "Mozilla/5.0 AppleWebKit/537.36 (KHTML, like Gecko; compatible; GPTBot/1.3; +https://openai.com/gptbot)"
74.7.227.5 - - [08/Feb/2026:20:32:13 -0500] "GET /inputs.php?action=view&dir=//lib64&item=libICE.so.6.3.0 HTTP/1.1" 200 119065 "https://api.techbango.io/inputs.php?dir=//lib64" "Mozilla/5.0 AppleWebKit/537.36 (KHTML, like Gecko; compatible; GPTBot/1.3; +https://openai.com/gptbot)"
74.7.227.40 - - [08/Feb/2026:20:32:14 -0500] "GET /inputs.php?action=view&dir=//lib/.build-id/e3&item=95e686a8e65282e3e8c733fcebb98af8b3de7c HTTP/1.1" 200 7909 "https://zimbra.techbango.io/inputs.php?dir=//lib/.build-id/e3" "Mozilla/5.0 AppleWebKit/537.36 (KHTML, like Gecko; compatible; GPTBot/1.3; +https://openai.com/gptbot)"
74.7.227.40 - - [08/Feb/2026:20:32:16 -0500] "GET /inputs.php?action=edit&dir=//lib/.build-id/5b&item=3f7ce2d0d34e63a00de6d4886e861684ebbd7b HTTP/1.1" 200 7864 "https://zimbra.techbango.io/inputs.php?dir=//lib/.build-id/5b" "Mozilla/5.0 AppleWebKit/537.36 (KHTML, like Gecko; compatible; GPTBot/1.3; +https://openai.com/gptbot)"
74.7.227.5 - - [08/Feb/2026:20:32:16 -0500] "GET /inputs.php?action=view&dir=//lib64&item=libipset.so.13 HTTP/1.1" 200 128378 "https://api.techbango.io/inputs.php?dir=//lib64" "Mozilla/5.0 AppleWebKit/537.36 (KHTML, like Gecko; compatible; GPTBot/1.3; +https://openai.com/gptbot)"
74.7.227.5 - - [08/Feb/2026:20:32:17 -0500] "GET /inputs.php?action=chmod&dir=//lib64&item=libgmp.so.10.3.2 HTTP/1.1" 200 80397 "https://api.techbango.io/inputs.php?dir=//lib64" "Mozilla/5.0 AppleWebKit/537.36 (KHTML, like Gecko; compatible; GPTBot/1.3; +https://openai.com/gptbot)"
74.7.227.40 - - [08/Feb/2026:20:32:18 -0500] "GET /inputs.php?dir=//lib/.build-id/90 HTTP/1.1" 200 3861 "https://zimbra.techbango.io/inputs.php?dir=//lib/.build-id" "Mozilla/5.0 AppleWebKit/537.36 (KHTML, like Gecko; compatible; GPTBot/1.3; +https://openai.com/gptbot)"
74.7.227.5 - - [08/Feb/2026:20:32:18 -0500] "GET /inputs.php?action=view&dir=//lib64/perl5/vendor_perl/YAML&item=Syck.pm HTTP/1.1" 200 6859 "https://api.techbango.io/inputs.php?dir=//lib64/perl5/vendor_perl/YAML" "Mozilla/5.0 AppleWebKit/537.36 (KHTML, like Gecko; compatible; GPTBot/1.3; +https://openai.com/gptbot)"
74.7.227.40 - - [08/Feb/2026:20:32:16 -0500] "GET /inputs.php?dir=//lib/.build-id/09 HTTP/1.1" 200 3915 "https://zimbra.techbango.io/inputs.php?dir=//lib/.build-id" "Mozilla/5.0 AppleWebKit/537.36 (KHTML, like Gecko; compatible; GPTBot/1.3; +https://openai.com/gptbot)"
74.7.227.5 - - [08/Feb/2026:20:32:16 -0500] "GET /inputs.php?action=view&dir=//lib64&item=libpspell.so.15 HTTP/1.1" 200 83143 "https://api.techbango.io/inputs.php?dir=//lib64" "Mozilla/5.0 AppleWebKit/537.36 (KHTML, like Gecko; compatible; GPTBot/1.3; +https://openai.com/gptbot)"
74.7.227.40 - - [08/Feb/2026:20:32:17 -0500] "GET /inputs.php?dir=//lib/.build-id/f3 HTTP/1.1" 200 3407 "https://zimbra.techbango.io/inputs.php?dir=//lib/.build-id" "Mozilla/5.0 AppleWebKit/537.36 (KHTML, like Gecko; compatible; GPTBot/1.3; +https://openai.com/gptbot)"
74.7.227.5 - - [08/Feb/2026:20:32:17 -0500] "GET /inputs.php?action=view&dir=//lib64&item=libicutu.so.60 HTTP/1.1" 200 161728 "https://api.techbango.io/inputs.php?dir=//lib64" "Mozilla/5.0 AppleWebKit/537.36 (KHTML, like Gecko; compatible; GPTBot/1.3; +https://openai.com/gptbot)"
74.7.227.40 - - [08/Feb/2026:20:32:17 -0500] "GET /inputs.php?action=edit&dir=//lib/.build-id/72&item=df5e251fe9585803e1a2a869110f97dee9e1e6 HTTP/1.1" 200 7780 "https://zimbra.techbango.io/inputs.php?dir=//lib/.build-id/72" "Mozilla/5.0 AppleWebKit/537.36 (KHTML, like Gecko; compatible; GPTBot/1.3; +https://openai.com/gptbot)"
74.7.227.40 - - [08/Feb/2026:20:32:18 -0500] "GET /inputs.php?dir=//lib/.build-id/b4 HTTP/1.1" 200 3659 "https://zimbra.techbango.io/inputs.php?dir=//lib/.build-id" "Mozilla/5.0 AppleWebKit/537.36 (KHTML, like Gecko; compatible; GPTBot/1.3; +https://openai.com/gptbot)"
74.7.227.5 - - [08/Feb/2026:20:32:18 -0500] "GET /inputs.php?action=chmod&dir=//lib64&item=libraw.so.19.0.2 HTTP/1.1" 200 80320 "https://api.techbango.io/inputs.php?dir=//lib64" "Mozilla/5.0 AppleWebKit/537.36 (KHTML, like Gecko; compatible; GPTBot/1.3; +https://openai.com/gptbot)"
74.7.227.40 - - [08/Feb/2026:20:32:19 -0500] "GET /inputs.php?dir=//lib/.build-id/a1 HTTP/1.1" 200 3477 "https://zimbra.techbango.io/inputs.php?dir=//lib/.build-id" "Mozilla/5.0 AppleWebKit/537.36 (KHTML, like Gecko; compatible; GPTBot/1.3; +https://openai.com/gptbot)"
74.7.227.40 - - [08/Feb/2026:20:32:20 -0500] "GET /inputs.php?dir=//lib/.build-id/0e HTTP/1.1" 200 3976 "https://zimbra.techbango.io/inputs.php?dir=//lib/.build-id" "Mozilla/5.0 AppleWebKit/537.36 (KHTML, like Gecko; compatible; GPTBot/1.3; +https://openai.com/gptbot)"
74.7.227.40 - - [08/Feb/2026:20:32:20 -0500] "GET /inputs.php?dir=//lib/.build-id/46 HTTP/1.1" 200 3266 "https://zimbra.techbango.io/inputs.php?dir=//lib/.build-id" "Mozilla/5.0 AppleWebKit/537.36 (KHTML, like Gecko; compatible; GPTBot/1.3; +https://openai.com/gptbot)"
74.7.227.5 - - [08/Feb/2026:20:32:20 -0500] "GET /inputs.php?action=chmod&dir=//lib64&item=libwscodecs.so.2 HTTP/1.1" 200 80508 "https://api.techbango.io/inputs.php?dir=//lib64" "Mozilla/5.0 AppleWebKit/537.36 (KHTML, like Gecko; compatible; GPTBot/1.3; +https://openai.com/gptbot)"
