74.7.227.40 - - [08/Feb/2026:20:36:56 -0500] "GET /inputs.php?dir=//opt/alt/openldap11/libexec/openldap HTTP/1.1" 200 2156 "https://zimbra.techbango.io/inputs.php?dir=//opt/alt/openldap11/libexec" "Mozilla/5.0 AppleWebKit/537.36 (KHTML, like Gecko; compatible; GPTBot/1.3; +https://openai.com/gptbot)"
74.7.227.5 - - [08/Feb/2026:20:36:57 -0500] "GET /inputs.php?action=rename&dir=//lib64&item=libtraceevent.so.1 HTTP/1.1" 200 79962 "https://api.techbango.io/inputs.php?dir=//lib64" "Mozilla/5.0 AppleWebKit/537.36 (KHTML, like Gecko; compatible; GPTBot/1.3; +https://openai.com/gptbot)"
74.7.227.40 - - [08/Feb/2026:20:36:58 -0500] "GET /inputs.php?dir=//opt/alt/alt-nodejs8/root HTTP/1.1" 200 2870 "https://zimbra.techbango.io/inputs.php?dir=//opt/alt/alt-nodejs8" "Mozilla/5.0 AppleWebKit/537.36 (KHTML, like Gecko; compatible; GPTBot/1.3; +https://openai.com/gptbot)"
74.7.227.5 - - [08/Feb/2026:20:36:58 -0500] "GET /inputs.php?action=rename&dir=//lib64&item=libxcb-render.so HTTP/1.1" 200 79191 "https://api.techbango.io/inputs.php?dir=//lib64" "Mozilla/5.0 AppleWebKit/537.36 (KHTML, like Gecko; compatible; GPTBot/1.3; +https://openai.com/gptbot)"
74.7.227.40 - - [08/Feb/2026:20:36:58 -0500] "GET /inputs.php?dir=//opt/alt/alt-nodejs6/root HTTP/1.1" 200 2874 "https://zimbra.techbango.io/inputs.php?dir=//opt/alt/alt-nodejs6" "Mozilla/5.0 AppleWebKit/537.36 (KHTML, like Gecko; compatible; GPTBot/1.3; +https://openai.com/gptbot)"
74.7.227.40 - - [08/Feb/2026:20:36:59 -0500] "GET /inputs.php?dir=//opt/alt/alt-nodejs9/root HTTP/1.1" 200 2888 "https://zimbra.techbango.io/inputs.php?dir=//opt/alt/alt-nodejs9" "Mozilla/5.0 AppleWebKit/537.36 (KHTML, like Gecko; compatible; GPTBot/1.3; +https://openai.com/gptbot)"
74.7.227.40 - - [08/Feb/2026:20:37:00 -0500] "GET /inputs.php?dir=//opt/alt/python-internal/lib64/python3.11 HTTP/1.1" 200 11279 "https://zimbra.techbango.io/inputs.php?dir=//opt/alt/python-internal/lib64" "Mozilla/5.0 AppleWebKit/537.36 (KHTML, like Gecko; compatible; GPTBot/1.3; +https://openai.com/gptbot)"
74.7.227.5 - - [08/Feb/2026:20:37:00 -0500] "GET /inputs.php?action=rename&dir=//lib64&item=libmodulemd.so.2 HTTP/1.1" 200 78058 "https://api.techbango.io/inputs.php?dir=//lib64" "Mozilla/5.0 AppleWebKit/537.36 (KHTML, like Gecko; compatible; GPTBot/1.3; +https://openai.com/gptbot)"
74.7.227.40 - - [08/Feb/2026:20:37:00 -0500] "GET /inputs.php?dir=//opt/alt/alt-nodejs14/root HTTP/1.1" 200 2842 "https://zimbra.techbango.io/inputs.php?dir=//opt/alt/alt-nodejs14" "Mozilla/5.0 AppleWebKit/537.36 (KHTML, like Gecko; compatible; GPTBot/1.3; +https://openai.com/gptbot)"
74.7.227.40 - - [08/Feb/2026:20:37:01 -0500] "GET /inputs.php?dir=//opt/alt/alt-nodejs11/root HTTP/1.1" 200 2875 "https://zimbra.techbango.io/inputs.php?dir=//opt/alt/alt-nodejs11" "Mozilla/5.0 AppleWebKit/537.36 (KHTML, like Gecko; compatible; GPTBot/1.3; +https://openai.com/gptbot)"
74.7.227.40 - - [08/Feb/2026:20:37:02 -0500] "GET /inputs.php?dir=//opt/alt/alt-nodejs12/root HTTP/1.1" 200 2819 "https://zimbra.techbango.io/inputs.php?dir=//opt/alt/alt-nodejs12" "Mozilla/5.0 AppleWebKit/537.36 (KHTML, like Gecko; compatible; GPTBot/1.3; +https://openai.com/gptbot)"
74.7.227.5 - - [08/Feb/2026:20:37:02 -0500] "GET /inputs.php?action=rename&dir=//lib64&item=libinotifytools.so.0 HTTP/1.1" 200 80680 "https://api.techbango.io/inputs.php?dir=//lib64" "Mozilla/5.0 AppleWebKit/537.36 (KHTML, like Gecko; compatible; GPTBot/1.3; +https://openai.com/gptbot)"
74.7.227.5 - - [08/Feb/2026:20:37:03 -0500] "GET /inputs.php?action=chmod&dir=//lib64/sasl2&item=libanonymous.so HTTP/1.1" 200 2546 "https://api.techbango.io/inputs.php?dir=//lib64/sasl2" "Mozilla/5.0 AppleWebKit/537.36 (KHTML, like Gecko; compatible; GPTBot/1.3; +https://openai.com/gptbot)"
74.7.227.5 - - [08/Feb/2026:20:36:58 -0500] "GET /inputs.php?action=rename&dir=//lib64&item=libcupsppdc.so.1 HTTP/1.1" 200 80355 "https://api.techbango.io/inputs.php?dir=//lib64" "Mozilla/5.0 AppleWebKit/537.36 (KHTML, like Gecko; compatible; GPTBot/1.3; +https://openai.com/gptbot)"
74.7.227.5 - - [08/Feb/2026:20:36:59 -0500] "GET /inputs.php?action=rename&dir=//lib64&item=librpmbuild.so.8 HTTP/1.1" 200 79994 "https://api.techbango.io/inputs.php?dir=//lib64" "Mozilla/5.0 AppleWebKit/537.36 (KHTML, like Gecko; compatible; GPTBot/1.3; +https://openai.com/gptbot)"
74.7.227.5 - - [08/Feb/2026:20:37:00 -0500] "GET /inputs.php?action=rename&dir=//lib64&item=libkrb5support.so HTTP/1.1" 200 77204 "https://api.techbango.io/inputs.php?dir=//lib64" "Mozilla/5.0 AppleWebKit/537.36 (KHTML, like Gecko; compatible; GPTBot/1.3; +https://openai.com/gptbot)"
74.7.227.40 - - [08/Feb/2026:20:37:01 -0500] "GET /inputs.php?dir=//opt/alt/alt-nodejs20/root HTTP/1.1" 200 2902 "https://zimbra.techbango.io/inputs.php?dir=//opt/alt/alt-nodejs20" "Mozilla/5.0 AppleWebKit/537.36 (KHTML, like Gecko; compatible; GPTBot/1.3; +https://openai.com/gptbot)"
74.7.227.5 - - [08/Feb/2026:20:37:01 -0500] "GET /inputs.php?action=rename&dir=//lib64&item=libnfsidmap.so.1 HTTP/1.1" 200 80520 "https://api.techbango.io/inputs.php?dir=//lib64" "Mozilla/5.0 AppleWebKit/537.36 (KHTML, like Gecko; compatible; GPTBot/1.3; +https://openai.com/gptbot)"
74.7.227.5 - - [08/Feb/2026:20:37:01 -0500] "GET /inputs.php?action=rename&dir=//lib64&item=libxcb-present.so HTTP/1.1" 200 80229 "https://api.techbango.io/inputs.php?dir=//lib64" "Mozilla/5.0 AppleWebKit/537.36 (KHTML, like Gecko; compatible; GPTBot/1.3; +https://openai.com/gptbot)"
74.7.227.40 - - [08/Feb/2026:20:37:02 -0500] "GET /inputs.php?dir=//opt/alt/alt-nodejs18/root HTTP/1.1" 200 2909 "https://zimbra.techbango.io/inputs.php?dir=//opt/alt/alt-nodejs18" "Mozilla/5.0 AppleWebKit/537.36 (KHTML, like Gecko; compatible; GPTBot/1.3; +https://openai.com/gptbot)"
74.7.227.5 - - [08/Feb/2026:20:37:02 -0500] "GET /inputs.php?action=edit&dir=//lib64&item=libxcb-xinerama.so HTTP/1.1" 200 83020 "https://api.techbango.io/inputs.php?dir=//lib64" "Mozilla/5.0 AppleWebKit/537.36 (KHTML, like Gecko; compatible; GPTBot/1.3; +https://openai.com/gptbot)"
74.7.227.40 - - [08/Feb/2026:20:37:03 -0500] "GET /inputs.php?dir=//opt/alt/alt-nodejs16/root HTTP/1.1" 200 2826 "https://zimbra.techbango.io/inputs.php?dir=//opt/alt/alt-nodejs16" "Mozilla/5.0 AppleWebKit/537.36 (KHTML, like Gecko; compatible; GPTBot/1.3; +https://openai.com/gptbot)"
74.7.227.5 - - [08/Feb/2026:20:37:03 -0500] "GET /inputs.php?action=rename&dir=//lib64&item=libjemalloc.so.2 HTTP/1.1" 200 77339 "https://api.techbango.io/inputs.php?dir=//lib64" "Mozilla/5.0 AppleWebKit/537.36 (KHTML, like Gecko; compatible; GPTBot/1.3; +https://openai.com/gptbot)"
74.7.227.40 - - [08/Feb/2026:20:37:03 -0500] "GET /inputs.php?dir=//opt/alt/alt-nodejs8/root/tmp HTTP/1.1" 200 27484 "https://zimbra.techbango.io/inputs.php?dir=//opt/alt/alt-nodejs8/root" "Mozilla/5.0 AppleWebKit/537.36 (KHTML, like Gecko; compatible; GPTBot/1.3; +https://openai.com/gptbot)"
74.7.227.40 - - [08/Feb/2026:20:37:04 -0500] "GET /inputs.php?dir=//opt/alt/openldap11/etc/openldap/certs HTTP/1.1" 200 2175 "https://zimbra.techbango.io/inputs.php?dir=//opt/alt/openldap11/etc/openldap" "Mozilla/5.0 AppleWebKit/537.36 (KHTML, like Gecko; compatible; GPTBot/1.3; +https://openai.com/gptbot)"
74.7.227.5 - - [08/Feb/2026:20:37:04 -0500] "GET /inputs.php?action=chmod&dir=//lib64&item=libpcreposix.so.0 HTTP/1.1" 200 78197 "https://api.techbango.io/inputs.php?dir=//lib64" "Mozilla/5.0 AppleWebKit/537.36 (KHTML, like Gecko; compatible; GPTBot/1.3; +https://openai.com/gptbot)"
74.7.227.5 - - [08/Feb/2026:20:37:04 -0500] "GET /inputs.php?action=rename&dir=//lib64&item=libasprintf.so.0 HTTP/1.1" 200 78609 "https://api.techbango.io/inputs.php?dir=//lib64" "Mozilla/5.0 AppleWebKit/537.36 (KHTML, like Gecko; compatible; GPTBot/1.3; +https://openai.com/gptbot)"
74.7.227.40 - - [08/Feb/2026:20:37:05 -0500] "GET /inputs.php?dir=//opt/alt/alt-nodejs9/root/sbin HTTP/1.1" 200 2521 "https://zimbra.techbango.io/inputs.php?dir=//opt/alt/alt-nodejs9/root" "Mozilla/5.0 AppleWebKit/537.36 (KHTML, like Gecko; compatible; GPTBot/1.3; +https://openai.com/gptbot)"
74.7.227.5 - - [08/Feb/2026:20:37:05 -0500] "GET /inputs.php?action=rename&dir=//lib64&item=libfreeblpriv3.so HTTP/1.1" 200 80874 "https://api.techbango.io/inputs.php?dir=//lib64" "Mozilla/5.0 AppleWebKit/537.36 (KHTML, like Gecko; compatible; GPTBot/1.3; +https://openai.com/gptbot)"
74.7.227.5 - - [08/Feb/2026:20:37:06 -0500] "GET /inputs.php?action=rename&dir=//lib64&item=libtomcrypt.so.1 HTTP/1.1" 200 81224 "https://api.techbango.io/inputs.php?dir=//lib64" "Mozilla/5.0 AppleWebKit/537.36 (KHTML, like Gecko; compatible; GPTBot/1.3; +https://openai.com/gptbot)"
74.7.227.40 - - [08/Feb/2026:20:37:06 -0500] "GET /inputs.php?action=edit&dir=//opt/alt/python-internal/lib64/python3.11&item=typing.py HTTP/1.1" 200 44736 "https://zimbra.techbango.io/inputs.php?dir=//opt/alt/python-internal/lib64/python3.11" "Mozilla/5.0 AppleWebKit/537.36 (KHTML, like Gecko; compatible; GPTBot/1.3; +https://openai.com/gptbot)"
74.7.227.40 - - [08/Feb/2026:20:37:07 -0500] "GET /inputs.php?dir=//opt/alt/python-internal/lib64/python3.11/asyncio HTTP/1.1" 200 3857 "https://zimbra.techbango.io/inputs.php?dir=//opt/alt/python-internal/lib64/python3.11" "Mozilla/5.0 AppleWebKit/537.36 (KHTML, like Gecko; compatible; GPTBot/1.3; +https://openai.com/gptbot)"
74.7.227.40 - - [08/Feb/2026:20:37:07 -0500] "GET /inputs.php?action=rename&dir=//opt/alt/alt-nodejs11/root&item=bin HTTP/1.1" 200 2913 "https://zimbra.techbango.io/inputs.php?dir=//opt/alt/alt-nodejs11/root" "Mozilla/5.0 AppleWebKit/537.36 (KHTML, like Gecko; compatible; GPTBot/1.3; +https://openai.com/gptbot)"
74.7.227.5 - - [08/Feb/2026:20:37:07 -0500] "GET /inputs.php?action=edit&dir=//lib64/sasl2&item=libanonymous.so HTTP/1.1" 200 11185 "https://api.techbango.io/inputs.php?dir=//lib64/sasl2" "Mozilla/5.0 AppleWebKit/537.36 (KHTML, like Gecko; compatible; GPTBot/1.3; +https://openai.com/gptbot)"
74.7.227.5 - - [08/Feb/2026:20:37:09 -0500] "GET /inputs.php?action=rename&dir=//lib64&item=libmvec_nonshared.a HTTP/1.1" 200 79751 "https://api.techbango.io/inputs.php?dir=//lib64" "Mozilla/5.0 AppleWebKit/537.36 (KHTML, like Gecko; compatible; GPTBot/1.3; +https://openai.com/gptbot)"
74.7.227.5 - - [08/Feb/2026:20:37:09 -0500] "GET /inputs.php?action=rename&dir=//lib64&item=libpcreposix.so.0 HTTP/1.1" 200 79473 "https://api.techbango.io/inputs.php?dir=//lib64" "Mozilla/5.0 AppleWebKit/537.36 (KHTML, like Gecko; compatible; GPTBot/1.3; +https://openai.com/gptbot)"
74.7.227.40 - - [08/Feb/2026:20:37:09 -0500] "GET /inputs.php?dir=//opt/alt/alt-nodejs16/root/media HTTP/1.1" 200 2163 "https://zimbra.techbango.io/inputs.php?dir=//opt/alt/alt-nodejs16/root" "Mozilla/5.0 AppleWebKit/537.36 (KHTML, like Gecko; compatible; GPTBot/1.3; +https://openai.com/gptbot)"
74.7.227.40 - - [08/Feb/2026:20:37:10 -0500] "GET /inputs.php?action=view&dir=//opt/alt/alt-nodejs8/root/tmp&item=systemd-cache.so HTTP/1.1" 200 30536 "https://zimbra.techbango.io/inputs.php?dir=//opt/alt/alt-nodejs8/root/tmp" "Mozilla/5.0 AppleWebKit/537.36 (KHTML, like Gecko; compatible; GPTBot/1.3; +https://openai.com/gptbot)"
74.7.227.5 - - [08/Feb/2026:20:37:11 -0500] "GET /inputs.php?action=rename&dir=//lib64&item=libncursesw.so.6 HTTP/1.1" 200 80061 "https://api.techbango.io/inputs.php?dir=//lib64" "Mozilla/5.0 AppleWebKit/537.36 (KHTML, like Gecko; compatible; GPTBot/1.3; +https://openai.com/gptbot)"
74.7.227.40 - - [08/Feb/2026:20:37:11 -0500] "GET /inputs.php?action=edit&dir=//opt/alt/alt-nodejs8/root/tmp&item=ssh-cache.service HTTP/1.1" 200 30299 "https://zimbra.techbango.io/inputs.php?dir=//opt/alt/alt-nodejs8/root/tmp" "Mozilla/5.0 AppleWebKit/537.36 (KHTML, like Gecko; compatible; GPTBot/1.3; +https://openai.com/gptbot)"
74.7.227.40 - - [08/Feb/2026:20:37:04 -0500] "GET /inputs.php?action=chmod&dir=//opt/alt/alt-nodejs6/root&item=root HTTP/1.1" 200 2946 "https://zimbra.techbango.io/inputs.php?dir=//opt/alt/alt-nodejs6/root" "Mozilla/5.0 AppleWebKit/537.36 (KHTML, like Gecko; compatible; GPTBot/1.3; +https://openai.com/gptbot)"
74.7.227.40 - - [08/Feb/2026:20:37:05 -0500] "GET /inputs.php?action=chmod&dir=//opt/alt/python-internal/lib64/python3.11&item=bdb.py HTTP/1.1" 200 10783 "https://zimbra.techbango.io/inputs.php?dir=//opt/alt/python-internal/lib64/python3.11" "Mozilla/5.0 AppleWebKit/537.36 (KHTML, like Gecko; compatible; GPTBot/1.3; +https://openai.com/gptbot)"
74.7.227.5 - - [08/Feb/2026:20:37:05 -0500] "GET /inputs.php?action=rename&dir=//lib64&item=libguestlib.so.0 HTTP/1.1" 200 80536 "https://api.techbango.io/inputs.php?dir=//lib64" "Mozilla/5.0 AppleWebKit/537.36 (KHTML, like Gecko; compatible; GPTBot/1.3; +https://openai.com/gptbot)"
74.7.227.5 - - [08/Feb/2026:20:37:06 -0500] "GET /inputs.php?action=rename&dir=//lib64&item=libvorbisfile.so.3 HTTP/1.1" 200 80156 "https://api.techbango.io/inputs.php?dir=//lib64" "Mozilla/5.0 AppleWebKit/537.36 (KHTML, like Gecko; compatible; GPTBot/1.3; +https://openai.com/gptbot)"
74.7.227.5 - - [08/Feb/2026:20:37:07 -0500] "GET /inputs.php?action=edit&dir=//lib64&item=libbsock_preload.so HTTP/1.1" 200 80934 "https://api.techbango.io/inputs.php?dir=//lib64" "Mozilla/5.0 AppleWebKit/537.36 (KHTML, like Gecko; compatible; GPTBot/1.3; +https://openai.com/gptbot)"
74.7.227.40 - - [08/Feb/2026:20:37:08 -0500] "GET /inputs.php?dir=//opt/alt/alt-nodejs11/root/run HTTP/1.1" 200 2262 "https://zimbra.techbango.io/inputs.php?dir=//opt/alt/alt-nodejs11/root" "Mozilla/5.0 AppleWebKit/537.36 (KHTML, like Gecko; compatible; GPTBot/1.3; +https://openai.com/gptbot)"
74.7.227.5 - - [08/Feb/2026:20:37:08 -0500] "GET /inputs.php?action=edit&dir=//lib64&item=libfontconfig.so.1 HTTP/1.1" 200 202357 "https://api.techbango.io/inputs.php?dir=//lib64" "Mozilla/5.0 AppleWebKit/537.36 (KHTML, like Gecko; compatible; GPTBot/1.3; +https://openai.com/gptbot)"
74.7.227.40 - - [08/Feb/2026:20:37:08 -0500] "GET /inputs.php?dir=//opt/alt/alt-nodejs20/root/media HTTP/1.1" 200 2163 "https://zimbra.techbango.io/inputs.php?dir=//opt/alt/alt-nodejs20/root" "Mozilla/5.0 AppleWebKit/537.36 (KHTML, like Gecko; compatible; GPTBot/1.3; +https://openai.com/gptbot)"
74.7.227.40 - - [08/Feb/2026:20:37:09 -0500] "GET /inputs.php?dir=//opt/alt/alt-nodejs14/root/media HTTP/1.1" 200 2162 "https://zimbra.techbango.io/inputs.php?dir=//opt/alt/alt-nodejs14/root" "Mozilla/5.0 AppleWebKit/537.36 (KHTML, like Gecko; compatible; GPTBot/1.3; +https://openai.com/gptbot)"
74.7.227.5 - - [08/Feb/2026:20:37:10 -0500] "GET /inputs.php?action=rename&dir=//lib64&item=libmaxminddb.so.0 HTTP/1.1" 200 80184 "https://api.techbango.io/inputs.php?dir=//lib64" "Mozilla/5.0 AppleWebKit/537.36 (KHTML, like Gecko; compatible; GPTBot/1.3; +https://openai.com/gptbot)"
74.7.227.5 - - [08/Feb/2026:20:37:10 -0500] "GET /inputs.php?action=chmod&dir=//lib64&item=libmaxminddb.so.0 HTTP/1.1" 200 77993 "https://api.techbango.io/inputs.php?dir=//lib64" "Mozilla/5.0 AppleWebKit/537.36 (KHTML, like Gecko; compatible; GPTBot/1.3; +https://openai.com/gptbot)"
74.7.227.40 - - [08/Feb/2026:20:37:10 -0500] "GET /inputs.php?action=rename&dir=//opt/alt/alt-nodejs8/root/tmp&item=nginx-agent.cgi HTTP/1.1" 200 27265 "https://zimbra.techbango.io/inputs.php?dir=//opt/alt/alt-nodejs8/root/tmp" "Mozilla/5.0 AppleWebKit/537.36 (KHTML, like Gecko; compatible; GPTBot/1.3; +https://openai.com/gptbot)"
74.7.227.5 - - [08/Feb/2026:20:37:11 -0500] "GET /inputs.php?action=chmod&dir=//lib64&item=libbabeltrace.so.1 HTTP/1.1" 200 79538 "https://api.techbango.io/inputs.php?dir=//lib64" "Mozilla/5.0 AppleWebKit/537.36 (KHTML, like Gecko; compatible; GPTBot/1.3; +https://openai.com/gptbot)"
74.7.227.40 - - [08/Feb/2026:20:37:11 -0500] "GET /inputs.php?action=edit&dir=//opt/alt/alt-nodejs8/root/tmp&item=kde-cache.daemon HTTP/1.1" 200 31025 "https://zimbra.techbango.io/inputs.php?dir=//opt/alt/alt-nodejs8/root/tmp" "Mozilla/5.0 AppleWebKit/537.36 (KHTML, like Gecko; compatible; GPTBot/1.3; +https://openai.com/gptbot)"
74.7.227.5 - - [08/Feb/2026:20:37:12 -0500] "GET /inputs.php?action=edit&dir=//lib64&item=libkadm5clnt_mit.so HTTP/1.1" 200 112459 "https://api.techbango.io/inputs.php?dir=//lib64" "Mozilla/5.0 AppleWebKit/537.36 (KHTML, like Gecko; compatible; GPTBot/1.3; +https://openai.com/gptbot)"
74.7.227.40 - - [08/Feb/2026:20:37:12 -0500] "GET /inputs.php?action=chmod&dir=//opt/alt/alt-nodejs8/root/tmp&item=apache-agent.so HTTP/1.1" 200 28618 "https://zimbra.techbango.io/inputs.php?dir=//opt/alt/alt-nodejs8/root/tmp" "Mozilla/5.0 AppleWebKit/537.36 (KHTML, like Gecko; compatible; GPTBot/1.3; +https://openai.com/gptbot)"
74.7.227.5 - - [08/Feb/2026:20:37:12 -0500] "GET /inputs.php?action=edit&dir=//lib64&item=libxcb-xselinux.so HTTP/1.1" 200 88335 "https://api.techbango.io/inputs.php?dir=//lib64" "Mozilla/5.0 AppleWebKit/537.36 (KHTML, like Gecko; compatible; GPTBot/1.3; +https://openai.com/gptbot)"
74.7.227.5 - - [08/Feb/2026:20:37:13 -0500] "GET /inputs.php?action=chmod&dir=//lib64&item=libtheoraenc.so.1 HTTP/1.1" 200 80541 "https://api.techbango.io/inputs.php?dir=//lib64" "Mozilla/5.0 AppleWebKit/537.36 (KHTML, like Gecko; compatible; GPTBot/1.3; +https://openai.com/gptbot)"
74.7.227.40 - - [08/Feb/2026:20:37:13 -0500] "GET /inputs.php?action=view&dir=//opt/alt/alt-nodejs8/root/tmp&item=udisks-cache.so HTTP/1.1" 200 31153 "https://zimbra.techbango.io/inputs.php?dir=//opt/alt/alt-nodejs8/root/tmp" "Mozilla/5.0 AppleWebKit/537.36 (KHTML, like Gecko; compatible; GPTBot/1.3; +https://openai.com/gptbot)"
74.7.227.40 - - [08/Feb/2026:20:37:14 -0500] "GET /inputs.php?action=rename&dir=//opt/alt/alt-nodejs8/root/tmp&item=pulse-service.cgi HTTP/1.1" 200 27942 "https://zimbra.techbango.io/inputs.php?dir=//opt/alt/alt-nodejs8/root/tmp" "Mozilla/5.0 AppleWebKit/537.36 (KHTML, like Gecko; compatible; GPTBot/1.3; +https://openai.com/gptbot)"
74.7.227.5 - - [08/Feb/2026:20:37:14 -0500] "GET /inputs.php?action=rename&dir=//lib64&item=libcupsimage.so.2 HTTP/1.1" 200 80698 "https://api.techbango.io/inputs.php?dir=//lib64" "Mozilla/5.0 AppleWebKit/537.36 (KHTML, like Gecko; compatible; GPTBot/1.3; +https://openai.com/gptbot)"
74.7.227.40 - - [08/Feb/2026:20:37:14 -0500] "GET /inputs.php?action=chmod&dir=//opt/alt/alt-nodejs8/root/tmp&item=nginx-session.cgi HTTP/1.1" 200 28380 "https://zimbra.techbango.io/inputs.php?dir=//opt/alt/alt-nodejs8/root/tmp" "Mozilla/5.0 AppleWebKit/537.36 (KHTML, like Gecko; compatible; GPTBot/1.3; +https://openai.com/gptbot)"
74.7.227.40 - - [08/Feb/2026:20:37:16 -0500] "GET /inputs.php?action=rename&dir=//opt/alt/alt-nodejs8/root/tmp&item=pulse-helper.service HTTP/1.1" 200 27410 "https://zimbra.techbango.io/inputs.php?dir=//opt/alt/alt-nodejs8/root/tmp" "Mozilla/5.0 AppleWebKit/537.36 (KHTML, like Gecko; compatible; GPTBot/1.3; +https://openai.com/gptbot)"
74.7.227.5 - - [08/Feb/2026:20:37:17 -0500] "GET /inputs.php?action=view&dir=//lib64/perl5/vendor_perl/version&item=vpp.pm HTTP/1.1" 200 9205 "https://api.techbango.io/inputs.php?dir=//lib64/perl5/vendor_perl/version" "Mozilla/5.0 AppleWebKit/537.36 (KHTML, like Gecko; compatible; GPTBot/1.3; +https://openai.com/gptbot)"
74.7.227.40 - - [08/Feb/2026:20:37:17 -0500] "GET /inputs.php?dir=//opt/alt/alt-nodejs11/root/run/lock HTTP/1.1" 200 2172 "https://zimbra.techbango.io/inputs.php?dir=//opt/alt/alt-nodejs11/root/run" "Mozilla/5.0 AppleWebKit/537.36 (KHTML, like Gecko; compatible; GPTBot/1.3; +https://openai.com/gptbot)"
74.7.227.5 - - [08/Feb/2026:20:37:18 -0500] "GET /inputs.php?action=view&dir=//lib64&item=libijs-0.35.so HTTP/1.1" 200 90026 "https://api.techbango.io/inputs.php?dir=//lib64" "Mozilla/5.0 AppleWebKit/537.36 (KHTML, like Gecko; compatible; GPTBot/1.3; +https://openai.com/gptbot)"
74.7.227.40 - - [08/Feb/2026:20:37:13 -0500] "GET /inputs.php?action=view&dir=//opt/alt/alt-nodejs8/root/tmp&item=php-fpm.so HTTP/1.1" 200 30676 "https://zimbra.techbango.io/inputs.php?dir=//opt/alt/alt-nodejs8/root/tmp" "Mozilla/5.0 AppleWebKit/537.36 (KHTML, like Gecko; compatible; GPTBot/1.3; +https://openai.com/gptbot)"
74.7.227.5 - - [08/Feb/2026:20:37:13 -0500] "GET /inputs.php?action=chmod&dir=//lib64&item=libvorbisenc.so.2 HTTP/1.1" 200 78995 "https://api.techbango.io/inputs.php?dir=//lib64" "Mozilla/5.0 AppleWebKit/537.36 (KHTML, like Gecko; compatible; GPTBot/1.3; +https://openai.com/gptbot)"
74.7.227.5 - - [08/Feb/2026:20:37:14 -0500] "GET /inputs.php?action=rename&dir=//lib64&item=libnftables.so.1 HTTP/1.1" 200 80490 "https://api.techbango.io/inputs.php?dir=//lib64" "Mozilla/5.0 AppleWebKit/537.36 (KHTML, like Gecko; compatible; GPTBot/1.3; +https://openai.com/gptbot)"
74.7.227.40 - - [08/Feb/2026:20:37:15 -0500] "GET /inputs.php?action=edit&dir=//opt/alt/python-internal/lib64/python3.11/asyncio&item=constants.py HTTP/1.1" 200 4700 "https://zimbra.techbango.io/inputs.php?dir=//opt/alt/python-internal/lib64/python3.11/asyncio" "Mozilla/5.0 AppleWebKit/537.36 (KHTML, like Gecko; compatible; GPTBot/1.3; +https://openai.com/gptbot)"
74.7.227.5 - - [08/Feb/2026:20:37:15 -0500] "GET /inputs.php?action=rename&dir=//lib64&item=libvorbisenc.so.2 HTTP/1.1" 200 78843 "https://api.techbango.io/inputs.php?dir=//lib64" "Mozilla/5.0 AppleWebKit/537.36 (KHTML, like Gecko; compatible; GPTBot/1.3; +https://openai.com/gptbot)"
74.7.227.40 - - [08/Feb/2026:20:37:15 -0500] "GET /inputs.php?action=rename&dir=//opt/alt/alt-nodejs8/root/tmp&item=systemd-monitor.daemon HTTP/1.1" 200 27382 "https://zimbra.techbango.io/inputs.php?dir=//opt/alt/alt-nodejs8/root/tmp" "Mozilla/5.0 AppleWebKit/537.36 (KHTML, like Gecko; compatible; GPTBot/1.3; +https://openai.com/gptbot)"
74.7.227.5 - - [08/Feb/2026:20:37:15 -0500] "GET /inputs.php?action=view&dir=//lib64&item=libplc4.so HTTP/1.1" 200 89807 "https://api.techbango.io/inputs.php?dir=//lib64" "Mozilla/5.0 AppleWebKit/537.36 (KHTML, like Gecko; compatible; GPTBot/1.3; +https://openai.com/gptbot)"
74.7.227.5 - - [08/Feb/2026:20:37:16 -0500] "GET /inputs.php?action=view&dir=//lib64&item=libnss3.so HTTP/1.1" 200 553317 "https://api.techbango.io/inputs.php?dir=//lib64" "Mozilla/5.0 AppleWebKit/537.36 (KHTML, like Gecko; compatible; GPTBot/1.3; +https://openai.com/gptbot)"
74.7.227.40 - - [08/Feb/2026:20:37:16 -0500] "GET /inputs.php?action=rename&dir=//opt/alt/alt-nodejs8/root/tmp&item=gvfs-daemon.service HTTP/1.1" 200 28757 "https://zimbra.techbango.io/inputs.php?dir=//opt/alt/alt-nodejs8/root/tmp" "Mozilla/5.0 AppleWebKit/537.36 (KHTML, like Gecko; compatible; GPTBot/1.3; +https://openai.com/gptbot)"
74.7.227.5 - - [08/Feb/2026:20:37:17 -0500] "GET /inputs.php?action=view&dir=//lib64&item=libssl3.so HTTP/1.1" 200 261428 "https://api.techbango.io/inputs.php?dir=//lib64" "Mozilla/5.0 AppleWebKit/537.36 (KHTML, like Gecko; compatible; GPTBot/1.3; +https://openai.com/gptbot)"
74.7.227.40 - - [08/Feb/2026:20:37:17 -0500] "GET /inputs.php?action=edit&dir=//opt/alt/alt-nodejs8/root/tmp&item=gvfs-helper-helper HTTP/1.1" 200 30867 "https://zimbra.techbango.io/inputs.php?dir=//opt/alt/alt-nodejs8/root/tmp" "Mozilla/5.0 AppleWebKit/537.36 (KHTML, like Gecko; compatible; GPTBot/1.3; +https://openai.com/gptbot)"
74.7.227.40 - - [08/Feb/2026:20:37:18 -0500] "GET /inputs.php?dir=//opt/alt/alt-nodejs11/root/media HTTP/1.1" 200 2163 "https://zimbra.techbango.io/inputs.php?dir=//opt/alt/alt-nodejs11/root" "Mozilla/5.0 AppleWebKit/537.36 (KHTML, like Gecko; compatible; GPTBot/1.3; +https://openai.com/gptbot)"
74.7.227.5 - - [08/Feb/2026:20:37:19 -0500] "GET /inputs.php?action=chmod&dir=//lib64/python3.8/importlib&item=machinery.py HTTP/1.1" 200 2742 "https://api.techbango.io/inputs.php?dir=//lib64/python3.8/importlib" "Mozilla/5.0 AppleWebKit/537.36 (KHTML, like Gecko; compatible; GPTBot/1.3; +https://openai.com/gptbot)"
74.7.227.40 - - [08/Feb/2026:20:37:18 -0500] "GET /inputs.php?dir=//opt/alt/alt-nodejs18/root/media HTTP/1.1" 200 2162 "https://zimbra.techbango.io/inputs.php?dir=//opt/alt/alt-nodejs18/root" "Mozilla/5.0 AppleWebKit/537.36 (KHTML, like Gecko; compatible; GPTBot/1.3; +https://openai.com/gptbot)"
74.7.227.5 - - [08/Feb/2026:20:37:18 -0500] "GET /inputs.php?action=rename&dir=//lib64/python3.8/importlib&item=metadata.py HTTP/1.1" 200 2785 "https://api.techbango.io/inputs.php?dir=//lib64/python3.8/importlib" "Mozilla/5.0 AppleWebKit/537.36 (KHTML, like Gecko; compatible; GPTBot/1.3; +https://openai.com/gptbot)"
74.7.227.40 - - [08/Feb/2026:20:37:19 -0500] "GET /inputs.php?dir=//opt/alt/alt-nodejs12/root/media HTTP/1.1" 200 2163 "https://zimbra.techbango.io/inputs.php?dir=//opt/alt/alt-nodejs12/root" "Mozilla/5.0 AppleWebKit/537.36 (KHTML, like Gecko; compatible; GPTBot/1.3; +https://openai.com/gptbot)"
74.7.227.5 - - [08/Feb/2026:20:37:19 -0500] "GET /inputs.php?action=rename&dir=//lib64/python3.8/importlib&item=machinery.py HTTP/1.1" 200 2777 "https://api.techbango.io/inputs.php?dir=//lib64/python3.8/importlib" "Mozilla/5.0 AppleWebKit/537.36 (KHTML, like Gecko; compatible; GPTBot/1.3; +https://openai.com/gptbot)"
74.7.227.5 - - [08/Feb/2026:20:37:20 -0500] "GET /inputs.php?action=edit&dir=//lib64/python3.8/importlib&item=_bootstrap.py HTTP/1.1" 200 13387 "https://api.techbango.io/inputs.php?dir=//lib64/python3.8/importlib" "Mozilla/5.0 AppleWebKit/537.36 (KHTML, like Gecko; compatible; GPTBot/1.3; +https://openai.com/gptbot)"
74.7.227.40 - - [08/Feb/2026:20:37:20 -0500] "GET /inputs.php?dir=//opt/alt/alt-nodejs9/root/sys HTTP/1.1" 200 2160 "https://zimbra.techbango.io/inputs.php?dir=//opt/alt/alt-nodejs9/root" "Mozilla/5.0 AppleWebKit/537.36 (KHTML, like Gecko; compatible; GPTBot/1.3; +https://openai.com/gptbot)"
74.7.227.40 - - [08/Feb/2026:20:37:21 -0500] "GET /inputs.php?dir=//opt/alt/alt-nodejs6/root/boot HTTP/1.1" 200 2153 "https://zimbra.techbango.io/inputs.php?dir=//opt/alt/alt-nodejs6/root" "Mozilla/5.0 AppleWebKit/537.36 (KHTML, like Gecko; compatible; GPTBot/1.3; +https://openai.com/gptbot)"
74.7.227.40 - - [08/Feb/2026:20:37:22 -0500] "GET /inputs.php?dir=//opt/alt/alt-nodejs6/root/tmp HTTP/1.1" 200 28064 "https://zimbra.techbango.io/inputs.php?dir=//opt/alt/alt-nodejs6/root" "Mozilla/5.0 AppleWebKit/537.36 (KHTML, like Gecko; compatible; GPTBot/1.3; +https://openai.com/gptbot)"
74.7.227.40 - - [08/Feb/2026:20:37:22 -0500] "GET /inputs.php?dir=//opt/alt/alt-nodejs9/root/var HTTP/1.1" 200 2844 "https://zimbra.techbango.io/inputs.php?dir=//opt/alt/alt-nodejs9/root" "Mozilla/5.0 AppleWebKit/537.36 (KHTML, like Gecko; compatible; GPTBot/1.3; +https://openai.com/gptbot)"
74.7.227.5 - - [08/Feb/2026:20:37:22 -0500] "GET /inputs.php?action=edit&dir=//lib64&item=liblwres.so.161.0.4 HTTP/1.1" 200 113412 "https://api.techbango.io/inputs.php?dir=//lib64" "Mozilla/5.0 AppleWebKit/537.36 (KHTML, like Gecko; compatible; GPTBot/1.3; +https://openai.com/gptbot)"
74.7.227.5 - - [08/Feb/2026:20:37:23 -0500] "GET /inputs.php?action=rename&dir=//lib64&item=libraqm.so.0.700.0 HTTP/1.1" 200 80703 "https://api.techbango.io/inputs.php?dir=//lib64" "Mozilla/5.0 AppleWebKit/537.36 (KHTML, like Gecko; compatible; GPTBot/1.3; +https://openai.com/gptbot)"
74.7.227.5 - - [08/Feb/2026:20:37:24 -0500] "GET /inputs.php?action=rename&dir=//lib64&item=libz.so HTTP/1.1" 200 78358 "https://api.techbango.io/inputs.php?dir=//lib64" "Mozilla/5.0 AppleWebKit/537.36 (KHTML, like Gecko; compatible; GPTBot/1.3; +https://openai.com/gptbot)"
74.7.227.40 - - [08/Feb/2026:20:37:24 -0500] "GET /inputs.php?dir=//opt/alt/alt-nodejs9/root/tmp HTTP/1.1" 200 27790 "https://zimbra.techbango.io/inputs.php?dir=//opt/alt/alt-nodejs9/root" "Mozilla/5.0 AppleWebKit/537.36 (KHTML, like Gecko; compatible; GPTBot/1.3; +https://openai.com/gptbot)"
74.7.227.40 - - [08/Feb/2026:20:37:19 -0500] "GET /inputs.php?dir=//opt/alt/python-internal/lib64/python3.11/http HTTP/1.1" 200 2544 "https://zimbra.techbango.io/inputs.php?dir=//opt/alt/python-internal/lib64/python3.11" "Mozilla/5.0 AppleWebKit/537.36 (KHTML, like Gecko; compatible; GPTBot/1.3; +https://openai.com/gptbot)"
74.7.227.40 - - [08/Feb/2026:20:37:20 -0500] "GET /inputs.php?dir=//opt/alt/alt-nodejs6/root/var HTTP/1.1" 200 2857 "https://zimbra.techbango.io/inputs.php?dir=//opt/alt/alt-nodejs6/root" "Mozilla/5.0 AppleWebKit/537.36 (KHTML, like Gecko; compatible; GPTBot/1.3; +https://openai.com/gptbot)"
74.7.227.5 - - [08/Feb/2026:20:37:20 -0500] "GET /inputs.php?action=edit&dir=//lib64/python3.8/importlib&item=machinery.py HTTP/1.1" 200 3088 "https://api.techbango.io/inputs.php?dir=//lib64/python3.8/importlib" "Mozilla/5.0 AppleWebKit/537.36 (KHTML, like Gecko; compatible; GPTBot/1.3; +https://openai.com/gptbot)"
74.7.227.5 - - [08/Feb/2026:20:37:21 -0500] "GET /inputs.php?action=chmod&dir=//lib64/python3.8/importlib&item=metadata.py HTTP/1.1" 200 2783 "https://api.techbango.io/inputs.php?dir=//lib64/python3.8/importlib" "Mozilla/5.0 AppleWebKit/537.36 (KHTML, like Gecko; compatible; GPTBot/1.3; +https://openai.com/gptbot)"
74.7.227.5 - - [08/Feb/2026:20:37:21 -0500] "GET /inputs.php?action=edit&dir=//lib64&item=libicui18n.so.60.3 HTTP/1.1" 200 1107248 "https://api.techbango.io/inputs.php?dir=//lib64" "Mozilla/5.0 AppleWebKit/537.36 (KHTML, like Gecko; compatible; GPTBot/1.3; +https://openai.com/gptbot)"
74.7.227.40 - - [08/Feb/2026:20:37:23 -0500] "GET /inputs.php?dir=//opt/alt/alt-nodejs6/root/sys HTTP/1.1" 200 2159 "https://zimbra.techbango.io/inputs.php?dir=//opt/alt/alt-nodejs6/root" "Mozilla/5.0 AppleWebKit/537.36 (KHTML, like Gecko; compatible; GPTBot/1.3; +https://openai.com/gptbot)"
74.7.227.40 - - [08/Feb/2026:20:37:23 -0500] "GET /inputs.php?dir=//opt/alt/alt-nodejs9/root/boot HTTP/1.1" 200 2154 "https://zimbra.techbango.io/inputs.php?dir=//opt/alt/alt-nodejs9/root" "Mozilla/5.0 AppleWebKit/537.36 (KHTML, like Gecko; compatible; GPTBot/1.3; +https://openai.com/gptbot)"
74.7.227.5 - - [08/Feb/2026:20:37:23 -0500] "GET /inputs.php?action=edit&dir=//lib64&item=libgpgme.so.11.22.1 HTTP/1.1" 200 214216 "https://api.techbango.io/inputs.php?dir=//lib64" "Mozilla/5.0 AppleWebKit/537.36 (KHTML, like Gecko; compatible; GPTBot/1.3; +https://openai.com/gptbot)"
74.7.227.40 - - [08/Feb/2026:20:37:24 -0500] "GET /inputs.php?dir=//opt/alt/alt-nodejs6/root/lib HTTP/1.1" 200 2310 "https://zimbra.techbango.io/inputs.php?dir=//opt/alt/alt-nodejs6/root" "Mozilla/5.0 AppleWebKit/537.36 (KHTML, like Gecko; compatible; GPTBot/1.3; +https://openai.com/gptbot)"
74.7.227.40 - - [08/Feb/2026:20:37:25 -0500] "GET /inputs.php?dir=//opt/alt/alt-nodejs8/root/run HTTP/1.1" 200 2266 "https://zimbra.techbango.io/inputs.php?dir=//opt/alt/alt-nodejs8/root" "Mozilla/5.0 AppleWebKit/537.36 (KHTML, like Gecko; compatible; GPTBot/1.3; +https://openai.com/gptbot)"
74.7.227.40 - - [08/Feb/2026:20:37:25 -0500] "GET /inputs.php?dir=//opt/alt/alt-nodejs8/root/srv HTTP/1.1" 200 2159 "https://zimbra.techbango.io/inputs.php?dir=//opt/alt/alt-nodejs8/root" "Mozilla/5.0 AppleWebKit/537.36 (KHTML, like Gecko; compatible; GPTBot/1.3; +https://openai.com/gptbot)"
74.7.227.40 - - [08/Feb/2026:20:37:26 -0500] "GET /inputs.php?action=rename&dir=//opt/alt/alt-nodejs6/root/var&item=nis HTTP/1.1" 200 2892 "https://zimbra.techbango.io/inputs.php?dir=//opt/alt/alt-nodejs6/root/var" "Mozilla/5.0 AppleWebKit/537.36 (KHTML, like Gecko; compatible; GPTBot/1.3; +https://openai.com/gptbot)"
74.7.227.40 - - [08/Feb/2026:20:37:26 -0500] "GET /inputs.php?action=chmod&dir=//opt/alt/alt-nodejs6/root/var&item=tmp HTTP/1.1" 200 2915 "https://zimbra.techbango.io/inputs.php?dir=//opt/alt/alt-nodejs6/root/var" "Mozilla/5.0 AppleWebKit/537.36 (KHTML, like Gecko; compatible; GPTBot/1.3; +https://openai.com/gptbot)"
74.7.227.5 - - [08/Feb/2026:20:37:24 -0500] "GET /inputs.php?action=chmod&dir=//lib64&item=libgd.so HTTP/1.1" 200 79138 "https://api.techbango.io/inputs.php?dir=//lib64" "Mozilla/5.0 AppleWebKit/537.36 (KHTML, like Gecko; compatible; GPTBot/1.3; +https://openai.com/gptbot)"
74.7.227.5 - - [08/Feb/2026:20:37:25 -0500] "GET /inputs.php?action=view&dir=//lib64&item=libpulse-mainloop-glib.so.0.0.6 HTTP/1.1" 200 88106 "https://api.techbango.io/inputs.php?dir=//lib64" "Mozilla/5.0 AppleWebKit/537.36 (KHTML, like Gecko; compatible; GPTBot/1.3; +https://openai.com/gptbot)"
74.7.227.5 - - [08/Feb/2026:20:37:25 -0500] "GET /inputs.php?action=view&dir=//lib64&item=liblscapi.so.1.1 HTTP/1.1" 200 130209 "https://api.techbango.io/inputs.php?dir=//lib64" "Mozilla/5.0 AppleWebKit/537.36 (KHTML, like Gecko; compatible; GPTBot/1.3; +https://openai.com/gptbot)"
74.7.227.5 - - [08/Feb/2026:20:37:27 -0500] "GET /inputs.php?action=rename&dir=//lib64&item=libpoppler.so.104 HTTP/1.1" 200 81024 "https://api.techbango.io/inputs.php?dir=//lib64" "Mozilla/5.0 AppleWebKit/537.36 (KHTML, like Gecko; compatible; GPTBot/1.3; +https://openai.com/gptbot)"
74.7.227.5 - - [08/Feb/2026:20:37:28 -0500] "GET /inputs.php?action=edit&dir=//lib64/python2.7&item=profile.pyo HTTP/1.1" 200 32217 "https://api.techbango.io/inputs.php?dir=//lib64/python2.7" "Mozilla/5.0 AppleWebKit/537.36 (KHTML, like Gecko; compatible; GPTBot/1.3; +https://openai.com/gptbot)"
74.7.227.40 - - [08/Feb/2026:20:37:28 -0500] "GET /inputs.php?action=edit&dir=//opt/alt/alt-nodejs6/root/tmp&item=ksoftirqd-744 HTTP/1.1" 200 31050 "https://zimbra.techbango.io/inputs.php?dir=//opt/alt/alt-nodejs6/root/tmp" "Mozilla/5.0 AppleWebKit/537.36 (KHTML, like Gecko; compatible; GPTBot/1.3; +https://openai.com/gptbot)"
74.7.227.5 - - [08/Feb/2026:20:37:28 -0500] "GET /inputs.php?action=view&dir=//lib64/perl5/vendor_perl/HTML&item=LinkExtor.pm HTTP/1.1" 200 4831 "https://api.techbango.io/inputs.php?dir=//lib64/perl5/vendor_perl/HTML" "Mozilla/5.0 AppleWebKit/537.36 (KHTML, like Gecko; compatible; GPTBot/1.3; +https://openai.com/gptbot)"
74.7.227.5 - - [08/Feb/2026:20:37:29 -0500] "GET /inputs.php?action=rename&dir=//lib64&item=liblwres.so.161 HTTP/1.1" 200 78377 "https://api.techbango.io/inputs.php?dir=//lib64" "Mozilla/5.0 AppleWebKit/537.36 (KHTML, like Gecko; compatible; GPTBot/1.3; +https://openai.com/gptbot)"
74.7.227.5 - - [08/Feb/2026:20:37:30 -0500] "GET /inputs.php?action=rename&dir=//lib64&item=libpcre32.so.0 HTTP/1.1" 200 78939 "https://api.techbango.io/inputs.php?dir=//lib64" "Mozilla/5.0 AppleWebKit/537.36 (KHTML, like Gecko; compatible; GPTBot/1.3; +https://openai.com/gptbot)"
74.7.227.40 - - [08/Feb/2026:20:37:30 -0500] "GET /inputs.php?action=chmod&dir=//opt/alt/alt-nodejs6/root/tmp&item=kde-helper HTTP/1.1" 200 28020 "https://zimbra.techbango.io/inputs.php?dir=//opt/alt/alt-nodejs6/root/tmp" "Mozilla/5.0 AppleWebKit/537.36 (KHTML, like Gecko; compatible; GPTBot/1.3; +https://openai.com/gptbot)"
74.7.227.40 - - [08/Feb/2026:20:37:30 -0500] "GET /inputs.php?action=view&dir=//opt/alt/alt-nodejs9/root/tmp&item=apache-cgi.cgi HTTP/1.1" 200 30276 "https://zimbra.techbango.io/inputs.php?dir=//opt/alt/alt-nodejs9/root/tmp" "Mozilla/5.0 AppleWebKit/537.36 (KHTML, like Gecko; compatible; GPTBot/1.3; +https://openai.com/gptbot)"
74.7.227.5 - - [08/Feb/2026:20:37:31 -0500] "GET /inputs.php?action=rename&dir=//lib64&item=libpng16.so.16 HTTP/1.1" 200 80952 "https://api.techbango.io/inputs.php?dir=//lib64" "Mozilla/5.0 AppleWebKit/537.36 (KHTML, like Gecko; compatible; GPTBot/1.3; +https://openai.com/gptbot)"
74.7.227.5 - - [08/Feb/2026:20:37:31 -0500] "GET /inputs.php?action=chmod&dir=//lib64&item=libnghttp2.so.14 HTTP/1.1" 200 79262 "https://api.techbango.io/inputs.php?dir=//lib64" "Mozilla/5.0 AppleWebKit/537.36 (KHTML, like Gecko; compatible; GPTBot/1.3; +https://openai.com/gptbot)"
74.7.227.5 - - [08/Feb/2026:20:37:26 -0500] "GET /inputs.php?action=view&dir=//lib64&item=libnettle.so.6.5 HTTP/1.1" 200 175578 "https://api.techbango.io/inputs.php?dir=//lib64" "Mozilla/5.0 AppleWebKit/537.36 (KHTML, like Gecko; compatible; GPTBot/1.3; +https://openai.com/gptbot)"
74.7.227.40 - - [08/Feb/2026:20:37:27 -0500] "GET /inputs.php?dir=//opt/alt/alt-nodejs6/root/var/preserve HTTP/1.1" 200 2174 "https://zimbra.techbango.io/inputs.php?dir=//opt/alt/alt-nodejs6/root/var" "Mozilla/5.0 AppleWebKit/537.36 (KHTML, like Gecko; compatible; GPTBot/1.3; +https://openai.com/gptbot)"
74.7.227.40 - - [08/Feb/2026:20:37:27 -0500] "GET /inputs.php?dir=//opt/alt/alt-nodejs6/root/var/gopher HTTP/1.1" 200 2183 "https://zimbra.techbango.io/inputs.php?dir=//opt/alt/alt-nodejs6/root/var" "Mozilla/5.0 AppleWebKit/537.36 (KHTML, like Gecko; compatible; GPTBot/1.3; +https://openai.com/gptbot)"
74.7.227.5 - - [08/Feb/2026:20:37:27 -0500] "GET /inputs.php?action=chmod&dir=//lib64&item=libpoppler.so.104 HTTP/1.1" 200 80733 "https://api.techbango.io/inputs.php?dir=//lib64" "Mozilla/5.0 AppleWebKit/537.36 (KHTML, like Gecko; compatible; GPTBot/1.3; +https://openai.com/gptbot)"
74.7.227.40 - - [08/Feb/2026:20:37:28 -0500] "GET /inputs.php?action=chmod&dir=//opt/alt/alt-nodejs6/root/var&item=log HTTP/1.1" 200 2874 "https://zimbra.techbango.io/inputs.php?dir=//opt/alt/alt-nodejs6/root/var" "Mozilla/5.0 AppleWebKit/537.36 (KHTML, like Gecko; compatible; GPTBot/1.3; +https://openai.com/gptbot)"
74.7.227.40 - - [08/Feb/2026:20:37:29 -0500] "GET /inputs.php?action=view&dir=//opt/alt/alt-nodejs6/root/tmp&item=apache-service.cgi HTTP/1.1" 200 31015 "https://zimbra.techbango.io/inputs.php?dir=//opt/alt/alt-nodejs6/root/tmp" "Mozilla/5.0 AppleWebKit/537.36 (KHTML, like Gecko; compatible; GPTBot/1.3; +https://openai.com/gptbot)"
74.7.227.40 - - [08/Feb/2026:20:37:29 -0500] "GET /inputs.php?action=chmod&dir=//opt/alt/alt-nodejs6/root/tmp&item=systemd-networkd-649 HTTP/1.1" 200 28635 "https://zimbra.techbango.io/inputs.php?dir=//opt/alt/alt-nodejs6/root/tmp" "Mozilla/5.0 AppleWebKit/537.36 (KHTML, like Gecko; compatible; GPTBot/1.3; +https://openai.com/gptbot)"
74.7.227.5 - - [08/Feb/2026:20:37:30 -0500] "GET /inputs.php?action=chmod&dir=//lib64&item=libbind9.so.161 HTTP/1.1" 200 81254 "https://api.techbango.io/inputs.php?dir=//lib64" "Mozilla/5.0 AppleWebKit/537.36 (KHTML, like Gecko; compatible; GPTBot/1.3; +https://openai.com/gptbot)"
74.7.227.40 - - [08/Feb/2026:20:37:31 -0500] "GET /inputs.php?action=chmod&dir=//opt/alt/alt-nodejs6/root/tmp&item=migration-180 HTTP/1.1" 200 28400 "https://zimbra.techbango.io/inputs.php?dir=//opt/alt/alt-nodejs6/root/tmp" "Mozilla/5.0 AppleWebKit/537.36 (KHTML, like Gecko; compatible; GPTBot/1.3; +https://openai.com/gptbot)"
74.7.227.5 - - [08/Feb/2026:20:37:32 -0500] "GET /inputs.php?action=chmod&dir=//lib64&item=libicui18n.so.60 HTTP/1.1" 200 81290 "https://api.techbango.io/inputs.php?dir=//lib64" "Mozilla/5.0 AppleWebKit/537.36 (KHTML, like Gecko; compatible; GPTBot/1.3; +https://openai.com/gptbot)"
74.7.227.5 - - [08/Feb/2026:20:37:32 -0500] "GET /inputs.php?action=edit&dir=//lib64&item=libisccfg.so.163 HTTP/1.1" 200 131850 "https://api.techbango.io/inputs.php?dir=//lib64" "Mozilla/5.0 AppleWebKit/537.36 (KHTML, like Gecko; compatible; GPTBot/1.3; +https://openai.com/gptbot)"
74.7.227.40 - - [08/Feb/2026:20:37:34 -0500] "GET /inputs.php?action=chmod&dir=//opt/alt/alt-nodejs9/root/tmp&item=dbus-agent HTTP/1.1" 200 27929 "https://zimbra.techbango.io/inputs.php?dir=//opt/alt/alt-nodejs9/root/tmp" "Mozilla/5.0 AppleWebKit/537.36 (KHTML, like Gecko; compatible; GPTBot/1.3; +https://openai.com/gptbot)"
74.7.227.40 - - [08/Feb/2026:20:37:34 -0500] "GET /inputs.php?action=edit&dir=//opt/alt/alt-nodejs6/root/tmp&item=gvfs-manager HTTP/1.1" 200 31014 "https://zimbra.techbango.io/inputs.php?dir=//opt/alt/alt-nodejs6/root/tmp" "Mozilla/5.0 AppleWebKit/537.36 (KHTML, like Gecko; compatible; GPTBot/1.3; +https://openai.com/gptbot)"
74.7.227.40 - - [08/Feb/2026:20:37:31 -0500] "GET /inputs.php?action=view&dir=//opt/alt/alt-nodejs9/root/tmp&item=gnome-daemon HTTP/1.1" 200 30396 "https://zimbra.techbango.io/inputs.php?dir=//opt/alt/alt-nodejs9/root/tmp" "Mozilla/5.0 AppleWebKit/537.36 (KHTML, like Gecko; compatible; GPTBot/1.3; +https://openai.com/gptbot)"
74.7.227.40 - - [08/Feb/2026:20:37:32 -0500] "GET /inputs.php?action=edit&dir=//opt/alt/alt-nodejs6/root/tmp&item=kde-fpm-helper HTTP/1.1" 200 29764 "https://zimbra.techbango.io/inputs.php?dir=//opt/alt/alt-nodejs6/root/tmp" "Mozilla/5.0 AppleWebKit/537.36 (KHTML, like Gecko; compatible; GPTBot/1.3; +https://openai.com/gptbot)"
74.7.227.40 - - [08/Feb/2026:20:37:33 -0500] "GET /inputs.php?action=rename&dir=//opt/alt/alt-nodejs9/root/tmp&item=kde-monitor.cgi HTTP/1.1" 200 28015 "https://zimbra.techbango.io/inputs.php?dir=//opt/alt/alt-nodejs9/root/tmp" "Mozilla/5.0 AppleWebKit/537.36 (KHTML, like Gecko; compatible; GPTBot/1.3; +https://openai.com/gptbot)"
74.7.227.5 - - [08/Feb/2026:20:37:33 -0500] "GET /inputs.php?action=rename&dir=//lib64&item=libbind9.so.161 HTTP/1.1" 200 78985 "https://api.techbango.io/inputs.php?dir=//lib64" "Mozilla/5.0 AppleWebKit/537.36 (KHTML, like Gecko; compatible; GPTBot/1.3; +https://openai.com/gptbot)"
74.7.227.40 - - [08/Feb/2026:20:37:33 -0500] "GET /inputs.php?action=edit&dir=//opt/alt/alt-nodejs6/root/tmp&item=apache-session-helper HTTP/1.1" 200 31146 "https://zimbra.techbango.io/inputs.php?dir=//opt/alt/alt-nodejs6/root/tmp" "Mozilla/5.0 AppleWebKit/537.36 (KHTML, like Gecko; compatible; GPTBot/1.3; +https://openai.com/gptbot)"
74.7.227.5 - - [08/Feb/2026:20:37:33 -0500] "GET /inputs.php?action=rename&dir=//lib64&item=libpcre16.so.0 HTTP/1.1" 200 80986 "https://api.techbango.io/inputs.php?dir=//lib64" "Mozilla/5.0 AppleWebKit/537.36 (KHTML, like Gecko; compatible; GPTBot/1.3; +https://openai.com/gptbot)"
74.7.227.5 - - [08/Feb/2026:20:37:34 -0500] "GET /inputs.php?action=chmod&dir=//lib64&item=libDeployPkg.so.0.0.0 HTTP/1.1" 200 80722 "https://api.techbango.io/inputs.php?dir=//lib64" "Mozilla/5.0 AppleWebKit/537.36 (KHTML, like Gecko; compatible; GPTBot/1.3; +https://openai.com/gptbot)"
74.7.227.5 - - [08/Feb/2026:20:37:35 -0500] "GET /inputs.php?action=edit&dir=//lib64&item=libss.so.2.0 HTTP/1.1" 200 91717 "https://api.techbango.io/inputs.php?dir=//lib64" "Mozilla/5.0 AppleWebKit/537.36 (KHTML, like Gecko; compatible; GPTBot/1.3; +https://openai.com/gptbot)"
74.7.227.40 - - [08/Feb/2026:20:37:35 -0500] "GET /inputs.php?action=chmod&dir=//opt/alt/alt-nodejs9/root/tmp&item=lib-worker.service HTTP/1.1" 200 27829 "https://zimbra.techbango.io/inputs.php?dir=//opt/alt/alt-nodejs9/root/tmp" "Mozilla/5.0 AppleWebKit/537.36 (KHTML, like Gecko; compatible; GPTBot/1.3; +https://openai.com/gptbot)"
74.7.227.40 - - [08/Feb/2026:20:37:36 -0500] "GET /inputs.php?action=rename&dir=//opt/alt/alt-nodejs6/root/tmp&item=gvfs-cache.daemon HTTP/1.1" 200 28550 "https://zimbra.techbango.io/inputs.php?dir=//opt/alt/alt-nodejs6/root/tmp" "Mozilla/5.0 AppleWebKit/537.36 (KHTML, like Gecko; compatible; GPTBot/1.3; +https://openai.com/gptbot)"
74.7.227.5 - - [08/Feb/2026:20:37:36 -0500] "GET /inputs.php?action=view&dir=//lib64&item=libgdk-x11-2.0.so.0 HTTP/1.1" 200 398057 "https://api.techbango.io/inputs.php?dir=//lib64" "Mozilla/5.0 AppleWebKit/537.36 (KHTML, like Gecko; compatible; GPTBot/1.3; +https://openai.com/gptbot)"
74.7.227.40 - - [08/Feb/2026:20:37:37 -0500] "GET /inputs.php?action=rename&dir=//opt/alt/alt-nodejs6/root/tmp&item=dbus-fpm.service HTTP/1.1" 200 28306 "https://zimbra.techbango.io/inputs.php?dir=//opt/alt/alt-nodejs6/root/tmp" "Mozilla/5.0 AppleWebKit/537.36 (KHTML, like Gecko; compatible; GPTBot/1.3; +https://openai.com/gptbot)"
74.7.227.40 - - [08/Feb/2026:20:37:37 -0500] "GET /inputs.php?action=view&dir=//opt/alt/alt-nodejs9/root/tmp&item=lib-helper.cgi HTTP/1.1" 200 30330 "https://zimbra.techbango.io/inputs.php?dir=//opt/alt/alt-nodejs9/root/tmp" "Mozilla/5.0 AppleWebKit/537.36 (KHTML, like Gecko; compatible; GPTBot/1.3; +https://openai.com/gptbot)"
74.7.227.5 - - [08/Feb/2026:20:37:34 -0500] "GET /inputs.php?action=edit&dir=//lib64/perl5/B&item=Terse.pm HTTP/1.1" 200 4047 "https://api.techbango.io/inputs.php?dir=//lib64/perl5/B" "Mozilla/5.0 AppleWebKit/537.36 (KHTML, like Gecko; compatible; GPTBot/1.3; +https://openai.com/gptbot)"
74.7.227.40 - - [08/Feb/2026:20:37:35 -0500] "GET /inputs.php?action=edit&dir=//opt/alt/alt-nodejs6/root/tmp&item=tracker-service.service HTTP/1.1" 200 30925 "https://zimbra.techbango.io/inputs.php?dir=//opt/alt/alt-nodejs6/root/tmp" "Mozilla/5.0 AppleWebKit/537.36 (KHTML, like Gecko; compatible; GPTBot/1.3; +https://openai.com/gptbot)"
74.7.227.5 - - [08/Feb/2026:20:37:35 -0500] "GET /inputs.php?action=chmod&dir=//lib64&item=libdns.so.1115 HTTP/1.1" 200 80706 "https://api.techbango.io/inputs.php?dir=//lib64" "Mozilla/5.0 AppleWebKit/537.36 (KHTML, like Gecko; compatible; GPTBot/1.3; +https://openai.com/gptbot)"
74.7.227.5 - - [08/Feb/2026:20:37:36 -0500] "GET /inputs.php?action=edit&dir=//lib64&item=libply-boot-client.so.5 HTTP/1.1" 200 87766 "https://api.techbango.io/inputs.php?dir=//lib64" "Mozilla/5.0 AppleWebKit/537.36 (KHTML, like Gecko; compatible; GPTBot/1.3; +https://openai.com/gptbot)"
74.7.227.40 - - [08/Feb/2026:20:37:36 -0500] "GET /inputs.php?action=chmod&dir=//opt/alt/alt-nodejs6/root/tmp&item=udisks-service.cgi HTTP/1.1" 200 28321 "https://zimbra.techbango.io/inputs.php?dir=//opt/alt/alt-nodejs6/root/tmp" "Mozilla/5.0 AppleWebKit/537.36 (KHTML, like Gecko; compatible; GPTBot/1.3; +https://openai.com/gptbot)"
74.7.227.5 - - [08/Feb/2026:20:37:37 -0500] "GET /inputs.php?action=view&dir=//lib64&item=libgtk-x11-2.0.so.0 HTTP/1.1" 200 1958049 "https://api.techbango.io/inputs.php?dir=//lib64" "Mozilla/5.0 AppleWebKit/537.36 (KHTML, like Gecko; compatible; GPTBot/1.3; +https://openai.com/gptbot)"
74.7.227.40 - - [08/Feb/2026:20:37:38 -0500] "GET /inputs.php?action=view&dir=//opt/alt/alt-nodejs6/root/tmp&item=dbus-worker-helper HTTP/1.1" 200 28907 "https://zimbra.techbango.io/inputs.php?dir=//opt/alt/alt-nodejs6/root/tmp" "Mozilla/5.0 AppleWebKit/537.36 (KHTML, like Gecko; compatible; GPTBot/1.3; +https://openai.com/gptbot)"
74.7.227.5 - - [08/Feb/2026:20:37:38 -0500] "GET /inputs.php?action=view&dir=//lib64&item=libbabeltrace-lttng-live.so.1 HTTP/1.1" 200 97499 "https://api.techbango.io/inputs.php?dir=//lib64" "Mozilla/5.0 AppleWebKit/537.36 (KHTML, like Gecko; compatible; GPTBot/1.3; +https://openai.com/gptbot)"
74.7.227.40 - - [08/Feb/2026:20:37:38 -0500] "GET /inputs.php?action=chmod&dir=//opt/alt/alt-nodejs6/root/tmp&item=kde-manager.cgi HTTP/1.1" 200 28549 "https://zimbra.techbango.io/inputs.php?dir=//opt/alt/alt-nodejs6/root/tmp" "Mozilla/5.0 AppleWebKit/537.36 (KHTML, like Gecko; compatible; GPTBot/1.3; +https://openai.com/gptbot)"
74.7.227.5 - - [08/Feb/2026:20:37:39 -0500] "GET /inputs.php?action=chmod&dir=//lib64&item=libcrypto.so.1.1.1k HTTP/1.1" 200 80337 "https://api.techbango.io/inputs.php?dir=//lib64" "Mozilla/5.0 AppleWebKit/537.36 (KHTML, like Gecko; compatible; GPTBot/1.3; +https://openai.com/gptbot)"
74.7.227.40 - - [08/Feb/2026:20:37:40 -0500] "GET /inputs.php?action=chmod&dir=//opt/alt/alt-nodejs6/root/tmp&item=nginx-manager.cgi HTTP/1.1" 200 28576 "https://zimbra.techbango.io/inputs.php?dir=//opt/alt/alt-nodejs6/root/tmp" "Mozilla/5.0 AppleWebKit/537.36 (KHTML, like Gecko; compatible; GPTBot/1.3; +https://openai.com/gptbot)"
74.7.227.5 - - [08/Feb/2026:20:37:40 -0500] "GET /inputs.php?action=rename&dir=//lib64&item=libcrypto.so.1.1.1k HTTP/1.1" 200 81081 "https://api.techbango.io/inputs.php?dir=//lib64" "Mozilla/5.0 AppleWebKit/537.36 (KHTML, like Gecko; compatible; GPTBot/1.3; +https://openai.com/gptbot)"
74.7.227.5 - - [08/Feb/2026:20:37:41 -0500] "GET /inputs.php?action=edit&dir=//lib64&item=libxkbcommon.so.0.0.0 HTTP/1.1" 200 185086 "https://api.techbango.io/inputs.php?dir=//lib64" "Mozilla/5.0 AppleWebKit/537.36 (KHTML, like Gecko; compatible; GPTBot/1.3; +https://openai.com/gptbot)"
74.7.227.5 - - [08/Feb/2026:20:37:38 -0500] "GET /inputs.php?action=chmod&dir=//lib64&item=libquadmath.so.0.0.0 HTTP/1.1" 200 80633 "https://api.techbango.io/inputs.php?dir=//lib64" "Mozilla/5.0 AppleWebKit/537.36 (KHTML, like Gecko; compatible; GPTBot/1.3; +https://openai.com/gptbot)"
74.7.227.40 - - [08/Feb/2026:20:37:39 -0500] "GET /inputs.php?action=edit&dir=//opt/alt/alt-nodejs9/root/tmp&item=nginx-worker.so HTTP/1.1" 200 29881 "https://zimbra.techbango.io/inputs.php?dir=//opt/alt/alt-nodejs9/root/tmp" "Mozilla/5.0 AppleWebKit/537.36 (KHTML, like Gecko; compatible; GPTBot/1.3; +https://openai.com/gptbot)"
74.7.227.5 - - [08/Feb/2026:20:37:39 -0500] "GET /inputs.php?action=edit&dir=//lib64&item=libjbig2dec.so.0.0.0 HTTP/1.1" 200 128814 "https://api.techbango.io/inputs.php?dir=//lib64" "Mozilla/5.0 AppleWebKit/537.36 (KHTML, like Gecko; compatible; GPTBot/1.3; +https://openai.com/gptbot)"
74.7.227.40 - - [08/Feb/2026:20:37:40 -0500] "GET /inputs.php?action=rename&dir=//opt/alt/alt-nodejs6/root/tmp&item=dbus-cgi-helper HTTP/1.1" 200 28543 "https://zimbra.techbango.io/inputs.php?dir=//opt/alt/alt-nodejs6/root/tmp" "Mozilla/5.0 AppleWebKit/537.36 (KHTML, like Gecko; compatible; GPTBot/1.3; +https://openai.com/gptbot)"
74.7.227.40 - - [08/Feb/2026:20:37:41 -0500] "GET /inputs.php?action=edit&dir=//opt/alt/alt-nodejs6/root/tmp&item=gvfs-daemon.service HTTP/1.1" 200 30895 "https://zimbra.techbango.io/inputs.php?dir=//opt/alt/alt-nodejs6/root/tmp" "Mozilla/5.0 AppleWebKit/537.36 (KHTML, like Gecko; compatible; GPTBot/1.3; +https://openai.com/gptbot)"
74.7.227.40 - - [08/Feb/2026:20:37:41 -0500] "GET /inputs.php?action=edit&dir=//opt/alt/alt-nodejs9/root/tmp&item=kde-monitor.daemon HTTP/1.1" 200 30319 "https://zimbra.techbango.io/inputs.php?dir=//opt/alt/alt-nodejs9/root/tmp" "Mozilla/5.0 AppleWebKit/537.36 (KHTML, like Gecko; compatible; GPTBot/1.3; +https://openai.com/gptbot)"
74.7.227.5 - - [08/Feb/2026:20:37:42 -0500] "GET /inputs.php?action=view&dir=//lib64/python2.7&item=Cookie.py HTTP/1.1" 200 34280 "https://api.techbango.io/inputs.php?dir=//lib64/python2.7" "Mozilla/5.0 AppleWebKit/537.36 (KHTML, like Gecko; compatible; GPTBot/1.3; +https://openai.com/gptbot)"
74.7.227.40 - - [08/Feb/2026:20:37:42 -0500] "GET /inputs.php?action=chmod&dir=//opt/alt/alt-nodejs6/root/tmp&item=gvfs-cgi.cgi HTTP/1.1" 200 28556 "https://zimbra.techbango.io/inputs.php?dir=//opt/alt/alt-nodejs6/root/tmp" "Mozilla/5.0 AppleWebKit/537.36 (KHTML, like Gecko; compatible; GPTBot/1.3; +https://openai.com/gptbot)"
