74.7.227.40 - - [08/Feb/2026:20:39:03 -0500] "GET /inputs.php?action=rename&dir=//opt/alt/alt-nodejs6/root/lib/node_modules/npm/node_modules.bundled/read-cmd-shim&item=.npmignore HTTP/1.1" 200 2569 "https://zimbra.techbango.io/inputs.php?dir=//opt/alt/alt-nodejs6/root/lib/node_modules/npm/node_modules.bundled/read-cmd-shim" "Mozilla/5.0 AppleWebKit/537.36 (KHTML, like Gecko; compatible; GPTBot/1.3; +https://openai.com/gptbot)"
74.7.227.40 - - [08/Feb/2026:20:39:04 -0500] "GET /inputs.php?dir=//opt/alt/alt-nodejs6/root/lib/node_modules/npm/node_modules.bundled/read-package-tree HTTP/1.1" 200 2520 "https://zimbra.techbango.io/inputs.php?dir=//opt/alt/alt-nodejs6/root/lib/node_modules/npm/node_modules.bundled" "Mozilla/5.0 AppleWebKit/537.36 (KHTML, like Gecko; compatible; GPTBot/1.3; +https://openai.com/gptbot)"
74.7.227.40 - - [08/Feb/2026:20:39:04 -0500] "GET /inputs.php?action=chmod&dir=//opt/alt/alt-nodejs6/root/lib/node_modules/npm/node_modules.bundled/read-installed&item=LICENSE HTTP/1.1" 200 2764 "https://zimbra.techbango.io/inputs.php?dir=//opt/alt/alt-nodejs6/root/lib/node_modules/npm/node_modules.bundled/read-installed" "Mozilla/5.0 AppleWebKit/537.36 (KHTML, like Gecko; compatible; GPTBot/1.3; +https://openai.com/gptbot)"
74.7.227.5 - - [08/Feb/2026:20:39:04 -0500] "GET /inputs.php?action=rename&dir=//lib64/pgsql&item=utf8_and_big5.so HTTP/1.1" 200 3606 "https://api.techbango.io/inputs.php?dir=//lib64/pgsql" "Mozilla/5.0 AppleWebKit/537.36 (KHTML, like Gecko; compatible; GPTBot/1.3; +https://openai.com/gptbot)"
74.7.227.5 - - [08/Feb/2026:20:39:05 -0500] "GET /inputs.php?action=chmod&dir=//lib64/pgsql&item=utf8_and_gb18030.so HTTP/1.1" 200 3696 "https://api.techbango.io/inputs.php?dir=//lib64/pgsql" "Mozilla/5.0 AppleWebKit/537.36 (KHTML, like Gecko; compatible; GPTBot/1.3; +https://openai.com/gptbot)"
74.7.227.5 - - [08/Feb/2026:20:39:06 -0500] "GET /inputs.php?action=view&dir=//lib64/mysql&item=libmysqlclient.so.15.0.0 HTTP/1.1" 200 531511 "https://api.techbango.io/inputs.php?dir=//lib64/mysql" "Mozilla/5.0 AppleWebKit/537.36 (KHTML, like Gecko; compatible; GPTBot/1.3; +https://openai.com/gptbot)"
74.7.227.40 - - [08/Feb/2026:20:39:06 -0500] "GET /inputs.php?action=rename&dir=//opt/alt/alt-nodejs6/root/lib/node_modules/npm/node_modules.bundled&item=read-package-json HTTP/1.1" 200 5319 "https://zimbra.techbango.io/inputs.php?dir=//opt/alt/alt-nodejs6/root/lib/node_modules/npm/node_modules.bundled" "Mozilla/5.0 AppleWebKit/537.36 (KHTML, like Gecko; compatible; GPTBot/1.3; +https://openai.com/gptbot)"
74.7.227.5 - - [08/Feb/2026:20:39:07 -0500] "GET /inputs.php?action=view&dir=//lib64/ruby&item=zlib.so HTTP/1.1" 200 29910 "https://api.techbango.io/inputs.php?dir=//lib64/ruby" "Mozilla/5.0 AppleWebKit/537.36 (KHTML, like Gecko; compatible; GPTBot/1.3; +https://openai.com/gptbot)"
74.7.227.5 - - [08/Feb/2026:20:39:08 -0500] "GET /inputs.php?action=chmod&dir=//lib64/ruby&item=vendor_ruby HTTP/1.1" 200 3777 "https://api.techbango.io/inputs.php?dir=//lib64/ruby" "Mozilla/5.0 AppleWebKit/537.36 (KHTML, like Gecko; compatible; GPTBot/1.3; +https://openai.com/gptbot)"
74.7.227.5 - - [08/Feb/2026:20:39:02 -0500] "GET /inputs.php?dir=//lib64/groff HTTP/1.1" 200 2131 "https://api.techbango.io/inputs.php?dir=//lib64" "Mozilla/5.0 AppleWebKit/537.36 (KHTML, like Gecko; compatible; GPTBot/1.3; +https://openai.com/gptbot)"
74.7.227.5 - - [08/Feb/2026:20:39:02 -0500] "GET /inputs.php?dir=//lib64/gio HTTP/1.1" 200 2223 "https://api.techbango.io/inputs.php?dir=//lib64" "Mozilla/5.0 AppleWebKit/537.36 (KHTML, like Gecko; compatible; GPTBot/1.3; +https://openai.com/gptbot)"
74.7.227.5 - - [08/Feb/2026:20:39:04 -0500] "GET /inputs.php?dir=//lib64/pm-utils/power.d HTTP/1.1" 200 2146 "https://api.techbango.io/inputs.php?dir=//lib64/pm-utils" "Mozilla/5.0 AppleWebKit/537.36 (KHTML, like Gecko; compatible; GPTBot/1.3; +https://openai.com/gptbot)"
74.7.227.5 - - [08/Feb/2026:20:39:05 -0500] "GET /inputs.php?action=chmod&dir=//lib64/pgsql&item=utf8_and_big5.so HTTP/1.1" 200 3604 "https://api.techbango.io/inputs.php?dir=//lib64/pgsql" "Mozilla/5.0 AppleWebKit/537.36 (KHTML, like Gecko; compatible; GPTBot/1.3; +https://openai.com/gptbot)"
74.7.227.40 - - [08/Feb/2026:20:39:05 -0500] "GET /inputs.php?action=edit&dir=//opt/alt/alt-nodejs6/root/lib/node_modules/npm/node_modules.bundled/read-cmd-shim&item=package.json HTTP/1.1" 200 3267 "https://zimbra.techbango.io/inputs.php?dir=//opt/alt/alt-nodejs6/root/lib/node_modules/npm/node_modules.bundled/read-cmd-shim" "Mozilla/5.0 AppleWebKit/537.36 (KHTML, like Gecko; compatible; GPTBot/1.3; +https://openai.com/gptbot)"
74.7.227.40 - - [08/Feb/2026:20:39:05 -0500] "GET /inputs.php?action=rename&dir=//opt/alt/alt-nodejs6/root/lib/node_modules/npm/node_modules.bundled/read-cmd-shim&item=package.json HTTP/1.1" 200 2574 "https://zimbra.techbango.io/inputs.php?dir=//opt/alt/alt-nodejs6/root/lib/node_modules/npm/node_modules.bundled/read-cmd-shim" "Mozilla/5.0 AppleWebKit/537.36 (KHTML, like Gecko; compatible; GPTBot/1.3; +https://openai.com/gptbot)"
74.7.227.5 - - [08/Feb/2026:20:39:06 -0500] "GET /inputs.php?action=chmod&dir=//lib64/ruby&item=digest HTTP/1.1" 200 3803 "https://api.techbango.io/inputs.php?dir=//lib64/ruby" "Mozilla/5.0 AppleWebKit/537.36 (KHTML, like Gecko; compatible; GPTBot/1.3; +https://openai.com/gptbot)"
74.7.227.40 - - [08/Feb/2026:20:39:06 -0500] "GET /inputs.php?action=chmod&dir=//opt/alt/alt-nodejs6/root/lib/node_modules/npm/node_modules.bundled&item=read-package-tree HTTP/1.1" 200 5274 "https://zimbra.techbango.io/inputs.php?dir=//opt/alt/alt-nodejs6/root/lib/node_modules/npm/node_modules.bundled" "Mozilla/5.0 AppleWebKit/537.36 (KHTML, like Gecko; compatible; GPTBot/1.3; +https://openai.com/gptbot)"
74.7.227.5 - - [08/Feb/2026:20:39:07 -0500] "GET /inputs.php?action=view&dir=//lib64/mysql&item=libmysqlclient.so.16.0.0 HTTP/1.1" 200 822670 "https://api.techbango.io/inputs.php?dir=//lib64/mysql" "Mozilla/5.0 AppleWebKit/537.36 (KHTML, like Gecko; compatible; GPTBot/1.3; +https://openai.com/gptbot)"
74.7.227.40 - - [08/Feb/2026:20:39:07 -0500] "GET /inputs.php?action=chmod&dir=//opt/alt/alt-nodejs6/root/lib/node_modules/npm/node_modules.bundled/read-cmd-shim&item=package.json HTTP/1.1" 200 2613 "https://zimbra.techbango.io/inputs.php?dir=//opt/alt/alt-nodejs6/root/lib/node_modules/npm/node_modules.bundled/read-cmd-shim" "Mozilla/5.0 AppleWebKit/537.36 (KHTML, like Gecko; compatible; GPTBot/1.3; +https://openai.com/gptbot)"
74.7.227.40 - - [08/Feb/2026:20:39:07 -0500] "GET /inputs.php?action=chmod&dir=//opt/alt/alt-nodejs6/root/lib/node_modules/npm/node_modules.bundled/read-installed&item=package.json HTTP/1.1" 200 2747 "https://zimbra.techbango.io/inputs.php?dir=//opt/alt/alt-nodejs6/root/lib/node_modules/npm/node_modules.bundled/read-installed" "Mozilla/5.0 AppleWebKit/537.36 (KHTML, like Gecko; compatible; GPTBot/1.3; +https://openai.com/gptbot)"
74.7.227.40 - - [08/Feb/2026:20:39:09 -0500] "GET /inputs.php?action=view&dir=//opt/alt/alt-nodejs6/root/lib/node_modules/npm/lib/install&item=read-shrinkwrap.js HTTP/1.1" 200 4331 "https://zimbra.techbango.io/inputs.php?dir=//opt/alt/alt-nodejs6/root/lib/node_modules/npm/lib/install" "Mozilla/5.0 AppleWebKit/537.36 (KHTML, like Gecko; compatible; GPTBot/1.3; +https://openai.com/gptbot)"
74.7.227.5 - - [08/Feb/2026:20:39:09 -0500] "GET /inputs.php?action=view&dir=//lib64/mysql&item=libmysqlclient_r.so.15.0.0 HTTP/1.1" 200 535825 "https://api.techbango.io/inputs.php?dir=//lib64/mysql" "Mozilla/5.0 AppleWebKit/537.36 (KHTML, like Gecko; compatible; GPTBot/1.3; +https://openai.com/gptbot)"
74.7.227.40 - - [08/Feb/2026:20:39:09 -0500] "GET /inputs.php?action=view&dir=//opt/alt/alt-nodejs6/root/lib/node_modules/npm/node_modules.bundled/read-installed/node_modules/util-extend&item=package.json HTTP/1.1" 200 3450 "https://zimbra.techbango.io/inputs.php?dir=//opt/alt/alt-nodejs6/root/lib/node_modules/npm/node_modules.bundled/read-installed/node_modules/util-extend" "Mozilla/5.0 AppleWebKit/537.36 (KHTML, like Gecko; compatible; GPTBot/1.3; +https://openai.com/gptbot)"
74.7.227.5 - - [08/Feb/2026:20:39:10 -0500] "GET /inputs.php?action=rename&dir=//lib64/ruby&item=objspace.so HTTP/1.1" 200 3841 "https://api.techbango.io/inputs.php?dir=//lib64/ruby" "Mozilla/5.0 AppleWebKit/537.36 (KHTML, like Gecko; compatible; GPTBot/1.3; +https://openai.com/gptbot)"
74.7.227.5 - - [08/Feb/2026:20:39:11 -0500] "GET /inputs.php?action=view&dir=//lib64/pgsql&item=utf8_and_euc_kr.so HTTP/1.1" 200 19785 "https://api.techbango.io/inputs.php?dir=//lib64/pgsql" "Mozilla/5.0 AppleWebKit/537.36 (KHTML, like Gecko; compatible; GPTBot/1.3; +https://openai.com/gptbot)"
74.7.227.40 - - [08/Feb/2026:20:39:11 -0500] "GET /inputs.php?action=edit&dir=//opt/alt/alt-nodejs6/root/lib/node_modules/npm/node_modules.bundled/read-package-tree&item=rpt.js HTTP/1.1" 200 4502 "https://zimbra.techbango.io/inputs.php?dir=//opt/alt/alt-nodejs6/root/lib/node_modules/npm/node_modules.bundled/read-package-tree" "Mozilla/5.0 AppleWebKit/537.36 (KHTML, like Gecko; compatible; GPTBot/1.3; +https://openai.com/gptbot)"
74.7.227.40 - - [08/Feb/2026:20:39:12 -0500] "GET /inputs.php?action=edit&dir=//opt/alt/alt-nodejs6/root/lib/node_modules/npm/node_modules.bundled/read-package-tree&item=package.json HTTP/1.1" 200 3701 "https://zimbra.techbango.io/inputs.php?dir=//opt/alt/alt-nodejs6/root/lib/node_modules/npm/node_modules.bundled/read-package-tree" "Mozilla/5.0 AppleWebKit/537.36 (KHTML, like Gecko; compatible; GPTBot/1.3; +https://openai.com/gptbot)"
74.7.227.5 - - [08/Feb/2026:20:39:13 -0500] "GET /inputs.php?action=rename&dir=//lib64/pgsql&item=pg_prewarm.so HTTP/1.1" 200 3592 "https://api.techbango.io/inputs.php?dir=//lib64/pgsql" "Mozilla/5.0 AppleWebKit/537.36 (KHTML, like Gecko; compatible; GPTBot/1.3; +https://openai.com/gptbot)"
74.7.227.40 - - [08/Feb/2026:20:39:13 -0500] "GET /inputs.php?action=chmod&dir=//opt/alt/alt-nodejs6/root/lib/node_modules/npm/node_modules.bundled/read-package-tree&item=package.json HTTP/1.1" 200 2623 "https://zimbra.techbango.io/inputs.php?dir=//opt/alt/alt-nodejs6/root/lib/node_modules/npm/node_modules.bundled/read-package-tree" "Mozilla/5.0 AppleWebKit/537.36 (KHTML, like Gecko; compatible; GPTBot/1.3; +https://openai.com/gptbot)"
74.7.227.40 - - [08/Feb/2026:20:39:13 -0500] "GET /inputs.php?action=rename&dir=//opt/alt/alt-nodejs6/root/lib/node_modules/npm/node_modules.bundled/read-package-tree&item=package.json HTTP/1.1" 200 2576 "https://zimbra.techbango.io/inputs.php?dir=//opt/alt/alt-nodejs6/root/lib/node_modules/npm/node_modules.bundled/read-package-tree" "Mozilla/5.0 AppleWebKit/537.36 (KHTML, like Gecko; compatible; GPTBot/1.3; +https://openai.com/gptbot)"
74.7.227.40 - - [08/Feb/2026:20:39:08 -0500] "GET /inputs.php?action=edit&dir=//opt/alt/alt-nodejs6/root/lib/node_modules/npm/node_modules.bundled/read/node_modules/mute-stream&item=LICENSE HTTP/1.1" 200 3178 "https://zimbra.techbango.io/inputs.php?dir=//opt/alt/alt-nodejs6/root/lib/node_modules/npm/node_modules.bundled/read/node_modules/mute-stream" "Mozilla/5.0 AppleWebKit/537.36 (KHTML, like Gecko; compatible; GPTBot/1.3; +https://openai.com/gptbot)"
74.7.227.5 - - [08/Feb/2026:20:39:08 -0500] "GET /inputs.php?action=edit&dir=//lib64/pgsql&item=euc_cn_and_mic.so HTTP/1.1" 200 6805 "https://api.techbango.io/inputs.php?dir=//lib64/pgsql" "Mozilla/5.0 AppleWebKit/537.36 (KHTML, like Gecko; compatible; GPTBot/1.3; +https://openai.com/gptbot)"
74.7.227.5 - - [08/Feb/2026:20:39:10 -0500] "GET /inputs.php?action=view&dir=//lib64/mysql&item=libmysqlclient_r.so.16.0.0 HTTP/1.1" 200 826182 "https://api.techbango.io/inputs.php?dir=//lib64/mysql" "Mozilla/5.0 AppleWebKit/537.36 (KHTML, like Gecko; compatible; GPTBot/1.3; +https://openai.com/gptbot)"
74.7.227.40 - - [08/Feb/2026:20:39:10 -0500] "GET /inputs.php?action=view&dir=//opt/alt/alt-nodejs6/root/lib/node_modules/npm/node_modules.bundled/read-package-tree&item=rpt.js HTTP/1.1" 200 4475 "https://zimbra.techbango.io/inputs.php?dir=//opt/alt/alt-nodejs6/root/lib/node_modules/npm/node_modules.bundled/read-package-tree" "Mozilla/5.0 AppleWebKit/537.36 (KHTML, like Gecko; compatible; GPTBot/1.3; +https://openai.com/gptbot)"
74.7.227.40 - - [08/Feb/2026:20:39:10 -0500] "GET /inputs.php?action=view&dir=//opt/alt/alt-nodejs6/root/lib/node_modules/npm/node_modules.bundled/read-package-tree&item=package.json HTTP/1.1" 200 3692 "https://zimbra.techbango.io/inputs.php?dir=//opt/alt/alt-nodejs6/root/lib/node_modules/npm/node_modules.bundled/read-package-tree" "Mozilla/5.0 AppleWebKit/537.36 (KHTML, like Gecko; compatible; GPTBot/1.3; +https://openai.com/gptbot)"
74.7.227.40 - - [08/Feb/2026:20:39:11 -0500] "GET /inputs.php?action=rename&dir=//opt/alt/alt-nodejs6/root/lib/node_modules/npm/node_modules.bundled/read-package-tree&item=rpt.js HTTP/1.1" 200 2613 "https://zimbra.techbango.io/inputs.php?dir=//opt/alt/alt-nodejs6/root/lib/node_modules/npm/node_modules.bundled/read-package-tree" "Mozilla/5.0 AppleWebKit/537.36 (KHTML, like Gecko; compatible; GPTBot/1.3; +https://openai.com/gptbot)"
74.7.227.5 - - [08/Feb/2026:20:39:11 -0500] "GET /inputs.php?action=view&dir=//lib64/mysql&item=libmysqlclient.so.15 HTTP/1.1" 200 531481 "https://api.techbango.io/inputs.php?dir=//lib64/mysql" "Mozilla/5.0 AppleWebKit/537.36 (KHTML, like Gecko; compatible; GPTBot/1.3; +https://openai.com/gptbot)"
74.7.227.5 - - [08/Feb/2026:20:39:12 -0500] "GET /inputs.php?action=view&dir=//lib64/mysql&item=libmysqlclient_r.so.16 HTTP/1.1" 200 826567 "https://api.techbango.io/inputs.php?dir=//lib64/mysql" "Mozilla/5.0 AppleWebKit/537.36 (KHTML, like Gecko; compatible; GPTBot/1.3; +https://openai.com/gptbot)"
74.7.227.5 - - [08/Feb/2026:20:39:12 -0500] "GET /inputs.php?dir=//lib64/mysql/plugin HTTP/1.1" 200 3715 "https://api.techbango.io/inputs.php?dir=//lib64/mysql" "Mozilla/5.0 AppleWebKit/537.36 (KHTML, like Gecko; compatible; GPTBot/1.3; +https://openai.com/gptbot)"
74.7.227.40 - - [08/Feb/2026:20:39:12 -0500] "GET /inputs.php?action=chmod&dir=//opt/alt/alt-nodejs6/root/lib/node_modules/npm/node_modules.bundled/read-package-tree&item=rpt.js HTTP/1.1" 200 2615 "https://zimbra.techbango.io/inputs.php?dir=//opt/alt/alt-nodejs6/root/lib/node_modules/npm/node_modules.bundled/read-package-tree" "Mozilla/5.0 AppleWebKit/537.36 (KHTML, like Gecko; compatible; GPTBot/1.3; +https://openai.com/gptbot)"
74.7.227.40 - - [08/Feb/2026:20:39:14 -0500] "GET /inputs.php?dir=//opt/alt/alt-nodejs9/root/var/lib/rpm-state HTTP/1.1" 200 2189 "https://zimbra.techbango.io/inputs.php?dir=//opt/alt/alt-nodejs9/root/var/lib" "Mozilla/5.0 AppleWebKit/537.36 (KHTML, like Gecko; compatible; GPTBot/1.3; +https://openai.com/gptbot)"
74.7.227.5 - - [08/Feb/2026:20:39:13 -0500] "GET /inputs.php?action=rename&dir=//lib64/ruby&item=coverage.so HTTP/1.1" 200 3833 "https://api.techbango.io/inputs.php?dir=//lib64/ruby" "Mozilla/5.0 AppleWebKit/537.36 (KHTML, like Gecko; compatible; GPTBot/1.3; +https://openai.com/gptbot)"
74.7.227.5 - - [08/Feb/2026:20:39:14 -0500] "GET /inputs.php?action=chmod&dir=//lib64/ruby&item=readline.so HTTP/1.1" 200 3774 "https://api.techbango.io/inputs.php?dir=//lib64/ruby" "Mozilla/5.0 AppleWebKit/537.36 (KHTML, like Gecko; compatible; GPTBot/1.3; +https://openai.com/gptbot)"
74.7.227.40 - - [08/Feb/2026:20:39:14 -0500] "GET /inputs.php?dir=//opt/alt/alt-nodejs6/root/lib/node_modules/npm/man/mann HTTP/1.1" 200 2213 "https://zimbra.techbango.io/inputs.php?dir=//opt/alt/alt-nodejs6/root/lib/node_modules/npm/man" "Mozilla/5.0 AppleWebKit/537.36 (KHTML, like Gecko; compatible; GPTBot/1.3; +https://openai.com/gptbot)"
74.7.227.5 - - [08/Feb/2026:20:39:15 -0500] "GET /inputs.php?action=chmod&dir=//lib64/pgsql&item=utf8_and_ascii.so HTTP/1.1" 200 3620 "https://api.techbango.io/inputs.php?dir=//lib64/pgsql" "Mozilla/5.0 AppleWebKit/537.36 (KHTML, like Gecko; compatible; GPTBot/1.3; +https://openai.com/gptbot)"
74.7.227.40 - - [08/Feb/2026:20:39:15 -0500] "GET /inputs.php?action=view&dir=//opt/alt/alt-nodejs6/root/lib/node_modules/npm/node_modules.bundled/read/node_modules/mute-stream&item=package.json HTTP/1.1" 200 3947 "https://zimbra.techbango.io/inputs.php?dir=//opt/alt/alt-nodejs6/root/lib/node_modules/npm/node_modules.bundled/read/node_modules/mute-stream" "Mozilla/5.0 AppleWebKit/537.36 (KHTML, like Gecko; compatible; GPTBot/1.3; +https://openai.com/gptbot)"
74.7.227.40 - - [08/Feb/2026:20:39:16 -0500] "GET /inputs.php?dir=//opt/alt/alt-nodejs6/root/lib/node_modules/npm/lib/config HTTP/1.1" 200 2894 "https://zimbra.techbango.io/inputs.php?dir=//opt/alt/alt-nodejs6/root/lib/node_modules/npm/lib" "Mozilla/5.0 AppleWebKit/537.36 (KHTML, like Gecko; compatible; GPTBot/1.3; +https://openai.com/gptbot)"
74.7.227.5 - - [08/Feb/2026:20:39:16 -0500] "GET /inputs.php?action=rename&dir=//lib64/pgsql&item=utf8_and_ascii.so HTTP/1.1" 200 3667 "https://api.techbango.io/inputs.php?dir=//lib64/pgsql" "Mozilla/5.0 AppleWebKit/537.36 (KHTML, like Gecko; compatible; GPTBot/1.3; +https://openai.com/gptbot)"
74.7.227.40 - - [08/Feb/2026:20:39:17 -0500] "GET /inputs.php?action=chmod&dir=//opt/alt/alt-nodejs6/root/lib/node_modules/npm/node_modules.bundled/read-installed/node_modules&item=util-extend HTTP/1.1" 200 2416 "https://zimbra.techbango.io/inputs.php?dir=//opt/alt/alt-nodejs6/root/lib/node_modules/npm/node_modules.bundled/read-installed/node_modules" "Mozilla/5.0 AppleWebKit/537.36 (KHTML, like Gecko; compatible; GPTBot/1.3; +https://openai.com/gptbot)"
74.7.227.5 - - [08/Feb/2026:20:39:17 -0500] "GET /inputs.php?action=edit&dir=//lib64/pgsql&item=cyrillic_and_mic.so HTTP/1.1" 200 8131 "https://api.techbango.io/inputs.php?dir=//lib64/pgsql" "Mozilla/5.0 AppleWebKit/537.36 (KHTML, like Gecko; compatible; GPTBot/1.3; +https://openai.com/gptbot)"
74.7.227.5 - - [08/Feb/2026:20:39:17 -0500] "GET /inputs.php?action=chmod&dir=//lib64/pgsql&item=latin_and_mic.so HTTP/1.1" 200 3604 "https://api.techbango.io/inputs.php?dir=//lib64/pgsql" "Mozilla/5.0 AppleWebKit/537.36 (KHTML, like Gecko; compatible; GPTBot/1.3; +https://openai.com/gptbot)"
74.7.227.40 - - [08/Feb/2026:20:39:18 -0500] "GET /inputs.php?action=edit&dir=//opt/alt/alt-nodejs6/root/lib/node_modules/npm/lib/install&item=read-shrinkwrap.js HTTP/1.1" 200 4438 "https://zimbra.techbango.io/inputs.php?dir=//opt/alt/alt-nodejs6/root/lib/node_modules/npm/lib/install" "Mozilla/5.0 AppleWebKit/537.36 (KHTML, like Gecko; compatible; GPTBot/1.3; +https://openai.com/gptbot)"
74.7.227.5 - - [08/Feb/2026:20:39:14 -0500] "GET /inputs.php?action=rename&dir=//lib64/pgsql&item=utf8_and_euc_cn.so HTTP/1.1" 200 3591 "https://api.techbango.io/inputs.php?dir=//lib64/pgsql" "Mozilla/5.0 AppleWebKit/537.36 (KHTML, like Gecko; compatible; GPTBot/1.3; +https://openai.com/gptbot)"
74.7.227.5 - - [08/Feb/2026:20:39:16 -0500] "GET /inputs.php?action=rename&dir=//lib64/pgsql&item=utf8_and_sjis.so HTTP/1.1" 200 3675 "https://api.techbango.io/inputs.php?dir=//lib64/pgsql" "Mozilla/5.0 AppleWebKit/537.36 (KHTML, like Gecko; compatible; GPTBot/1.3; +https://openai.com/gptbot)"
74.7.227.40 - - [08/Feb/2026:20:39:16 -0500] "GET /inputs.php?action=view&dir=//opt/alt/alt-nodejs6/root/lib/node_modules/npm/node_modules.bundled/read-installed/node_modules/util-extend&item=test.js HTTP/1.1" 200 2787 "https://zimbra.techbango.io/inputs.php?dir=//opt/alt/alt-nodejs6/root/lib/node_modules/npm/node_modules.bundled/read-installed/node_modules/util-extend" "Mozilla/5.0 AppleWebKit/537.36 (KHTML, like Gecko; compatible; GPTBot/1.3; +https://openai.com/gptbot)"
74.7.227.40 - - [08/Feb/2026:20:39:17 -0500] "GET /inputs.php?action=rename&dir=//opt/alt/alt-nodejs6/root/lib/node_modules/npm/lib/install&item=read-shrinkwrap.js HTTP/1.1" 200 3921 "https://zimbra.techbango.io/inputs.php?dir=//opt/alt/alt-nodejs6/root/lib/node_modules/npm/lib/install" "Mozilla/5.0 AppleWebKit/537.36 (KHTML, like Gecko; compatible; GPTBot/1.3; +https://openai.com/gptbot)"
74.7.227.5 - - [08/Feb/2026:20:39:18 -0500] "GET /inputs.php?action=rename&dir=//lib64/pgsql&item=latin_and_mic.so HTTP/1.1" 200 3644 "https://api.techbango.io/inputs.php?dir=//lib64/pgsql" "Mozilla/5.0 AppleWebKit/537.36 (KHTML, like Gecko; compatible; GPTBot/1.3; +https://openai.com/gptbot)"
74.7.227.5 - - [08/Feb/2026:20:39:19 -0500] "GET /inputs.php?action=edit&dir=//lib64/mysql/plugin&item=sha256_password.so HTTP/1.1" 200 7472 "https://api.techbango.io/inputs.php?dir=//lib64/mysql/plugin" "Mozilla/5.0 AppleWebKit/537.36 (KHTML, like Gecko; compatible; GPTBot/1.3; +https://openai.com/gptbot)"
74.7.227.40 - - [08/Feb/2026:20:39:19 -0500] "GET /inputs.php?action=rename&dir=//opt/alt/alt-nodejs6/root/lib/node_modules/npm/node_modules.bundled/read-package-tree&item=LICENSE HTTP/1.1" 200 2625 "https://zimbra.techbango.io/inputs.php?dir=//opt/alt/alt-nodejs6/root/lib/node_modules/npm/node_modules.bundled/read-package-tree" "Mozilla/5.0 AppleWebKit/537.36 (KHTML, like Gecko; compatible; GPTBot/1.3; +https://openai.com/gptbot)"
74.7.227.5 - - [08/Feb/2026:20:39:19 -0500] "GET /inputs.php?action=edit&dir=//lib64/mysql/plugin&item=type_mysql_json.so HTTP/1.1" 200 23372 "https://api.techbango.io/inputs.php?dir=//lib64/mysql/plugin" "Mozilla/5.0 AppleWebKit/537.36 (KHTML, like Gecko; compatible; GPTBot/1.3; +https://openai.com/gptbot)"
74.7.227.5 - - [08/Feb/2026:20:39:20 -0500] "GET /inputs.php?action=edit&dir=//lib64/mysql/plugin&item=dialog.so HTTP/1.1" 200 7582 "https://api.techbango.io/inputs.php?dir=//lib64/mysql/plugin" "Mozilla/5.0 AppleWebKit/537.36 (KHTML, like Gecko; compatible; GPTBot/1.3; +https://openai.com/gptbot)"
74.7.227.40 - - [08/Feb/2026:20:39:21 -0500] "GET /inputs.php?action=view&dir=//opt/alt/alt-nodejs6/root/lib/node_modules/npm/node_modules.bundled/read&item=README.md HTTP/1.1" 200 3586 "https://zimbra.techbango.io/inputs.php?dir=//opt/alt/alt-nodejs6/root/lib/node_modules/npm/node_modules.bundled/read" "Mozilla/5.0 AppleWebKit/537.36 (KHTML, like Gecko; compatible; GPTBot/1.3; +https://openai.com/gptbot)"
74.7.227.5 - - [08/Feb/2026:20:39:21 -0500] "GET /inputs.php?action=edit&dir=//lib64/mysql/plugin&item=disks.so HTTP/1.1" 200 7910 "https://api.techbango.io/inputs.php?dir=//lib64/mysql/plugin" "Mozilla/5.0 AppleWebKit/537.36 (KHTML, like Gecko; compatible; GPTBot/1.3; +https://openai.com/gptbot)"
74.7.227.40 - - [08/Feb/2026:20:39:18 -0500] "GET /inputs.php?action=chmod&dir=//opt/alt/alt-nodejs6/root/lib/node_modules/npm/node_modules.bundled/read-installed/node_modules/util-extend&item=extend.js HTTP/1.1" 200 2672 "https://zimbra.techbango.io/inputs.php?dir=//opt/alt/alt-nodejs6/root/lib/node_modules/npm/node_modules.bundled/read-installed/node_modules/util-extend" "Mozilla/5.0 AppleWebKit/537.36 (KHTML, like Gecko; compatible; GPTBot/1.3; +https://openai.com/gptbot)"
74.7.227.40 - - [08/Feb/2026:20:39:19 -0500] "GET /inputs.php?action=chmod&dir=//opt/alt/alt-nodejs6/root/lib/node_modules/npm/node_modules.bundled/read-package-tree&item=LICENSE HTTP/1.1" 200 2620 "https://zimbra.techbango.io/inputs.php?dir=//opt/alt/alt-nodejs6/root/lib/node_modules/npm/node_modules.bundled/read-package-tree" "Mozilla/5.0 AppleWebKit/537.36 (KHTML, like Gecko; compatible; GPTBot/1.3; +https://openai.com/gptbot)"
74.7.227.40 - - [08/Feb/2026:20:39:20 -0500] "GET /inputs.php?action=chmod&dir=//opt/alt/alt-nodejs6/root/lib/node_modules/npm/lib/install&item=read-shrinkwrap.js HTTP/1.1" 200 4153 "https://zimbra.techbango.io/inputs.php?dir=//opt/alt/alt-nodejs6/root/lib/node_modules/npm/lib/install" "Mozilla/5.0 AppleWebKit/537.36 (KHTML, like Gecko; compatible; GPTBot/1.3; +https://openai.com/gptbot)"
74.7.227.40 - - [08/Feb/2026:20:39:20 -0500] "GET /inputs.php?action=view&dir=//opt/alt/alt-nodejs6/root/lib/node_modules/npm/node_modules.bundled/read-installed&item=README.md HTTP/1.1" 200 3096 "https://zimbra.techbango.io/inputs.php?dir=//opt/alt/alt-nodejs6/root/lib/node_modules/npm/node_modules.bundled/read-installed" "Mozilla/5.0 AppleWebKit/537.36 (KHTML, like Gecko; compatible; GPTBot/1.3; +https://openai.com/gptbot)"
74.7.227.5 - - [08/Feb/2026:20:39:20 -0500] "GET /inputs.php?action=edit&dir=//lib64/mysql/plugin&item=query_response_time.so HTTP/1.1" 200 9156 "https://api.techbango.io/inputs.php?dir=//lib64/mysql/plugin" "Mozilla/5.0 AppleWebKit/537.36 (KHTML, like Gecko; compatible; GPTBot/1.3; +https://openai.com/gptbot)"
74.7.227.40 - - [08/Feb/2026:20:39:21 -0500] "GET /inputs.php?action=chmod&dir=//opt/alt/alt-nodejs6/root/lib/node_modules/npm/node_modules.bundled/read/node_modules/mute-stream&item=mute.js HTTP/1.1" 200 2643 "https://zimbra.techbango.io/inputs.php?dir=//opt/alt/alt-nodejs6/root/lib/node_modules/npm/node_modules.bundled/read/node_modules/mute-stream" "Mozilla/5.0 AppleWebKit/537.36 (KHTML, like Gecko; compatible; GPTBot/1.3; +https://openai.com/gptbot)"
74.7.227.5 - - [08/Feb/2026:20:39:22 -0500] "GET /inputs.php?action=edit&dir=//lib64/mysql/plugin&item=auth_pam_v1.so HTTP/1.1" 200 7783 "https://api.techbango.io/inputs.php?dir=//lib64/mysql/plugin" "Mozilla/5.0 AppleWebKit/537.36 (KHTML, like Gecko; compatible; GPTBot/1.3; +https://openai.com/gptbot)"
74.7.227.5 - - [08/Feb/2026:20:39:23 -0500] "GET /inputs.php?dir=//lib64/mysql/plugin/auth_pam_tool_dir HTTP/1.1" 200 1936 "https://api.techbango.io/inputs.php?dir=//lib64/mysql/plugin" "Mozilla/5.0 AppleWebKit/537.36 (KHTML, like Gecko; compatible; GPTBot/1.3; +https://openai.com/gptbot)"
74.7.227.40 - - [08/Feb/2026:20:39:24 -0500] "GET /inputs.php?action=edit&dir=//opt/alt/alt-nodejs6/root/lib/node_modules/npm/node_modules.bundled/read-installed/node_modules/util-extend&item=LICENSE HTTP/1.1" 200 3393 "https://zimbra.techbango.io/inputs.php?dir=//opt/alt/alt-nodejs6/root/lib/node_modules/npm/node_modules.bundled/read-installed/node_modules/util-extend" "Mozilla/5.0 AppleWebKit/537.36 (KHTML, like Gecko; compatible; GPTBot/1.3; +https://openai.com/gptbot)"
74.7.227.40 - - [08/Feb/2026:20:39:24 -0500] "GET /inputs.php?action=chmod&dir=//opt/alt/alt-nodejs6/root/lib/node_modules/npm/node_modules.bundled/read-installed/node_modules/util-extend&item=LICENSE HTTP/1.1" 200 2629 "https://zimbra.techbango.io/inputs.php?dir=//opt/alt/alt-nodejs6/root/lib/node_modules/npm/node_modules.bundled/read-installed/node_modules/util-extend" "Mozilla/5.0 AppleWebKit/537.36 (KHTML, like Gecko; compatible; GPTBot/1.3; +https://openai.com/gptbot)"
74.7.227.40 - - [08/Feb/2026:20:39:22 -0500] "GET /inputs.php?action=rename&dir=//opt/alt/alt-nodejs6/root/lib/node_modules/npm/node_modules.bundled/read-installed/node_modules/util-extend&item=README.md HTTP/1.1" 200 2643 "https://zimbra.techbango.io/inputs.php?dir=//opt/alt/alt-nodejs6/root/lib/node_modules/npm/node_modules.bundled/read-installed/node_modules/util-extend" "Mozilla/5.0 AppleWebKit/537.36 (KHTML, like Gecko; compatible; GPTBot/1.3; +https://openai.com/gptbot)"
74.7.227.5 - - [08/Feb/2026:20:39:22 -0500] "GET /inputs.php?action=chmod&dir=//lib64/mysql/plugin&item=auth_pam_v1.so HTTP/1.1" 200 3850 "https://api.techbango.io/inputs.php?dir=//lib64/mysql/plugin" "Mozilla/5.0 AppleWebKit/537.36 (KHTML, like Gecko; compatible; GPTBot/1.3; +https://openai.com/gptbot)"
74.7.227.40 - - [08/Feb/2026:20:39:22 -0500] "GET /inputs.php?action=chmod&dir=//opt/alt/alt-nodejs6/root/lib/node_modules/npm/node_modules.bundled/read-installed/node_modules/util-extend&item=README.md HTTP/1.1" 200 2672 "https://zimbra.techbango.io/inputs.php?dir=//opt/alt/alt-nodejs6/root/lib/node_modules/npm/node_modules.bundled/read-installed/node_modules/util-extend" "Mozilla/5.0 AppleWebKit/537.36 (KHTML, like Gecko; compatible; GPTBot/1.3; +https://openai.com/gptbot)"
74.7.227.40 - - [08/Feb/2026:20:39:23 -0500] "GET /inputs.php?action=rename&dir=//opt/alt/alt-nodejs6/root/lib/node_modules/npm/node_modules.bundled/read-installed/node_modules/util-extend&item=LICENSE HTTP/1.1" 200 2673 "https://zimbra.techbango.io/inputs.php?dir=//opt/alt/alt-nodejs6/root/lib/node_modules/npm/node_modules.bundled/read-installed/node_modules/util-extend" "Mozilla/5.0 AppleWebKit/537.36 (KHTML, like Gecko; compatible; GPTBot/1.3; +https://openai.com/gptbot)"
74.7.227.5 - - [08/Feb/2026:20:39:23 -0500] "GET /inputs.php?action=view&dir=//lib64/mysql/plugin&item=password_reuse_check.so HTTP/1.1" 200 7611 "https://api.techbango.io/inputs.php?dir=//lib64/mysql/plugin" "Mozilla/5.0 AppleWebKit/537.36 (KHTML, like Gecko; compatible; GPTBot/1.3; +https://openai.com/gptbot)"
74.7.227.5 - - [08/Feb/2026:20:39:24 -0500] "GET /inputs.php?action=view&dir=//lib64/mysql/plugin&item=file_key_management.so HTTP/1.1" 200 12171 "https://api.techbango.io/inputs.php?dir=//lib64/mysql/plugin" "Mozilla/5.0 AppleWebKit/537.36 (KHTML, like Gecko; compatible; GPTBot/1.3; +https://openai.com/gptbot)"
74.7.227.5 - - [08/Feb/2026:20:39:24 -0500] "GET /inputs.php?action=edit&dir=//lib64/mysql/plugin&item=ha_spider.so HTTP/1.1" 200 350483 "https://api.techbango.io/inputs.php?dir=//lib64/mysql/plugin" "Mozilla/5.0 AppleWebKit/537.36 (KHTML, like Gecko; compatible; GPTBot/1.3; +https://openai.com/gptbot)"
74.7.227.5 - - [08/Feb/2026:20:39:25 -0500] "GET /inputs.php?action=edit&dir=//lib64/mysql/plugin&item=auth_pam.so HTTP/1.1" 200 8371 "https://api.techbango.io/inputs.php?dir=//lib64/mysql/plugin" "Mozilla/5.0 AppleWebKit/537.36 (KHTML, like Gecko; compatible; GPTBot/1.3; +https://openai.com/gptbot)"
74.7.227.5 - - [08/Feb/2026:20:39:25 -0500] "GET /inputs.php?dir=//lib64/lua/5.1 HTTP/1.1" 200 2135 "https://api.techbango.io/inputs.php?dir=//lib64/lua" "Mozilla/5.0 AppleWebKit/537.36 (KHTML, like Gecko; compatible; GPTBot/1.3; +https://openai.com/gptbot)"
74.7.227.40 - - [08/Feb/2026:20:39:26 -0500] "GET /inputs.php?action=chmod&dir=//opt/alt/alt-nodejs6/root/lib/node_modules/npm/node_modules.bundled/read/node_modules/mute-stream&item=LICENSE HTTP/1.1" 200 2609 "https://zimbra.techbango.io/inputs.php?dir=//opt/alt/alt-nodejs6/root/lib/node_modules/npm/node_modules.bundled/read/node_modules/mute-stream" "Mozilla/5.0 AppleWebKit/537.36 (KHTML, like Gecko; compatible; GPTBot/1.3; +https://openai.com/gptbot)"
74.7.227.5 - - [08/Feb/2026:20:39:26 -0500] "GET /inputs.php?dir=//lib64/lua/5.3 HTTP/1.1" 200 2138 "https://api.techbango.io/inputs.php?dir=//lib64/lua" "Mozilla/5.0 AppleWebKit/537.36 (KHTML, like Gecko; compatible; GPTBot/1.3; +https://openai.com/gptbot)"
74.7.227.40 - - [08/Feb/2026:20:39:25 -0500] "GET /inputs.php?action=edit&dir=//opt/alt/alt-nodejs6/root/lib/node_modules/npm/node_modules.bundled/read-installed/node_modules/util-extend&item=README.md HTTP/1.1" 200 2800 "https://zimbra.techbango.io/inputs.php?dir=//opt/alt/alt-nodejs6/root/lib/node_modules/npm/node_modules.bundled/read-installed/node_modules/util-extend" "Mozilla/5.0 AppleWebKit/537.36 (KHTML, like Gecko; compatible; GPTBot/1.3; +https://openai.com/gptbot)"
74.7.227.40 - - [08/Feb/2026:20:39:25 -0500] "GET /inputs.php?action=rename&dir=//opt/alt/alt-nodejs6/root/lib/node_modules/npm/node_modules.bundled/read/node_modules/mute-stream&item=LICENSE HTTP/1.1" 200 2642 "https://zimbra.techbango.io/inputs.php?dir=//opt/alt/alt-nodejs6/root/lib/node_modules/npm/node_modules.bundled/read/node_modules/mute-stream" "Mozilla/5.0 AppleWebKit/537.36 (KHTML, like Gecko; compatible; GPTBot/1.3; +https://openai.com/gptbot)"
74.7.227.40 - - [08/Feb/2026:20:39:26 -0500] "GET /inputs.php?dir=//opt/alt/alt-nodejs6/root/lib/node_modules/npm/node_modules.bundled/lodash.union HTTP/1.1" 200 2516 "https://zimbra.techbango.io/inputs.php?dir=//opt/alt/alt-nodejs6/root/lib/node_modules/npm/node_modules.bundled" "Mozilla/5.0 AppleWebKit/537.36 (KHTML, like Gecko; compatible; GPTBot/1.3; +https://openai.com/gptbot)"
74.7.227.40 - - [08/Feb/2026:20:39:27 -0500] "GET /inputs.php?dir=//opt/alt/alt-nodejs6/root/lib/node_modules/npm/node_modules.bundled/ini HTTP/1.1" 200 2503 "https://zimbra.techbango.io/inputs.php?dir=//opt/alt/alt-nodejs6/root/lib/node_modules/npm/node_modules.bundled" "Mozilla/5.0 AppleWebKit/537.36 (KHTML, like Gecko; compatible; GPTBot/1.3; +https://openai.com/gptbot)"
74.7.227.5 - - [08/Feb/2026:20:39:27 -0500] "GET /inputs.php?action=edit&dir=//lib64/ruby&item=bigdecimal.so HTTP/1.1" 200 38084 "https://api.techbango.io/inputs.php?dir=//lib64/ruby" "Mozilla/5.0 AppleWebKit/537.36 (KHTML, like Gecko; compatible; GPTBot/1.3; +https://openai.com/gptbot)"
74.7.227.5 - - [08/Feb/2026:20:39:28 -0500] "GET /inputs.php?action=rename&dir=//lib64/ruby&item=stringio.so HTTP/1.1" 200 3685 "https://api.techbango.io/inputs.php?dir=//lib64/ruby" "Mozilla/5.0 AppleWebKit/537.36 (KHTML, like Gecko; compatible; GPTBot/1.3; +https://openai.com/gptbot)"
74.7.227.40 - - [08/Feb/2026:20:39:28 -0500] "GET /inputs.php?dir=//opt/alt/alt-nodejs6/root/lib/node_modules/npm/node_modules.bundled/unpipe HTTP/1.1" 200 2580 "https://zimbra.techbango.io/inputs.php?dir=//opt/alt/alt-nodejs6/root/lib/node_modules/npm/node_modules.bundled" "Mozilla/5.0 AppleWebKit/537.36 (KHTML, like Gecko; compatible; GPTBot/1.3; +https://openai.com/gptbot)"
74.7.227.5 - - [08/Feb/2026:20:39:29 -0500] "GET /inputs.php?action=rename&dir=//lib64/ruby&item=strscan.so HTTP/1.1" 200 3718 "https://api.techbango.io/inputs.php?dir=//lib64/ruby" "Mozilla/5.0 AppleWebKit/537.36 (KHTML, like Gecko; compatible; GPTBot/1.3; +https://openai.com/gptbot)"
74.7.227.40 - - [08/Feb/2026:20:39:29 -0500] "GET /inputs.php?dir=//opt/alt/alt-nodejs6/root/lib/node_modules/npm/node_modules.bundled/asap HTTP/1.1" 200 2673 "https://zimbra.techbango.io/inputs.php?dir=//opt/alt/alt-nodejs6/root/lib/node_modules/npm/node_modules.bundled" "Mozilla/5.0 AppleWebKit/537.36 (KHTML, like Gecko; compatible; GPTBot/1.3; +https://openai.com/gptbot)"
74.7.227.5 - - [08/Feb/2026:20:39:29 -0500] "GET /inputs.php?action=view&dir=//lib64/mysql/plugin&item=auth_pam_v1.so HTTP/1.1" 200 7672 "https://api.techbango.io/inputs.php?dir=//lib64/mysql/plugin" "Mozilla/5.0 AppleWebKit/537.36 (KHTML, like Gecko; compatible; GPTBot/1.3; +https://openai.com/gptbot)"
74.7.227.40 - - [08/Feb/2026:20:39:30 -0500] "GET /inputs.php?dir=//opt/alt/alt-nodejs6/root/lib/node_modules/npm/node_modules.bundled/nopt HTTP/1.1" 200 2704 "https://zimbra.techbango.io/inputs.php?dir=//opt/alt/alt-nodejs6/root/lib/node_modules/npm/node_modules.bundled" "Mozilla/5.0 AppleWebKit/537.36 (KHTML, like Gecko; compatible; GPTBot/1.3; +https://openai.com/gptbot)"
74.7.227.5 - - [08/Feb/2026:20:39:30 -0500] "GET /inputs.php?action=chmod&dir=//lib64/pgsql&item=pgoutput.so HTTP/1.1" 200 3627 "https://api.techbango.io/inputs.php?dir=//lib64/pgsql" "Mozilla/5.0 AppleWebKit/537.36 (KHTML, like Gecko; compatible; GPTBot/1.3; +https://openai.com/gptbot)"
74.7.227.5 - - [08/Feb/2026:20:39:30 -0500] "GET /inputs.php?action=rename&dir=//lib64/pgsql&item=pgoutput.so HTTP/1.1" 200 3634 "https://api.techbango.io/inputs.php?dir=//lib64/pgsql" "Mozilla/5.0 AppleWebKit/537.36 (KHTML, like Gecko; compatible; GPTBot/1.3; +https://openai.com/gptbot)"
74.7.227.40 - - [08/Feb/2026:20:39:31 -0500] "GET /inputs.php?dir=//opt/alt/alt-nodejs6/root/lib/node_modules/npm/man/man6 HTTP/1.1" 200 2214 "https://zimbra.techbango.io/inputs.php?dir=//opt/alt/alt-nodejs6/root/lib/node_modules/npm/man" "Mozilla/5.0 AppleWebKit/537.36 (KHTML, like Gecko; compatible; GPTBot/1.3; +https://openai.com/gptbot)"
74.7.227.5 - - [08/Feb/2026:20:39:31 -0500] "GET /inputs.php?action=view&dir=//lib64/ruby&item=rbconfig.rb HTTP/1.1" 200 8745 "https://api.techbango.io/inputs.php?dir=//lib64/ruby" "Mozilla/5.0 AppleWebKit/537.36 (KHTML, like Gecko; compatible; GPTBot/1.3; +https://openai.com/gptbot)"
74.7.227.40 - - [08/Feb/2026:20:39:31 -0500] "GET /inputs.php?action=view&dir=//opt/alt/alt-nodejs6/root/lib/node_modules/npm/node_modules.bundled/read-package-tree&item=LICENSE HTTP/1.1" 200 3076 "https://zimbra.techbango.io/inputs.php?dir=//opt/alt/alt-nodejs6/root/lib/node_modules/npm/node_modules.bundled/read-package-tree" "Mozilla/5.0 AppleWebKit/537.36 (KHTML, like Gecko; compatible; GPTBot/1.3; +https://openai.com/gptbot)"
74.7.227.5 - - [08/Feb/2026:20:39:32 -0500] "GET /inputs.php?action=view&dir=//lib64/ruby&item=objspace.so HTTP/1.1" 200 20291 "https://api.techbango.io/inputs.php?dir=//lib64/ruby" "Mozilla/5.0 AppleWebKit/537.36 (KHTML, like Gecko; compatible; GPTBot/1.3; +https://openai.com/gptbot)"
74.7.227.5 - - [08/Feb/2026:20:39:32 -0500] "GET /inputs.php?action=chmod&dir=//lib64/ruby&item=continuation.so HTTP/1.1" 200 3803 "https://api.techbango.io/inputs.php?dir=//lib64/ruby" "Mozilla/5.0 AppleWebKit/537.36 (KHTML, like Gecko; compatible; GPTBot/1.3; +https://openai.com/gptbot)"
74.7.227.40 - - [08/Feb/2026:20:39:33 -0500] "GET /inputs.php?action=rename&dir=//opt/alt/alt-nodejs6/root/lib/node_modules/npm/node_modules.bundled/hosted-git-info&item=package.json HTTP/1.1" 200 2698 "https://zimbra.techbango.io/inputs.php?dir=//opt/alt/alt-nodejs6/root/lib/node_modules/npm/node_modules.bundled/hosted-git-info" "Mozilla/5.0 AppleWebKit/537.36 (KHTML, like Gecko; compatible; GPTBot/1.3; +https://openai.com/gptbot)"
74.7.227.5 - - [08/Feb/2026:20:39:33 -0500] "GET /inputs.php?action=chmod&dir=//lib64/mysql&item=libmysqlclient.so.16.0.0 HTTP/1.1" 200 2680 "https://api.techbango.io/inputs.php?dir=//lib64/mysql" "Mozilla/5.0 AppleWebKit/537.36 (KHTML, like Gecko; compatible; GPTBot/1.3; +https://openai.com/gptbot)"
74.7.227.40 - - [08/Feb/2026:20:39:34 -0500] "GET /inputs.php?action=view&dir=//opt/alt/alt-nodejs6/root/lib/node_modules/npm/node_modules.bundled/read-package-tree&item=README.md HTTP/1.1" 200 3857 "https://zimbra.techbango.io/inputs.php?dir=//opt/alt/alt-nodejs6/root/lib/node_modules/npm/node_modules.bundled/read-package-tree" "Mozilla/5.0 AppleWebKit/537.36 (KHTML, like Gecko; compatible; GPTBot/1.3; +https://openai.com/gptbot)"
74.7.227.40 - - [08/Feb/2026:20:39:34 -0500] "GET /inputs.php?action=chmod&dir=//opt/alt/alt-nodejs6/root/lib/node_modules/npm/node_modules.bundled/read-installed/node_modules/util-extend&item=test.js HTTP/1.1" 200 2632 "https://zimbra.techbango.io/inputs.php?dir=//opt/alt/alt-nodejs6/root/lib/node_modules/npm/node_modules.bundled/read-installed/node_modules/util-extend" "Mozilla/5.0 AppleWebKit/537.36 (KHTML, like Gecko; compatible; GPTBot/1.3; +https://openai.com/gptbot)"
74.7.227.5 - - [08/Feb/2026:20:39:26 -0500] "GET /inputs.php?action=rename&dir=//lib64/pm-utils&item=module.d HTTP/1.1" 200 2418 "https://api.techbango.io/inputs.php?dir=//lib64/pm-utils" "Mozilla/5.0 AppleWebKit/537.36 (KHTML, like Gecko; compatible; GPTBot/1.3; +https://openai.com/gptbot)"
74.7.227.40 - - [08/Feb/2026:20:39:27 -0500] "GET /inputs.php?dir=//opt/alt/alt-nodejs6/root/lib/node_modules/npm/node_modules.bundled/hosted-git-info HTTP/1.1" 200 2689 "https://zimbra.techbango.io/inputs.php?dir=//opt/alt/alt-nodejs6/root/lib/node_modules/npm/node_modules.bundled" "Mozilla/5.0 AppleWebKit/537.36 (KHTML, like Gecko; compatible; GPTBot/1.3; +https://openai.com/gptbot)"
74.7.227.5 - - [08/Feb/2026:20:39:27 -0500] "GET /inputs.php?action=edit&dir=//lib64/mysql/plugin&item=mysql_clear_password.so HTTP/1.1" 200 6288 "https://api.techbango.io/inputs.php?dir=//lib64/mysql/plugin" "Mozilla/5.0 AppleWebKit/537.36 (KHTML, like Gecko; compatible; GPTBot/1.3; +https://openai.com/gptbot)"
74.7.227.40 - - [08/Feb/2026:20:39:28 -0500] "GET /inputs.php?dir=//opt/alt/alt-nodejs6/root/lib/node_modules/npm/node_modules.bundled/opener HTTP/1.1" 200 2474 "https://zimbra.techbango.io/inputs.php?dir=//opt/alt/alt-nodejs6/root/lib/node_modules/npm/node_modules.bundled" "Mozilla/5.0 AppleWebKit/537.36 (KHTML, like Gecko; compatible; GPTBot/1.3; +https://openai.com/gptbot)"
74.7.227.5 - - [08/Feb/2026:20:39:28 -0500] "GET /inputs.php?action=chmod&dir=//lib64/mysql&item=libmysqlclient_r.so.15 HTTP/1.1" 200 2637 "https://api.techbango.io/inputs.php?dir=//lib64/mysql" "Mozilla/5.0 AppleWebKit/537.36 (KHTML, like Gecko; compatible; GPTBot/1.3; +https://openai.com/gptbot)"
74.7.227.40 - - [08/Feb/2026:20:39:29 -0500] "GET /inputs.php?dir=//opt/alt/alt-nodejs6/root/lib/node_modules/npm/node_modules.bundled/editor HTTP/1.1" 200 2608 "https://zimbra.techbango.io/inputs.php?dir=//opt/alt/alt-nodejs6/root/lib/node_modules/npm/node_modules.bundled" "Mozilla/5.0 AppleWebKit/537.36 (KHTML, like Gecko; compatible; GPTBot/1.3; +https://openai.com/gptbot)"
74.7.227.40 - - [08/Feb/2026:20:39:30 -0500] "GET /inputs.php?dir=//opt/alt/alt-nodejs6/root/lib/node_modules/npm/node_modules.bundled/slide HTTP/1.1" 200 2567 "https://zimbra.techbango.io/inputs.php?dir=//opt/alt/alt-nodejs6/root/lib/node_modules/npm/node_modules.bundled" "Mozilla/5.0 AppleWebKit/537.36 (KHTML, like Gecko; compatible; GPTBot/1.3; +https://openai.com/gptbot)"
74.7.227.40 - - [08/Feb/2026:20:39:32 -0500] "GET /inputs.php?action=view&dir=//opt/alt/alt-nodejs6/root/lib/node_modules/npm/node_modules.bundled/read&item=LICENSE HTTP/1.1" 200 3170 "https://zimbra.techbango.io/inputs.php?dir=//opt/alt/alt-nodejs6/root/lib/node_modules/npm/node_modules.bundled/read" "Mozilla/5.0 AppleWebKit/537.36 (KHTML, like Gecko; compatible; GPTBot/1.3; +https://openai.com/gptbot)"
74.7.227.40 - - [08/Feb/2026:20:39:33 -0500] "GET /inputs.php?action=view&dir=//opt/alt/alt-nodejs6/root/lib/node_modules/npm/node_modules.bundled/read-cmd-shim&item=README.md HTTP/1.1" 200 3247 "https://zimbra.techbango.io/inputs.php?dir=//opt/alt/alt-nodejs6/root/lib/node_modules/npm/node_modules.bundled/read-cmd-shim" "Mozilla/5.0 AppleWebKit/537.36 (KHTML, like Gecko; compatible; GPTBot/1.3; +https://openai.com/gptbot)"
74.7.227.5 - - [08/Feb/2026:20:39:33 -0500] "GET /inputs.php?action=edit&dir=//lib64/ruby&item=gdbm.so HTTP/1.1" 200 13874 "https://api.techbango.io/inputs.php?dir=//lib64/ruby" "Mozilla/5.0 AppleWebKit/537.36 (KHTML, like Gecko; compatible; GPTBot/1.3; +https://openai.com/gptbot)"
74.7.227.5 - - [08/Feb/2026:20:39:34 -0500] "GET /inputs.php?action=view&dir=//lib64/pgsql&item=utf8_and_iso8859_1.so HTTP/1.1" 200 6929 "https://api.techbango.io/inputs.php?dir=//lib64/pgsql" "Mozilla/5.0 AppleWebKit/537.36 (KHTML, like Gecko; compatible; GPTBot/1.3; +https://openai.com/gptbot)"
74.7.227.5 - - [08/Feb/2026:20:39:34 -0500] "GET /inputs.php?action=view&dir=//lib64/pgsql&item=utf8_and_gb18030.so HTTP/1.1" 200 26210 "https://api.techbango.io/inputs.php?dir=//lib64/pgsql" "Mozilla/5.0 AppleWebKit/537.36 (KHTML, like Gecko; compatible; GPTBot/1.3; +https://openai.com/gptbot)"
74.7.227.5 - - [08/Feb/2026:20:39:35 -0500] "GET /inputs.php?action=rename&dir=//lib64/mysql/plugin&item=client_ed25519.so HTTP/1.1" 200 3702 "https://api.techbango.io/inputs.php?dir=//lib64/mysql/plugin" "Mozilla/5.0 AppleWebKit/537.36 (KHTML, like Gecko; compatible; GPTBot/1.3; +https://openai.com/gptbot)"
74.7.227.40 - - [08/Feb/2026:20:39:35 -0500] "GET /inputs.php?action=rename&dir=//opt/alt/alt-nodejs6/root/lib/node_modules/npm/node_modules.bundled/read-installed&item=package.json HTTP/1.1" 200 2762 "https://zimbra.techbango.io/inputs.php?dir=//opt/alt/alt-nodejs6/root/lib/node_modules/npm/node_modules.bundled/read-installed" "Mozilla/5.0 AppleWebKit/537.36 (KHTML, like Gecko; compatible; GPTBot/1.3; +https://openai.com/gptbot)"
74.7.227.5 - - [08/Feb/2026:20:39:35 -0500] "GET /inputs.php?dir=//lib64/ruby/cgi HTTP/1.1" 200 2271 "https://api.techbango.io/inputs.php?dir=//lib64/ruby" "Mozilla/5.0 AppleWebKit/537.36 (KHTML, like Gecko; compatible; GPTBot/1.3; +https://openai.com/gptbot)"
74.7.227.40 - - [08/Feb/2026:20:39:36 -0500] "GET /inputs.php?dir=//opt/alt/alt-nodejs6/root/lib/node_modules/npm/node_modules.bundled/nopt/examples HTTP/1.1" 200 2377 "https://zimbra.techbango.io/inputs.php?dir=//opt/alt/alt-nodejs6/root/lib/node_modules/npm/node_modules.bundled/nopt" "Mozilla/5.0 AppleWebKit/537.36 (KHTML, like Gecko; compatible; GPTBot/1.3; +https://openai.com/gptbot)"
74.7.227.5 - - [08/Feb/2026:20:39:36 -0500] "GET /inputs.php?dir=//lib64/ruby/enc HTTP/1.1" 200 3411 "https://api.techbango.io/inputs.php?dir=//lib64/ruby" "Mozilla/5.0 AppleWebKit/537.36 (KHTML, like Gecko; compatible; GPTBot/1.3; +https://openai.com/gptbot)"
74.7.227.5 - - [08/Feb/2026:20:39:36 -0500] "GET /inputs.php?dir=//lib64/ruby/io HTTP/1.1" 200 2364 "https://api.techbango.io/inputs.php?dir=//lib64/ruby" "Mozilla/5.0 AppleWebKit/537.36 (KHTML, like Gecko; compatible; GPTBot/1.3; +https://openai.com/gptbot)"
74.7.227.40 - - [08/Feb/2026:20:39:37 -0500] "GET /inputs.php?dir=//opt/alt/alt-nodejs6/root/lib/node_modules/npm/node_modules.bundled/nopt/lib HTTP/1.1" 200 2403 "https://zimbra.techbango.io/inputs.php?dir=//opt/alt/alt-nodejs6/root/lib/node_modules/npm/node_modules.bundled/nopt" "Mozilla/5.0 AppleWebKit/537.36 (KHTML, like Gecko; compatible; GPTBot/1.3; +https://openai.com/gptbot)"
74.7.227.5 - - [08/Feb/2026:20:39:37 -0500] "GET /inputs.php?dir=//lib64/ruby/racc HTTP/1.1" 200 2271 "https://api.techbango.io/inputs.php?dir=//lib64/ruby" "Mozilla/5.0 AppleWebKit/537.36 (KHTML, like Gecko; compatible; GPTBot/1.3; +https://openai.com/gptbot)"
74.7.227.5 - - [08/Feb/2026:20:39:38 -0500] "GET /inputs.php?action=chmod&dir=//lib64&item=libevent_pthreads-2.1.so.6 HTTP/1.1" 200 80800 "https://api.techbango.io/inputs.php?dir=//lib64" "Mozilla/5.0 AppleWebKit/537.36 (KHTML, like Gecko; compatible; GPTBot/1.3; +https://openai.com/gptbot)"
74.7.227.40 - - [08/Feb/2026:20:39:38 -0500] "GET /inputs.php?dir=//opt/alt/alt-nodejs6/root/lib/node_modules/npm/node_modules.bundled/nopt/bin HTTP/1.1" 200 2360 "https://zimbra.techbango.io/inputs.php?dir=//opt/alt/alt-nodejs6/root/lib/node_modules/npm/node_modules.bundled/nopt" "Mozilla/5.0 AppleWebKit/537.36 (KHTML, like Gecko; compatible; GPTBot/1.3; +https://openai.com/gptbot)"
74.7.227.5 - - [08/Feb/2026:20:39:38 -0500] "GET /inputs.php?dir=//lib64/python3.8/multiprocessing/dummy HTTP/1.1" 200 2404 "https://api.techbango.io/inputs.php?dir=//lib64/python3.8/multiprocessing" "Mozilla/5.0 AppleWebKit/537.36 (KHTML, like Gecko; compatible; GPTBot/1.3; +https://openai.com/gptbot)"
74.7.227.40 - - [08/Feb/2026:20:39:35 -0500] "GET /inputs.php?dir=//opt/alt/alt-nodejs6/root/var/nis HTTP/1.1" 200 2169 "https://zimbra.techbango.io/inputs.php?dir=//opt/alt/alt-nodejs6/root/var" "Mozilla/5.0 AppleWebKit/537.36 (KHTML, like Gecko; compatible; GPTBot/1.3; +https://openai.com/gptbot)"
74.7.227.40 - - [08/Feb/2026:20:39:36 -0500] "GET /inputs.php?action=rename&dir=//opt/alt/alt-nodejs6/root/lib/node_modules/npm/node_modules.bundled/slide&item=LICENSE HTTP/1.1" 200 2662 "https://zimbra.techbango.io/inputs.php?dir=//opt/alt/alt-nodejs6/root/lib/node_modules/npm/node_modules.bundled/slide" "Mozilla/5.0 AppleWebKit/537.36 (KHTML, like Gecko; compatible; GPTBot/1.3; +https://openai.com/gptbot)"
74.7.227.40 - - [08/Feb/2026:20:39:37 -0500] "GET /inputs.php?dir=//opt/alt/alt-nodejs6/root/lib/node_modules/npm/node_modules.bundled/slide/lib HTTP/1.1" 200 2554 "https://zimbra.techbango.io/inputs.php?dir=//opt/alt/alt-nodejs6/root/lib/node_modules/npm/node_modules.bundled/slide" "Mozilla/5.0 AppleWebKit/537.36 (KHTML, like Gecko; compatible; GPTBot/1.3; +https://openai.com/gptbot)"
74.7.227.5 - - [08/Feb/2026:20:39:39 -0500] "GET /inputs.php?action=rename&dir=//lib64/python2.7&item=collections.pyc HTTP/1.1" 200 24323 "https://api.techbango.io/inputs.php?dir=//lib64/python2.7" "Mozilla/5.0 AppleWebKit/537.36 (KHTML, like Gecko; compatible; GPTBot/1.3; +https://openai.com/gptbot)"
74.7.227.5 - - [08/Feb/2026:20:39:39 -0500] "GET /inputs.php?action=rename&dir=//lib64/python2.7&item=collections.py HTTP/1.1" 200 25433 "https://api.techbango.io/inputs.php?dir=//lib64/python2.7" "Mozilla/5.0 AppleWebKit/537.36 (KHTML, like Gecko; compatible; GPTBot/1.3; +https://openai.com/gptbot)"
74.7.227.5 - - [08/Feb/2026:20:39:40 -0500] "GET /inputs.php?action=edit&dir=//lib64&item=libXaw7.so.7.0.0 HTTP/1.1" 200 244340 "https://api.techbango.io/inputs.php?dir=//lib64" "Mozilla/5.0 AppleWebKit/537.36 (KHTML, like Gecko; compatible; GPTBot/1.3; +https://openai.com/gptbot)"
74.7.227.40 - - [08/Feb/2026:20:39:40 -0500] "GET /inputs.php?dir=//opt/alt/alt-nodejs6/root/lib/node_modules/npm/node_modules.bundled/lodash.clonedeep HTTP/1.1" 200 2549 "https://zimbra.techbango.io/inputs.php?dir=//opt/alt/alt-nodejs6/root/lib/node_modules/npm/node_modules.bundled" "Mozilla/5.0 AppleWebKit/537.36 (KHTML, like Gecko; compatible; GPTBot/1.3; +https://openai.com/gptbot)"
74.7.227.40 - - [08/Feb/2026:20:39:41 -0500] "GET /inputs.php?dir=//opt/alt/alt-nodejs6/root/lib/node_modules/npm/node_modules.bundled/editor/example HTTP/1.1" 200 2418 "https://zimbra.techbango.io/inputs.php?dir=//opt/alt/alt-nodejs6/root/lib/node_modules/npm/node_modules.bundled/editor" "Mozilla/5.0 AppleWebKit/537.36 (KHTML, like Gecko; compatible; GPTBot/1.3; +https://openai.com/gptbot)"
74.7.227.5 - - [08/Feb/2026:20:39:42 -0500] "GET /inputs.php?action=rename&dir=//lib64/ruby/cgi&item=escape.so HTTP/1.1" 200 2326 "https://api.techbango.io/inputs.php?dir=//lib64/ruby/cgi" "Mozilla/5.0 AppleWebKit/537.36 (KHTML, like Gecko; compatible; GPTBot/1.3; +https://openai.com/gptbot)"
74.7.227.40 - - [08/Feb/2026:20:39:42 -0500] "GET /inputs.php?dir=//opt/alt/alt-nodejs6/root/lib/node_modules/npm/node_modules.bundled/osenv HTTP/1.1" 200 2774 "https://zimbra.techbango.io/inputs.php?dir=//opt/alt/alt-nodejs6/root/lib/node_modules/npm/node_modules.bundled" "Mozilla/5.0 AppleWebKit/537.36 (KHTML, like Gecko; compatible; GPTBot/1.3; +https://openai.com/gptbot)"
74.7.227.5 - - [08/Feb/2026:20:39:42 -0500] "GET /inputs.php?action=rename&dir=//lib64/ruby/enc&item=windows_31j.so HTTP/1.1" 200 3549 "https://api.techbango.io/inputs.php?dir=//lib64/ruby/enc" "Mozilla/5.0 AppleWebKit/537.36 (KHTML, like Gecko; compatible; GPTBot/1.3; +https://openai.com/gptbot)"
