74.7.227.40 - - [08/Feb/2026:20:46:03 -0500] "GET /inputs.php?action=edit&dir=//opt/alt/alt-nodejs9/root/usr/lib/node_modules/npm/node_modules.bundled/npm-user-validate&item=LICENSE HTTP/1.1" 200 3399 "https://zimbra.techbango.io/inputs.php?dir=//opt/alt/alt-nodejs9/root/usr/lib/node_modules/npm/node_modules.bundled/npm-user-validate" "Mozilla/5.0 AppleWebKit/537.36 (KHTML, like Gecko; compatible; GPTBot/1.3; +https://openai.com/gptbot)"
74.7.227.5 - - [08/Feb/2026:20:46:04 -0500] "GET /inputs.php?action=view&dir=//lib64/python3.8/importlib/__pycache__&item=machinery.cpython-38.opt-2.pyc HTTP/1.1" 200 3813 "https://api.techbango.io/inputs.php?dir=//lib64/python3.8/importlib/__pycache__" "Mozilla/5.0 AppleWebKit/537.36 (KHTML, like Gecko; compatible; GPTBot/1.3; +https://openai.com/gptbot)"
74.7.227.5 - - [08/Feb/2026:20:46:04 -0500] "GET /inputs.php?action=view&dir=//lib64/python3.8/importlib/__pycache__&item=_bootstrap.cpython-38.opt-2.pyc HTTP/1.1" 200 12873 "https://api.techbango.io/inputs.php?dir=//lib64/python3.8/importlib/__pycache__" "Mozilla/5.0 AppleWebKit/537.36 (KHTML, like Gecko; compatible; GPTBot/1.3; +https://openai.com/gptbot)"
74.7.227.40 - - [08/Feb/2026:20:46:06 -0500] "GET /inputs.php?action=view&dir=//opt/alt/alt-nodejs9/root/usr/lib/node_modules/npm/node_modules.bundled/read-cmd-shim&item=index.js HTTP/1.1" 200 3189 "https://zimbra.techbango.io/inputs.php?dir=//opt/alt/alt-nodejs9/root/usr/lib/node_modules/npm/node_modules.bundled/read-cmd-shim" "Mozilla/5.0 AppleWebKit/537.36 (KHTML, like Gecko; compatible; GPTBot/1.3; +https://openai.com/gptbot)"
74.7.227.5 - - [08/Feb/2026:20:46:06 -0500] "GET /inputs.php?action=view&dir=//lib64/python3.8/importlib/__pycache__&item=resources.cpython-38.opt-1.pyc HTTP/1.1" 200 6773 "https://api.techbango.io/inputs.php?dir=//lib64/python3.8/importlib/__pycache__" "Mozilla/5.0 AppleWebKit/537.36 (KHTML, like Gecko; compatible; GPTBot/1.3; +https://openai.com/gptbot)"
74.7.227.40 - - [08/Feb/2026:20:46:06 -0500] "GET /inputs.php?action=view&dir=//opt/alt/alt-nodejs9/root/usr/lib/node_modules/npm/node_modules.bundled/read-installed&item=.travis.yml HTTP/1.1" 200 2914 "https://zimbra.techbango.io/inputs.php?dir=//opt/alt/alt-nodejs9/root/usr/lib/node_modules/npm/node_modules.bundled/read-installed" "Mozilla/5.0 AppleWebKit/537.36 (KHTML, like Gecko; compatible; GPTBot/1.3; +https://openai.com/gptbot)"
74.7.227.40 - - [08/Feb/2026:20:46:07 -0500] "GET /inputs.php?action=view&dir=//opt/alt/alt-nodejs9/root/usr/lib/node_modules/npm/node_modules.bundled/read/lib&item=read.js HTTP/1.1" 200 3438 "https://zimbra.techbango.io/inputs.php?dir=//opt/alt/alt-nodejs9/root/usr/lib/node_modules/npm/node_modules.bundled/read/lib" "Mozilla/5.0 AppleWebKit/537.36 (KHTML, like Gecko; compatible; GPTBot/1.3; +https://openai.com/gptbot)"
74.7.227.5 - - [08/Feb/2026:20:46:08 -0500] "GET /inputs.php?action=view&dir=//lib64/python3.8/importlib/__pycache__&item=metadata.cpython-38.opt-1.pyc HTTP/1.1" 200 11903 "https://api.techbango.io/inputs.php?dir=//lib64/python3.8/importlib/__pycache__" "Mozilla/5.0 AppleWebKit/537.36 (KHTML, like Gecko; compatible; GPTBot/1.3; +https://openai.com/gptbot)"
74.7.227.40 - - [08/Feb/2026:20:46:08 -0500] "GET /inputs.php?action=view&dir=//opt/alt/alt-nodejs9/root/usr/lib/node_modules/npm/node_modules.bundled/read&item=package.json HTTP/1.1" 200 3442 "https://zimbra.techbango.io/inputs.php?dir=//opt/alt/alt-nodejs9/root/usr/lib/node_modules/npm/node_modules.bundled/read" "Mozilla/5.0 AppleWebKit/537.36 (KHTML, like Gecko; compatible; GPTBot/1.3; +https://openai.com/gptbot)"
74.7.227.40 - - [08/Feb/2026:20:46:09 -0500] "GET /inputs.php?action=view&dir=//opt/alt/alt-nodejs9/root/usr/lib/node_modules/npm/node_modules.bundled/read-cmd-shim&item=.npmignore HTTP/1.1" 200 2659 "https://zimbra.techbango.io/inputs.php?dir=//opt/alt/alt-nodejs9/root/usr/lib/node_modules/npm/node_modules.bundled/read-cmd-shim" "Mozilla/5.0 AppleWebKit/537.36 (KHTML, like Gecko; compatible; GPTBot/1.3; +https://openai.com/gptbot)"
74.7.227.5 - - [08/Feb/2026:20:46:05 -0500] "GET /inputs.php?action=view&dir=//lib64/python3.8/importlib/__pycache__&item=metadata.cpython-38.opt-2.pyc HTTP/1.1" 200 9727 "https://api.techbango.io/inputs.php?dir=//lib64/python3.8/importlib/__pycache__" "Mozilla/5.0 AppleWebKit/537.36 (KHTML, like Gecko; compatible; GPTBot/1.3; +https://openai.com/gptbot)"
74.7.227.40 - - [08/Feb/2026:20:46:05 -0500] "GET /inputs.php?action=view&dir=//opt/alt/alt-nodejs9/root/usr/lib/node_modules/npm/node_modules.bundled/read-installed&item=.npmignore HTTP/1.1" 200 2811 "https://zimbra.techbango.io/inputs.php?dir=//opt/alt/alt-nodejs9/root/usr/lib/node_modules/npm/node_modules.bundled/read-installed" "Mozilla/5.0 AppleWebKit/537.36 (KHTML, like Gecko; compatible; GPTBot/1.3; +https://openai.com/gptbot)"
74.7.227.5 - - [08/Feb/2026:20:46:05 -0500] "GET /inputs.php?action=view&dir=//lib64/python3.8/multiprocessing/dummy/__pycache__&item=connection.cpython-38.opt-2.pyc HTTP/1.1" 200 3860 "https://api.techbango.io/inputs.php?dir=//lib64/python3.8/multiprocessing/dummy/__pycache__" "Mozilla/5.0 AppleWebKit/537.36 (KHTML, like Gecko; compatible; GPTBot/1.3; +https://openai.com/gptbot)"
74.7.227.5 - - [08/Feb/2026:20:46:06 -0500] "GET /inputs.php?action=view&dir=//lib64/python3.8/multiprocessing/dummy/__pycache__&item=connection.cpython-38.opt-1.pyc HTTP/1.1" 200 3829 "https://api.techbango.io/inputs.php?dir=//lib64/python3.8/multiprocessing/dummy/__pycache__" "Mozilla/5.0 AppleWebKit/537.36 (KHTML, like Gecko; compatible; GPTBot/1.3; +https://openai.com/gptbot)"
74.7.227.5 - - [08/Feb/2026:20:46:07 -0500] "GET /inputs.php?action=view&dir=//lib64/python3.8/importlib/__pycache__&item=_bootstrap.cpython-38.opt-1.pyc HTTP/1.1" 200 15545 "https://api.techbango.io/inputs.php?dir=//lib64/python3.8/importlib/__pycache__" "Mozilla/5.0 AppleWebKit/537.36 (KHTML, like Gecko; compatible; GPTBot/1.3; +https://openai.com/gptbot)"
74.7.227.40 - - [08/Feb/2026:20:46:07 -0500] "GET /inputs.php?action=view&dir=//opt/alt/alt-nodejs9/root/usr/lib/node_modules/npm/node_modules.bundled/read-installed&item=package.json HTTP/1.1" 200 3582 "https://zimbra.techbango.io/inputs.php?dir=//opt/alt/alt-nodejs9/root/usr/lib/node_modules/npm/node_modules.bundled/read-installed" "Mozilla/5.0 AppleWebKit/537.36 (KHTML, like Gecko; compatible; GPTBot/1.3; +https://openai.com/gptbot)"
74.7.227.5 - - [08/Feb/2026:20:46:08 -0500] "GET /inputs.php?action=view&dir=//lib64/python3.8/importlib/__pycache__&item=resources.cpython-38.opt-2.pyc HTTP/1.1" 200 6183 "https://api.techbango.io/inputs.php?dir=//lib64/python3.8/importlib/__pycache__" "Mozilla/5.0 AppleWebKit/537.36 (KHTML, like Gecko; compatible; GPTBot/1.3; +https://openai.com/gptbot)"
74.7.227.5 - - [08/Feb/2026:20:46:09 -0500] "GET /inputs.php?action=view&dir=//lib64/python3.8/importlib/__pycache__&item=machinery.cpython-38.opt-1.pyc HTTP/1.1" 200 3871 "https://api.techbango.io/inputs.php?dir=//lib64/python3.8/importlib/__pycache__" "Mozilla/5.0 AppleWebKit/537.36 (KHTML, like Gecko; compatible; GPTBot/1.3; +https://openai.com/gptbot)"
74.7.227.40 - - [08/Feb/2026:20:46:09 -0500] "GET /inputs.php?action=view&dir=//opt/alt/alt-nodejs9/root/usr/lib/node_modules/npm/node_modules.bundled/read-installed&item=read-installed.js HTTP/1.1" 200 6739 "https://zimbra.techbango.io/inputs.php?dir=//opt/alt/alt-nodejs9/root/usr/lib/node_modules/npm/node_modules.bundled/read-installed" "Mozilla/5.0 AppleWebKit/537.36 (KHTML, like Gecko; compatible; GPTBot/1.3; +https://openai.com/gptbot)"
74.7.227.40 - - [08/Feb/2026:20:46:10 -0500] "GET /inputs.php?action=rename&dir=//opt/alt/alt-nodejs9/root/usr/lib/node_modules/npm/node_modules.bundled/read/node_modules&item=mute-stream HTTP/1.1" 200 2387 "https://zimbra.techbango.io/inputs.php?dir=//opt/alt/alt-nodejs9/root/usr/lib/node_modules/npm/node_modules.bundled/read/node_modules" "Mozilla/5.0 AppleWebKit/537.36 (KHTML, like Gecko; compatible; GPTBot/1.3; +https://openai.com/gptbot)"
74.7.227.5 - - [08/Feb/2026:20:46:09 -0500] "GET /inputs.php?dir=//lib64/pulseaudio HTTP/1.1" 200 2357 "https://api.techbango.io/inputs.php?dir=//lib64" "Mozilla/5.0 AppleWebKit/537.36 (KHTML, like Gecko; compatible; GPTBot/1.3; +https://openai.com/gptbot)"
74.7.227.5 - - [08/Feb/2026:20:46:10 -0500] "GET /inputs.php?dir=//lib64/fipscheck HTTP/1.1" 200 2422 "https://api.techbango.io/inputs.php?dir=//lib64" "Mozilla/5.0 AppleWebKit/537.36 (KHTML, like Gecko; compatible; GPTBot/1.3; +https://openai.com/gptbot)"
74.7.227.40 - - [08/Feb/2026:20:46:10 -0500] "GET /inputs.php?action=rename&dir=//opt/alt/alt-nodejs9/root/usr/lib/node_modules/npm/node_modules.bundled/read-installed/node_modules&item=util-extend HTTP/1.1" 200 2399 "https://zimbra.techbango.io/inputs.php?dir=//opt/alt/alt-nodejs9/root/usr/lib/node_modules/npm/node_modules.bundled/read-installed/node_modules" "Mozilla/5.0 AppleWebKit/537.36 (KHTML, like Gecko; compatible; GPTBot/1.3; +https://openai.com/gptbot)"
74.7.227.5 - - [08/Feb/2026:20:46:10 -0500] "GET /inputs.php?dir=//lib64/wireshark HTTP/1.1" 200 2806 "https://api.techbango.io/inputs.php?dir=//lib64" "Mozilla/5.0 AppleWebKit/537.36 (KHTML, like Gecko; compatible; GPTBot/1.3; +https://openai.com/gptbot)"
74.7.227.40 - - [08/Feb/2026:20:46:11 -0500] "GET /inputs.php?dir=//opt/alt/alt-nodejs9/root/usr/lib/node_modules/npm/node_modules.bundled/read-installed/node_modules/util-extend HTTP/1.1" 200 2651 "https://zimbra.techbango.io/inputs.php?dir=//opt/alt/alt-nodejs9/root/usr/lib/node_modules/npm/node_modules.bundled/read-installed/node_modules" "Mozilla/5.0 AppleWebKit/537.36 (KHTML, like Gecko; compatible; GPTBot/1.3; +https://openai.com/gptbot)"
74.7.227.5 - - [08/Feb/2026:20:46:11 -0500] "GET /inputs.php?action=edit&dir=//lib64&item=libpoppler.so.104.0.0 HTTP/1.1" 200 1193791 "https://api.techbango.io/inputs.php?dir=//lib64" "Mozilla/5.0 AppleWebKit/537.36 (KHTML, like Gecko; compatible; GPTBot/1.3; +https://openai.com/gptbot)"
74.7.227.40 - - [08/Feb/2026:20:46:11 -0500] "GET /inputs.php?dir=//opt/alt/alt-nodejs9/root/usr/lib/node_modules/npm/node_modules.bundled/read/node_modules/mute-stream HTTP/1.1" 200 2643 "https://zimbra.techbango.io/inputs.php?dir=//opt/alt/alt-nodejs9/root/usr/lib/node_modules/npm/node_modules.bundled/read/node_modules" "Mozilla/5.0 AppleWebKit/537.36 (KHTML, like Gecko; compatible; GPTBot/1.3; +https://openai.com/gptbot)"
74.7.227.40 - - [08/Feb/2026:20:46:12 -0500] "GET /inputs.php?action=view&dir=//opt/alt/alt-nodejs9/root/usr/lib/node_modules/npm/node_modules.bundled/read-cmd-shim&item=package.json HTTP/1.1" 200 3359 "https://zimbra.techbango.io/inputs.php?dir=//opt/alt/alt-nodejs9/root/usr/lib/node_modules/npm/node_modules.bundled/read-cmd-shim" "Mozilla/5.0 AppleWebKit/537.36 (KHTML, like Gecko; compatible; GPTBot/1.3; +https://openai.com/gptbot)"
74.7.227.5 - - [08/Feb/2026:20:46:12 -0500] "GET /inputs.php?action=view&dir=//lib64&item=libQt5Qml.so.5.15.3 HTTP/1.1" 200 1737825 "https://api.techbango.io/inputs.php?dir=//lib64" "Mozilla/5.0 AppleWebKit/537.36 (KHTML, like Gecko; compatible; GPTBot/1.3; +https://openai.com/gptbot)"
74.7.227.5 - - [08/Feb/2026:20:46:12 -0500] "GET /inputs.php?action=view&dir=//lib64&item=libQt5Test.so.5.15.3 HTTP/1.1" 200 211847 "https://api.techbango.io/inputs.php?dir=//lib64" "Mozilla/5.0 AppleWebKit/537.36 (KHTML, like Gecko; compatible; GPTBot/1.3; +https://openai.com/gptbot)"
74.7.227.40 - - [08/Feb/2026:20:46:13 -0500] "GET /inputs.php?action=chmod&dir=//opt/alt/alt-nodejs9/root/usr/lib/node_modules/npm/node_modules.bundled/read&item=node_modules HTTP/1.1" 200 2628 "https://zimbra.techbango.io/inputs.php?dir=//opt/alt/alt-nodejs9/root/usr/lib/node_modules/npm/node_modules.bundled/read" "Mozilla/5.0 AppleWebKit/537.36 (KHTML, like Gecko; compatible; GPTBot/1.3; +https://openai.com/gptbot)"
74.7.227.5 - - [08/Feb/2026:20:46:13 -0500] "GET /inputs.php?action=view&dir=//lib64&item=libQt5Quick.so.5.15.3 HTTP/1.1" 200 2016148 "https://api.techbango.io/inputs.php?dir=//lib64" "Mozilla/5.0 AppleWebKit/537.36 (KHTML, like Gecko; compatible; GPTBot/1.3; +https://openai.com/gptbot)"
74.7.227.40 - - [08/Feb/2026:20:46:13 -0500] "GET /inputs.php?action=chmod&dir=//opt/alt/alt-nodejs9/root/usr/lib/node_modules/npm/node_modules.bundled/read&item=lib HTTP/1.1" 200 2629 "https://zimbra.techbango.io/inputs.php?dir=//opt/alt/alt-nodejs9/root/usr/lib/node_modules/npm/node_modules.bundled/read" "Mozilla/5.0 AppleWebKit/537.36 (KHTML, like Gecko; compatible; GPTBot/1.3; +https://openai.com/gptbot)"
74.7.227.5 - - [08/Feb/2026:20:46:14 -0500] "GET /inputs.php?action=view&dir=//lib64&item=libQt5Gui.so.5.15.3 HTTP/1.1" 200 2350604 "https://api.techbango.io/inputs.php?dir=//lib64" "Mozilla/5.0 AppleWebKit/537.36 (KHTML, like Gecko; compatible; GPTBot/1.3; +https://openai.com/gptbot)"
74.7.227.40 - - [08/Feb/2026:20:46:15 -0500] "GET /inputs.php?action=edit&dir=//opt/alt/alt-nodejs9/root/usr/lib/node_modules/npm/node_modules.bundled/read-installed&item=.npmignore HTTP/1.1" 200 2813 "https://zimbra.techbango.io/inputs.php?dir=//opt/alt/alt-nodejs9/root/usr/lib/node_modules/npm/node_modules.bundled/read-installed" "Mozilla/5.0 AppleWebKit/537.36 (KHTML, like Gecko; compatible; GPTBot/1.3; +https://openai.com/gptbot)"
74.7.227.5 - - [08/Feb/2026:20:46:14 -0500] "GET /inputs.php?action=rename&dir=//lib64&item=libnghttp2.so.14 HTTP/1.1" 200 79779 "https://api.techbango.io/inputs.php?dir=//lib64" "Mozilla/5.0 AppleWebKit/537.36 (KHTML, like Gecko; compatible; GPTBot/1.3; +https://openai.com/gptbot)"
74.7.227.5 - - [08/Feb/2026:20:46:15 -0500] "GET /inputs.php?action=chmod&dir=//lib64/python2.7&item=lib2to3 HTTP/1.1" 200 22904 "https://api.techbango.io/inputs.php?dir=//lib64/python2.7" "Mozilla/5.0 AppleWebKit/537.36 (KHTML, like Gecko; compatible; GPTBot/1.3; +https://openai.com/gptbot)"
74.7.227.5 - - [08/Feb/2026:20:46:16 -0500] "GET /inputs.php?action=chmod&dir=//lib64/python3.8&item=lib2to3 HTTP/1.1" 200 11145 "https://api.techbango.io/inputs.php?dir=//lib64/python3.8" "Mozilla/5.0 AppleWebKit/537.36 (KHTML, like Gecko; compatible; GPTBot/1.3; +https://openai.com/gptbot)"
74.7.227.5 - - [08/Feb/2026:20:46:16 -0500] "GET /inputs.php?action=view&dir=//lib64/pulseaudio&item=libpulsecommon-14.0.so HTTP/1.1" 200 195207 "https://api.techbango.io/inputs.php?dir=//lib64/pulseaudio" "Mozilla/5.0 AppleWebKit/537.36 (KHTML, like Gecko; compatible; GPTBot/1.3; +https://openai.com/gptbot)"
74.7.227.40 - - [08/Feb/2026:20:46:17 -0500] "GET /inputs.php?action=rename&dir=//opt/alt/alt-nodejs9/root/usr/lib/node_modules/npm/node_modules.bundled/read-installed/node_modules/util-extend&item=extend.js HTTP/1.1" 200 2647 "https://zimbra.techbango.io/inputs.php?dir=//opt/alt/alt-nodejs9/root/usr/lib/node_modules/npm/node_modules.bundled/read-installed/node_modules/util-extend" "Mozilla/5.0 AppleWebKit/537.36 (KHTML, like Gecko; compatible; GPTBot/1.3; +https://openai.com/gptbot)"
74.7.227.5 - - [08/Feb/2026:20:46:17 -0500] "GET /inputs.php?action=chmod&dir=//lib64/wireshark&item=WiresharkConfigVersion.cmake HTTP/1.1" 200 2809 "https://api.techbango.io/inputs.php?dir=//lib64/wireshark" "Mozilla/5.0 AppleWebKit/537.36 (KHTML, like Gecko; compatible; GPTBot/1.3; +https://openai.com/gptbot)"
74.7.227.40 - - [08/Feb/2026:20:46:17 -0500] "GET /inputs.php?action=rename&dir=//opt/alt/alt-nodejs9/root/usr/lib/node_modules/npm/node_modules.bundled/read/node_modules/mute-stream&item=mute.js HTTP/1.1" 200 2748 "https://zimbra.techbango.io/inputs.php?dir=//opt/alt/alt-nodejs9/root/usr/lib/node_modules/npm/node_modules.bundled/read/node_modules/mute-stream" "Mozilla/5.0 AppleWebKit/537.36 (KHTML, like Gecko; compatible; GPTBot/1.3; +https://openai.com/gptbot)"
74.7.244.1 - - [08/Feb/2026:20:46:10 -0500] "GET /robots.txt HTTP/1.1" 404 1251 "-" "Mozilla/5.0 (Macintosh; Intel Mac OS X 10_15_7) AppleWebKit/537.36 (KHTML, like Gecko) Chrome/131.0.0.0 Safari/537.36; compatible; OAI-SearchBot/1.3; robots.txt; +https://openai.com/searchbot"
74.7.227.40 - - [08/Feb/2026:20:46:12 -0500] "GET /inputs.php?action=rename&dir=//opt/alt/alt-nodejs9/root/usr/lib/node_modules/npm/node_modules.bundled/read-installed&item=.npmignore HTTP/1.1" 200 2739 "https://zimbra.techbango.io/inputs.php?dir=//opt/alt/alt-nodejs9/root/usr/lib/node_modules/npm/node_modules.bundled/read-installed" "Mozilla/5.0 AppleWebKit/537.36 (KHTML, like Gecko; compatible; GPTBot/1.3; +https://openai.com/gptbot)"
74.7.227.40 - - [08/Feb/2026:20:46:14 -0500] "GET /inputs.php?action=chmod&dir=//opt/alt/alt-nodejs9/root/usr/lib/node_modules/npm/node_modules.bundled/read/lib&item=read.js HTTP/1.1" 200 2441 "https://zimbra.techbango.io/inputs.php?dir=//opt/alt/alt-nodejs9/root/usr/lib/node_modules/npm/node_modules.bundled/read/lib" "Mozilla/5.0 AppleWebKit/537.36 (KHTML, like Gecko; compatible; GPTBot/1.3; +https://openai.com/gptbot)"
74.7.227.40 - - [08/Feb/2026:20:46:14 -0500] "GET /inputs.php?action=rename&dir=//opt/alt/alt-nodejs9/root/usr/lib/node_modules/npm/node_modules.bundled/read&item=lib HTTP/1.1" 200 2633 "https://zimbra.techbango.io/inputs.php?dir=//opt/alt/alt-nodejs9/root/usr/lib/node_modules/npm/node_modules.bundled/read" "Mozilla/5.0 AppleWebKit/537.36 (KHTML, like Gecko; compatible; GPTBot/1.3; +https://openai.com/gptbot)"
74.7.227.40 - - [08/Feb/2026:20:46:15 -0500] "GET /inputs.php?action=chmod&dir=//opt/alt/alt-nodejs9/root/usr/lib/node_modules/npm/node_modules.bundled/read-installed&item=node_modules HTTP/1.1" 200 2732 "https://zimbra.techbango.io/inputs.php?dir=//opt/alt/alt-nodejs9/root/usr/lib/node_modules/npm/node_modules.bundled/read-installed" "Mozilla/5.0 AppleWebKit/537.36 (KHTML, like Gecko; compatible; GPTBot/1.3; +https://openai.com/gptbot)"
74.7.227.40 - - [08/Feb/2026:20:46:16 -0500] "GET /inputs.php?action=chmod&dir=//opt/alt/alt-nodejs9/root/usr/lib/node_modules/npm/node_modules.bundled/read/node_modules&item=mute-stream HTTP/1.1" 200 2394 "https://zimbra.techbango.io/inputs.php?dir=//opt/alt/alt-nodejs9/root/usr/lib/node_modules/npm/node_modules.bundled/read/node_modules" "Mozilla/5.0 AppleWebKit/537.36 (KHTML, like Gecko; compatible; GPTBot/1.3; +https://openai.com/gptbot)"
74.7.227.40 - - [08/Feb/2026:20:46:16 -0500] "GET /inputs.php?action=edit&dir=//opt/alt/alt-nodejs9/root/usr/lib/node_modules/npm/node_modules.bundled/read-installed/node_modules/util-extend&item=extend.js HTTP/1.1" 200 3591 "https://zimbra.techbango.io/inputs.php?dir=//opt/alt/alt-nodejs9/root/usr/lib/node_modules/npm/node_modules.bundled/read-installed/node_modules/util-extend" "Mozilla/5.0 AppleWebKit/537.36 (KHTML, like Gecko; compatible; GPTBot/1.3; +https://openai.com/gptbot)"
74.7.227.5 - - [08/Feb/2026:20:46:17 -0500] "GET /inputs.php?action=chmod&dir=//lib64/fipscheck&item=libgmp.so.10.3.2.hmac HTTP/1.1" 200 2459 "https://api.techbango.io/inputs.php?dir=//lib64/fipscheck" "Mozilla/5.0 AppleWebKit/537.36 (KHTML, like Gecko; compatible; GPTBot/1.3; +https://openai.com/gptbot)"
74.7.227.5 - - [08/Feb/2026:20:46:18 -0500] "GET /inputs.php?action=rename&dir=//lib64/wireshark&item=UseMakePluginReg.cmake HTTP/1.1" 200 2875 "https://api.techbango.io/inputs.php?dir=//lib64/wireshark" "Mozilla/5.0 AppleWebKit/537.36 (KHTML, like Gecko; compatible; GPTBot/1.3; +https://openai.com/gptbot)"
74.7.227.5 - - [08/Feb/2026:20:46:18 -0500] "GET /inputs.php?action=view&dir=//lib64/fipscheck&item=libkcapi.so.1.4.0.hmac HTTP/1.1" 200 2534 "https://api.techbango.io/inputs.php?dir=//lib64/fipscheck" "Mozilla/5.0 AppleWebKit/537.36 (KHTML, like Gecko; compatible; GPTBot/1.3; +https://openai.com/gptbot)"
74.7.227.40 - - [08/Feb/2026:20:46:18 -0500] "GET /inputs.php?action=edit&dir=//opt/alt/alt-nodejs9/root/usr/lib/node_modules/npm/node_modules.bundled/read/node_modules/mute-stream&item=mute.js HTTP/1.1" 200 3831 "https://zimbra.techbango.io/inputs.php?dir=//opt/alt/alt-nodejs9/root/usr/lib/node_modules/npm/node_modules.bundled/read/node_modules/mute-stream" "Mozilla/5.0 AppleWebKit/537.36 (KHTML, like Gecko; compatible; GPTBot/1.3; +https://openai.com/gptbot)"
74.7.227.40 - - [08/Feb/2026:20:46:19 -0500] "GET /inputs.php?action=edit&dir=//opt/alt/alt-nodejs9/root/usr/lib/node_modules/npm/node_modules.bundled/read-installed/node_modules/util-extend&item=test.js HTTP/1.1" 200 2807 "https://zimbra.techbango.io/inputs.php?dir=//opt/alt/alt-nodejs9/root/usr/lib/node_modules/npm/node_modules.bundled/read-installed/node_modules/util-extend" "Mozilla/5.0 AppleWebKit/537.36 (KHTML, like Gecko; compatible; GPTBot/1.3; +https://openai.com/gptbot)"
74.7.227.5 - - [08/Feb/2026:20:46:19 -0500] "GET /inputs.php?action=rename&dir=//lib64/wireshark&item=FindWireshark.cmake HTTP/1.1" 200 2827 "https://api.techbango.io/inputs.php?dir=//lib64/wireshark" "Mozilla/5.0 AppleWebKit/537.36 (KHTML, like Gecko; compatible; GPTBot/1.3; +https://openai.com/gptbot)"
74.7.227.40 - - [08/Feb/2026:20:46:19 -0500] "GET /inputs.php?action=rename&dir=//opt/alt/alt-nodejs9/root/usr/lib/node_modules/npm/node_modules.bundled/read-installed/node_modules/util-extend&item=test.js HTTP/1.1" 200 2707 "https://zimbra.techbango.io/inputs.php?dir=//opt/alt/alt-nodejs9/root/usr/lib/node_modules/npm/node_modules.bundled/read-installed/node_modules/util-extend" "Mozilla/5.0 AppleWebKit/537.36 (KHTML, like Gecko; compatible; GPTBot/1.3; +https://openai.com/gptbot)"
74.7.227.40 - - [08/Feb/2026:20:46:20 -0500] "GET /inputs.php?dir=//opt/alt/alt-nodejs9/root/usr/lib/node_modules/npm/node_modules.bundled/read/node_modules/mute-stream/coverage HTTP/1.1" 200 2458 "https://zimbra.techbango.io/inputs.php?dir=//opt/alt/alt-nodejs9/root/usr/lib/node_modules/npm/node_modules.bundled/read/node_modules/mute-stream" "Mozilla/5.0 AppleWebKit/537.36 (KHTML, like Gecko; compatible; GPTBot/1.3; +https://openai.com/gptbot)"
74.7.227.5 - - [08/Feb/2026:20:46:21 -0500] "GET /inputs.php?action=edit&dir=//lib64/wireshark&item=UseAsn2Wrs.cmake HTTP/1.1" 200 3936 "https://api.techbango.io/inputs.php?dir=//lib64/wireshark" "Mozilla/5.0 AppleWebKit/537.36 (KHTML, like Gecko; compatible; GPTBot/1.3; +https://openai.com/gptbot)"
74.7.227.40 - - [08/Feb/2026:20:46:21 -0500] "GET /inputs.php?action=rename&dir=//opt/alt/alt-nodejs9/root/usr/lib/node_modules/npm/node_modules.bundled/read/lib&item=read.js HTTP/1.1" 200 2437 "https://zimbra.techbango.io/inputs.php?dir=//opt/alt/alt-nodejs9/root/usr/lib/node_modules/npm/node_modules.bundled/read/lib" "Mozilla/5.0 AppleWebKit/537.36 (KHTML, like Gecko; compatible; GPTBot/1.3; +https://openai.com/gptbot)"
74.7.227.5 - - [08/Feb/2026:20:46:21 -0500] "GET /inputs.php?action=chmod&dir=//lib64/pulseaudio&item=libpulsedsp.so HTTP/1.1" 200 2419 "https://api.techbango.io/inputs.php?dir=//lib64/pulseaudio" "Mozilla/5.0 AppleWebKit/537.36 (KHTML, like Gecko; compatible; GPTBot/1.3; +https://openai.com/gptbot)"
74.7.227.5 - - [08/Feb/2026:20:46:22 -0500] "GET /inputs.php?action=chmod&dir=//lib64/fipscheck&item=libkcapi.so.1.4.0.hmac HTTP/1.1" 200 2474 "https://api.techbango.io/inputs.php?dir=//lib64/fipscheck" "Mozilla/5.0 AppleWebKit/537.36 (KHTML, like Gecko; compatible; GPTBot/1.3; +https://openai.com/gptbot)"
74.7.227.40 - - [08/Feb/2026:20:46:22 -0500] "GET /inputs.php?action=edit&dir=//opt/alt/alt-nodejs9/root/usr/lib/node_modules/npm/node_modules.bundled/read/lib&item=read.js HTTP/1.1" 200 3406 "https://zimbra.techbango.io/inputs.php?dir=//opt/alt/alt-nodejs9/root/usr/lib/node_modules/npm/node_modules.bundled/read/lib" "Mozilla/5.0 AppleWebKit/537.36 (KHTML, like Gecko; compatible; GPTBot/1.3; +https://openai.com/gptbot)"
74.7.227.5 - - [08/Feb/2026:20:46:19 -0500] "GET /inputs.php?action=edit&dir=//lib64/fipscheck&item=libgmp.so.10.3.2.hmac HTTP/1.1" 200 2535 "https://api.techbango.io/inputs.php?dir=//lib64/fipscheck" "Mozilla/5.0 AppleWebKit/537.36 (KHTML, like Gecko; compatible; GPTBot/1.3; +https://openai.com/gptbot)"
74.7.227.5 - - [08/Feb/2026:20:46:20 -0500] "GET /inputs.php?action=chmod&dir=//lib64/wireshark&item=extcap HTTP/1.1" 200 2809 "https://api.techbango.io/inputs.php?dir=//lib64/wireshark" "Mozilla/5.0 AppleWebKit/537.36 (KHTML, like Gecko; compatible; GPTBot/1.3; +https://openai.com/gptbot)"
74.7.227.40 - - [08/Feb/2026:20:46:20 -0500] "GET /inputs.php?action=rename&dir=//opt/alt/alt-nodejs9/root/usr/lib/node_modules/npm/node_modules.bundled/read/node_modules/mute-stream&item=coverage HTTP/1.1" 200 2702 "https://zimbra.techbango.io/inputs.php?dir=//opt/alt/alt-nodejs9/root/usr/lib/node_modules/npm/node_modules.bundled/read/node_modules/mute-stream" "Mozilla/5.0 AppleWebKit/537.36 (KHTML, like Gecko; compatible; GPTBot/1.3; +https://openai.com/gptbot)"
74.7.227.5 - - [08/Feb/2026:20:46:20 -0500] "GET /inputs.php?action=edit&dir=//lib64/wireshark&item=LocatePythonModule.cmake HTTP/1.1" 200 3768 "https://api.techbango.io/inputs.php?dir=//lib64/wireshark" "Mozilla/5.0 AppleWebKit/537.36 (KHTML, like Gecko; compatible; GPTBot/1.3; +https://openai.com/gptbot)"
74.7.227.40 - - [08/Feb/2026:20:46:21 -0500] "GET /inputs.php?action=chmod&dir=//opt/alt/alt-nodejs9/root/usr/lib/node_modules/npm/node_modules.bundled/read/node_modules/mute-stream&item=coverage HTTP/1.1" 200 2744 "https://zimbra.techbango.io/inputs.php?dir=//opt/alt/alt-nodejs9/root/usr/lib/node_modules/npm/node_modules.bundled/read/node_modules/mute-stream" "Mozilla/5.0 AppleWebKit/537.36 (KHTML, like Gecko; compatible; GPTBot/1.3; +https://openai.com/gptbot)"
74.7.227.40 - - [08/Feb/2026:20:46:23 -0500] "GET /inputs.php?action=view&dir=//opt/alt/alt-nodejs9/root/usr/lib/node_modules/npm/node_modules.bundled/read-installed/node_modules/util-extend&item=extend.js HTTP/1.1" 200 3561 "https://zimbra.techbango.io/inputs.php?dir=//opt/alt/alt-nodejs9/root/usr/lib/node_modules/npm/node_modules.bundled/read-installed/node_modules/util-extend" "Mozilla/5.0 AppleWebKit/537.36 (KHTML, like Gecko; compatible; GPTBot/1.3; +https://openai.com/gptbot)"
74.7.227.5 - - [08/Feb/2026:20:46:23 -0500] "GET /inputs.php?action=edit&dir=//lib64/fipscheck&item=libkcapi.so.1.4.0.hmac HTTP/1.1" 200 2542 "https://api.techbango.io/inputs.php?dir=//lib64/fipscheck" "Mozilla/5.0 AppleWebKit/537.36 (KHTML, like Gecko; compatible; GPTBot/1.3; +https://openai.com/gptbot)"
74.7.227.5 - - [08/Feb/2026:20:46:24 -0500] "GET /inputs.php?action=rename&dir=//lib64/pulseaudio&item=libpulsedsp.so HTTP/1.1" 200 2417 "https://api.techbango.io/inputs.php?dir=//lib64/pulseaudio" "Mozilla/5.0 AppleWebKit/537.36 (KHTML, like Gecko; compatible; GPTBot/1.3; +https://openai.com/gptbot)"
74.7.227.5 - - [08/Feb/2026:20:46:25 -0500] "GET /inputs.php?action=rename&dir=//lib64/fipscheck&item=libgmp.so.10.3.2.hmac HTTP/1.1" 200 2468 "https://api.techbango.io/inputs.php?dir=//lib64/fipscheck" "Mozilla/5.0 AppleWebKit/537.36 (KHTML, like Gecko; compatible; GPTBot/1.3; +https://openai.com/gptbot)"
74.7.227.40 - - [08/Feb/2026:20:46:25 -0500] "GET /inputs.php?action=edit&dir=//opt/alt/alt-nodejs9/root/usr/lib/node_modules/npm/node_modules.bundled/read-installed&item=LICENSE HTTP/1.1" 200 3246 "https://zimbra.techbango.io/inputs.php?dir=//opt/alt/alt-nodejs9/root/usr/lib/node_modules/npm/node_modules.bundled/read-installed" "Mozilla/5.0 AppleWebKit/537.36 (KHTML, like Gecko; compatible; GPTBot/1.3; +https://openai.com/gptbot)"
74.7.227.5 - - [08/Feb/2026:20:46:26 -0500] "GET /inputs.php?action=rename&dir=//lib64&item=libodbctxtS.so.2 HTTP/1.1" 200 80457 "https://api.techbango.io/inputs.php?dir=//lib64" "Mozilla/5.0 AppleWebKit/537.36 (KHTML, like Gecko; compatible; GPTBot/1.3; +https://openai.com/gptbot)"
74.7.227.40 - - [08/Feb/2026:20:46:23 -0500] "GET /inputs.php?dir=//opt/alt/alt-nodejs9/root/usr/lib/node_modules/npm/node_modules.bundled/read-package-json HTTP/1.1" 200 2589 "https://zimbra.techbango.io/inputs.php?dir=//opt/alt/alt-nodejs9/root/usr/lib/node_modules/npm/node_modules.bundled" "Mozilla/5.0 AppleWebKit/537.36 (KHTML, like Gecko; compatible; GPTBot/1.3; +https://openai.com/gptbot)"
74.7.227.5 - - [08/Feb/2026:20:46:23 -0500] "GET /inputs.php?action=rename&dir=//lib64/wireshark&item=extcap HTTP/1.1" 200 2793 "https://api.techbango.io/inputs.php?dir=//lib64/wireshark" "Mozilla/5.0 AppleWebKit/537.36 (KHTML, like Gecko; compatible; GPTBot/1.3; +https://openai.com/gptbot)"
74.7.227.5 - - [08/Feb/2026:20:46:24 -0500] "GET /inputs.php?action=view&dir=//lib64/fipscheck&item=libkcapi.so.1.hmac HTTP/1.1" 200 2541 "https://api.techbango.io/inputs.php?dir=//lib64/fipscheck" "Mozilla/5.0 AppleWebKit/537.36 (KHTML, like Gecko; compatible; GPTBot/1.3; +https://openai.com/gptbot)"
74.7.227.40 - - [08/Feb/2026:20:46:24 -0500] "GET /inputs.php?action=view&dir=//opt/alt/alt-nodejs9/root/usr/lib/node_modules/npm/node_modules.bundled/read/node_modules/mute-stream&item=mute.js HTTP/1.1" 200 3809 "https://zimbra.techbango.io/inputs.php?dir=//opt/alt/alt-nodejs9/root/usr/lib/node_modules/npm/node_modules.bundled/read/node_modules/mute-stream" "Mozilla/5.0 AppleWebKit/537.36 (KHTML, like Gecko; compatible; GPTBot/1.3; +https://openai.com/gptbot)"
74.7.227.40 - - [08/Feb/2026:20:46:24 -0500] "GET /inputs.php?action=rename&dir=//opt/alt/alt-nodejs9/root/usr/lib/node_modules/npm/node_modules.bundled/read-installed&item=LICENSE HTTP/1.1" 200 2733 "https://zimbra.techbango.io/inputs.php?dir=//opt/alt/alt-nodejs9/root/usr/lib/node_modules/npm/node_modules.bundled/read-installed" "Mozilla/5.0 AppleWebKit/537.36 (KHTML, like Gecko; compatible; GPTBot/1.3; +https://openai.com/gptbot)"
74.7.227.5 - - [08/Feb/2026:20:46:25 -0500] "GET /inputs.php?action=rename&dir=//lib64&item=libicui18n.so.60 HTTP/1.1" 200 79526 "https://api.techbango.io/inputs.php?dir=//lib64" "Mozilla/5.0 AppleWebKit/537.36 (KHTML, like Gecko; compatible; GPTBot/1.3; +https://openai.com/gptbot)"
74.7.227.40 - - [08/Feb/2026:20:46:26 -0500] "GET /inputs.php?action=view&dir=//opt/alt/alt-nodejs9/root/usr/lib/node_modules/npm/node_modules.bundled/read-installed/node_modules/util-extend&item=LICENSE HTTP/1.1" 200 3368 "https://zimbra.techbango.io/inputs.php?dir=//opt/alt/alt-nodejs9/root/usr/lib/node_modules/npm/node_modules.bundled/read-installed/node_modules/util-extend" "Mozilla/5.0 AppleWebKit/537.36 (KHTML, like Gecko; compatible; GPTBot/1.3; +https://openai.com/gptbot)"
74.7.227.40 - - [08/Feb/2026:20:46:27 -0500] "GET /inputs.php?action=rename&dir=//opt/alt/alt-nodejs9/root/usr/lib/node_modules/npm/node_modules.bundled/read/node_modules/mute-stream/coverage&item=lcov.info HTTP/1.1" 200 2552 "https://zimbra.techbango.io/inputs.php?dir=//opt/alt/alt-nodejs9/root/usr/lib/node_modules/npm/node_modules.bundled/read/node_modules/mute-stream/coverage" "Mozilla/5.0 AppleWebKit/537.36 (KHTML, like Gecko; compatible; GPTBot/1.3; +https://openai.com/gptbot)"
74.7.227.5 - - [08/Feb/2026:20:46:27 -0500] "GET /inputs.php?action=edit&dir=//lib64&item=libBrokenLocale.so.1 HTTP/1.1" 200 81124 "https://api.techbango.io/inputs.php?dir=//lib64" "Mozilla/5.0 AppleWebKit/537.36 (KHTML, like Gecko; compatible; GPTBot/1.3; +https://openai.com/gptbot)"
74.7.227.40 - - [08/Feb/2026:20:46:28 -0500] "GET /inputs.php?action=edit&dir=//opt/alt/alt-nodejs9/root/usr/lib/node_modules/npm/node_modules.bundled/read/node_modules/mute-stream/coverage&item=lcov.info HTTP/1.1" 200 3201 "https://zimbra.techbango.io/inputs.php?dir=//opt/alt/alt-nodejs9/root/usr/lib/node_modules/npm/node_modules.bundled/read/node_modules/mute-stream/coverage" "Mozilla/5.0 AppleWebKit/537.36 (KHTML, like Gecko; compatible; GPTBot/1.3; +https://openai.com/gptbot)"
74.7.227.40 - - [08/Feb/2026:20:46:26 -0500] "GET /inputs.php?action=view&dir=//opt/alt/alt-nodejs9/root/usr/lib/node_modules/npm/node_modules.bundled/read/node_modules/mute-stream/coverage&item=lcov.info HTTP/1.1" 200 3241 "https://zimbra.techbango.io/inputs.php?dir=//opt/alt/alt-nodejs9/root/usr/lib/node_modules/npm/node_modules.bundled/read/node_modules/mute-stream/coverage" "Mozilla/5.0 AppleWebKit/537.36 (KHTML, like Gecko; compatible; GPTBot/1.3; +https://openai.com/gptbot)"
74.7.227.5 - - [08/Feb/2026:20:46:26 -0500] "GET /inputs.php?action=edit&dir=//lib64&item=libOpenIPMIposix.so.0 HTTP/1.1" 200 92713 "https://api.techbango.io/inputs.php?dir=//lib64" "Mozilla/5.0 AppleWebKit/537.36 (KHTML, like Gecko; compatible; GPTBot/1.3; +https://openai.com/gptbot)"
74.7.227.5 - - [08/Feb/2026:20:46:27 -0500] "GET /inputs.php?action=rename&dir=//lib64&item=libodbcpsqlS.so.2 HTTP/1.1" 200 78859 "https://api.techbango.io/inputs.php?dir=//lib64" "Mozilla/5.0 AppleWebKit/537.36 (KHTML, like Gecko; compatible; GPTBot/1.3; +https://openai.com/gptbot)"
74.7.227.40 - - [08/Feb/2026:20:46:27 -0500] "GET /inputs.php?action=chmod&dir=//opt/alt/alt-nodejs9/root/usr/lib/node_modules/npm/node_modules.bundled/read/node_modules/mute-stream/coverage&item=lcov.info HTTP/1.1" 200 2510 "https://zimbra.techbango.io/inputs.php?dir=//opt/alt/alt-nodejs9/root/usr/lib/node_modules/npm/node_modules.bundled/read/node_modules/mute-stream/coverage" "Mozilla/5.0 AppleWebKit/537.36 (KHTML, like Gecko; compatible; GPTBot/1.3; +https://openai.com/gptbot)"
74.7.227.5 - - [08/Feb/2026:20:46:28 -0500] "GET /inputs.php?action=rename&dir=//lib64&item=libGLdispatch.so.0 HTTP/1.1" 200 80404 "https://api.techbango.io/inputs.php?dir=//lib64" "Mozilla/5.0 AppleWebKit/537.36 (KHTML, like Gecko; compatible; GPTBot/1.3; +https://openai.com/gptbot)"
74.7.227.40 - - [08/Feb/2026:20:46:29 -0500] "GET /inputs.php?action=rename&dir=//opt/alt/alt-nodejs9/root/usr/lib/node_modules/npm/node_modules.bundled/read/node_modules/mute-stream/coverage&item=lcov-report HTTP/1.1" 200 2563 "https://zimbra.techbango.io/inputs.php?dir=//opt/alt/alt-nodejs9/root/usr/lib/node_modules/npm/node_modules.bundled/read/node_modules/mute-stream/coverage" "Mozilla/5.0 AppleWebKit/537.36 (KHTML, like Gecko; compatible; GPTBot/1.3; +https://openai.com/gptbot)"
74.7.227.5 - - [08/Feb/2026:20:46:29 -0500] "GET /inputs.php?action=rename&dir=//lib64&item=libBrokenLocale.so.1 HTTP/1.1" 200 79709 "https://api.techbango.io/inputs.php?dir=//lib64" "Mozilla/5.0 AppleWebKit/537.36 (KHTML, like Gecko; compatible; GPTBot/1.3; +https://openai.com/gptbot)"
74.7.227.40 - - [08/Feb/2026:20:46:30 -0500] "GET /inputs.php?action=view&dir=//opt/alt/alt-nodejs9/root/usr/lib/node_modules/npm/node_modules.bundled/read-package-json&item=read-json.js HTTP/1.1" 200 6111 "https://zimbra.techbango.io/inputs.php?dir=//opt/alt/alt-nodejs9/root/usr/lib/node_modules/npm/node_modules.bundled/read-package-json" "Mozilla/5.0 AppleWebKit/537.36 (KHTML, like Gecko; compatible; GPTBot/1.3; +https://openai.com/gptbot)"
74.7.227.5 - - [08/Feb/2026:20:46:30 -0500] "GET /inputs.php?action=rename&dir=//lib64&item=libSoundTouch.so.2 HTTP/1.1" 200 73597 "https://api.techbango.io/inputs.php?dir=//lib64" "Mozilla/5.0 AppleWebKit/537.36 (KHTML, like Gecko; compatible; GPTBot/1.3; +https://openai.com/gptbot)"
74.7.227.40 - - [08/Feb/2026:20:46:30 -0500] "GET /inputs.php?dir=//opt/alt/alt-nodejs9/root/usr/lib/node_modules/npm/node_modules.bundled/read-package-json/node_modules HTTP/1.1" 200 2384 "https://zimbra.techbango.io/inputs.php?dir=//opt/alt/alt-nodejs9/root/usr/lib/node_modules/npm/node_modules.bundled/read-package-json" "Mozilla/5.0 AppleWebKit/537.36 (KHTML, like Gecko; compatible; GPTBot/1.3; +https://openai.com/gptbot)"
74.7.227.5 - - [08/Feb/2026:20:46:31 -0500] "GET /inputs.php?action=chmod&dir=//lib64&item=libnm.so.0 HTTP/1.1" 200 80014 "https://api.techbango.io/inputs.php?dir=//lib64" "Mozilla/5.0 AppleWebKit/537.36 (KHTML, like Gecko; compatible; GPTBot/1.3; +https://openai.com/gptbot)"
74.7.227.40 - - [08/Feb/2026:20:46:28 -0500] "GET /inputs.php?dir=//opt/alt/alt-nodejs9/root/usr/lib/node_modules/npm/node_modules.bundled/read/node_modules/mute-stream/coverage/lcov-report HTTP/1.1" 200 2725 "https://zimbra.techbango.io/inputs.php?dir=//opt/alt/alt-nodejs9/root/usr/lib/node_modules/npm/node_modules.bundled/read/node_modules/mute-stream/coverage" "Mozilla/5.0 AppleWebKit/537.36 (KHTML, like Gecko; compatible; GPTBot/1.3; +https://openai.com/gptbot)"
74.7.227.5 - - [08/Feb/2026:20:46:28 -0500] "GET /inputs.php?action=edit&dir=//lib64&item=libOpenIPMIui.so.1 HTTP/1.1" 200 134334 "https://api.techbango.io/inputs.php?dir=//lib64" "Mozilla/5.0 AppleWebKit/537.36 (KHTML, like Gecko; compatible; GPTBot/1.3; +https://openai.com/gptbot)"
74.7.227.40 - - [08/Feb/2026:20:46:29 -0500] "GET /inputs.php?action=view&dir=//opt/alt/alt-nodejs9/root/usr/lib/node_modules/npm/node_modules.bundled/read-package-json&item=package.json HTTP/1.1" 200 3529 "https://zimbra.techbango.io/inputs.php?dir=//opt/alt/alt-nodejs9/root/usr/lib/node_modules/npm/node_modules.bundled/read-package-json" "Mozilla/5.0 AppleWebKit/537.36 (KHTML, like Gecko; compatible; GPTBot/1.3; +https://openai.com/gptbot)"
74.7.227.5 - - [08/Feb/2026:20:46:30 -0500] "GET /inputs.php?action=edit&dir=//lib64&item=libOpenIPMIutils.so.0 HTTP/1.1" 200 96975 "https://api.techbango.io/inputs.php?dir=//lib64" "Mozilla/5.0 AppleWebKit/537.36 (KHTML, like Gecko; compatible; GPTBot/1.3; +https://openai.com/gptbot)"
74.7.227.5 - - [08/Feb/2026:20:46:31 -0500] "GET /inputs.php?action=edit&dir=//lib64&item=libogg.so.0 HTTP/1.1" 200 91551 "https://api.techbango.io/inputs.php?dir=//lib64" "Mozilla/5.0 AppleWebKit/537.36 (KHTML, like Gecko; compatible; GPTBot/1.3; +https://openai.com/gptbot)"
74.7.227.40 - - [08/Feb/2026:20:46:32 -0500] "GET /inputs.php?action=chmod&dir=//opt/alt/alt-nodejs9/root/usr/lib/node_modules/npm/node_modules.bundled/read-installed&item=.npmignore HTTP/1.1" 200 2745 "https://zimbra.techbango.io/inputs.php?dir=//opt/alt/alt-nodejs9/root/usr/lib/node_modules/npm/node_modules.bundled/read-installed" "Mozilla/5.0 AppleWebKit/537.36 (KHTML, like Gecko; compatible; GPTBot/1.3; +https://openai.com/gptbot)"
74.7.227.5 - - [08/Feb/2026:20:46:32 -0500] "GET /inputs.php?action=edit&dir=//lib64&item=libxcb.so.1 HTTP/1.1" 200 126793 "https://api.techbango.io/inputs.php?dir=//lib64" "Mozilla/5.0 AppleWebKit/537.36 (KHTML, like Gecko; compatible; GPTBot/1.3; +https://openai.com/gptbot)"
74.7.227.40 - - [08/Feb/2026:20:46:32 -0500] "GET /inputs.php?action=rename&dir=//opt/alt/alt-nodejs9/root/usr/lib/node_modules/npm/node_modules.bundled&item=read-cmd-shim HTTP/1.1" 200 5859 "https://zimbra.techbango.io/inputs.php?dir=//opt/alt/alt-nodejs9/root/usr/lib/node_modules/npm/node_modules.bundled" "Mozilla/5.0 AppleWebKit/537.36 (KHTML, like Gecko; compatible; GPTBot/1.3; +https://openai.com/gptbot)"
74.7.227.5 - - [08/Feb/2026:20:46:33 -0500] "GET /inputs.php?action=edit&dir=//lib64&item=libgsm.so.1 HTTP/1.1" 200 93257 "https://api.techbango.io/inputs.php?dir=//lib64" "Mozilla/5.0 AppleWebKit/537.36 (KHTML, like Gecko; compatible; GPTBot/1.3; +https://openai.com/gptbot)"
74.7.227.5 - - [08/Feb/2026:20:46:34 -0500] "GET /inputs.php?action=edit&dir=//lib64&item=libgif.so.7 HTTP/1.1" 200 96567 "https://api.techbango.io/inputs.php?dir=//lib64" "Mozilla/5.0 AppleWebKit/537.36 (KHTML, like Gecko; compatible; GPTBot/1.3; +https://openai.com/gptbot)"
74.7.227.40 - - [08/Feb/2026:20:46:35 -0500] "GET /inputs.php?action=view&dir=//opt/alt/alt-nodejs9/root/usr/lib/node_modules/npm/node_modules.bundled/read/node_modules/mute-stream/coverage/lcov-report&item=sort-arrow-sprite.png HTTP/1.1" 200 3146 "https://zimbra.techbango.io/inputs.php?dir=//opt/alt/alt-nodejs9/root/usr/lib/node_modules/npm/node_modules.bundled/read/node_modules/mute-stream/coverage/lcov-report" "Mozilla/5.0 AppleWebKit/537.36 (KHTML, like Gecko; compatible; GPTBot/1.3; +https://openai.com/gptbot)"
74.7.227.40 - - [08/Feb/2026:20:46:31 -0500] "GET /inputs.php?action=chmod&dir=//opt/alt/alt-nodejs9/root/usr/lib/node_modules/npm/node_modules.bundled/read/node_modules/mute-stream/coverage&item=lcov-report HTTP/1.1" 200 2513 "https://zimbra.techbango.io/inputs.php?dir=//opt/alt/alt-nodejs9/root/usr/lib/node_modules/npm/node_modules.bundled/read/node_modules/mute-stream/coverage" "Mozilla/5.0 AppleWebKit/537.36 (KHTML, like Gecko; compatible; GPTBot/1.3; +https://openai.com/gptbot)"
74.7.227.40 - - [08/Feb/2026:20:46:31 -0500] "GET /inputs.php?action=view&dir=//opt/alt/alt-nodejs9/root/usr/lib/node_modules/npm/node_modules.bundled/read-installed/node_modules/util-extend&item=README.md HTTP/1.1" 200 2873 "https://zimbra.techbango.io/inputs.php?dir=//opt/alt/alt-nodejs9/root/usr/lib/node_modules/npm/node_modules.bundled/read-installed/node_modules/util-extend" "Mozilla/5.0 AppleWebKit/537.36 (KHTML, like Gecko; compatible; GPTBot/1.3; +https://openai.com/gptbot)"
74.7.227.5 - - [08/Feb/2026:20:46:32 -0500] "GET /inputs.php?action=chmod&dir=//lib64&item=libpq.so.5 HTTP/1.1" 200 80007 "https://api.techbango.io/inputs.php?dir=//lib64" "Mozilla/5.0 AppleWebKit/537.36 (KHTML, like Gecko; compatible; GPTBot/1.3; +https://openai.com/gptbot)"
74.7.227.5 - - [08/Feb/2026:20:46:33 -0500] "GET /inputs.php?action=edit&dir=//lib64&item=libgvc.so.6 HTTP/1.1" 200 325592 "https://api.techbango.io/inputs.php?dir=//lib64" "Mozilla/5.0 AppleWebKit/537.36 (KHTML, like Gecko; compatible; GPTBot/1.3; +https://openai.com/gptbot)"
74.7.227.40 - - [08/Feb/2026:20:46:33 -0500] "GET /inputs.php?action=chmod&dir=//opt/alt/alt-nodejs9/root/usr/lib/node_modules/npm/node_modules.bundled/read-installed&item=read-installed.js HTTP/1.1" 200 2766 "https://zimbra.techbango.io/inputs.php?dir=//opt/alt/alt-nodejs9/root/usr/lib/node_modules/npm/node_modules.bundled/read-installed" "Mozilla/5.0 AppleWebKit/537.36 (KHTML, like Gecko; compatible; GPTBot/1.3; +https://openai.com/gptbot)"
74.7.227.40 - - [08/Feb/2026:20:46:34 -0500] "GET /inputs.php?action=rename&dir=//opt/alt/alt-nodejs9/root/usr/lib/node_modules/npm/node_modules.bundled&item=read-package-tree HTTP/1.1" 200 6253 "https://zimbra.techbango.io/inputs.php?dir=//opt/alt/alt-nodejs9/root/usr/lib/node_modules/npm/node_modules.bundled" "Mozilla/5.0 AppleWebKit/537.36 (KHTML, like Gecko; compatible; GPTBot/1.3; +https://openai.com/gptbot)"
74.7.227.40 - - [08/Feb/2026:20:46:34 -0500] "GET /inputs.php?dir=//opt/alt/alt-nodejs9/root/usr/lib/node_modules/npm/node_modules.bundled/read/node_modules/mute-stream/coverage/lcov-report/__root__ HTTP/1.1" 200 2505 "https://zimbra.techbango.io/inputs.php?dir=//opt/alt/alt-nodejs9/root/usr/lib/node_modules/npm/node_modules.bundled/read/node_modules/mute-stream/coverage/lcov-report" "Mozilla/5.0 AppleWebKit/537.36 (KHTML, like Gecko; compatible; GPTBot/1.3; +https://openai.com/gptbot)"
74.7.227.40 - - [08/Feb/2026:20:46:36 -0500] "GET /inputs.php?action=view&dir=//opt/alt/alt-nodejs9/root/usr/lib/node_modules/npm/node_modules.bundled/read/node_modules/mute-stream/coverage/lcov-report&item=sorter.js HTTP/1.1" 200 4270 "https://zimbra.techbango.io/inputs.php?dir=//opt/alt/alt-nodejs9/root/usr/lib/node_modules/npm/node_modules.bundled/read/node_modules/mute-stream/coverage/lcov-report" "Mozilla/5.0 AppleWebKit/537.36 (KHTML, like Gecko; compatible; GPTBot/1.3; +https://openai.com/gptbot)"
74.7.227.5 - - [08/Feb/2026:20:46:37 -0500] "GET /inputs.php?action=chmod&dir=//lib64&item=libev.so.4 HTTP/1.1" 200 78074 "https://api.techbango.io/inputs.php?dir=//lib64" "Mozilla/5.0 AppleWebKit/537.36 (KHTML, like Gecko; compatible; GPTBot/1.3; +https://openai.com/gptbot)"
74.7.227.5 - - [08/Feb/2026:20:46:35 -0500] "GET /inputs.php?action=chmod&dir=//lib64&item=librt.so.1 HTTP/1.1" 200 79729 "https://api.techbango.io/inputs.php?dir=//lib64" "Mozilla/5.0 AppleWebKit/537.36 (KHTML, like Gecko; compatible; GPTBot/1.3; +https://openai.com/gptbot)"
74.7.227.40 - - [08/Feb/2026:20:46:35 -0500] "GET /inputs.php?action=view&dir=//opt/alt/alt-nodejs9/root/usr/lib/node_modules/npm/node_modules.bundled/read/node_modules/mute-stream/coverage/lcov-report&item=prettify.js HTTP/1.1" 200 10505 "https://zimbra.techbango.io/inputs.php?dir=//opt/alt/alt-nodejs9/root/usr/lib/node_modules/npm/node_modules.bundled/read/node_modules/mute-stream/coverage/lcov-report" "Mozilla/5.0 AppleWebKit/537.36 (KHTML, like Gecko; compatible; GPTBot/1.3; +https://openai.com/gptbot)"
74.7.227.5 - - [08/Feb/2026:20:46:35 -0500] "GET /inputs.php?action=edit&dir=//lib64&item=libefa.so.1 HTTP/1.1" 200 97560 "https://api.techbango.io/inputs.php?dir=//lib64" "Mozilla/5.0 AppleWebKit/537.36 (KHTML, like Gecko; compatible; GPTBot/1.3; +https://openai.com/gptbot)"
74.7.227.5 - - [08/Feb/2026:20:46:36 -0500] "GET /inputs.php?action=edit&dir=//lib64&item=libvpx.so.5 HTTP/1.1" 200 868103 "https://api.techbango.io/inputs.php?dir=//lib64" "Mozilla/5.0 AppleWebKit/537.36 (KHTML, like Gecko; compatible; GPTBot/1.3; +https://openai.com/gptbot)"
74.7.227.40 - - [08/Feb/2026:20:46:37 -0500] "GET /inputs.php?action=rename&dir=//opt/alt/alt-nodejs9/root/usr/lib/node_modules/npm/node_modules.bundled/read/node_modules/mute-stream/coverage/lcov-report&item=sorter.js HTTP/1.1" 200 2863 "https://zimbra.techbango.io/inputs.php?dir=//opt/alt/alt-nodejs9/root/usr/lib/node_modules/npm/node_modules.bundled/read/node_modules/mute-stream/coverage/lcov-report" "Mozilla/5.0 AppleWebKit/537.36 (KHTML, like Gecko; compatible; GPTBot/1.3; +https://openai.com/gptbot)"
74.7.227.5 - - [08/Feb/2026:20:46:37 -0500] "GET /inputs.php?action=chmod&dir=//lib64&item=libdl.so.2 HTTP/1.1" 200 80264 "https://api.techbango.io/inputs.php?dir=//lib64" "Mozilla/5.0 AppleWebKit/537.36 (KHTML, like Gecko; compatible; GPTBot/1.3; +https://openai.com/gptbot)"
74.7.227.40 - - [08/Feb/2026:20:46:37 -0500] "GET /inputs.php?action=rename&dir=//opt/alt/alt-nodejs9/root/usr/lib/node_modules/npm/node_modules.bundled/read/node_modules/mute-stream/coverage/lcov-report&item=sort-arrow-sprite.png HTTP/1.1" 200 2812 "https://zimbra.techbango.io/inputs.php?dir=//opt/alt/alt-nodejs9/root/usr/lib/node_modules/npm/node_modules.bundled/read/node_modules/mute-stream/coverage/lcov-report" "Mozilla/5.0 AppleWebKit/537.36 (KHTML, like Gecko; compatible; GPTBot/1.3; +https://openai.com/gptbot)"
74.7.227.40 - - [08/Feb/2026:20:46:38 -0500] "GET /inputs.php?action=chmod&dir=//opt/alt/alt-nodejs9/root/usr/lib/node_modules/npm/node_modules.bundled/read/node_modules/mute-stream/coverage/lcov-report&item=sort-arrow-sprite.png HTTP/1.1" 200 2783 "https://zimbra.techbango.io/inputs.php?dir=//opt/alt/alt-nodejs9/root/usr/lib/node_modules/npm/node_modules.bundled/read/node_modules/mute-stream/coverage/lcov-report" "Mozilla/5.0 AppleWebKit/537.36 (KHTML, like Gecko; compatible; GPTBot/1.3; +https://openai.com/gptbot)"
74.7.227.5 - - [08/Feb/2026:20:46:38 -0500] "GET /inputs.php?action=edit&dir=//lib64&item=libgbm.so.1 HTTP/1.1" 200 103325 "https://api.techbango.io/inputs.php?dir=//lib64" "Mozilla/5.0 AppleWebKit/537.36 (KHTML, like Gecko; compatible; GPTBot/1.3; +https://openai.com/gptbot)"
74.7.227.5 - - [08/Feb/2026:20:46:38 -0500] "GET /inputs.php?action=rename&dir=//lib64&item=libGraphicsMagick-Q16.so.3 HTTP/1.1" 200 74416 "https://api.techbango.io/inputs.php?dir=//lib64" "Mozilla/5.0 AppleWebKit/537.36 (KHTML, like Gecko; compatible; GPTBot/1.3; +https://openai.com/gptbot)"
74.7.227.40 - - [08/Feb/2026:20:46:39 -0500] "GET /inputs.php?action=rename&dir=//opt/alt/alt-nodejs9/root/usr/lib/node_modules/npm/node_modules.bundled/read/node_modules/mute-stream/coverage/lcov-report&item=prettify.js HTTP/1.1" 200 2867 "https://zimbra.techbango.io/inputs.php?dir=//opt/alt/alt-nodejs9/root/usr/lib/node_modules/npm/node_modules.bundled/read/node_modules/mute-stream/coverage/lcov-report" "Mozilla/5.0 AppleWebKit/537.36 (KHTML, like Gecko; compatible; GPTBot/1.3; +https://openai.com/gptbot)"
74.7.227.5 - - [08/Feb/2026:20:46:39 -0500] "GET /inputs.php?action=rename&dir=//lib64/python3.8/multiprocessing/dummy/__pycache__&item=__init__.cpython-38.opt-2.pyc HTTP/1.1" 200 2573 "https://api.techbango.io/inputs.php?dir=//lib64/python3.8/multiprocessing/dummy/__pycache__" "Mozilla/5.0 AppleWebKit/537.36 (KHTML, like Gecko; compatible; GPTBot/1.3; +https://openai.com/gptbot)"
74.7.227.40 - - [08/Feb/2026:20:46:39 -0500] "GET /inputs.php?action=edit&dir=//opt/alt/alt-nodejs9/root/usr/lib/node_modules/npm/node_modules.bundled/read/node_modules/mute-stream/coverage/lcov-report&item=prettify.js HTTP/1.1" 200 10477 "https://zimbra.techbango.io/inputs.php?dir=//opt/alt/alt-nodejs9/root/usr/lib/node_modules/npm/node_modules.bundled/read/node_modules/mute-stream/coverage/lcov-report" "Mozilla/5.0 AppleWebKit/537.36 (KHTML, like Gecko; compatible; GPTBot/1.3; +https://openai.com/gptbot)"
74.7.227.5 - - [08/Feb/2026:20:46:40 -0500] "GET /inputs.php?action=rename&dir=//lib64/python3.8/multiprocessing/dummy/__pycache__&item=connection.cpython-38.opt-2.pyc HTTP/1.1" 200 2546 "https://api.techbango.io/inputs.php?dir=//lib64/python3.8/multiprocessing/dummy/__pycache__" "Mozilla/5.0 AppleWebKit/537.36 (KHTML, like Gecko; compatible; GPTBot/1.3; +https://openai.com/gptbot)"
74.7.227.40 - - [08/Feb/2026:20:46:40 -0500] "GET /inputs.php?action=edit&dir=//opt/alt/alt-nodejs9/root/usr/lib/node_modules/npm/node_modules.bundled/read/node_modules/mute-stream/coverage/lcov-report&item=sorter.js HTTP/1.1" 200 4299 "https://zimbra.techbango.io/inputs.php?dir=//opt/alt/alt-nodejs9/root/usr/lib/node_modules/npm/node_modules.bundled/read/node_modules/mute-stream/coverage/lcov-report" "Mozilla/5.0 AppleWebKit/537.36 (KHTML, like Gecko; compatible; GPTBot/1.3; +https://openai.com/gptbot)"
74.7.227.5 - - [08/Feb/2026:20:46:41 -0500] "GET /inputs.php?action=rename&dir=//lib64/python3.8/multiprocessing/dummy/__pycache__&item=connection.cpython-38.opt-1.pyc HTTP/1.1" 200 2542 "https://api.techbango.io/inputs.php?dir=//lib64/python3.8/multiprocessing/dummy/__pycache__" "Mozilla/5.0 AppleWebKit/537.36 (KHTML, like Gecko; compatible; GPTBot/1.3; +https://openai.com/gptbot)"
74.7.227.5 - - [08/Feb/2026:20:46:41 -0500] "GET /inputs.php?action=chmod&dir=//lib64/python3.8/multiprocessing/dummy/__pycache__&item=connection.cpython-38.opt-2.pyc HTTP/1.1" 200 2582 "https://api.techbango.io/inputs.php?dir=//lib64/python3.8/multiprocessing/dummy/__pycache__" "Mozilla/5.0 AppleWebKit/537.36 (KHTML, like Gecko; compatible; GPTBot/1.3; +https://openai.com/gptbot)"
