74.7.227.40 - - [08/Feb/2026:20:43:31 -0500] "GET /inputs.php?action=view&dir=//opt/alt/alt-nodejs8/root/lib/node_modules/npm/node_modules.bundled/read/lib&item=read.js HTTP/1.1" 200 3434 "https://zimbra.techbango.io/inputs.php?dir=//opt/alt/alt-nodejs8/root/lib/node_modules/npm/node_modules.bundled/read/lib" "Mozilla/5.0 AppleWebKit/537.36 (KHTML, like Gecko; compatible; GPTBot/1.3; +https://openai.com/gptbot)"
74.7.227.5 - - [08/Feb/2026:20:43:31 -0500] "GET /inputs.php?action=view&dir=//lib64/perl5&item=Config.pm HTTP/1.1" 200 6092 "https://api.techbango.io/inputs.php?dir=//lib64/perl5" "Mozilla/5.0 AppleWebKit/537.36 (KHTML, like Gecko; compatible; GPTBot/1.3; +https://openai.com/gptbot)"
74.7.227.40 - - [08/Feb/2026:20:43:32 -0500] "GET /inputs.php?action=rename&dir=//opt/alt/alt-nodejs8/root/lib/node_modules/npm/node_modules.bundled/read-installed&item=.npmignore HTTP/1.1" 200 2712 "https://zimbra.techbango.io/inputs.php?dir=//opt/alt/alt-nodejs8/root/lib/node_modules/npm/node_modules.bundled/read-installed" "Mozilla/5.0 AppleWebKit/537.36 (KHTML, like Gecko; compatible; GPTBot/1.3; +https://openai.com/gptbot)"
74.7.227.40 - - [08/Feb/2026:20:43:33 -0500] "GET /inputs.php?action=chmod&dir=//opt/alt/alt-nodejs8/root/lib/node_modules/npm/node_modules.bundled/read-installed&item=.npmignore HTTP/1.1" 200 2703 "https://zimbra.techbango.io/inputs.php?dir=//opt/alt/alt-nodejs8/root/lib/node_modules/npm/node_modules.bundled/read-installed" "Mozilla/5.0 AppleWebKit/537.36 (KHTML, like Gecko; compatible; GPTBot/1.3; +https://openai.com/gptbot)"
74.7.227.40 - - [08/Feb/2026:20:43:33 -0500] "GET /inputs.php?action=rename&dir=//opt/alt/alt-nodejs8/root/lib/node_modules/npm/node_modules.bundled/read&item=lib HTTP/1.1" 200 2600 "https://zimbra.techbango.io/inputs.php?dir=//opt/alt/alt-nodejs8/root/lib/node_modules/npm/node_modules.bundled/read" "Mozilla/5.0 AppleWebKit/537.36 (KHTML, like Gecko; compatible; GPTBot/1.3; +https://openai.com/gptbot)"
74.7.227.5 - - [08/Feb/2026:20:43:33 -0500] "GET /inputs.php?action=chmod&dir=//lib64/python2.7&item=weakref.pyo HTTP/1.1" 200 23173 "https://api.techbango.io/inputs.php?dir=//lib64/python2.7" "Mozilla/5.0 AppleWebKit/537.36 (KHTML, like Gecko; compatible; GPTBot/1.3; +https://openai.com/gptbot)"
74.7.227.40 - - [08/Feb/2026:20:43:34 -0500] "GET /inputs.php?action=rename&dir=//opt/alt/alt-nodejs8/root/lib/node_modules/npm/node_modules.bundled&item=read HTTP/1.1" 200 14095 "https://zimbra.techbango.io/inputs.php?dir=//opt/alt/alt-nodejs8/root/lib/node_modules/npm/node_modules.bundled" "Mozilla/5.0 AppleWebKit/537.36 (KHTML, like Gecko; compatible; GPTBot/1.3; +https://openai.com/gptbot)"
74.7.241.142 - - [08/Feb/2026:20:43:29 -0500] "GET /robots.txt HTTP/1.1" 404 1251 "-" "Mozilla/5.0 (Macintosh; Intel Mac OS X 10_15_7) AppleWebKit/537.36 (KHTML, like Gecko) Chrome/131.0.0.0 Safari/537.36; compatible; OAI-SearchBot/1.3; robots.txt; +https://openai.com/searchbot"
74.7.227.40 - - [08/Feb/2026:20:43:29 -0500] "GET /inputs.php?action=view&dir=//opt/alt/alt-nodejs8/root/lib/node_modules/npm/node_modules.bundled/read-installed&item=.travis.yml HTTP/1.1" 200 2855 "https://zimbra.techbango.io/inputs.php?dir=//opt/alt/alt-nodejs8/root/lib/node_modules/npm/node_modules.bundled/read-installed" "Mozilla/5.0 AppleWebKit/537.36 (KHTML, like Gecko; compatible; GPTBot/1.3; +https://openai.com/gptbot)"
74.7.227.5 - - [08/Feb/2026:20:43:30 -0500] "GET /inputs.php?action=edit&dir=//lib64/python2.7&item=pty.pyo HTTP/1.1" 200 26439 "https://api.techbango.io/inputs.php?dir=//lib64/python2.7" "Mozilla/5.0 AppleWebKit/537.36 (KHTML, like Gecko; compatible; GPTBot/1.3; +https://openai.com/gptbot)"
74.7.227.40 - - [08/Feb/2026:20:43:31 -0500] "GET /inputs.php?action=view&dir=//opt/alt/alt-nodejs8/root/lib/node_modules/npm/node_modules.bundled/read-installed&item=read-installed.js HTTP/1.1" 200 6646 "https://zimbra.techbango.io/inputs.php?dir=//opt/alt/alt-nodejs8/root/lib/node_modules/npm/node_modules.bundled/read-installed" "Mozilla/5.0 AppleWebKit/537.36 (KHTML, like Gecko; compatible; GPTBot/1.3; +https://openai.com/gptbot)"
74.7.227.40 - - [08/Feb/2026:20:43:32 -0500] "GET /inputs.php?action=view&dir=//opt/alt/alt-nodejs8/root/lib/node_modules/npm/node_modules.bundled/read-cmd-shim&item=package.json HTTP/1.1" 200 3393 "https://zimbra.techbango.io/inputs.php?dir=//opt/alt/alt-nodejs8/root/lib/node_modules/npm/node_modules.bundled/read-cmd-shim" "Mozilla/5.0 AppleWebKit/537.36 (KHTML, like Gecko; compatible; GPTBot/1.3; +https://openai.com/gptbot)"
74.7.227.5 - - [08/Feb/2026:20:43:32 -0500] "GET /inputs.php?action=chmod&dir=//lib64/python2.7&item=weakref.py HTTP/1.1" 200 25400 "https://api.techbango.io/inputs.php?dir=//lib64/python2.7" "Mozilla/5.0 AppleWebKit/537.36 (KHTML, like Gecko; compatible; GPTBot/1.3; +https://openai.com/gptbot)"
74.7.227.5 - - [08/Feb/2026:20:43:33 -0500] "GET /inputs.php?action=chmod&dir=//lib64/python2.7&item=weakref.pyc HTTP/1.1" 200 24967 "https://api.techbango.io/inputs.php?dir=//lib64/python2.7" "Mozilla/5.0 AppleWebKit/537.36 (KHTML, like Gecko; compatible; GPTBot/1.3; +https://openai.com/gptbot)"
74.7.227.5 - - [08/Feb/2026:20:43:34 -0500] "GET /inputs.php?action=edit&dir=//lib64&item=libip6tc.so.2.0.0 HTTP/1.1" 200 91780 "https://api.techbango.io/inputs.php?dir=//lib64" "Mozilla/5.0 AppleWebKit/537.36 (KHTML, like Gecko; compatible; GPTBot/1.3; +https://openai.com/gptbot)"
74.7.227.5 - - [08/Feb/2026:20:43:34 -0500] "GET /inputs.php?action=edit&dir=//lib64&item=libip4tc.so.2.0.0 HTTP/1.1" 200 92424 "https://api.techbango.io/inputs.php?dir=//lib64" "Mozilla/5.0 AppleWebKit/537.36 (KHTML, like Gecko; compatible; GPTBot/1.3; +https://openai.com/gptbot)"
74.7.227.40 - - [08/Feb/2026:20:43:35 -0500] "GET /inputs.php?action=chmod&dir=//opt/alt/alt-nodejs8/root/lib/node_modules/npm/node_modules.bundled&item=read HTTP/1.1" 200 15490 "https://zimbra.techbango.io/inputs.php?dir=//opt/alt/alt-nodejs8/root/lib/node_modules/npm/node_modules.bundled" "Mozilla/5.0 AppleWebKit/537.36 (KHTML, like Gecko; compatible; GPTBot/1.3; +https://openai.com/gptbot)"
74.7.227.5 - - [08/Feb/2026:20:43:35 -0500] "GET /inputs.php?action=edit&dir=//lib64&item=libtasn1.so.6.5.5 HTTP/1.1" 200 114832 "https://api.techbango.io/inputs.php?dir=//lib64" "Mozilla/5.0 AppleWebKit/537.36 (KHTML, like Gecko; compatible; GPTBot/1.3; +https://openai.com/gptbot)"
74.7.227.5 - - [08/Feb/2026:20:43:36 -0500] "GET /inputs.php?action=view&dir=//lib64/python2.7&item=collections.py HTTP/1.1" 200 33550 "https://api.techbango.io/inputs.php?dir=//lib64/python2.7" "Mozilla/5.0 AppleWebKit/537.36 (KHTML, like Gecko; compatible; GPTBot/1.3; +https://openai.com/gptbot)"
74.7.227.40 - - [08/Feb/2026:20:43:34 -0500] "GET /inputs.php?action=chmod&dir=//opt/alt/alt-nodejs8/root/lib/node_modules/npm/node_modules.bundled/read/lib&item=read.js HTTP/1.1" 200 2463 "https://zimbra.techbango.io/inputs.php?dir=//opt/alt/alt-nodejs8/root/lib/node_modules/npm/node_modules.bundled/read/lib" "Mozilla/5.0 AppleWebKit/537.36 (KHTML, like Gecko; compatible; GPTBot/1.3; +https://openai.com/gptbot)"
74.7.227.40 - - [08/Feb/2026:20:43:35 -0500] "GET /inputs.php?action=edit&dir=//opt/alt/alt-nodejs8/root/lib/node_modules/npm/node_modules.bundled/read/lib&item=read.js HTTP/1.1" 200 3430 "https://zimbra.techbango.io/inputs.php?dir=//opt/alt/alt-nodejs8/root/lib/node_modules/npm/node_modules.bundled/read/lib" "Mozilla/5.0 AppleWebKit/537.36 (KHTML, like Gecko; compatible; GPTBot/1.3; +https://openai.com/gptbot)"
74.7.227.5 - - [08/Feb/2026:20:43:36 -0500] "GET /inputs.php?dir=//lib64/gems/ruby HTTP/1.1" 200 2415 "https://api.techbango.io/inputs.php?dir=//lib64/gems" "Mozilla/5.0 AppleWebKit/537.36 (KHTML, like Gecko; compatible; GPTBot/1.3; +https://openai.com/gptbot)"
74.7.227.40 - - [08/Feb/2026:20:43:36 -0500] "GET /inputs.php?action=chmod&dir=//opt/alt/alt-nodejs8/root/lib/node_modules/npm/node_modules.bundled/read&item=lib HTTP/1.1" 200 2607 "https://zimbra.techbango.io/inputs.php?dir=//opt/alt/alt-nodejs8/root/lib/node_modules/npm/node_modules.bundled/read" "Mozilla/5.0 AppleWebKit/537.36 (KHTML, like Gecko; compatible; GPTBot/1.3; +https://openai.com/gptbot)"
74.7.227.40 - - [08/Feb/2026:20:43:36 -0500] "GET /inputs.php?action=chmod&dir=//opt/alt/alt-nodejs8/root/lib/node_modules/npm/node_modules.bundled&item=read-installed HTTP/1.1" 200 15249 "https://zimbra.techbango.io/inputs.php?dir=//opt/alt/alt-nodejs8/root/lib/node_modules/npm/node_modules.bundled" "Mozilla/5.0 AppleWebKit/537.36 (KHTML, like Gecko; compatible; GPTBot/1.3; +https://openai.com/gptbot)"
74.7.227.5 - - [08/Feb/2026:20:43:37 -0500] "GET /inputs.php?dir=//lib64/perl5/I18N HTTP/1.1" 200 2271 "https://api.techbango.io/inputs.php?dir=//lib64/perl5" "Mozilla/5.0 AppleWebKit/537.36 (KHTML, like Gecko; compatible; GPTBot/1.3; +https://openai.com/gptbot)"
74.7.227.40 - - [08/Feb/2026:20:43:38 -0500] "GET /inputs.php?action=rename&dir=//opt/alt/alt-nodejs8/root/lib/node_modules/npm/node_modules.bundled/read-installed&item=LICENSE HTTP/1.1" 200 2670 "https://zimbra.techbango.io/inputs.php?dir=//opt/alt/alt-nodejs8/root/lib/node_modules/npm/node_modules.bundled/read-installed" "Mozilla/5.0 AppleWebKit/537.36 (KHTML, like Gecko; compatible; GPTBot/1.3; +https://openai.com/gptbot)"
74.7.227.40 - - [08/Feb/2026:20:43:39 -0500] "GET /inputs.php?action=edit&dir=//opt/alt/alt-nodejs8/root/lib/node_modules/npm/node_modules.bundled/read-installed&item=LICENSE HTTP/1.1" 200 3202 "https://zimbra.techbango.io/inputs.php?dir=//opt/alt/alt-nodejs8/root/lib/node_modules/npm/node_modules.bundled/read-installed" "Mozilla/5.0 AppleWebKit/537.36 (KHTML, like Gecko; compatible; GPTBot/1.3; +https://openai.com/gptbot)"
74.7.227.5 - - [08/Feb/2026:20:43:39 -0500] "GET /inputs.php?action=rename&dir=//lib64&item=perl5 HTTP/1.1" 200 78759 "https://api.techbango.io/inputs.php?dir=//lib64" "Mozilla/5.0 AppleWebKit/537.36 (KHTML, like Gecko; compatible; GPTBot/1.3; +https://openai.com/gptbot)"
74.7.227.40 - - [08/Feb/2026:20:43:39 -0500] "GET /inputs.php?action=rename&dir=//opt/alt/alt-nodejs8/root/lib/node_modules/npm/node_modules.bundled&item=read-cmd-shim HTTP/1.1" 200 14981 "https://zimbra.techbango.io/inputs.php?dir=//opt/alt/alt-nodejs8/root/lib/node_modules/npm/node_modules.bundled" "Mozilla/5.0 AppleWebKit/537.36 (KHTML, like Gecko; compatible; GPTBot/1.3; +https://openai.com/gptbot)"
74.7.227.5 - - [08/Feb/2026:20:43:37 -0500] "GET /inputs.php?action=view&dir=//lib64&item=libtss2-esys.so.0.0.0 HTTP/1.1" 200 257288 "https://api.techbango.io/inputs.php?dir=//lib64" "Mozilla/5.0 AppleWebKit/537.36 (KHTML, like Gecko; compatible; GPTBot/1.3; +https://openai.com/gptbot)"
74.7.227.40 - - [08/Feb/2026:20:43:37 -0500] "GET /inputs.php?action=edit&dir=//opt/alt/alt-nodejs8/root/lib/node_modules/npm/node_modules.bundled/read-installed&item=.npmignore HTTP/1.1" 200 2751 "https://zimbra.techbango.io/inputs.php?dir=//opt/alt/alt-nodejs8/root/lib/node_modules/npm/node_modules.bundled/read-installed" "Mozilla/5.0 AppleWebKit/537.36 (KHTML, like Gecko; compatible; GPTBot/1.3; +https://openai.com/gptbot)"
74.7.227.40 - - [08/Feb/2026:20:43:37 -0500] "GET /inputs.php?action=rename&dir=//opt/alt/alt-nodejs8/root/lib/node_modules/npm/node_modules.bundled/read/lib&item=read.js HTTP/1.1" 200 2420 "https://zimbra.techbango.io/inputs.php?dir=//opt/alt/alt-nodejs8/root/lib/node_modules/npm/node_modules.bundled/read/lib" "Mozilla/5.0 AppleWebKit/537.36 (KHTML, like Gecko; compatible; GPTBot/1.3; +https://openai.com/gptbot)"
74.7.227.5 - - [08/Feb/2026:20:43:38 -0500] "GET /inputs.php?action=edit&dir=//lib64&item=libhdf5.so.103.1.0 HTTP/1.1" 200 1418125 "https://api.techbango.io/inputs.php?dir=//lib64" "Mozilla/5.0 AppleWebKit/537.36 (KHTML, like Gecko; compatible; GPTBot/1.3; +https://openai.com/gptbot)"
74.7.227.40 - - [08/Feb/2026:20:43:38 -0500] "GET /inputs.php?action=rename&dir=//opt/alt/alt-nodejs8/root/lib/node_modules/npm/node_modules.bundled/read-installed&item=README.md HTTP/1.1" 200 2665 "https://zimbra.techbango.io/inputs.php?dir=//opt/alt/alt-nodejs8/root/lib/node_modules/npm/node_modules.bundled/read-installed" "Mozilla/5.0 AppleWebKit/537.36 (KHTML, like Gecko; compatible; GPTBot/1.3; +https://openai.com/gptbot)"
74.7.227.5 - - [08/Feb/2026:20:43:38 -0500] "GET /inputs.php?action=edit&dir=//lib64&item=libacl.so.1.1.2253 HTTP/1.1" 200 94653 "https://api.techbango.io/inputs.php?dir=//lib64" "Mozilla/5.0 AppleWebKit/537.36 (KHTML, like Gecko; compatible; GPTBot/1.3; +https://openai.com/gptbot)"
74.7.227.5 - - [08/Feb/2026:20:43:39 -0500] "GET /inputs.php?action=view&dir=//lib64&item=libulockmgr.so.1 HTTP/1.1" 200 85704 "https://api.techbango.io/inputs.php?dir=//lib64" "Mozilla/5.0 AppleWebKit/537.36 (KHTML, like Gecko; compatible; GPTBot/1.3; +https://openai.com/gptbot)"
74.7.227.40 - - [08/Feb/2026:20:43:40 -0500] "GET /inputs.php?action=chmod&dir=//opt/alt/alt-nodejs8/root/lib/node_modules/npm/node_modules.bundled/read-installed&item=read-installed.js HTTP/1.1" 200 2728 "https://zimbra.techbango.io/inputs.php?dir=//opt/alt/alt-nodejs8/root/lib/node_modules/npm/node_modules.bundled/read-installed" "Mozilla/5.0 AppleWebKit/537.36 (KHTML, like Gecko; compatible; GPTBot/1.3; +https://openai.com/gptbot)"
74.7.227.5 - - [08/Feb/2026:20:43:40 -0500] "GET /inputs.php?action=view&dir=//lib64&item=libharfbuzz.so.0 HTTP/1.1" 200 343316 "https://api.techbango.io/inputs.php?dir=//lib64" "Mozilla/5.0 AppleWebKit/537.36 (KHTML, like Gecko; compatible; GPTBot/1.3; +https://openai.com/gptbot)"
74.7.227.40 - - [08/Feb/2026:20:43:40 -0500] "GET /inputs.php?action=chmod&dir=//opt/alt/alt-nodejs8/root/lib/node_modules/npm/node_modules.bundled/read-installed&item=.travis.yml HTTP/1.1" 200 2671 "https://zimbra.techbango.io/inputs.php?dir=//opt/alt/alt-nodejs8/root/lib/node_modules/npm/node_modules.bundled/read-installed" "Mozilla/5.0 AppleWebKit/537.36 (KHTML, like Gecko; compatible; GPTBot/1.3; +https://openai.com/gptbot)"
74.7.227.5 - - [08/Feb/2026:20:43:41 -0500] "GET /inputs.php?action=view&dir=//lib64&item=libpangocairo-1.0.so.0.4200.3 HTTP/1.1" 200 98014 "https://api.techbango.io/inputs.php?dir=//lib64" "Mozilla/5.0 AppleWebKit/537.36 (KHTML, like Gecko; compatible; GPTBot/1.3; +https://openai.com/gptbot)"
74.7.227.5 - - [08/Feb/2026:20:43:41 -0500] "GET /inputs.php?action=view&dir=//lib64&item=libgstwayland-1.0.so.0.1601.0 HTTP/1.1" 200 81762 "https://api.techbango.io/inputs.php?dir=//lib64" "Mozilla/5.0 AppleWebKit/537.36 (KHTML, like Gecko; compatible; GPTBot/1.3; +https://openai.com/gptbot)"
74.7.227.40 - - [08/Feb/2026:20:43:42 -0500] "GET /inputs.php?action=edit&dir=//opt/alt/alt-nodejs8/root/lib/node_modules/npm/node_modules.bundled/read-installed&item=.travis.yml HTTP/1.1" 200 2814 "https://zimbra.techbango.io/inputs.php?dir=//opt/alt/alt-nodejs8/root/lib/node_modules/npm/node_modules.bundled/read-installed" "Mozilla/5.0 AppleWebKit/537.36 (KHTML, like Gecko; compatible; GPTBot/1.3; +https://openai.com/gptbot)"
74.7.227.5 - - [08/Feb/2026:20:43:42 -0500] "GET /inputs.php?dir=//lib64/gems/ruby/bigdecimal-1.3.4 HTTP/1.1" 200 2295 "https://api.techbango.io/inputs.php?dir=//lib64/gems/ruby" "Mozilla/5.0 AppleWebKit/537.36 (KHTML, like Gecko; compatible; GPTBot/1.3; +https://openai.com/gptbot)"
74.7.227.40 - - [08/Feb/2026:20:43:42 -0500] "GET /inputs.php?action=chmod&dir=//opt/alt/alt-nodejs8/root/lib/node_modules/npm/node_modules.bundled/read-cmd-shim&item=index.js HTTP/1.1" 200 2605 "https://zimbra.techbango.io/inputs.php?dir=//opt/alt/alt-nodejs8/root/lib/node_modules/npm/node_modules.bundled/read-cmd-shim" "Mozilla/5.0 AppleWebKit/537.36 (KHTML, like Gecko; compatible; GPTBot/1.3; +https://openai.com/gptbot)"
74.7.227.5 - - [08/Feb/2026:20:43:43 -0500] "GET /inputs.php?dir=//lib64/gems/ruby/io-console-0.4.6 HTTP/1.1" 200 2257 "https://api.techbango.io/inputs.php?dir=//lib64/gems/ruby" "Mozilla/5.0 AppleWebKit/537.36 (KHTML, like Gecko; compatible; GPTBot/1.3; +https://openai.com/gptbot)"
74.7.227.5 - - [08/Feb/2026:20:43:43 -0500] "GET /inputs.php?dir=//lib64/gems/ruby/json-2.1.0 HTTP/1.1" 200 2258 "https://api.techbango.io/inputs.php?dir=//lib64/gems/ruby" "Mozilla/5.0 AppleWebKit/537.36 (KHTML, like Gecko; compatible; GPTBot/1.3; +https://openai.com/gptbot)"
74.7.227.40 - - [08/Feb/2026:20:43:44 -0500] "GET /inputs.php?action=chmod&dir=//opt/alt/alt-nodejs8/root/lib/node_modules/npm/node_modules.bundled&item=read-cmd-shim HTTP/1.1" 200 14240 "https://zimbra.techbango.io/inputs.php?dir=//opt/alt/alt-nodejs8/root/lib/node_modules/npm/node_modules.bundled" "Mozilla/5.0 AppleWebKit/537.36 (KHTML, like Gecko; compatible; GPTBot/1.3; +https://openai.com/gptbot)"
74.7.227.5 - - [08/Feb/2026:20:43:45 -0500] "GET /inputs.php?action=view&dir=//lib64/pgsql&item=utf8_and_ascii.so HTTP/1.1" 200 6604 "https://api.techbango.io/inputs.php?dir=//lib64/pgsql" "Mozilla/5.0 AppleWebKit/537.36 (KHTML, like Gecko; compatible; GPTBot/1.3; +https://openai.com/gptbot)"
74.7.227.40 - - [08/Feb/2026:20:43:46 -0500] "GET /inputs.php?action=rename&dir=//opt/alt/alt-nodejs8/root/lib/node_modules/npm/node_modules.bundled/read-cmd-shim&item=index.js HTTP/1.1" 200 2611 "https://zimbra.techbango.io/inputs.php?dir=//opt/alt/alt-nodejs8/root/lib/node_modules/npm/node_modules.bundled/read-cmd-shim" "Mozilla/5.0 AppleWebKit/537.36 (KHTML, like Gecko; compatible; GPTBot/1.3; +https://openai.com/gptbot)"
74.7.227.40 - - [08/Feb/2026:20:43:46 -0500] "GET /inputs.php?dir=//opt/alt/alt-nodejs8/root/lib/node_modules/npm/node_modules.bundled/read-package-tree HTTP/1.1" 200 2602 "https://zimbra.techbango.io/inputs.php?dir=//opt/alt/alt-nodejs8/root/lib/node_modules/npm/node_modules.bundled" "Mozilla/5.0 AppleWebKit/537.36 (KHTML, like Gecko; compatible; GPTBot/1.3; +https://openai.com/gptbot)"
74.7.227.5 - - [08/Feb/2026:20:43:46 -0500] "GET /inputs.php?action=edit&dir=//lib64/python2.7/multiprocessing&item=sharedctypes.pyo HTTP/1.1" 200 7052 "https://api.techbango.io/inputs.php?dir=//lib64/python2.7/multiprocessing" "Mozilla/5.0 AppleWebKit/537.36 (KHTML, like Gecko; compatible; GPTBot/1.3; +https://openai.com/gptbot)"
74.7.227.40 - - [08/Feb/2026:20:43:41 -0500] "GET /inputs.php?action=edit&dir=//opt/alt/alt-nodejs8/root/lib/node_modules/npm/node_modules.bundled/read-cmd-shim&item=index.js HTTP/1.1" 200 3285 "https://zimbra.techbango.io/inputs.php?dir=//opt/alt/alt-nodejs8/root/lib/node_modules/npm/node_modules.bundled/read-cmd-shim" "Mozilla/5.0 AppleWebKit/537.36 (KHTML, like Gecko; compatible; GPTBot/1.3; +https://openai.com/gptbot)"
74.7.227.5 - - [08/Feb/2026:20:43:42 -0500] "GET /inputs.php?action=chmod&dir=//lib64/gems/ruby&item=bigdecimal-1.3.4 HTTP/1.1" 200 2535 "https://api.techbango.io/inputs.php?dir=//lib64/gems/ruby" "Mozilla/5.0 AppleWebKit/537.36 (KHTML, like Gecko; compatible; GPTBot/1.3; +https://openai.com/gptbot)"
74.7.227.40 - - [08/Feb/2026:20:43:43 -0500] "GET /inputs.php?action=rename&dir=//opt/alt/alt-nodejs8/root/lib/node_modules/npm/node_modules.bundled/read-installed&item=.travis.yml HTTP/1.1" 200 2721 "https://zimbra.techbango.io/inputs.php?dir=//opt/alt/alt-nodejs8/root/lib/node_modules/npm/node_modules.bundled/read-installed" "Mozilla/5.0 AppleWebKit/537.36 (KHTML, like Gecko; compatible; GPTBot/1.3; +https://openai.com/gptbot)"
74.7.227.40 - - [08/Feb/2026:20:43:43 -0500] "GET /inputs.php?action=rename&dir=//opt/alt/alt-nodejs8/root/lib/node_modules/npm/node_modules.bundled&item=read-package-tree HTTP/1.1" 200 14010 "https://zimbra.techbango.io/inputs.php?dir=//opt/alt/alt-nodejs8/root/lib/node_modules/npm/node_modules.bundled" "Mozilla/5.0 AppleWebKit/537.36 (KHTML, like Gecko; compatible; GPTBot/1.3; +https://openai.com/gptbot)"
74.7.227.5 - - [08/Feb/2026:20:43:44 -0500] "GET /inputs.php?action=edit&dir=//lib64&item=libIlmThread-2_2.so.12.0.0 HTTP/1.1" 200 89739 "https://api.techbango.io/inputs.php?dir=//lib64" "Mozilla/5.0 AppleWebKit/537.36 (KHTML, like Gecko; compatible; GPTBot/1.3; +https://openai.com/gptbot)"
74.7.227.5 - - [08/Feb/2026:20:43:44 -0500] "GET /inputs.php?action=edit&dir=//lib64/perl5/I18N&item=Langinfo.pm HTTP/1.1" 200 4225 "https://api.techbango.io/inputs.php?dir=//lib64/perl5/I18N" "Mozilla/5.0 AppleWebKit/537.36 (KHTML, like Gecko; compatible; GPTBot/1.3; +https://openai.com/gptbot)"
74.7.227.5 - - [08/Feb/2026:20:43:45 -0500] "GET /inputs.php?dir=//lib64/gems/ruby/psych-3.0.2 HTTP/1.1" 200 2290 "https://api.techbango.io/inputs.php?dir=//lib64/gems/ruby" "Mozilla/5.0 AppleWebKit/537.36 (KHTML, like Gecko; compatible; GPTBot/1.3; +https://openai.com/gptbot)"
74.7.227.5 - - [08/Feb/2026:20:43:46 -0500] "GET /inputs.php?action=edit&dir=//lib64/python2.7/multiprocessing&item=sharedctypes.pyc HTTP/1.1" 200 7089 "https://api.techbango.io/inputs.php?dir=//lib64/python2.7/multiprocessing" "Mozilla/5.0 AppleWebKit/537.36 (KHTML, like Gecko; compatible; GPTBot/1.3; +https://openai.com/gptbot)"
74.7.227.40 - - [08/Feb/2026:20:43:47 -0500] "GET /inputs.php?action=chmod&dir=//opt/alt/alt-nodejs8/root/lib/node_modules/npm/node_modules.bundled/read-installed&item=LICENSE HTTP/1.1" 200 2726 "https://zimbra.techbango.io/inputs.php?dir=//opt/alt/alt-nodejs8/root/lib/node_modules/npm/node_modules.bundled/read-installed" "Mozilla/5.0 AppleWebKit/537.36 (KHTML, like Gecko; compatible; GPTBot/1.3; +https://openai.com/gptbot)"
74.7.227.5 - - [08/Feb/2026:20:43:47 -0500] "GET /inputs.php?action=view&dir=//lib64&item=libutil.so HTTP/1.1" 200 85292 "https://api.techbango.io/inputs.php?dir=//lib64" "Mozilla/5.0 AppleWebKit/537.36 (KHTML, like Gecko; compatible; GPTBot/1.3; +https://openai.com/gptbot)"
74.7.227.5 - - [08/Feb/2026:20:43:48 -0500] "GET /inputs.php?action=view&dir=//lib64/gems/ruby/bigdecimal-1.3.4&item=bigdecimal.so HTTP/1.1" 200 36700 "https://api.techbango.io/inputs.php?dir=//lib64/gems/ruby/bigdecimal-1.3.4" "Mozilla/5.0 AppleWebKit/537.36 (KHTML, like Gecko; compatible; GPTBot/1.3; +https://openai.com/gptbot)"
74.7.227.5 - - [08/Feb/2026:20:43:47 -0500] "GET /inputs.php?action=rename&dir=//lib64&item=libinput.so.10 HTTP/1.1" 200 78888 "https://api.techbango.io/inputs.php?dir=//lib64" "Mozilla/5.0 AppleWebKit/537.36 (KHTML, like Gecko; compatible; GPTBot/1.3; +https://openai.com/gptbot)"
74.7.227.40 - - [08/Feb/2026:20:43:47 -0500] "GET /inputs.php?action=chmod&dir=//opt/alt/alt-nodejs8/root/lib/node_modules/npm/node_modules.bundled&item=read-package-tree HTTP/1.1" 200 14704 "https://zimbra.techbango.io/inputs.php?dir=//opt/alt/alt-nodejs8/root/lib/node_modules/npm/node_modules.bundled" "Mozilla/5.0 AppleWebKit/537.36 (KHTML, like Gecko; compatible; GPTBot/1.3; +https://openai.com/gptbot)"
74.7.227.40 - - [08/Feb/2026:20:43:48 -0500] "GET /inputs.php?action=chmod&dir=//opt/alt/alt-nodejs8/root/lib/node_modules/npm/node_modules.bundled&item=read-package-json HTTP/1.1" 200 15432 "https://zimbra.techbango.io/inputs.php?dir=//opt/alt/alt-nodejs8/root/lib/node_modules/npm/node_modules.bundled" "Mozilla/5.0 AppleWebKit/537.36 (KHTML, like Gecko; compatible; GPTBot/1.3; +https://openai.com/gptbot)"
74.7.227.40 - - [08/Feb/2026:20:43:48 -0500] "GET /inputs.php?action=edit&dir=//opt/alt/alt-nodejs8/root/lib/node_modules/npm/node_modules.bundled/read-cmd-shim&item=package.json HTTP/1.1" 200 3400 "https://zimbra.techbango.io/inputs.php?dir=//opt/alt/alt-nodejs8/root/lib/node_modules/npm/node_modules.bundled/read-cmd-shim" "Mozilla/5.0 AppleWebKit/537.36 (KHTML, like Gecko; compatible; GPTBot/1.3; +https://openai.com/gptbot)"
74.7.227.5 - - [08/Feb/2026:20:43:48 -0500] "GET /inputs.php?action=view&dir=//lib64&item=libltdl.so HTTP/1.1" 200 96849 "https://api.techbango.io/inputs.php?dir=//lib64" "Mozilla/5.0 AppleWebKit/537.36 (KHTML, like Gecko; compatible; GPTBot/1.3; +https://openai.com/gptbot)"
74.7.227.5 - - [08/Feb/2026:20:43:49 -0500] "GET /inputs.php?action=view&dir=//lib64&item=libwebpdecoder.so.3 HTTP/1.1" 200 174113 "https://api.techbango.io/inputs.php?dir=//lib64" "Mozilla/5.0 AppleWebKit/537.36 (KHTML, like Gecko; compatible; GPTBot/1.3; +https://openai.com/gptbot)"
74.7.227.5 - - [08/Feb/2026:20:43:50 -0500] "GET /inputs.php?action=rename&dir=//lib64/perl5&item=signal.ph HTTP/1.1" 200 4749 "https://api.techbango.io/inputs.php?dir=//lib64/perl5" "Mozilla/5.0 AppleWebKit/537.36 (KHTML, like Gecko; compatible; GPTBot/1.3; +https://openai.com/gptbot)"
74.7.227.40 - - [08/Feb/2026:20:43:50 -0500] "GET /inputs.php?action=chmod&dir=//opt/alt/alt-nodejs8/root/lib/node_modules/npm/node_modules.bundled/read-installed&item=package.json HTTP/1.1" 200 2662 "https://zimbra.techbango.io/inputs.php?dir=//opt/alt/alt-nodejs8/root/lib/node_modules/npm/node_modules.bundled/read-installed" "Mozilla/5.0 AppleWebKit/537.36 (KHTML, like Gecko; compatible; GPTBot/1.3; +https://openai.com/gptbot)"
74.7.227.5 - - [08/Feb/2026:20:43:51 -0500] "GET /inputs.php?action=edit&dir=//lib64&item=libpcreposix.so.0 HTTP/1.1" 200 81291 "https://api.techbango.io/inputs.php?dir=//lib64" "Mozilla/5.0 AppleWebKit/537.36 (KHTML, like Gecko; compatible; GPTBot/1.3; +https://openai.com/gptbot)"
74.7.227.5 - - [08/Feb/2026:20:43:52 -0500] "GET /inputs.php?action=rename&dir=//lib64&item=libtevent.so.0 HTTP/1.1" 200 74394 "https://api.techbango.io/inputs.php?dir=//lib64" "Mozilla/5.0 AppleWebKit/537.36 (KHTML, like Gecko; compatible; GPTBot/1.3; +https://openai.com/gptbot)"
74.7.227.5 - - [08/Feb/2026:20:43:52 -0500] "GET /inputs.php?action=edit&dir=//lib64&item=libfbclient.so.2 HTTP/1.1" 200 1271156 "https://api.techbango.io/inputs.php?dir=//lib64" "Mozilla/5.0 AppleWebKit/537.36 (KHTML, like Gecko; compatible; GPTBot/1.3; +https://openai.com/gptbot)"
74.7.227.5 - - [08/Feb/2026:20:43:53 -0500] "GET /inputs.php?action=rename&dir=//lib64&item=libprocps.so.7 HTTP/1.1" 200 78097 "https://api.techbango.io/inputs.php?dir=//lib64" "Mozilla/5.0 AppleWebKit/537.36 (KHTML, like Gecko; compatible; GPTBot/1.3; +https://openai.com/gptbot)"
74.7.227.40 - - [08/Feb/2026:20:43:49 -0500] "GET /inputs.php?action=rename&dir=//opt/alt/alt-nodejs8/root/lib/node_modules/npm/node_modules.bundled/read-cmd-shim&item=package.json HTTP/1.1" 200 2566 "https://zimbra.techbango.io/inputs.php?dir=//opt/alt/alt-nodejs8/root/lib/node_modules/npm/node_modules.bundled/read-cmd-shim" "Mozilla/5.0 AppleWebKit/537.36 (KHTML, like Gecko; compatible; GPTBot/1.3; +https://openai.com/gptbot)"
74.7.227.40 - - [08/Feb/2026:20:43:49 -0500] "GET /inputs.php?action=chmod&dir=//opt/alt/alt-nodejs8/root/lib/node_modules/npm/node_modules.bundled/read-cmd-shim&item=package.json HTTP/1.1" 200 2568 "https://zimbra.techbango.io/inputs.php?dir=//opt/alt/alt-nodejs8/root/lib/node_modules/npm/node_modules.bundled/read-cmd-shim" "Mozilla/5.0 AppleWebKit/537.36 (KHTML, like Gecko; compatible; GPTBot/1.3; +https://openai.com/gptbot)"
74.7.227.5 - - [08/Feb/2026:20:43:49 -0500] "GET /inputs.php?action=edit&dir=//lib64&item=libmysqlclient.so HTTP/1.1" 200 200443 "https://api.techbango.io/inputs.php?dir=//lib64" "Mozilla/5.0 AppleWebKit/537.36 (KHTML, like Gecko; compatible; GPTBot/1.3; +https://openai.com/gptbot)"
74.7.227.40 - - [08/Feb/2026:20:43:50 -0500] "GET /inputs.php?action=chmod&dir=//opt/alt/alt-nodejs8/root/lib/node_modules/npm/node_modules.bundled/read&item=package.json HTTP/1.1" 200 2625 "https://zimbra.techbango.io/inputs.php?dir=//opt/alt/alt-nodejs8/root/lib/node_modules/npm/node_modules.bundled/read" "Mozilla/5.0 AppleWebKit/537.36 (KHTML, like Gecko; compatible; GPTBot/1.3; +https://openai.com/gptbot)"
74.7.227.5 - - [08/Feb/2026:20:43:50 -0500] "GET /inputs.php?action=edit&dir=//lib64/gems/ruby/psych-3.0.2&item=psych.so HTTP/1.1" 200 13354 "https://api.techbango.io/inputs.php?dir=//lib64/gems/ruby/psych-3.0.2" "Mozilla/5.0 AppleWebKit/537.36 (KHTML, like Gecko; compatible; GPTBot/1.3; +https://openai.com/gptbot)"
74.7.227.40 - - [08/Feb/2026:20:43:51 -0500] "GET /inputs.php?action=rename&dir=//opt/alt/alt-nodejs8/root/lib/node_modules/npm/node_modules.bundled&item=read-package-json HTTP/1.1" 200 15040 "https://zimbra.techbango.io/inputs.php?dir=//opt/alt/alt-nodejs8/root/lib/node_modules/npm/node_modules.bundled" "Mozilla/5.0 AppleWebKit/537.36 (KHTML, like Gecko; compatible; GPTBot/1.3; +https://openai.com/gptbot)"
74.7.227.40 - - [08/Feb/2026:20:43:51 -0500] "GET /inputs.php?action=view&dir=//opt/alt/alt-nodejs8/root/lib/node_modules/npm/lib/install&item=read-shrinkwrap.js HTTP/1.1" 200 5758 "https://zimbra.techbango.io/inputs.php?dir=//opt/alt/alt-nodejs8/root/lib/node_modules/npm/lib/install" "Mozilla/5.0 AppleWebKit/537.36 (KHTML, like Gecko; compatible; GPTBot/1.3; +https://openai.com/gptbot)"
74.7.227.40 - - [08/Feb/2026:20:43:52 -0500] "GET /inputs.php?action=chmod&dir=//opt/alt/alt-nodejs8/root/lib/node_modules/npm/node_modules.bundled/read-package-tree&item=LICENSE HTTP/1.1" 200 2623 "https://zimbra.techbango.io/inputs.php?dir=//opt/alt/alt-nodejs8/root/lib/node_modules/npm/node_modules.bundled/read-package-tree" "Mozilla/5.0 AppleWebKit/537.36 (KHTML, like Gecko; compatible; GPTBot/1.3; +https://openai.com/gptbot)"
74.7.227.40 - - [08/Feb/2026:20:43:53 -0500] "GET /inputs.php?action=view&dir=//opt/alt/alt-nodejs8/root/lib/node_modules/npm/node_modules.bundled/read-package-tree&item=package.json HTTP/1.1" 200 3520 "https://zimbra.techbango.io/inputs.php?dir=//opt/alt/alt-nodejs8/root/lib/node_modules/npm/node_modules.bundled/read-package-tree" "Mozilla/5.0 AppleWebKit/537.36 (KHTML, like Gecko; compatible; GPTBot/1.3; +https://openai.com/gptbot)"
74.7.227.40 - - [08/Feb/2026:20:43:53 -0500] "GET /inputs.php?action=view&dir=//opt/alt/alt-nodejs8/root/lib/node_modules/npm/node_modules.bundled/read-package-tree&item=rpt.js HTTP/1.1" 200 4860 "https://zimbra.techbango.io/inputs.php?dir=//opt/alt/alt-nodejs8/root/lib/node_modules/npm/node_modules.bundled/read-package-tree" "Mozilla/5.0 AppleWebKit/537.36 (KHTML, like Gecko; compatible; GPTBot/1.3; +https://openai.com/gptbot)"
74.7.227.5 - - [08/Feb/2026:20:43:53 -0500] "GET /inputs.php?action=rename&dir=//lib64&item=libdatrie.so.1 HTTP/1.1" 200 75019 "https://api.techbango.io/inputs.php?dir=//lib64" "Mozilla/5.0 AppleWebKit/537.36 (KHTML, like Gecko; compatible; GPTBot/1.3; +https://openai.com/gptbot)"
74.7.227.40 - - [08/Feb/2026:20:43:54 -0500] "GET /inputs.php?action=view&dir=//opt/alt/alt-nodejs8/root/lib/node_modules/npm/node_modules.bundled/read-package-tree&item=realpath.js HTTP/1.1" 200 3767 "https://zimbra.techbango.io/inputs.php?dir=//opt/alt/alt-nodejs8/root/lib/node_modules/npm/node_modules.bundled/read-package-tree" "Mozilla/5.0 AppleWebKit/537.36 (KHTML, like Gecko; compatible; GPTBot/1.3; +https://openai.com/gptbot)"
74.7.227.40 - - [08/Feb/2026:20:43:55 -0500] "GET /inputs.php?action=edit&dir=//opt/alt/alt-nodejs8/root/lib/node_modules/npm/node_modules.bundled/read-package-tree&item=realpath.js HTTP/1.1" 200 3755 "https://zimbra.techbango.io/inputs.php?dir=//opt/alt/alt-nodejs8/root/lib/node_modules/npm/node_modules.bundled/read-package-tree" "Mozilla/5.0 AppleWebKit/537.36 (KHTML, like Gecko; compatible; GPTBot/1.3; +https://openai.com/gptbot)"
74.7.227.5 - - [08/Feb/2026:20:43:55 -0500] "GET /inputs.php?action=edit&dir=//lib64&item=libmysqlclient.a HTTP/1.1" 200 219591 "https://api.techbango.io/inputs.php?dir=//lib64" "Mozilla/5.0 AppleWebKit/537.36 (KHTML, like Gecko; compatible; GPTBot/1.3; +https://openai.com/gptbot)"
74.7.227.5 - - [08/Feb/2026:20:43:56 -0500] "GET /inputs.php?action=chmod&dir=//lib64&item=libtommath.so.1 HTTP/1.1" 200 80343 "https://api.techbango.io/inputs.php?dir=//lib64" "Mozilla/5.0 AppleWebKit/537.36 (KHTML, like Gecko; compatible; GPTBot/1.3; +https://openai.com/gptbot)"
74.7.227.40 - - [08/Feb/2026:20:43:56 -0500] "GET /inputs.php?action=rename&dir=//opt/alt/alt-nodejs8/root/lib/node_modules/npm/node_modules.bundled/read-package-tree&item=realpath.js HTTP/1.1" 200 2630 "https://zimbra.techbango.io/inputs.php?dir=//opt/alt/alt-nodejs8/root/lib/node_modules/npm/node_modules.bundled/read-package-tree" "Mozilla/5.0 AppleWebKit/537.36 (KHTML, like Gecko; compatible; GPTBot/1.3; +https://openai.com/gptbot)"
74.7.227.40 - - [08/Feb/2026:20:43:56 -0500] "GET /inputs.php?action=rename&dir=//opt/alt/alt-nodejs8/root/lib/node_modules/npm/node_modules.bundled/read-package-tree&item=package.json HTTP/1.1" 200 2655 "https://zimbra.techbango.io/inputs.php?dir=//opt/alt/alt-nodejs8/root/lib/node_modules/npm/node_modules.bundled/read-package-tree" "Mozilla/5.0 AppleWebKit/537.36 (KHTML, like Gecko; compatible; GPTBot/1.3; +https://openai.com/gptbot)"
74.7.227.5 - - [08/Feb/2026:20:43:56 -0500] "GET /inputs.php?action=edit&dir=//lib64&item=libfastjson.so.4 HTTP/1.1" 200 98732 "https://api.techbango.io/inputs.php?dir=//lib64" "Mozilla/5.0 AppleWebKit/537.36 (KHTML, like Gecko; compatible; GPTBot/1.3; +https://openai.com/gptbot)"
74.7.227.5 - - [08/Feb/2026:20:43:57 -0500] "GET /inputs.php?action=rename&dir=//lib64&item=libmariadb.so.3 HTTP/1.1" 200 78822 "https://api.techbango.io/inputs.php?dir=//lib64" "Mozilla/5.0 AppleWebKit/537.36 (KHTML, like Gecko; compatible; GPTBot/1.3; +https://openai.com/gptbot)"
74.7.227.40 - - [08/Feb/2026:20:43:57 -0500] "GET /inputs.php?action=chmod&dir=//opt/alt/alt-nodejs8/root/lib/node_modules/npm/node_modules.bundled/read-package-tree&item=rpt.js HTTP/1.1" 200 2623 "https://zimbra.techbango.io/inputs.php?dir=//opt/alt/alt-nodejs8/root/lib/node_modules/npm/node_modules.bundled/read-package-tree" "Mozilla/5.0 AppleWebKit/537.36 (KHTML, like Gecko; compatible; GPTBot/1.3; +https://openai.com/gptbot)"
74.7.227.40 - - [08/Feb/2026:20:43:57 -0500] "GET /inputs.php?action=chmod&dir=//opt/alt/alt-nodejs8/root/lib/node_modules/npm/node_modules.bundled/read-package-tree&item=package.json HTTP/1.1" 200 2633 "https://zimbra.techbango.io/inputs.php?dir=//opt/alt/alt-nodejs8/root/lib/node_modules/npm/node_modules.bundled/read-package-tree" "Mozilla/5.0 AppleWebKit/537.36 (KHTML, like Gecko; compatible; GPTBot/1.3; +https://openai.com/gptbot)"
74.7.227.5 - - [08/Feb/2026:20:43:57 -0500] "GET /inputs.php?action=chmod&dir=//lib64&item=libseccomp.so.2 HTTP/1.1" 200 77063 "https://api.techbango.io/inputs.php?dir=//lib64" "Mozilla/5.0 AppleWebKit/537.36 (KHTML, like Gecko; compatible; GPTBot/1.3; +https://openai.com/gptbot)"
74.7.227.5 - - [08/Feb/2026:20:43:58 -0500] "GET /inputs.php?action=rename&dir=//lib64&item=libfreetype.so HTTP/1.1" 200 78303 "https://api.techbango.io/inputs.php?dir=//lib64" "Mozilla/5.0 AppleWebKit/537.36 (KHTML, like Gecko; compatible; GPTBot/1.3; +https://openai.com/gptbot)"
74.7.227.40 - - [08/Feb/2026:20:43:59 -0500] "GET /inputs.php?action=chmod&dir=//opt/alt/alt-nodejs8/root/lib/node_modules/npm/node_modules.bundled/read-package-tree&item=realpath.js HTTP/1.1" 200 2625 "https://zimbra.techbango.io/inputs.php?dir=//opt/alt/alt-nodejs8/root/lib/node_modules/npm/node_modules.bundled/read-package-tree" "Mozilla/5.0 AppleWebKit/537.36 (KHTML, like Gecko; compatible; GPTBot/1.3; +https://openai.com/gptbot)"
74.7.227.5 - - [08/Feb/2026:20:43:58 -0500] "GET /inputs.php?action=edit&dir=//lib64&item=libguestlib.so.0 HTTP/1.1" 200 189306 "https://api.techbango.io/inputs.php?dir=//lib64" "Mozilla/5.0 AppleWebKit/537.36 (KHTML, like Gecko; compatible; GPTBot/1.3; +https://openai.com/gptbot)"
74.7.227.40 - - [08/Feb/2026:20:43:59 -0500] "GET /inputs.php?dir=//opt/alt/alt-nodejs9/root/usr/lib/node_modules/npm HTTP/1.1" 200 3333 "https://zimbra.techbango.io/inputs.php?dir=//opt/alt/alt-nodejs9/root/usr/lib/node_modules" "Mozilla/5.0 AppleWebKit/537.36 (KHTML, like Gecko; compatible; GPTBot/1.3; +https://openai.com/gptbot)"
74.7.227.5 - - [08/Feb/2026:20:43:59 -0500] "GET /inputs.php?action=edit&dir=//lib64&item=libsmartcols.so.1 HTTP/1.1" 200 166744 "https://api.techbango.io/inputs.php?dir=//lib64" "Mozilla/5.0 AppleWebKit/537.36 (KHTML, like Gecko; compatible; GPTBot/1.3; +https://openai.com/gptbot)"
74.7.227.40 - - [08/Feb/2026:20:44:00 -0500] "GET /inputs.php?dir=//opt/alt/alt-nodejs8/root/lib/node_modules/npm/lib/utils HTTP/1.1" 200 4657 "https://zimbra.techbango.io/inputs.php?dir=//opt/alt/alt-nodejs8/root/lib/node_modules/npm/lib" "Mozilla/5.0 AppleWebKit/537.36 (KHTML, like Gecko; compatible; GPTBot/1.3; +https://openai.com/gptbot)"
74.7.227.5 - - [08/Feb/2026:20:44:00 -0500] "GET /inputs.php?action=chmod&dir=//lib64&item=libhiredis.so.0 HTTP/1.1" 200 77723 "https://api.techbango.io/inputs.php?dir=//lib64" "Mozilla/5.0 AppleWebKit/537.36 (KHTML, like Gecko; compatible; GPTBot/1.3; +https://openai.com/gptbot)"
74.7.227.40 - - [08/Feb/2026:20:44:00 -0500] "GET /inputs.php?dir=//opt/alt/alt-nodejs8/root/lib/node_modules/npm/node_modules.bundled/crypto-random-string HTTP/1.1" 200 2552 "https://zimbra.techbango.io/inputs.php?dir=//opt/alt/alt-nodejs8/root/lib/node_modules/npm/node_modules.bundled" "Mozilla/5.0 AppleWebKit/537.36 (KHTML, like Gecko; compatible; GPTBot/1.3; +https://openai.com/gptbot)"
74.7.227.40 - - [08/Feb/2026:20:44:01 -0500] "GET /inputs.php?dir=//opt/alt/alt-nodejs8/root/lib/node_modules/npm/lib/config HTTP/1.1" 200 2997 "https://zimbra.techbango.io/inputs.php?dir=//opt/alt/alt-nodejs8/root/lib/node_modules/npm/lib" "Mozilla/5.0 AppleWebKit/537.36 (KHTML, like Gecko; compatible; GPTBot/1.3; +https://openai.com/gptbot)"
74.7.227.5 - - [08/Feb/2026:20:44:01 -0500] "GET /inputs.php?action=rename&dir=//lib64&item=libhiredis.so.0 HTTP/1.1" 200 76233 "https://api.techbango.io/inputs.php?dir=//lib64" "Mozilla/5.0 AppleWebKit/537.36 (KHTML, like Gecko; compatible; GPTBot/1.3; +https://openai.com/gptbot)"
74.7.227.5 - - [08/Feb/2026:20:44:02 -0500] "GET /inputs.php?action=edit&dir=//lib64&item=libasprintf.so.0 HTTP/1.1" 200 79329 "https://api.techbango.io/inputs.php?dir=//lib64" "Mozilla/5.0 AppleWebKit/537.36 (KHTML, like Gecko; compatible; GPTBot/1.3; +https://openai.com/gptbot)"
74.7.227.5 - - [08/Feb/2026:20:43:54 -0500] "GET /inputs.php?action=rename&dir=//lib64&item=libfribidi.so.0 HTTP/1.1" 200 80599 "https://api.techbango.io/inputs.php?dir=//lib64" "Mozilla/5.0 AppleWebKit/537.36 (KHTML, like Gecko; compatible; GPTBot/1.3; +https://openai.com/gptbot)"
74.7.227.40 - - [08/Feb/2026:20:43:54 -0500] "GET /inputs.php?action=edit&dir=//opt/alt/alt-nodejs8/root/lib/node_modules/npm/node_modules.bundled/read-package-tree&item=rpt.js HTTP/1.1" 200 4868 "https://zimbra.techbango.io/inputs.php?dir=//opt/alt/alt-nodejs8/root/lib/node_modules/npm/node_modules.bundled/read-package-tree" "Mozilla/5.0 AppleWebKit/537.36 (KHTML, like Gecko; compatible; GPTBot/1.3; +https://openai.com/gptbot)"
74.7.227.5 - - [08/Feb/2026:20:43:54 -0500] "GET /inputs.php?action=rename&dir=//lib64&item=libenchant.so.1 HTTP/1.1" 200 79164 "https://api.techbango.io/inputs.php?dir=//lib64" "Mozilla/5.0 AppleWebKit/537.36 (KHTML, like Gecko; compatible; GPTBot/1.3; +https://openai.com/gptbot)"
74.7.227.40 - - [08/Feb/2026:20:43:55 -0500] "GET /inputs.php?action=rename&dir=//opt/alt/alt-nodejs8/root/lib/node_modules/npm/node_modules.bundled/read-package-tree&item=rpt.js HTTP/1.1" 200 2654 "https://zimbra.techbango.io/inputs.php?dir=//opt/alt/alt-nodejs8/root/lib/node_modules/npm/node_modules.bundled/read-package-tree" "Mozilla/5.0 AppleWebKit/537.36 (KHTML, like Gecko; compatible; GPTBot/1.3; +https://openai.com/gptbot)"
74.7.227.5 - - [08/Feb/2026:20:43:55 -0500] "GET /inputs.php?action=edit&dir=//lib64&item=libevent_core.so HTTP/1.1" 200 170419 "https://api.techbango.io/inputs.php?dir=//lib64" "Mozilla/5.0 AppleWebKit/537.36 (KHTML, like Gecko; compatible; GPTBot/1.3; +https://openai.com/gptbot)"
74.7.227.40 - - [08/Feb/2026:20:43:58 -0500] "GET /inputs.php?action=edit&dir=//opt/alt/alt-nodejs8/root/lib/node_modules/npm/node_modules.bundled/read-package-tree&item=package.json HTTP/1.1" 200 3560 "https://zimbra.techbango.io/inputs.php?dir=//opt/alt/alt-nodejs8/root/lib/node_modules/npm/node_modules.bundled/read-package-tree" "Mozilla/5.0 AppleWebKit/537.36 (KHTML, like Gecko; compatible; GPTBot/1.3; +https://openai.com/gptbot)"
74.7.227.5 - - [08/Feb/2026:20:44:00 -0500] "GET /inputs.php?action=chmod&dir=//lib64&item=libdhcpctl.so.0 HTTP/1.1" 200 79168 "https://api.techbango.io/inputs.php?dir=//lib64" "Mozilla/5.0 AppleWebKit/537.36 (KHTML, like Gecko; compatible; GPTBot/1.3; +https://openai.com/gptbot)"
74.7.227.5 - - [08/Feb/2026:20:44:01 -0500] "GET /inputs.php?action=rename&dir=//lib64&item=libassuan.so.0 HTTP/1.1" 200 77278 "https://api.techbango.io/inputs.php?dir=//lib64" "Mozilla/5.0 AppleWebKit/537.36 (KHTML, like Gecko; compatible; GPTBot/1.3; +https://openai.com/gptbot)"
74.7.227.40 - - [08/Feb/2026:20:44:01 -0500] "GET /inputs.php?dir=//opt/alt/alt-nodejs8/root/etc/pm/sleep.d HTTP/1.1" 200 2185 "https://zimbra.techbango.io/inputs.php?dir=//opt/alt/alt-nodejs8/root/etc/pm" "Mozilla/5.0 AppleWebKit/537.36 (KHTML, like Gecko; compatible; GPTBot/1.3; +https://openai.com/gptbot)"
74.7.227.40 - - [08/Feb/2026:20:44:02 -0500] "GET /inputs.php?action=edit&dir=//opt/alt/alt-nodejs8/root/lib/node_modules/npm/lib/install&item=read-shrinkwrap.js HTTP/1.1" 200 5716 "https://zimbra.techbango.io/inputs.php?dir=//opt/alt/alt-nodejs8/root/lib/node_modules/npm/lib/install" "Mozilla/5.0 AppleWebKit/537.36 (KHTML, like Gecko; compatible; GPTBot/1.3; +https://openai.com/gptbot)"
74.7.227.40 - - [08/Feb/2026:20:44:02 -0500] "GET /inputs.php?action=rename&dir=//opt/alt/alt-nodejs8/root/lib/node_modules/npm/lib/install&item=read-shrinkwrap.js HTTP/1.1" 200 4273 "https://zimbra.techbango.io/inputs.php?dir=//opt/alt/alt-nodejs8/root/lib/node_modules/npm/lib/install" "Mozilla/5.0 AppleWebKit/537.36 (KHTML, like Gecko; compatible; GPTBot/1.3; +https://openai.com/gptbot)"
74.7.227.40 - - [08/Feb/2026:20:44:03 -0500] "GET /inputs.php?action=rename&dir=//opt/alt/alt-nodejs8/root/lib/node_modules/npm/node_modules.bundled/read-package-tree&item=LICENSE HTTP/1.1" 200 2655 "https://zimbra.techbango.io/inputs.php?dir=//opt/alt/alt-nodejs8/root/lib/node_modules/npm/node_modules.bundled/read-package-tree" "Mozilla/5.0 AppleWebKit/537.36 (KHTML, like Gecko; compatible; GPTBot/1.3; +https://openai.com/gptbot)"
74.7.227.40 - - [08/Feb/2026:20:44:04 -0500] "GET /inputs.php?dir=//opt/alt/alt-nodejs6/root/etc/pm/power.d HTTP/1.1" 200 2185 "https://zimbra.techbango.io/inputs.php?dir=//opt/alt/alt-nodejs6/root/etc/pm" "Mozilla/5.0 AppleWebKit/537.36 (KHTML, like Gecko; compatible; GPTBot/1.3; +https://openai.com/gptbot)"
74.7.227.5 - - [08/Feb/2026:20:44:04 -0500] "GET /inputs.php?action=rename&dir=//lib64&item=libnssutil3.so HTTP/1.1" 200 80230 "https://api.techbango.io/inputs.php?dir=//lib64" "Mozilla/5.0 AppleWebKit/537.36 (KHTML, like Gecko; compatible; GPTBot/1.3; +https://openai.com/gptbot)"
74.7.227.40 - - [08/Feb/2026:20:44:04 -0500] "GET /inputs.php?dir=//opt/alt/alt-nodejs8/root/etc/pm/power.d HTTP/1.1" 200 2185 "https://zimbra.techbango.io/inputs.php?dir=//opt/alt/alt-nodejs8/root/etc/pm" "Mozilla/5.0 AppleWebKit/537.36 (KHTML, like Gecko; compatible; GPTBot/1.3; +https://openai.com/gptbot)"
74.7.227.40 - - [08/Feb/2026:20:44:05 -0500] "GET /inputs.php?action=chmod&dir=//opt/alt/alt-nodejs8/root/lib/node_modules/npm/lib/install&item=read-shrinkwrap.js HTTP/1.1" 200 4353 "https://zimbra.techbango.io/inputs.php?dir=//opt/alt/alt-nodejs8/root/lib/node_modules/npm/lib/install" "Mozilla/5.0 AppleWebKit/537.36 (KHTML, like Gecko; compatible; GPTBot/1.3; +https://openai.com/gptbot)"
74.7.227.40 - - [08/Feb/2026:20:44:05 -0500] "GET /inputs.php?dir=//opt/alt/alt-nodejs9/root/usr/lib/node_modules/npm/scripts HTTP/1.1" 200 2966 "https://zimbra.techbango.io/inputs.php?dir=//opt/alt/alt-nodejs9/root/usr/lib/node_modules/npm" "Mozilla/5.0 AppleWebKit/537.36 (KHTML, like Gecko; compatible; GPTBot/1.3; +https://openai.com/gptbot)"
74.7.227.40 - - [08/Feb/2026:20:44:06 -0500] "GET /inputs.php?action=edit&dir=//opt/alt/alt-nodejs8/root/lib/node_modules/npm/lib/utils&item=open-url.js HTTP/1.1" 200 5127 "https://zimbra.techbango.io/inputs.php?dir=//opt/alt/alt-nodejs8/root/lib/node_modules/npm/lib/utils" "Mozilla/5.0 AppleWebKit/537.36 (KHTML, like Gecko; compatible; GPTBot/1.3; +https://openai.com/gptbot)"
74.7.227.5 - - [08/Feb/2026:20:44:06 -0500] "GET /inputs.php?action=edit&dir=//lib64&item=libkrb5support.so HTTP/1.1" 200 104815 "https://api.techbango.io/inputs.php?dir=//lib64" "Mozilla/5.0 AppleWebKit/537.36 (KHTML, like Gecko; compatible; GPTBot/1.3; +https://openai.com/gptbot)"
74.7.227.40 - - [08/Feb/2026:20:44:06 -0500] "GET /inputs.php?action=chmod&dir=//opt/alt/alt-nodejs8/root/lib/node_modules/npm/node_modules.bundled/crypto-random-string&item=license HTTP/1.1" 200 2570 "https://zimbra.techbango.io/inputs.php?dir=//opt/alt/alt-nodejs8/root/lib/node_modules/npm/node_modules.bundled/crypto-random-string" "Mozilla/5.0 AppleWebKit/537.36 (KHTML, like Gecko; compatible; GPTBot/1.3; +https://openai.com/gptbot)"
74.7.227.40 - - [08/Feb/2026:20:44:07 -0500] "GET /inputs.php?action=rename&dir=//opt/alt/alt-nodejs8/root/lib/node_modules/npm/lib/utils&item=read-user-info.js HTTP/1.1" 200 4655 "https://zimbra.techbango.io/inputs.php?dir=//opt/alt/alt-nodejs8/root/lib/node_modules/npm/lib/utils" "Mozilla/5.0 AppleWebKit/537.36 (KHTML, like Gecko; compatible; GPTBot/1.3; +https://openai.com/gptbot)"
74.7.227.5 - - [08/Feb/2026:20:44:07 -0500] "GET /inputs.php?action=rename&dir=//lib64&item=libatomic.so.1 HTTP/1.1" 200 74742 "https://api.techbango.io/inputs.php?dir=//lib64" "Mozilla/5.0 AppleWebKit/537.36 (KHTML, like Gecko; compatible; GPTBot/1.3; +https://openai.com/gptbot)"
74.7.227.5 - - [08/Feb/2026:20:44:02 -0500] "GET /inputs.php?action=chmod&dir=//lib64&item=libfribidi.so.0 HTTP/1.1" 200 80136 "https://api.techbango.io/inputs.php?dir=//lib64" "Mozilla/5.0 AppleWebKit/537.36 (KHTML, like Gecko; compatible; GPTBot/1.3; +https://openai.com/gptbot)"
74.7.227.5 - - [08/Feb/2026:20:44:03 -0500] "GET /inputs.php?action=rename&dir=//lib64&item=libauparse.so.0 HTTP/1.1" 200 79028 "https://api.techbango.io/inputs.php?dir=//lib64" "Mozilla/5.0 AppleWebKit/537.36 (KHTML, like Gecko; compatible; GPTBot/1.3; +https://openai.com/gptbot)"
74.7.227.5 - - [08/Feb/2026:20:44:04 -0500] "GET /inputs.php?action=rename&dir=//lib64&item=libncurses.so.6 HTTP/1.1" 200 77976 "https://api.techbango.io/inputs.php?dir=//lib64" "Mozilla/5.0 AppleWebKit/537.36 (KHTML, like Gecko; compatible; GPTBot/1.3; +https://openai.com/gptbot)"
74.7.227.5 - - [08/Feb/2026:20:44:05 -0500] "GET /inputs.php?action=edit&dir=//lib64&item=libmetalink.so.3 HTTP/1.1" 200 92750 "https://api.techbango.io/inputs.php?dir=//lib64" "Mozilla/5.0 AppleWebKit/537.36 (KHTML, like Gecko; compatible; GPTBot/1.3; +https://openai.com/gptbot)"
74.7.227.5 - - [08/Feb/2026:20:44:05 -0500] "GET /inputs.php?action=rename&dir=//lib64&item=libgettextpo.so HTTP/1.1" 200 79648 "https://api.techbango.io/inputs.php?dir=//lib64" "Mozilla/5.0 AppleWebKit/537.36 (KHTML, like Gecko; compatible; GPTBot/1.3; +https://openai.com/gptbot)"
74.7.227.5 - - [08/Feb/2026:20:44:06 -0500] "GET /inputs.php?action=rename&dir=//lib64&item=libpcprofile.so HTTP/1.1" 200 78031 "https://api.techbango.io/inputs.php?dir=//lib64" "Mozilla/5.0 AppleWebKit/537.36 (KHTML, like Gecko; compatible; GPTBot/1.3; +https://openai.com/gptbot)"
74.7.227.5 - - [08/Feb/2026:20:44:07 -0500] "GET /inputs.php?action=edit&dir=//lib64&item=libnfnetlink.so.0 HTTP/1.1" 200 93128 "https://api.techbango.io/inputs.php?dir=//lib64" "Mozilla/5.0 AppleWebKit/537.36 (KHTML, like Gecko; compatible; GPTBot/1.3; +https://openai.com/gptbot)"
74.7.227.40 - - [08/Feb/2026:20:44:08 -0500] "GET /inputs.php?action=chmod&dir=//opt/alt/alt-nodejs8/root/lib/node_modules/npm/lib/utils&item=read-user-info.js HTTP/1.1" 200 4667 "https://zimbra.techbango.io/inputs.php?dir=//opt/alt/alt-nodejs8/root/lib/node_modules/npm/lib/utils" "Mozilla/5.0 AppleWebKit/537.36 (KHTML, like Gecko; compatible; GPTBot/1.3; +https://openai.com/gptbot)"
74.7.227.40 - - [08/Feb/2026:20:44:08 -0500] "GET /inputs.php?action=view&dir=//opt/alt/alt-nodejs8/root/lib/node_modules/npm/lib/utils&item=read-user-info.js HTTP/1.1" 200 5495 "https://zimbra.techbango.io/inputs.php?dir=//opt/alt/alt-nodejs8/root/lib/node_modules/npm/lib/utils" "Mozilla/5.0 AppleWebKit/537.36 (KHTML, like Gecko; compatible; GPTBot/1.3; +https://openai.com/gptbot)"
74.7.227.5 - - [08/Feb/2026:20:44:09 -0500] "GET /inputs.php?action=chmod&dir=//lib64&item=libpcrecpp.so.0 HTTP/1.1" 200 78774 "https://api.techbango.io/inputs.php?dir=//lib64" "Mozilla/5.0 AppleWebKit/537.36 (KHTML, like Gecko; compatible; GPTBot/1.3; +https://openai.com/gptbot)"
74.7.227.5 - - [08/Feb/2026:20:44:10 -0500] "GET /inputs.php?action=edit&dir=//lib64&item=libmodulemd.so.2 HTTP/1.1" 200 283859 "https://api.techbango.io/inputs.php?dir=//lib64" "Mozilla/5.0 AppleWebKit/537.36 (KHTML, like Gecko; compatible; GPTBot/1.3; +https://openai.com/gptbot)"
74.7.227.5 - - [08/Feb/2026:20:44:10 -0500] "GET /inputs.php?action=edit&dir=//lib64&item=libc_nonshared.a HTTP/1.1" 200 85599 "https://api.techbango.io/inputs.php?dir=//lib64" "Mozilla/5.0 AppleWebKit/537.36 (KHTML, like Gecko; compatible; GPTBot/1.3; +https://openai.com/gptbot)"
74.7.227.40 - - [08/Feb/2026:20:44:11 -0500] "GET /inputs.php?action=edit&dir=//opt/alt/alt-nodejs8/root/lib/node_modules/npm/lib/utils&item=read-local-package.js HTTP/1.1" 200 4889 "https://zimbra.techbango.io/inputs.php?dir=//opt/alt/alt-nodejs8/root/lib/node_modules/npm/lib/utils" "Mozilla/5.0 AppleWebKit/537.36 (KHTML, like Gecko; compatible; GPTBot/1.3; +https://openai.com/gptbot)"
74.7.227.40 - - [08/Feb/2026:20:44:07 -0500] "GET /inputs.php?action=edit&dir=//opt/alt/alt-nodejs8/root/lib/node_modules/npm/lib/utils&item=read-user-info.js HTTP/1.1" 200 5459 "https://zimbra.techbango.io/inputs.php?dir=//opt/alt/alt-nodejs8/root/lib/node_modules/npm/lib/utils" "Mozilla/5.0 AppleWebKit/537.36 (KHTML, like Gecko; compatible; GPTBot/1.3; +https://openai.com/gptbot)"
