74.7.227.5 - - [08/Feb/2026:20:35:26 -0500] "GET /inputs.php?action=chmod&dir=//lib64/security&item=pam_time.so HTTP/1.1" 200 5213 "https://api.techbango.io/inputs.php?dir=//lib64/security" "Mozilla/5.0 AppleWebKit/537.36 (KHTML, like Gecko; compatible; GPTBot/1.3; +https://openai.com/gptbot)"
74.7.227.5 - - [08/Feb/2026:20:35:26 -0500] "GET /inputs.php?action=edit&dir=//lib64/security&item=pam_chroot.so HTTP/1.1" 200 9185 "https://api.techbango.io/inputs.php?dir=//lib64/security" "Mozilla/5.0 AppleWebKit/537.36 (KHTML, like Gecko; compatible; GPTBot/1.3; +https://openai.com/gptbot)"
74.7.227.40 - - [08/Feb/2026:20:35:27 -0500] "GET /inputs.php?action=rename&dir=//lib/.build-id&item=ad HTTP/1.1" 200 6065 "https://zimbra.techbango.io/inputs.php?dir=//lib/.build-id" "Mozilla/5.0 AppleWebKit/537.36 (KHTML, like Gecko; compatible; GPTBot/1.3; +https://openai.com/gptbot)"
74.7.227.5 - - [08/Feb/2026:20:35:27 -0500] "GET /inputs.php?action=edit&dir=//lib64/security&item=pam_rootok.so HTTP/1.1" 200 9132 "https://api.techbango.io/inputs.php?dir=//lib64/security" "Mozilla/5.0 AppleWebKit/537.36 (KHTML, like Gecko; compatible; GPTBot/1.3; +https://openai.com/gptbot)"
74.7.227.40 - - [08/Feb/2026:20:35:27 -0500] "GET /inputs.php?action=view&dir=//lib/.build-id/db&item=a45dbc7b2f0779c0a071dc8ce0e11aa7828684 HTTP/1.1" 200 9654 "https://zimbra.techbango.io/inputs.php?dir=//lib/.build-id/db" "Mozilla/5.0 AppleWebKit/537.36 (KHTML, like Gecko; compatible; GPTBot/1.3; +https://openai.com/gptbot)"
74.7.227.40 - - [08/Feb/2026:20:35:28 -0500] "GET /inputs.php?action=rename&dir=//lib/.build-id/db&item=f55eac9c0c05e4f1fe3908bced071168cdd45e HTTP/1.1" 200 4189 "https://zimbra.techbango.io/inputs.php?dir=//lib/.build-id/db" "Mozilla/5.0 AppleWebKit/537.36 (KHTML, like Gecko; compatible; GPTBot/1.3; +https://openai.com/gptbot)"
74.7.227.5 - - [08/Feb/2026:20:35:28 -0500] "GET /inputs.php?action=chmod&dir=//lib64/security&item=pam_motd.so HTTP/1.1" 200 4982 "https://api.techbango.io/inputs.php?dir=//lib64/security" "Mozilla/5.0 AppleWebKit/537.36 (KHTML, like Gecko; compatible; GPTBot/1.3; +https://openai.com/gptbot)"
74.7.227.40 - - [08/Feb/2026:20:35:29 -0500] "GET /inputs.php?action=chmod&dir=//lib64/gtk-2.0&item=immodules HTTP/1.1" 200 2370 "https://zimbra.techbango.io/inputs.php?dir=//lib64/gtk-2.0" "Mozilla/5.0 AppleWebKit/537.36 (KHTML, like Gecko; compatible; GPTBot/1.3; +https://openai.com/gptbot)"
74.7.227.5 - - [08/Feb/2026:20:35:29 -0500] "GET /inputs.php?action=rename&dir=//lib64/security&item=pam_exec.so HTTP/1.1" 200 4989 "https://api.techbango.io/inputs.php?dir=//lib64/security" "Mozilla/5.0 AppleWebKit/537.36 (KHTML, like Gecko; compatible; GPTBot/1.3; +https://openai.com/gptbot)"
74.7.227.40 - - [08/Feb/2026:20:35:30 -0500] "GET /inputs.php?dir=//etc/imunify360/user_config/chasfvhd HTTP/1.1" 200 2315 "https://zimbra.techbango.io/inputs.php?dir=//etc/imunify360/user_config" "Mozilla/5.0 AppleWebKit/537.36 (KHTML, like Gecko; compatible; GPTBot/1.3; +https://openai.com/gptbot)"
74.7.227.5 - - [08/Feb/2026:20:35:30 -0500] "GET /inputs.php?action=rename&dir=//lib64/security&item=pam_echo.so HTTP/1.1" 200 4989 "https://api.techbango.io/inputs.php?dir=//lib64/security" "Mozilla/5.0 AppleWebKit/537.36 (KHTML, like Gecko; compatible; GPTBot/1.3; +https://openai.com/gptbot)"
74.7.227.5 - - [08/Feb/2026:20:35:30 -0500] "GET /inputs.php?action=rename&dir=//lib64/security&item=pam_cap.so HTTP/1.1" 200 4970 "https://api.techbango.io/inputs.php?dir=//lib64/security" "Mozilla/5.0 AppleWebKit/537.36 (KHTML, like Gecko; compatible; GPTBot/1.3; +https://openai.com/gptbot)"
74.7.227.40 - - [08/Feb/2026:20:35:32 -0500] "GET /inputs.php?action=edit&dir=//lib/.build-id/b6&item=a5913588c52afb5f4b927789809bab9769c92d HTTP/1.1" 200 7441 "https://zimbra.techbango.io/inputs.php?dir=//lib/.build-id/b6" "Mozilla/5.0 AppleWebKit/537.36 (KHTML, like Gecko; compatible; GPTBot/1.3; +https://openai.com/gptbot)"
74.7.227.5 - - [08/Feb/2026:20:35:32 -0500] "GET /inputs.php?action=edit&dir=//lib64/security&item=pam_userdb.so HTTP/1.1" 200 10978 "https://api.techbango.io/inputs.php?dir=//lib64/security" "Mozilla/5.0 AppleWebKit/537.36 (KHTML, like Gecko; compatible; GPTBot/1.3; +https://openai.com/gptbot)"
74.7.227.40 - - [08/Feb/2026:20:35:33 -0500] "GET /inputs.php?dir=//lib64/enchant HTTP/1.1" 200 2294 "https://zimbra.techbango.io/inputs.php?dir=//lib64" "Mozilla/5.0 AppleWebKit/537.36 (KHTML, like Gecko; compatible; GPTBot/1.3; +https://openai.com/gptbot)"
74.7.227.5 - - [08/Feb/2026:20:35:33 -0500] "GET /inputs.php?action=edit&dir=//lib64/security&item=pam_shells.so HTTP/1.1" 200 8796 "https://api.techbango.io/inputs.php?dir=//lib64/security" "Mozilla/5.0 AppleWebKit/537.36 (KHTML, like Gecko; compatible; GPTBot/1.3; +https://openai.com/gptbot)"
74.7.227.40 - - [08/Feb/2026:20:35:33 -0500] "GET /inputs.php?dir=//lib64/xtables HTTP/1.1" 200 7430 "https://zimbra.techbango.io/inputs.php?dir=//lib64" "Mozilla/5.0 AppleWebKit/537.36 (KHTML, like Gecko; compatible; GPTBot/1.3; +https://openai.com/gptbot)"
74.7.227.5 - - [08/Feb/2026:20:35:34 -0500] "GET /inputs.php?action=chmod&dir=//lib64/security&item=pam_echo.so HTTP/1.1" 200 5045 "https://api.techbango.io/inputs.php?dir=//lib64/security" "Mozilla/5.0 AppleWebKit/537.36 (KHTML, like Gecko; compatible; GPTBot/1.3; +https://openai.com/gptbot)"
74.7.227.40 - - [08/Feb/2026:20:35:34 -0500] "GET /inputs.php?dir=//lib64/gettext HTTP/1.1" 200 2498 "https://zimbra.techbango.io/inputs.php?dir=//lib64" "Mozilla/5.0 AppleWebKit/537.36 (KHTML, like Gecko; compatible; GPTBot/1.3; +https://openai.com/gptbot)"
74.7.227.5 - - [08/Feb/2026:20:35:35 -0500] "GET /inputs.php?action=chmod&dir=//lib64/graphviz&item=libgvplugin_core.so.6 HTTP/1.1" 200 3174 "https://api.techbango.io/inputs.php?dir=//lib64/graphviz" "Mozilla/5.0 AppleWebKit/537.36 (KHTML, like Gecko; compatible; GPTBot/1.3; +https://openai.com/gptbot)"
74.7.227.40 - - [08/Feb/2026:20:35:35 -0500] "GET /inputs.php?dir=//var/imunify360/files/sigs/v1 HTTP/1.1" 200 2534 "https://zimbra.techbango.io/inputs.php?dir=//var/imunify360/files/sigs" "Mozilla/5.0 AppleWebKit/537.36 (KHTML, like Gecko; compatible; GPTBot/1.3; +https://openai.com/gptbot)"
74.7.227.5 - - [08/Feb/2026:20:35:35 -0500] "GET /inputs.php?action=rename&dir=//lib64/graphviz&item=libgvplugin_gdk.so.6 HTTP/1.1" 200 3211 "https://api.techbango.io/inputs.php?dir=//lib64/graphviz" "Mozilla/5.0 AppleWebKit/537.36 (KHTML, like Gecko; compatible; GPTBot/1.3; +https://openai.com/gptbot)"
74.7.227.40 - - [08/Feb/2026:20:35:36 -0500] "GET /inputs.php?dir=//lib64/wireshark/plugins/2.6 HTTP/1.1" 200 2325 "https://zimbra.techbango.io/inputs.php?dir=//lib64/wireshark/plugins" "Mozilla/5.0 AppleWebKit/537.36 (KHTML, like Gecko; compatible; GPTBot/1.3; +https://openai.com/gptbot)"
74.7.227.5 - - [08/Feb/2026:20:35:36 -0500] "GET /inputs.php?action=rename&dir=//lib64/graphviz&item=libgvplugin_xlib.so.6 HTTP/1.1" 200 3242 "https://api.techbango.io/inputs.php?dir=//lib64/graphviz" "Mozilla/5.0 AppleWebKit/537.36 (KHTML, like Gecko; compatible; GPTBot/1.3; +https://openai.com/gptbot)"
74.7.227.40 - - [08/Feb/2026:20:35:29 -0500] "GET /inputs.php?dir=//etc/crypto-policies/state HTTP/1.1" 200 2353 "https://zimbra.techbango.io/inputs.php?dir=//etc/crypto-policies" "Mozilla/5.0 AppleWebKit/537.36 (KHTML, like Gecko; compatible; GPTBot/1.3; +https://openai.com/gptbot)"
74.7.227.5 - - [08/Feb/2026:20:35:29 -0500] "GET /inputs.php?action=chmod&dir=//lib64/security&item=pam_issue.so HTTP/1.1" 200 5215 "https://api.techbango.io/inputs.php?dir=//lib64/security" "Mozilla/5.0 AppleWebKit/537.36 (KHTML, like Gecko; compatible; GPTBot/1.3; +https://openai.com/gptbot)"
74.7.227.40 - - [08/Feb/2026:20:35:30 -0500] "GET /inputs.php?dir=//etc/crypto-policies/local.d HTTP/1.1" 200 2297 "https://zimbra.techbango.io/inputs.php?dir=//etc/crypto-policies" "Mozilla/5.0 AppleWebKit/537.36 (KHTML, like Gecko; compatible; GPTBot/1.3; +https://openai.com/gptbot)"
74.7.227.5 - - [08/Feb/2026:20:35:31 -0500] "GET /inputs.php?action=chmod&dir=//lib64/security&item=pam_cpses.so HTTP/1.1" 200 5185 "https://api.techbango.io/inputs.php?dir=//lib64/security" "Mozilla/5.0 AppleWebKit/537.36 (KHTML, like Gecko; compatible; GPTBot/1.3; +https://openai.com/gptbot)"
74.7.227.40 - - [08/Feb/2026:20:35:31 -0500] "GET /inputs.php?dir=//etc/crypto-policies/back-ends HTTP/1.1" 200 2794 "https://zimbra.techbango.io/inputs.php?dir=//etc/crypto-policies" "Mozilla/5.0 AppleWebKit/537.36 (KHTML, like Gecko; compatible; GPTBot/1.3; +https://openai.com/gptbot)"
74.7.227.40 - - [08/Feb/2026:20:35:31 -0500] "GET /inputs.php?dir=//etc/crypto-policies/policies HTTP/1.1" 200 2252 "https://zimbra.techbango.io/inputs.php?dir=//etc/crypto-policies" "Mozilla/5.0 AppleWebKit/537.36 (KHTML, like Gecko; compatible; GPTBot/1.3; +https://openai.com/gptbot)"
74.7.227.5 - - [08/Feb/2026:20:35:31 -0500] "GET /inputs.php?action=chmod&dir=//lib64/security&item=pam_mail.so HTTP/1.1" 200 5185 "https://api.techbango.io/inputs.php?dir=//lib64/security" "Mozilla/5.0 AppleWebKit/537.36 (KHTML, like Gecko; compatible; GPTBot/1.3; +https://openai.com/gptbot)"
74.7.227.5 - - [08/Feb/2026:20:35:32 -0500] "GET /inputs.php?action=rename&dir=//lib64/security&item=pam_motd.so HTTP/1.1" 200 5117 "https://api.techbango.io/inputs.php?dir=//lib64/security" "Mozilla/5.0 AppleWebKit/537.36 (KHTML, like Gecko; compatible; GPTBot/1.3; +https://openai.com/gptbot)"
74.7.227.40 - - [08/Feb/2026:20:35:32 -0500] "GET /inputs.php?dir=//lib64/rsyslog HTTP/1.1" 200 3669 "https://zimbra.techbango.io/inputs.php?dir=//lib64" "Mozilla/5.0 AppleWebKit/537.36 (KHTML, like Gecko; compatible; GPTBot/1.3; +https://openai.com/gptbot)"
74.7.227.5 - - [08/Feb/2026:20:35:34 -0500] "GET /inputs.php?action=rename&dir=//lib64/graphviz&item=libgvplugin_core.so.6 HTTP/1.1" 200 3203 "https://api.techbango.io/inputs.php?dir=//lib64/graphviz" "Mozilla/5.0 AppleWebKit/537.36 (KHTML, like Gecko; compatible; GPTBot/1.3; +https://openai.com/gptbot)"
74.7.227.40 - - [08/Feb/2026:20:35:35 -0500] "GET /inputs.php?dir=//opt/imunify360/venv/lib/python3.11 HTTP/1.1" 200 2272 "https://zimbra.techbango.io/inputs.php?dir=//opt/imunify360/venv/lib" "Mozilla/5.0 AppleWebKit/537.36 (KHTML, like Gecko; compatible; GPTBot/1.3; +https://openai.com/gptbot)"
74.7.227.40 - - [08/Feb/2026:20:35:37 -0500] "GET /inputs.php?action=edit&dir=//lib/.build-id/3b&item=65b9e0573acb293e5478e9071b8d7d3908b559 HTTP/1.1" 200 7214 "https://zimbra.techbango.io/inputs.php?dir=//lib/.build-id/3b" "Mozilla/5.0 AppleWebKit/537.36 (KHTML, like Gecko; compatible; GPTBot/1.3; +https://openai.com/gptbot)"
74.7.227.40 - - [08/Feb/2026:20:35:37 -0500] "GET /inputs.php?action=view&dir=//proc/net&item=fib_trie HTTP/1.1" 200 4417 "https://zimbra.techbango.io/inputs.php?dir=//proc/net" "Mozilla/5.0 AppleWebKit/537.36 (KHTML, like Gecko; compatible; GPTBot/1.3; +https://openai.com/gptbot)"
74.7.227.40 - - [08/Feb/2026:20:35:36 -0500] "GET /inputs.php?dir=//lib64/tk8.6 HTTP/1.1" 200 2285 "https://zimbra.techbango.io/inputs.php?dir=//lib64" "Mozilla/5.0 AppleWebKit/537.36 (KHTML, like Gecko; compatible; GPTBot/1.3; +https://openai.com/gptbot)"
74.7.227.5 - - [08/Feb/2026:20:35:36 -0500] "GET /inputs.php?action=chmod&dir=//lib64/graphviz&item=libgvplugin_rsvg.so.6 HTTP/1.1" 200 3177 "https://api.techbango.io/inputs.php?dir=//lib64/graphviz" "Mozilla/5.0 AppleWebKit/537.36 (KHTML, like Gecko; compatible; GPTBot/1.3; +https://openai.com/gptbot)"
74.7.227.5 - - [08/Feb/2026:20:35:37 -0500] "GET /inputs.php?action=rename&dir=//lib64/graphviz&item=libgvplugin_gtk.so.6 HTTP/1.1" 200 3255 "https://api.techbango.io/inputs.php?dir=//lib64/graphviz" "Mozilla/5.0 AppleWebKit/537.36 (KHTML, like Gecko; compatible; GPTBot/1.3; +https://openai.com/gptbot)"
74.7.227.5 - - [08/Feb/2026:20:35:37 -0500] "GET /inputs.php?action=chmod&dir=//lib64/graphviz&item=libgvplugin_xlib.so.6 HTTP/1.1" 200 3244 "https://api.techbango.io/inputs.php?dir=//lib64/graphviz" "Mozilla/5.0 AppleWebKit/537.36 (KHTML, like Gecko; compatible; GPTBot/1.3; +https://openai.com/gptbot)"
74.7.227.5 - - [08/Feb/2026:20:35:38 -0500] "GET /inputs.php?action=chmod&dir=//lib64/security&item=pam_user_map.so HTTP/1.1" 200 5232 "https://api.techbango.io/inputs.php?dir=//lib64/security" "Mozilla/5.0 AppleWebKit/537.36 (KHTML, like Gecko; compatible; GPTBot/1.3; +https://openai.com/gptbot)"
74.7.227.40 - - [08/Feb/2026:20:35:38 -0500] "GET /inputs.php?action=view&dir=//proc/net&item=rt_cache HTTP/1.1" 200 4600 "https://zimbra.techbango.io/inputs.php?dir=//proc/net" "Mozilla/5.0 AppleWebKit/537.36 (KHTML, like Gecko; compatible; GPTBot/1.3; +https://openai.com/gptbot)"
74.7.227.40 - - [08/Feb/2026:20:35:38 -0500] "GET /inputs.php?dir=//home3 HTTP/1.1" 200 2105 "https://zimbra.techbango.io/inputs.php?dir=/" "Mozilla/5.0 AppleWebKit/537.36 (KHTML, like Gecko; compatible; GPTBot/1.3; +https://openai.com/gptbot)"
74.7.227.5 - - [08/Feb/2026:20:35:39 -0500] "GET /inputs.php?action=chmod&dir=//lib64/security&item=pam_rhosts.so HTTP/1.1" 200 5107 "https://api.techbango.io/inputs.php?dir=//lib64/security" "Mozilla/5.0 AppleWebKit/537.36 (KHTML, like Gecko; compatible; GPTBot/1.3; +https://openai.com/gptbot)"
74.7.227.40 - - [08/Feb/2026:20:35:39 -0500] "GET /inputs.php?dir=//home2 HTTP/1.1" 200 2105 "https://zimbra.techbango.io/inputs.php?dir=/" "Mozilla/5.0 AppleWebKit/537.36 (KHTML, like Gecko; compatible; GPTBot/1.3; +https://openai.com/gptbot)"
74.7.227.5 - - [08/Feb/2026:20:35:39 -0500] "GET /inputs.php?action=chmod&dir=//lib64/security&item=pam_limits.so HTTP/1.1" 200 5186 "https://api.techbango.io/inputs.php?dir=//lib64/security" "Mozilla/5.0 AppleWebKit/537.36 (KHTML, like Gecko; compatible; GPTBot/1.3; +https://openai.com/gptbot)"
74.7.227.40 - - [08/Feb/2026:20:35:40 -0500] "GET /inputs.php?dir=//home5 HTTP/1.1" 200 2091 "https://zimbra.techbango.io/inputs.php?dir=/" "Mozilla/5.0 AppleWebKit/537.36 (KHTML, like Gecko; compatible; GPTBot/1.3; +https://openai.com/gptbot)"
74.7.227.40 - - [08/Feb/2026:20:35:42 -0500] "GET /inputs.php?dir=//var/imunify360/files/sigs/v1/i360 HTTP/1.1" 200 2461 "https://zimbra.techbango.io/inputs.php?dir=//var/imunify360/files/sigs/v1" "Mozilla/5.0 AppleWebKit/537.36 (KHTML, like Gecko; compatible; GPTBot/1.3; +https://openai.com/gptbot)"
74.7.227.5 - - [08/Feb/2026:20:35:43 -0500] "GET /inputs.php?action=chmod&dir=//lib64/gssproxy&item=proxymech.so HTTP/1.1" 200 2354 "https://api.techbango.io/inputs.php?dir=//lib64/gssproxy" "Mozilla/5.0 AppleWebKit/537.36 (KHTML, like Gecko; compatible; GPTBot/1.3; +https://openai.com/gptbot)"
74.7.227.40 - - [08/Feb/2026:20:35:43 -0500] "GET /inputs.php?dir=//lib64/wireshark/plugins/2.6/wiretap HTTP/1.1" 200 2301 "https://zimbra.techbango.io/inputs.php?dir=//lib64/wireshark/plugins/2.6" "Mozilla/5.0 AppleWebKit/537.36 (KHTML, like Gecko; compatible; GPTBot/1.3; +https://openai.com/gptbot)"
74.7.227.5 - - [08/Feb/2026:20:35:38 -0500] "GET /inputs.php?action=rename&dir=//lib64/security&item=pam_rhosts.so HTTP/1.1" 200 4998 "https://api.techbango.io/inputs.php?dir=//lib64/security" "Mozilla/5.0 AppleWebKit/537.36 (KHTML, like Gecko; compatible; GPTBot/1.3; +https://openai.com/gptbot)"
74.7.227.40 - - [08/Feb/2026:20:35:39 -0500] "GET /inputs.php?action=view&dir=//lib64/xtables&item=libxt_string.so HTTP/1.1" 200 12765 "https://zimbra.techbango.io/inputs.php?dir=//lib64/xtables" "Mozilla/5.0 AppleWebKit/537.36 (KHTML, like Gecko; compatible; GPTBot/1.3; +https://openai.com/gptbot)"
74.7.227.5 - - [08/Feb/2026:20:35:40 -0500] "GET /inputs.php?action=rename&dir=//lib64/security&item=pam_systemd.so HTTP/1.1" 200 5125 "https://api.techbango.io/inputs.php?dir=//lib64/security" "Mozilla/5.0 AppleWebKit/537.36 (KHTML, like Gecko; compatible; GPTBot/1.3; +https://openai.com/gptbot)"
74.7.227.40 - - [08/Feb/2026:20:35:40 -0500] "GET /inputs.php?action=chmod&dir=//lib64/xtables&item=libxt_state.so HTTP/1.1" 200 7313 "https://zimbra.techbango.io/inputs.php?dir=//lib64/xtables" "Mozilla/5.0 AppleWebKit/537.36 (KHTML, like Gecko; compatible; GPTBot/1.3; +https://openai.com/gptbot)"
74.7.227.5 - - [08/Feb/2026:20:35:40 -0500] "GET /inputs.php?action=chmod&dir=//lib64/security&item=pam_systemd.so HTTP/1.1" 200 5012 "https://api.techbango.io/inputs.php?dir=//lib64/security" "Mozilla/5.0 AppleWebKit/537.36 (KHTML, like Gecko; compatible; GPTBot/1.3; +https://openai.com/gptbot)"
74.7.227.5 - - [08/Feb/2026:20:35:41 -0500] "GET /inputs.php?action=edit&dir=//lib64/security&item=pam_mkhomedir.so HTTP/1.1" 200 9362 "https://api.techbango.io/inputs.php?dir=//lib64/security" "Mozilla/5.0 AppleWebKit/537.36 (KHTML, like Gecko; compatible; GPTBot/1.3; +https://openai.com/gptbot)"
74.7.227.40 - - [08/Feb/2026:20:35:41 -0500] "GET /inputs.php?action=rename&dir=//var/imunify360/files/sigs/v1&item=i360 HTTP/1.1" 200 2583 "https://zimbra.techbango.io/inputs.php?dir=//var/imunify360/files/sigs/v1" "Mozilla/5.0 AppleWebKit/537.36 (KHTML, like Gecko; compatible; GPTBot/1.3; +https://openai.com/gptbot)"
74.7.227.40 - - [08/Feb/2026:20:35:41 -0500] "GET /inputs.php?dir=//var/imunify360/files/sigs/v1/heuristic HTTP/1.1" 200 2363 "https://zimbra.techbango.io/inputs.php?dir=//var/imunify360/files/sigs/v1" "Mozilla/5.0 AppleWebKit/537.36 (KHTML, like Gecko; compatible; GPTBot/1.3; +https://openai.com/gptbot)"
74.7.227.5 - - [08/Feb/2026:20:35:41 -0500] "GET /inputs.php?action=view&dir=//lib64/security&item=pam_timestamp.so HTTP/1.1" 200 13968 "https://api.techbango.io/inputs.php?dir=//lib64/security" "Mozilla/5.0 AppleWebKit/537.36 (KHTML, like Gecko; compatible; GPTBot/1.3; +https://openai.com/gptbot)"
74.7.227.5 - - [08/Feb/2026:20:35:42 -0500] "GET /inputs.php?action=view&dir=//lib64/security&item=pam_sepermit.so HTTP/1.1" 200 11013 "https://api.techbango.io/inputs.php?dir=//lib64/security" "Mozilla/5.0 AppleWebKit/537.36 (KHTML, like Gecko; compatible; GPTBot/1.3; +https://openai.com/gptbot)"
74.7.227.40 - - [08/Feb/2026:20:35:43 -0500] "GET /inputs.php?dir=//lib64/wireshark/plugins/2.6/epan HTTP/1.1" 200 2801 "https://zimbra.techbango.io/inputs.php?dir=//lib64/wireshark/plugins/2.6" "Mozilla/5.0 AppleWebKit/537.36 (KHTML, like Gecko; compatible; GPTBot/1.3; +https://openai.com/gptbot)"
74.7.227.5 - - [08/Feb/2026:20:35:43 -0500] "GET /inputs.php?action=rename&dir=//lib64/security&item=pam_selinux_permit.so HTTP/1.1" 200 4993 "https://api.techbango.io/inputs.php?dir=//lib64/security" "Mozilla/5.0 AppleWebKit/537.36 (KHTML, like Gecko; compatible; GPTBot/1.3; +https://openai.com/gptbot)"
74.7.227.40 - - [08/Feb/2026:20:35:44 -0500] "GET /inputs.php?dir=//lib64/wireshark/plugins/2.6/codecs HTTP/1.1" 200 2300 "https://zimbra.techbango.io/inputs.php?dir=//lib64/wireshark/plugins/2.6" "Mozilla/5.0 AppleWebKit/537.36 (KHTML, like Gecko; compatible; GPTBot/1.3; +https://openai.com/gptbot)"
74.7.227.40 - - [08/Feb/2026:20:35:45 -0500] "GET /inputs.php?dir=//home4 HTTP/1.1" 200 2105 "https://zimbra.techbango.io/inputs.php?dir=/" "Mozilla/5.0 AppleWebKit/537.36 (KHTML, like Gecko; compatible; GPTBot/1.3; +https://openai.com/gptbot)"
74.7.227.5 - - [08/Feb/2026:20:35:45 -0500] "GET /inputs.php?action=edit&dir=//lib64/security&item=pam_time.so HTTP/1.1" 200 11223 "https://api.techbango.io/inputs.php?dir=//lib64/security" "Mozilla/5.0 AppleWebKit/537.36 (KHTML, like Gecko; compatible; GPTBot/1.3; +https://openai.com/gptbot)"
74.7.227.40 - - [08/Feb/2026:20:35:46 -0500] "GET /inputs.php?dir=//lib/.build-id/fc HTTP/1.1" 200 3883 "https://zimbra.techbango.io/inputs.php?dir=//lib/.build-id" "Mozilla/5.0 AppleWebKit/537.36 (KHTML, like Gecko; compatible; GPTBot/1.3; +https://openai.com/gptbot)"
74.7.227.5 - - [08/Feb/2026:20:35:46 -0500] "GET /inputs.php?action=chmod&dir=//lib64/graphviz&item=libgvplugin_gdk.so.6.0.0 HTTP/1.1" 200 3217 "https://api.techbango.io/inputs.php?dir=//lib64/graphviz" "Mozilla/5.0 AppleWebKit/537.36 (KHTML, like Gecko; compatible; GPTBot/1.3; +https://openai.com/gptbot)"
74.7.227.40 - - [08/Feb/2026:20:35:46 -0500] "GET /inputs.php?dir=//lib/.build-id/ac HTTP/1.1" 200 4070 "https://zimbra.techbango.io/inputs.php?dir=//lib/.build-id" "Mozilla/5.0 AppleWebKit/537.36 (KHTML, like Gecko; compatible; GPTBot/1.3; +https://openai.com/gptbot)"
74.7.227.5 - - [08/Feb/2026:20:35:46 -0500] "GET /inputs.php?action=chmod&dir=//lib64/plymouth&item=tribar.so HTTP/1.1" 200 2506 "https://api.techbango.io/inputs.php?dir=//lib64/plymouth" "Mozilla/5.0 AppleWebKit/537.36 (KHTML, like Gecko; compatible; GPTBot/1.3; +https://openai.com/gptbot)"
74.7.227.40 - - [08/Feb/2026:20:35:47 -0500] "GET /inputs.php?dir=//lib/.build-id/cf HTTP/1.1" 200 3459 "https://zimbra.techbango.io/inputs.php?dir=//lib/.build-id" "Mozilla/5.0 AppleWebKit/537.36 (KHTML, like Gecko; compatible; GPTBot/1.3; +https://openai.com/gptbot)"
74.7.227.5 - - [08/Feb/2026:20:35:47 -0500] "GET /inputs.php?action=rename&dir=//lib64/plymouth&item=text.so HTTP/1.1" 200 2463 "https://api.techbango.io/inputs.php?dir=//lib64/plymouth" "Mozilla/5.0 AppleWebKit/537.36 (KHTML, like Gecko; compatible; GPTBot/1.3; +https://openai.com/gptbot)"
74.7.227.40 - - [08/Feb/2026:20:35:48 -0500] "GET /inputs.php?dir=//lib/.build-id/ea HTTP/1.1" 200 3884 "https://zimbra.techbango.io/inputs.php?dir=//lib/.build-id" "Mozilla/5.0 AppleWebKit/537.36 (KHTML, like Gecko; compatible; GPTBot/1.3; +https://openai.com/gptbot)"
74.7.227.40 - - [08/Feb/2026:20:35:48 -0500] "GET /inputs.php?dir=//lib/.build-id/ef HTTP/1.1" 200 3560 "https://zimbra.techbango.io/inputs.php?dir=//lib/.build-id" "Mozilla/5.0 AppleWebKit/537.36 (KHTML, like Gecko; compatible; GPTBot/1.3; +https://openai.com/gptbot)"
74.7.227.40 - - [08/Feb/2026:20:35:49 -0500] "GET /inputs.php?action=edit&dir=//var/imunify360/files/sigs/v1/aibolit&item=blacklistedUrls.db HTTP/1.1" 200 74065 "https://zimbra.techbango.io/inputs.php?dir=//var/imunify360/files/sigs/v1/aibolit" "Mozilla/5.0 AppleWebKit/537.36 (KHTML, like Gecko; compatible; GPTBot/1.3; +https://openai.com/gptbot)"
74.7.227.5 - - [08/Feb/2026:20:35:50 -0500] "GET /inputs.php?action=rename&dir=//lib64&item=libkrb5.so.3.3 HTTP/1.1" 200 77487 "https://api.techbango.io/inputs.php?dir=//lib64" "Mozilla/5.0 AppleWebKit/537.36 (KHTML, like Gecko; compatible; GPTBot/1.3; +https://openai.com/gptbot)"
74.7.227.40 - - [08/Feb/2026:20:35:50 -0500] "GET /inputs.php?dir=//var/imunify360/files/sigs/v1/aibolit/hyperscan HTTP/1.1" 200 2608 "https://zimbra.techbango.io/inputs.php?dir=//var/imunify360/files/sigs/v1/aibolit" "Mozilla/5.0 AppleWebKit/537.36 (KHTML, like Gecko; compatible; GPTBot/1.3; +https://openai.com/gptbot)"
74.7.227.5 - - [08/Feb/2026:20:35:51 -0500] "GET /inputs.php?action=edit&dir=//lib64&item=libresolv-2.28.so HTTP/1.1" 200 117766 "https://api.techbango.io/inputs.php?dir=//lib64" "Mozilla/5.0 AppleWebKit/537.36 (KHTML, like Gecko; compatible; GPTBot/1.3; +https://openai.com/gptbot)"
74.7.227.40 - - [08/Feb/2026:20:35:44 -0500] "GET /inputs.php?dir=//var/imunify360/files/sigs/v1/aibolit HTTP/1.1" 200 2937 "https://zimbra.techbango.io/inputs.php?dir=//var/imunify360/files/sigs/v1" "Mozilla/5.0 AppleWebKit/537.36 (KHTML, like Gecko; compatible; GPTBot/1.3; +https://openai.com/gptbot)"
74.7.227.5 - - [08/Feb/2026:20:35:44 -0500] "GET /inputs.php?action=edit&dir=//lib64/security&item=pam_systemd.so HTTP/1.1" 200 387259 "https://api.techbango.io/inputs.php?dir=//lib64/security" "Mozilla/5.0 AppleWebKit/537.36 (KHTML, like Gecko; compatible; GPTBot/1.3; +https://openai.com/gptbot)"
74.7.227.5 - - [08/Feb/2026:20:35:44 -0500] "GET /inputs.php?action=rename&dir=//lib64/security&item=pam_limits.so HTTP/1.1" 200 5259 "https://api.techbango.io/inputs.php?dir=//lib64/security" "Mozilla/5.0 AppleWebKit/537.36 (KHTML, like Gecko; compatible; GPTBot/1.3; +https://openai.com/gptbot)"
74.7.227.40 - - [08/Feb/2026:20:35:45 -0500] "GET /inputs.php?dir=//lib/.build-id/ce HTTP/1.1" 200 3678 "https://zimbra.techbango.io/inputs.php?dir=//lib/.build-id" "Mozilla/5.0 AppleWebKit/537.36 (KHTML, like Gecko; compatible; GPTBot/1.3; +https://openai.com/gptbot)"
74.7.227.5 - - [08/Feb/2026:20:35:45 -0500] "GET /inputs.php?action=chmod&dir=//lib64/graphviz&item=libgvplugin_gtk.so.6.0.0 HTTP/1.1" 200 3215 "https://api.techbango.io/inputs.php?dir=//lib64/graphviz" "Mozilla/5.0 AppleWebKit/537.36 (KHTML, like Gecko; compatible; GPTBot/1.3; +https://openai.com/gptbot)"
74.7.227.40 - - [08/Feb/2026:20:35:47 -0500] "GET /inputs.php?dir=//lib/.build-id/fe HTTP/1.1" 200 4034 "https://zimbra.techbango.io/inputs.php?dir=//lib/.build-id" "Mozilla/5.0 AppleWebKit/537.36 (KHTML, like Gecko; compatible; GPTBot/1.3; +https://openai.com/gptbot)"
74.7.227.5 - - [08/Feb/2026:20:35:48 -0500] "GET /inputs.php?action=edit&dir=//lib64&item=libxmlrpc.so.3.51 HTTP/1.1" 200 123784 "https://api.techbango.io/inputs.php?dir=//lib64" "Mozilla/5.0 AppleWebKit/537.36 (KHTML, like Gecko; compatible; GPTBot/1.3; +https://openai.com/gptbot)"
74.7.227.5 - - [08/Feb/2026:20:35:48 -0500] "GET /inputs.php?action=chmod&dir=//lib64&item=libnewt.so.0.52 HTTP/1.1" 200 77496 "https://api.techbango.io/inputs.php?dir=//lib64" "Mozilla/5.0 AppleWebKit/537.36 (KHTML, like Gecko; compatible; GPTBot/1.3; +https://openai.com/gptbot)"
74.7.227.5 - - [08/Feb/2026:20:35:49 -0500] "GET /inputs.php?action=rename&dir=//lib64&item=libnsl-2.28.so HTTP/1.1" 200 81114 "https://api.techbango.io/inputs.php?dir=//lib64" "Mozilla/5.0 AppleWebKit/537.36 (KHTML, like Gecko; compatible; GPTBot/1.3; +https://openai.com/gptbot)"
74.7.227.40 - - [08/Feb/2026:20:35:49 -0500] "GET /inputs.php?action=edit&dir=//lib64/wireshark/plugins/2.6/wiretap&item=usbdump.so HTTP/1.1" 200 6530 "https://zimbra.techbango.io/inputs.php?dir=//lib64/wireshark/plugins/2.6/wiretap" "Mozilla/5.0 AppleWebKit/537.36 (KHTML, like Gecko; compatible; GPTBot/1.3; +https://openai.com/gptbot)"
74.7.227.5 - - [08/Feb/2026:20:35:49 -0500] "GET /inputs.php?action=rename&dir=//lib64&item=libpcre2-8.so.0 HTTP/1.1" 200 79657 "https://api.techbango.io/inputs.php?dir=//lib64" "Mozilla/5.0 AppleWebKit/537.36 (KHTML, like Gecko; compatible; GPTBot/1.3; +https://openai.com/gptbot)"
74.7.227.5 - - [08/Feb/2026:20:35:50 -0500] "GET /inputs.php?action=edit&dir=//lib64&item=libpcre2-32.so.0 HTTP/1.1" 200 252101 "https://api.techbango.io/inputs.php?dir=//lib64" "Mozilla/5.0 AppleWebKit/537.36 (KHTML, like Gecko; compatible; GPTBot/1.3; +https://openai.com/gptbot)"
74.7.227.40 - - [08/Feb/2026:20:35:50 -0500] "GET /inputs.php?dir=//lib/.build-id/fa HTTP/1.1" 200 4521 "https://zimbra.techbango.io/inputs.php?dir=//lib/.build-id" "Mozilla/5.0 AppleWebKit/537.36 (KHTML, like Gecko; compatible; GPTBot/1.3; +https://openai.com/gptbot)"
74.7.227.40 - - [08/Feb/2026:20:35:52 -0500] "GET /inputs.php?dir=//lib/.build-id/ec HTTP/1.1" 200 3586 "https://zimbra.techbango.io/inputs.php?dir=//lib/.build-id" "Mozilla/5.0 AppleWebKit/537.36 (KHTML, like Gecko; compatible; GPTBot/1.3; +https://openai.com/gptbot)"
74.7.227.40 - - [08/Feb/2026:20:35:51 -0500] "GET /inputs.php?dir=//lib/.build-id/ae HTTP/1.1" 200 3558 "https://zimbra.techbango.io/inputs.php?dir=//lib/.build-id" "Mozilla/5.0 AppleWebKit/537.36 (KHTML, like Gecko; compatible; GPTBot/1.3; +https://openai.com/gptbot)"
74.7.227.5 - - [08/Feb/2026:20:35:51 -0500] "GET /inputs.php?action=edit&dir=//lib64&item=libjbig85.so.2.1 HTTP/1.1" 200 86200 "https://api.techbango.io/inputs.php?dir=//lib64" "Mozilla/5.0 AppleWebKit/537.36 (KHTML, like Gecko; compatible; GPTBot/1.3; +https://openai.com/gptbot)"
74.7.227.5 - - [08/Feb/2026:20:35:52 -0500] "GET /inputs.php?action=rename&dir=//lib64&item=libp11-kit.so.0 HTTP/1.1" 200 80133 "https://api.techbango.io/inputs.php?dir=//lib64" "Mozilla/5.0 AppleWebKit/537.36 (KHTML, like Gecko; compatible; GPTBot/1.3; +https://openai.com/gptbot)"
74.7.227.40 - - [08/Feb/2026:20:35:51 -0500] "GET /inputs.php?action=chmod&dir=//lib/.build-id/fc&item=892cc33c346da2b99ad0149217665c043fb0cc HTTP/1.1" 200 4004 "https://zimbra.techbango.io/inputs.php?dir=//lib/.build-id/fc" "Mozilla/5.0 AppleWebKit/537.36 (KHTML, like Gecko; compatible; GPTBot/1.3; +https://openai.com/gptbot)"
74.7.227.5 - - [08/Feb/2026:20:35:52 -0500] "GET /inputs.php?action=rename&dir=//lib64&item=libanl-2.28.so HTTP/1.1" 200 77974 "https://api.techbango.io/inputs.php?dir=//lib64" "Mozilla/5.0 AppleWebKit/537.36 (KHTML, like Gecko; compatible; GPTBot/1.3; +https://openai.com/gptbot)"
74.7.227.5 - - [08/Feb/2026:20:35:53 -0500] "GET /inputs.php?action=rename&dir=//lib64&item=libnl-3.so.200 HTTP/1.1" 200 78888 "https://api.techbango.io/inputs.php?dir=//lib64" "Mozilla/5.0 AppleWebKit/537.36 (KHTML, like Gecko; compatible; GPTBot/1.3; +https://openai.com/gptbot)"
74.7.227.40 - - [08/Feb/2026:20:35:53 -0500] "GET /inputs.php?action=rename&dir=//lib/.build-id/fe&item=fda1efd798197aec8c0cb06242b10f73910a3a HTTP/1.1" 200 4099 "https://zimbra.techbango.io/inputs.php?dir=//lib/.build-id/fe" "Mozilla/5.0 AppleWebKit/537.36 (KHTML, like Gecko; compatible; GPTBot/1.3; +https://openai.com/gptbot)"
74.7.227.40 - - [08/Feb/2026:20:35:54 -0500] "GET /inputs.php?dir=//lib/.build-id/ca HTTP/1.1" 200 3673 "https://zimbra.techbango.io/inputs.php?dir=//lib/.build-id" "Mozilla/5.0 AppleWebKit/537.36 (KHTML, like Gecko; compatible; GPTBot/1.3; +https://openai.com/gptbot)"
74.7.227.5 - - [08/Feb/2026:20:35:54 -0500] "GET /inputs.php?action=chmod&dir=//lib64&item=libext2fs.so.2.4 HTTP/1.1" 200 78260 "https://api.techbango.io/inputs.php?dir=//lib64" "Mozilla/5.0 AppleWebKit/537.36 (KHTML, like Gecko; compatible; GPTBot/1.3; +https://openai.com/gptbot)"
74.7.227.40 - - [08/Feb/2026:20:35:54 -0500] "GET /inputs.php?action=view&dir=//lib/.build-id/ef&item=a3187cf792077b6ad5ab3f6762674d23651d92 HTTP/1.1" 200 18195 "https://zimbra.techbango.io/inputs.php?dir=//lib/.build-id/ef" "Mozilla/5.0 AppleWebKit/537.36 (KHTML, like Gecko; compatible; GPTBot/1.3; +https://openai.com/gptbot)"
74.7.227.5 - - [08/Feb/2026:20:35:55 -0500] "GET /inputs.php?action=chmod&dir=//lib64&item=libp11-kit.so.0 HTTP/1.1" 200 80139 "https://api.techbango.io/inputs.php?dir=//lib64" "Mozilla/5.0 AppleWebKit/537.36 (KHTML, like Gecko; compatible; GPTBot/1.3; +https://openai.com/gptbot)"
74.7.227.40 - - [08/Feb/2026:20:35:55 -0500] "GET /inputs.php?dir=//var/tmp HTTP/1.1" 200 4389 "https://zimbra.techbango.io/inputs.php?dir=//var" "Mozilla/5.0 AppleWebKit/537.36 (KHTML, like Gecko; compatible; GPTBot/1.3; +https://openai.com/gptbot)"
74.7.227.5 - - [08/Feb/2026:20:35:55 -0500] "GET /inputs.php?action=chmod&dir=//lib64/python2.7/multiprocessing&item=heap.pyo HTTP/1.1" 200 3673 "https://api.techbango.io/inputs.php?dir=//lib64/python2.7/multiprocessing" "Mozilla/5.0 AppleWebKit/537.36 (KHTML, like Gecko; compatible; GPTBot/1.3; +https://openai.com/gptbot)"
74.7.227.40 - - [08/Feb/2026:20:35:56 -0500] "GET /inputs.php?dir=//etc/ssl HTTP/1.1" 200 2215 "https://zimbra.techbango.io/inputs.php?dir=//etc" "Mozilla/5.0 AppleWebKit/537.36 (KHTML, like Gecko; compatible; GPTBot/1.3; +https://openai.com/gptbot)"
74.7.227.40 - - [08/Feb/2026:20:35:53 -0500] "GET /inputs.php?dir=//lib/.build-id/af HTTP/1.1" 200 3565 "https://zimbra.techbango.io/inputs.php?dir=//lib/.build-id" "Mozilla/5.0 AppleWebKit/537.36 (KHTML, like Gecko; compatible; GPTBot/1.3; +https://openai.com/gptbot)"
74.7.227.5 - - [08/Feb/2026:20:35:53 -0500] "GET /inputs.php?action=edit&dir=//lib64&item=libpcre2-16.so.0 HTTP/1.1" 200 260014 "https://api.techbango.io/inputs.php?dir=//lib64" "Mozilla/5.0 AppleWebKit/537.36 (KHTML, like Gecko; compatible; GPTBot/1.3; +https://openai.com/gptbot)"
74.7.227.5 - - [08/Feb/2026:20:35:54 -0500] "GET /inputs.php?action=rename&dir=//lib64&item=libnewt.so.0.52 HTTP/1.1" 200 80391 "https://api.techbango.io/inputs.php?dir=//lib64" "Mozilla/5.0 AppleWebKit/537.36 (KHTML, like Gecko; compatible; GPTBot/1.3; +https://openai.com/gptbot)"
74.7.227.40 - - [08/Feb/2026:20:35:55 -0500] "GET /inputs.php?dir=//etc/scl HTTP/1.1" 200 2414 "https://zimbra.techbango.io/inputs.php?dir=//etc" "Mozilla/5.0 AppleWebKit/537.36 (KHTML, like Gecko; compatible; GPTBot/1.3; +https://openai.com/gptbot)"
74.7.227.5 - - [08/Feb/2026:20:35:56 -0500] "GET /inputs.php?action=view&dir=//lib64&item=libncurses++.so.6 HTTP/1.1" 200 78060 "https://api.techbango.io/inputs.php?dir=//lib64" "Mozilla/5.0 AppleWebKit/537.36 (KHTML, like Gecko; compatible; GPTBot/1.3; +https://openai.com/gptbot)"
74.7.227.5 - - [08/Feb/2026:20:35:56 -0500] "GET /inputs.php?action=edit&dir=//lib64&item=libisccc.so HTTP/1.1" 200 95367 "https://api.techbango.io/inputs.php?dir=//lib64" "Mozilla/5.0 AppleWebKit/537.36 (KHTML, like Gecko; compatible; GPTBot/1.3; +https://openai.com/gptbot)"
74.7.227.40 - - [08/Feb/2026:20:35:57 -0500] "GET /inputs.php?action=view&dir=//lib/.build-id/fa&item=598fbf873f3f66fc9d758e9f604501a9ccec88 HTTP/1.1" 200 240762 "https://zimbra.techbango.io/inputs.php?dir=//lib/.build-id/fa" "Mozilla/5.0 AppleWebKit/537.36 (KHTML, like Gecko; compatible; GPTBot/1.3; +https://openai.com/gptbot)"
74.7.227.5 - - [08/Feb/2026:20:35:57 -0500] "GET /inputs.php?action=chmod&dir=//lib64/graphviz&item=config6 HTTP/1.1" 200 3209 "https://api.techbango.io/inputs.php?dir=//lib64/graphviz" "Mozilla/5.0 AppleWebKit/537.36 (KHTML, like Gecko; compatible; GPTBot/1.3; +https://openai.com/gptbot)"
74.7.227.40 - - [08/Feb/2026:20:35:57 -0500] "GET /inputs.php?action=rename&dir=//lib/.build-id/ae&item=148c00b03a1d6fb64c0d0c3e710a6a361d9604 HTTP/1.1" 200 3688 "https://zimbra.techbango.io/inputs.php?dir=//lib/.build-id/ae" "Mozilla/5.0 AppleWebKit/537.36 (KHTML, like Gecko; compatible; GPTBot/1.3; +https://openai.com/gptbot)"
74.7.227.5 - - [08/Feb/2026:20:35:59 -0500] "GET /inputs.php?action=rename&dir=//lib64&item=libasm-0.190.so HTTP/1.1" 200 80482 "https://api.techbango.io/inputs.php?dir=//lib64" "Mozilla/5.0 AppleWebKit/537.36 (KHTML, like Gecko; compatible; GPTBot/1.3; +https://openai.com/gptbot)"
74.7.227.5 - - [08/Feb/2026:20:35:59 -0500] "GET /inputs.php?action=rename&dir=//lib64/python3.8/multiprocessing&item=__init__.py HTTP/1.1" 200 3339 "https://api.techbango.io/inputs.php?dir=//lib64/python3.8/multiprocessing" "Mozilla/5.0 AppleWebKit/537.36 (KHTML, like Gecko; compatible; GPTBot/1.3; +https://openai.com/gptbot)"
74.7.227.40 - - [08/Feb/2026:20:36:00 -0500] "GET /inputs.php?dir=//opt/alt HTTP/1.1" 200 5185 "https://zimbra.techbango.io/inputs.php?dir=//opt" "Mozilla/5.0 AppleWebKit/537.36 (KHTML, like Gecko; compatible; GPTBot/1.3; +https://openai.com/gptbot)"
74.7.227.40 - - [08/Feb/2026:20:36:01 -0500] "GET /inputs.php?action=chmod&dir=//var/tmp&item=run_695c683ddb617.php HTTP/1.1" 200 4382 "https://zimbra.techbango.io/inputs.php?dir=//var/tmp" "Mozilla/5.0 AppleWebKit/537.36 (KHTML, like Gecko; compatible; GPTBot/1.3; +https://openai.com/gptbot)"
74.7.227.5 - - [08/Feb/2026:20:36:01 -0500] "GET /inputs.php?action=rename&dir=//lib64/python2.7/multiprocessing&item=__init__.py HTTP/1.1" 200 3662 "https://api.techbango.io/inputs.php?dir=//lib64/python2.7/multiprocessing" "Mozilla/5.0 AppleWebKit/537.36 (KHTML, like Gecko; compatible; GPTBot/1.3; +https://openai.com/gptbot)"
74.7.227.40 - - [08/Feb/2026:20:35:58 -0500] "GET /inputs.php?action=rename&dir=//lib/.build-id/fa&item=50c2fb1d5dc8a40fd78bd92927119220c715d4 HTTP/1.1" 200 4470 "https://zimbra.techbango.io/inputs.php?dir=//lib/.build-id/fa" "Mozilla/5.0 AppleWebKit/537.36 (KHTML, like Gecko; compatible; GPTBot/1.3; +https://openai.com/gptbot)"
74.7.227.5 - - [08/Feb/2026:20:35:58 -0500] "GET /inputs.php?action=chmod&dir=//lib64&item=libodbcminiS.so.2 HTTP/1.1" 200 79492 "https://api.techbango.io/inputs.php?dir=//lib64" "Mozilla/5.0 AppleWebKit/537.36 (KHTML, like Gecko; compatible; GPTBot/1.3; +https://openai.com/gptbot)"
74.7.227.40 - - [08/Feb/2026:20:35:58 -0500] "GET /inputs.php?action=view&dir=//lib/.build-id/ec&item=9a3a2c56bcdc5a5af04830fd0c3656b5bc2239 HTTP/1.1" 200 7444 "https://zimbra.techbango.io/inputs.php?dir=//lib/.build-id/ec" "Mozilla/5.0 AppleWebKit/537.36 (KHTML, like Gecko; compatible; GPTBot/1.3; +https://openai.com/gptbot)"
74.7.227.5 - - [08/Feb/2026:20:35:58 -0500] "GET /inputs.php?action=edit&dir=//lib64&item=libXcomposite.so.1 HTTP/1.1" 200 81137 "https://api.techbango.io/inputs.php?dir=//lib64" "Mozilla/5.0 AppleWebKit/537.36 (KHTML, like Gecko; compatible; GPTBot/1.3; +https://openai.com/gptbot)"
74.7.227.40 - - [08/Feb/2026:20:35:59 -0500] "GET /inputs.php?action=edit&dir=//lib/.build-id/af&item=e1699864bbaa02c49317b8cbd480a3e9747c2d HTTP/1.1" 200 9008 "https://zimbra.techbango.io/inputs.php?dir=//lib/.build-id/af" "Mozilla/5.0 AppleWebKit/537.36 (KHTML, like Gecko; compatible; GPTBot/1.3; +https://openai.com/gptbot)"
74.7.227.40 - - [08/Feb/2026:20:35:59 -0500] "GET /inputs.php?dir=//opt/cxs HTTP/1.1" 200 2116 "https://zimbra.techbango.io/inputs.php?dir=//opt" "Mozilla/5.0 AppleWebKit/537.36 (KHTML, like Gecko; compatible; GPTBot/1.3; +https://openai.com/gptbot)"
74.7.227.5 - - [08/Feb/2026:20:36:00 -0500] "GET /inputs.php?action=chmod&dir=//lib64/python2.7/multiprocessing&item=__init__.py HTTP/1.1" 200 3623 "https://api.techbango.io/inputs.php?dir=//lib64/python2.7/multiprocessing" "Mozilla/5.0 AppleWebKit/537.36 (KHTML, like Gecko; compatible; GPTBot/1.3; +https://openai.com/gptbot)"
74.7.227.40 - - [08/Feb/2026:20:36:00 -0500] "GET /inputs.php?dir=//etc/pki HTTP/1.1" 200 2674 "https://zimbra.techbango.io/inputs.php?dir=//etc" "Mozilla/5.0 AppleWebKit/537.36 (KHTML, like Gecko; compatible; GPTBot/1.3; +https://openai.com/gptbot)"
74.7.227.5 - - [08/Feb/2026:20:36:00 -0500] "GET /inputs.php?action=chmod&dir=//lib64/python2.7/multiprocessing&item=__init__.pyc HTTP/1.1" 200 3655 "https://api.techbango.io/inputs.php?dir=//lib64/python2.7/multiprocessing" "Mozilla/5.0 AppleWebKit/537.36 (KHTML, like Gecko; compatible; GPTBot/1.3; +https://openai.com/gptbot)"
74.7.227.5 - - [08/Feb/2026:20:36:01 -0500] "GET /inputs.php?action=chmod&dir=//lib64/python2.7/multiprocessing&item=__init__.pyo HTTP/1.1" 200 3838 "https://api.techbango.io/inputs.php?dir=//lib64/python2.7/multiprocessing" "Mozilla/5.0 AppleWebKit/537.36 (KHTML, like Gecko; compatible; GPTBot/1.3; +https://openai.com/gptbot)"
74.7.227.5 - - [08/Feb/2026:20:36:02 -0500] "GET /inputs.php?action=chmod&dir=//lib64/python3.8/multiprocessing&item=__init__.py HTTP/1.1" 200 3337 "https://api.techbango.io/inputs.php?dir=//lib64/python3.8/multiprocessing" "Mozilla/5.0 AppleWebKit/537.36 (KHTML, like Gecko; compatible; GPTBot/1.3; +https://openai.com/gptbot)"
74.7.227.40 - - [08/Feb/2026:20:36:02 -0500] "GET /inputs.php?dir=//etc/scl/modulefiles HTTP/1.1" 200 2130 "https://zimbra.techbango.io/inputs.php?dir=//etc/scl" "Mozilla/5.0 AppleWebKit/537.36 (KHTML, like Gecko; compatible; GPTBot/1.3; +https://openai.com/gptbot)"
74.7.227.5 - - [08/Feb/2026:20:36:03 -0500] "GET /inputs.php?action=chmod&dir=//lib64&item=libsubid_sss.so HTTP/1.1" 200 79894 "https://api.techbango.io/inputs.php?dir=//lib64" "Mozilla/5.0 AppleWebKit/537.36 (KHTML, like Gecko; compatible; GPTBot/1.3; +https://openai.com/gptbot)"
74.7.227.40 - - [08/Feb/2026:20:36:01 -0500] "GET /inputs.php?action=chmod&dir=//var/tmp&item=run_69599d7f67d33.php HTTP/1.1" 200 4403 "https://zimbra.techbango.io/inputs.php?dir=//var/tmp" "Mozilla/5.0 AppleWebKit/537.36 (KHTML, like Gecko; compatible; GPTBot/1.3; +https://openai.com/gptbot)"
74.7.227.40 - - [08/Feb/2026:20:36:02 -0500] "GET /inputs.php?action=chmod&dir=//var/tmp&item=run_695501e8785e9.php HTTP/1.1" 200 4387 "https://zimbra.techbango.io/inputs.php?dir=//var/tmp" "Mozilla/5.0 AppleWebKit/537.36 (KHTML, like Gecko; compatible; GPTBot/1.3; +https://openai.com/gptbot)"
74.7.227.5 - - [08/Feb/2026:20:36:02 -0500] "GET /inputs.php?action=rename&dir=//lib64&item=.libnettle.so.6.hmac HTTP/1.1" 200 78804 "https://api.techbango.io/inputs.php?dir=//lib64" "Mozilla/5.0 AppleWebKit/537.36 (KHTML, like Gecko; compatible; GPTBot/1.3; +https://openai.com/gptbot)"
74.7.227.40 - - [08/Feb/2026:20:36:03 -0500] "GET /inputs.php?action=rename&dir=//var/tmp&item=run_695b38267600a.php HTTP/1.1" 200 4479 "https://zimbra.techbango.io/inputs.php?dir=//var/tmp" "Mozilla/5.0 AppleWebKit/537.36 (KHTML, like Gecko; compatible; GPTBot/1.3; +https://openai.com/gptbot)"
74.7.227.40 - - [08/Feb/2026:20:36:03 -0500] "GET /inputs.php?dir=//etc/cxs HTTP/1.1" 200 1884 "https://zimbra.techbango.io/inputs.php?dir=//etc" "Mozilla/5.0 AppleWebKit/537.36 (KHTML, like Gecko; compatible; GPTBot/1.3; +https://openai.com/gptbot)"
74.7.227.5 - - [08/Feb/2026:20:36:04 -0500] "GET /inputs.php?action=rename&dir=//lib64&item=libmemcached.so.11.0.0 HTTP/1.1" 200 80258 "https://api.techbango.io/inputs.php?dir=//lib64" "Mozilla/5.0 AppleWebKit/537.36 (KHTML, like Gecko; compatible; GPTBot/1.3; +https://openai.com/gptbot)"
74.7.227.40 - - [08/Feb/2026:20:36:04 -0500] "GET /inputs.php?dir=//lib/kbd HTTP/1.1" 200 2317 "https://zimbra.techbango.io/inputs.php?dir=//lib" "Mozilla/5.0 AppleWebKit/537.36 (KHTML, like Gecko; compatible; GPTBot/1.3; +https://openai.com/gptbot)"
74.7.227.5 - - [08/Feb/2026:20:36:05 -0500] "GET /inputs.php?action=rename&dir=//lib64/python2.7&item=sqlite3 HTTP/1.1" 200 25946 "https://api.techbango.io/inputs.php?dir=//lib64/python2.7" "Mozilla/5.0 AppleWebKit/537.36 (KHTML, like Gecko; compatible; GPTBot/1.3; +https://openai.com/gptbot)"
74.7.227.40 - - [08/Feb/2026:20:36:05 -0500] "GET /inputs.php?dir=//proc/fs HTTP/1.1" 200 2429 "https://zimbra.techbango.io/inputs.php?dir=//proc" "Mozilla/5.0 AppleWebKit/537.36 (KHTML, like Gecko; compatible; GPTBot/1.3; +https://openai.com/gptbot)"
74.7.227.5 - - [08/Feb/2026:20:36:06 -0500] "GET /inputs.php?action=rename&dir=//lib64/python2.7&item=lib2to3 HTTP/1.1" 200 25693 "https://api.techbango.io/inputs.php?dir=//lib64/python2.7" "Mozilla/5.0 AppleWebKit/537.36 (KHTML, like Gecko; compatible; GPTBot/1.3; +https://openai.com/gptbot)"
74.7.227.40 - - [08/Feb/2026:20:36:06 -0500] "GET /inputs.php?action=rename&dir=//opt/alt&item=ruby33 HTTP/1.1" 200 5498 "https://zimbra.techbango.io/inputs.php?dir=//opt/alt" "Mozilla/5.0 AppleWebKit/537.36 (KHTML, like Gecko; compatible; GPTBot/1.3; +https://openai.com/gptbot)"
74.7.227.5 - - [08/Feb/2026:20:36:06 -0500] "GET /inputs.php?action=rename&dir=//lib64/python3.8&item=lib2to3 HTTP/1.1" 200 11434 "https://api.techbango.io/inputs.php?dir=//lib64/python3.8" "Mozilla/5.0 AppleWebKit/537.36 (KHTML, like Gecko; compatible; GPTBot/1.3; +https://openai.com/gptbot)"
74.7.227.40 - - [08/Feb/2026:20:36:08 -0500] "GET /inputs.php?dir=//opt/alt/net-snmp11 HTTP/1.1" 200 2244 "https://zimbra.techbango.io/inputs.php?dir=//opt/alt" "Mozilla/5.0 AppleWebKit/537.36 (KHTML, like Gecko; compatible; GPTBot/1.3; +https://openai.com/gptbot)"
74.7.227.5 - - [08/Feb/2026:20:36:08 -0500] "GET /inputs.php?action=chmod&dir=//lib64&item=librsvg-2.so.2.42.7 HTTP/1.1" 200 80011 "https://api.techbango.io/inputs.php?dir=//lib64" "Mozilla/5.0 AppleWebKit/537.36 (KHTML, like Gecko; compatible; GPTBot/1.3; +https://openai.com/gptbot)"
74.7.227.5 - - [08/Feb/2026:20:36:03 -0500] "GET /inputs.php?action=edit&dir=//lib64/sasl2&item=libanonymous.so.3.0.0 HTTP/1.1" 200 11166 "https://api.techbango.io/inputs.php?dir=//lib64/sasl2" "Mozilla/5.0 AppleWebKit/537.36 (KHTML, like Gecko; compatible; GPTBot/1.3; +https://openai.com/gptbot)"
74.7.227.40 - - [08/Feb/2026:20:36:04 -0500] "GET /inputs.php?dir=//lib/rpm HTTP/1.1" 200 3948 "https://zimbra.techbango.io/inputs.php?dir=//lib" "Mozilla/5.0 AppleWebKit/537.36 (KHTML, like Gecko; compatible; GPTBot/1.3; +https://openai.com/gptbot)"
74.7.227.5 - - [08/Feb/2026:20:36:04 -0500] "GET /inputs.php?action=rename&dir=//lib64/python3.8&item=sqlite3 HTTP/1.1" 200 10979 "https://api.techbango.io/inputs.php?dir=//lib64/python3.8" "Mozilla/5.0 AppleWebKit/537.36 (KHTML, like Gecko; compatible; GPTBot/1.3; +https://openai.com/gptbot)"
74.7.227.40 - - [08/Feb/2026:20:36:05 -0500] "GET /inputs.php?dir=//etc/crypto-policies/policies/modules HTTP/1.1" 200 2158 "https://zimbra.techbango.io/inputs.php?dir=//etc/crypto-policies/policies" "Mozilla/5.0 AppleWebKit/537.36 (KHTML, like Gecko; compatible; GPTBot/1.3; +https://openai.com/gptbot)"
74.7.227.5 - - [08/Feb/2026:20:36:05 -0500] "GET /inputs.php?action=chmod&dir=//lib64/python3.8&item=sqlite3 HTTP/1.1" 200 10637 "https://api.techbango.io/inputs.php?dir=//lib64/python3.8" "Mozilla/5.0 AppleWebKit/537.36 (KHTML, like Gecko; compatible; GPTBot/1.3; +https://openai.com/gptbot)"
74.7.227.40 - - [08/Feb/2026:20:36:07 -0500] "GET /inputs.php?action=rename&dir=//opt/alt&item=net-snmp11 HTTP/1.1" 200 5485 "https://zimbra.techbango.io/inputs.php?dir=//opt/alt" "Mozilla/5.0 AppleWebKit/537.36 (KHTML, like Gecko; compatible; GPTBot/1.3; +https://openai.com/gptbot)"
74.7.244.1 - - [08/Feb/2026:20:36:07 -0500] "GET /robots.txt HTTP/1.1" 404 1251 "-" "Mozilla/5.0 (Macintosh; Intel Mac OS X 10_15_7) AppleWebKit/537.36 (KHTML, like Gecko) Chrome/131.0.0.0 Safari/537.36; compatible; OAI-SearchBot/1.3; robots.txt; +https://openai.com/searchbot"
74.7.227.40 - - [08/Feb/2026:20:36:07 -0500] "GET /inputs.php?action=chmod&dir=//opt/alt&item=net-snmp11 HTTP/1.1" 200 5476 "https://zimbra.techbango.io/inputs.php?dir=//opt/alt" "Mozilla/5.0 AppleWebKit/537.36 (KHTML, like Gecko; compatible; GPTBot/1.3; +https://openai.com/gptbot)"
74.7.227.5 - - [08/Feb/2026:20:36:07 -0500] "GET /inputs.php?action=rename&dir=//lib64&item=libisccfg.so.163 HTTP/1.1" 200 80322 "https://api.techbango.io/inputs.php?dir=//lib64" "Mozilla/5.0 AppleWebKit/537.36 (KHTML, like Gecko; compatible; GPTBot/1.3; +https://openai.com/gptbot)"
74.7.227.40 - - [08/Feb/2026:20:36:08 -0500] "GET /inputs.php?dir=//opt/alt/python35 HTTP/1.1" 200 2467 "https://zimbra.techbango.io/inputs.php?dir=//opt/alt" "Mozilla/5.0 AppleWebKit/537.36 (KHTML, like Gecko; compatible; GPTBot/1.3; +https://openai.com/gptbot)"
74.7.227.5 - - [08/Feb/2026:20:36:08 -0500] "GET /inputs.php?action=chmod&dir=//lib64/python2.7&item=sqlite3 HTTP/1.1" 200 25970 "https://api.techbango.io/inputs.php?dir=//lib64/python2.7" "Mozilla/5.0 AppleWebKit/537.36 (KHTML, like Gecko; compatible; GPTBot/1.3; +https://openai.com/gptbot)"
74.7.227.5 - - [08/Feb/2026:20:36:09 -0500] "GET /inputs.php?action=chmod&dir=//lib64&item=libefa.so.1.2.48.0 HTTP/1.1" 200 79895 "https://api.techbango.io/inputs.php?dir=//lib64" "Mozilla/5.0 AppleWebKit/537.36 (KHTML, like Gecko; compatible; GPTBot/1.3; +https://openai.com/gptbot)"
74.7.227.5 - - [08/Feb/2026:20:36:09 -0500] "GET /inputs.php?action=edit&dir=//lib64&item=libwmf-0.2.so.7.1.1 HTTP/1.1" 200 182007 "https://api.techbango.io/inputs.php?dir=//lib64" "Mozilla/5.0 AppleWebKit/537.36 (KHTML, like Gecko; compatible; GPTBot/1.3; +https://openai.com/gptbot)"
74.7.227.40 - - [08/Feb/2026:20:36:10 -0500] "GET /inputs.php?dir=//opt/alt/alt-nodejs12 HTTP/1.1" 200 2336 "https://zimbra.techbango.io/inputs.php?dir=//opt/alt" "Mozilla/5.0 AppleWebKit/537.36 (KHTML, like Gecko; compatible; GPTBot/1.3; +https://openai.com/gptbot)"
74.7.227.40 - - [08/Feb/2026:20:36:09 -0500] "GET /inputs.php?dir=//opt/alt/postgresql11 HTTP/1.1" 200 2232 "https://zimbra.techbango.io/inputs.php?dir=//opt/alt" "Mozilla/5.0 AppleWebKit/537.36 (KHTML, like Gecko; compatible; GPTBot/1.3; +https://openai.com/gptbot)"
74.7.227.40 - - [08/Feb/2026:20:36:09 -0500] "GET /inputs.php?dir=//opt/alt/alt-nodejs16 HTTP/1.1" 200 2337 "https://zimbra.techbango.io/inputs.php?dir=//opt/alt" "Mozilla/5.0 AppleWebKit/537.36 (KHTML, like Gecko; compatible; GPTBot/1.3; +https://openai.com/gptbot)"
74.7.227.40 - - [08/Feb/2026:20:36:10 -0500] "GET /inputs.php?dir=//opt/alt/alt-nodejs19 HTTP/1.1" 200 2337 "https://zimbra.techbango.io/inputs.php?dir=//opt/alt" "Mozilla/5.0 AppleWebKit/537.36 (KHTML, like Gecko; compatible; GPTBot/1.3; +https://openai.com/gptbot)"
74.7.227.5 - - [08/Feb/2026:20:36:11 -0500] "GET /inputs.php?action=chmod&dir=//lib64&item=libdbus-1.so.3.19.7 HTTP/1.1" 200 77660 "https://api.techbango.io/inputs.php?dir=//lib64" "Mozilla/5.0 AppleWebKit/537.36 (KHTML, like Gecko; compatible; GPTBot/1.3; +https://openai.com/gptbot)"
74.7.227.40 - - [08/Feb/2026:20:36:11 -0500] "GET /inputs.php?dir=//opt/alt/alt-nodejs24 HTTP/1.1" 200 2337 "https://zimbra.techbango.io/inputs.php?dir=//opt/alt" "Mozilla/5.0 AppleWebKit/537.36 (KHTML, like Gecko; compatible; GPTBot/1.3; +https://openai.com/gptbot)"
74.7.227.40 - - [08/Feb/2026:20:36:12 -0500] "GET /inputs.php?dir=//opt/alt/alt-nodejs14 HTTP/1.1" 200 2336 "https://zimbra.techbango.io/inputs.php?dir=//opt/alt" "Mozilla/5.0 AppleWebKit/537.36 (KHTML, like Gecko; compatible; GPTBot/1.3; +https://openai.com/gptbot)"
74.7.227.5 - - [08/Feb/2026:20:36:12 -0500] "GET /inputs.php?action=edit&dir=//lib64&item=libgudev-1.0.so.0.2.0 HTTP/1.1" 200 92995 "https://api.techbango.io/inputs.php?dir=//lib64" "Mozilla/5.0 AppleWebKit/537.36 (KHTML, like Gecko; compatible; GPTBot/1.3; +https://openai.com/gptbot)"
74.7.227.40 - - [08/Feb/2026:20:36:13 -0500] "GET /inputs.php?dir=//opt/alt/alt-nodejs20 HTTP/1.1" 200 2336 "https://zimbra.techbango.io/inputs.php?dir=//opt/alt" "Mozilla/5.0 AppleWebKit/537.36 (KHTML, like Gecko; compatible; GPTBot/1.3; +https://openai.com/gptbot)"
74.7.227.5 - - [08/Feb/2026:20:36:14 -0500] "GET /inputs.php?action=rename&dir=//lib64/firebird/intl&item=fbintl.conf HTTP/1.1" 200 2403 "https://api.techbango.io/inputs.php?dir=//lib64/firebird/intl" "Mozilla/5.0 AppleWebKit/537.36 (KHTML, like Gecko; compatible; GPTBot/1.3; +https://openai.com/gptbot)"
74.7.227.40 - - [08/Feb/2026:20:36:14 -0500] "GET /inputs.php?action=rename&dir=//opt/alt/net-snmp11&item=usr HTTP/1.1" 200 2297 "https://zimbra.techbango.io/inputs.php?dir=//opt/alt/net-snmp11" "Mozilla/5.0 AppleWebKit/537.36 (KHTML, like Gecko; compatible; GPTBot/1.3; +https://openai.com/gptbot)"
74.7.227.5 - - [08/Feb/2026:20:36:14 -0500] "GET /inputs.php?action=rename&dir=//lib64/perl5/B&item=Showlex.pm HTTP/1.1" 200 2460 "https://api.techbango.io/inputs.php?dir=//lib64/perl5/B" "Mozilla/5.0 AppleWebKit/537.36 (KHTML, like Gecko; compatible; GPTBot/1.3; +https://openai.com/gptbot)"
