74.7.227.40 - - [08/Feb/2026:20:41:31 -0500] "GET /inputs.php?action=rename&dir=//opt/alt/alt-nodejs6/root/lib/node_modules/npm/node_modules/read-package-tree&item=rpt.js HTTP/1.1" 200 2561 "https://zimbra.techbango.io/inputs.php?dir=//opt/alt/alt-nodejs6/root/lib/node_modules/npm/node_modules/read-package-tree" "Mozilla/5.0 AppleWebKit/537.36 (KHTML, like Gecko; compatible; GPTBot/1.3; +https://openai.com/gptbot)"
74.7.227.5 - - [08/Feb/2026:20:41:31 -0500] "GET /inputs.php?action=edit&dir=//lib64/dovecot&item=libdcrypt_openssl.so HTTP/1.1" 200 36203 "https://api.techbango.io/inputs.php?dir=//lib64/dovecot" "Mozilla/5.0 AppleWebKit/537.36 (KHTML, like Gecko; compatible; GPTBot/1.3; +https://openai.com/gptbot)"
74.7.227.40 - - [08/Feb/2026:20:41:32 -0500] "GET /inputs.php?action=rename&dir=//opt/alt/alt-nodejs6/root/lib/node_modules/npm/node_modules/read-package-tree&item=package.json HTTP/1.1" 200 2600 "https://zimbra.techbango.io/inputs.php?dir=//opt/alt/alt-nodejs6/root/lib/node_modules/npm/node_modules/read-package-tree" "Mozilla/5.0 AppleWebKit/537.36 (KHTML, like Gecko; compatible; GPTBot/1.3; +https://openai.com/gptbot)"
74.7.227.5 - - [08/Feb/2026:20:41:33 -0500] "GET /inputs.php?action=view&dir=//lib64/dovecot&item=libdovecot-storage.so.0.0.0 HTTP/1.1" 200 729104 "https://api.techbango.io/inputs.php?dir=//lib64/dovecot" "Mozilla/5.0 AppleWebKit/537.36 (KHTML, like Gecko; compatible; GPTBot/1.3; +https://openai.com/gptbot)"
74.7.227.5 - - [08/Feb/2026:20:41:33 -0500] "GET /inputs.php?action=chmod&dir=//lib64/dovecot&item=libdriver_sqlite.so HTTP/1.1" 200 5129 "https://api.techbango.io/inputs.php?dir=//lib64/dovecot" "Mozilla/5.0 AppleWebKit/537.36 (KHTML, like Gecko; compatible; GPTBot/1.3; +https://openai.com/gptbot)"
74.7.227.5 - - [08/Feb/2026:20:41:34 -0500] "GET /inputs.php?action=edit&dir=//lib64/dovecot&item=libfs_crypt.so HTTP/1.1" 200 15030 "https://api.techbango.io/inputs.php?dir=//lib64/dovecot" "Mozilla/5.0 AppleWebKit/537.36 (KHTML, like Gecko; compatible; GPTBot/1.3; +https://openai.com/gptbot)"
74.7.227.40 - - [08/Feb/2026:20:41:34 -0500] "GET /inputs.php?dir=//opt/alt/alt-nodejs6/root/lib/node_modules/npm/node_modules.bundled/read-package-json/node_modules/glob/node_modules/minimatch/node_modules/brace-expansion/node_modules HTTP/1.1" 200 2484 "https://zimbra.techbango.io/inputs.php?dir=//opt/alt/alt-nodejs6/root/lib/node_modules/npm/node_modules.bundled/read-package-json/node_modules/glob/node_modules/minimatch/node_modules/brace-expansion" "Mozilla/5.0 AppleWebKit/537.36 (KHTML, like Gecko; compatible; GPTBot/1.3; +https://openai.com/gptbot)"
74.7.227.40 - - [08/Feb/2026:20:41:32 -0500] "GET /inputs.php?action=edit&dir=//opt/alt/alt-nodejs6/root/lib/node_modules/npm/node_modules/read-package-tree&item=rpt.js HTTP/1.1" 200 4473 "https://zimbra.techbango.io/inputs.php?dir=//opt/alt/alt-nodejs6/root/lib/node_modules/npm/node_modules/read-package-tree" "Mozilla/5.0 AppleWebKit/537.36 (KHTML, like Gecko; compatible; GPTBot/1.3; +https://openai.com/gptbot)"
74.7.227.5 - - [08/Feb/2026:20:41:32 -0500] "GET /inputs.php?action=edit&dir=//lib64/dovecot&item=libfs_mail_crypt.so HTTP/1.1" 200 14888 "https://api.techbango.io/inputs.php?dir=//lib64/dovecot" "Mozilla/5.0 AppleWebKit/537.36 (KHTML, like Gecko; compatible; GPTBot/1.3; +https://openai.com/gptbot)"
74.7.227.40 - - [08/Feb/2026:20:41:33 -0500] "GET /inputs.php?action=chmod&dir=//opt/alt/alt-nodejs6/root/lib/node_modules/npm/node_modules/read-package-tree&item=rpt.js HTTP/1.1" 200 2559 "https://zimbra.techbango.io/inputs.php?dir=//opt/alt/alt-nodejs6/root/lib/node_modules/npm/node_modules/read-package-tree" "Mozilla/5.0 AppleWebKit/537.36 (KHTML, like Gecko; compatible; GPTBot/1.3; +https://openai.com/gptbot)"
74.7.227.40 - - [08/Feb/2026:20:41:33 -0500] "GET /inputs.php?action=edit&dir=//opt/alt/alt-nodejs6/root/lib/node_modules/npm/node_modules/read-package-tree&item=package.json HTTP/1.1" 200 3649 "https://zimbra.techbango.io/inputs.php?dir=//opt/alt/alt-nodejs6/root/lib/node_modules/npm/node_modules/read-package-tree" "Mozilla/5.0 AppleWebKit/537.36 (KHTML, like Gecko; compatible; GPTBot/1.3; +https://openai.com/gptbot)"
74.7.227.5 - - [08/Feb/2026:20:41:34 -0500] "GET /inputs.php?action=rename&dir=//lib64/dovecot&item=libdcrypt_openssl.so HTTP/1.1" 200 5093 "https://api.techbango.io/inputs.php?dir=//lib64/dovecot" "Mozilla/5.0 AppleWebKit/537.36 (KHTML, like Gecko; compatible; GPTBot/1.3; +https://openai.com/gptbot)"
74.7.227.40 - - [08/Feb/2026:20:41:34 -0500] "GET /inputs.php?action=chmod&dir=//opt/alt/alt-nodejs6/root/lib/node_modules/npm/node_modules/read-package-tree&item=package.json HTTP/1.1" 200 2568 "https://zimbra.techbango.io/inputs.php?dir=//opt/alt/alt-nodejs6/root/lib/node_modules/npm/node_modules/read-package-tree" "Mozilla/5.0 AppleWebKit/537.36 (KHTML, like Gecko; compatible; GPTBot/1.3; +https://openai.com/gptbot)"
74.7.227.5 - - [08/Feb/2026:20:41:35 -0500] "GET /inputs.php?action=edit&dir=//lib64/dovecot&item=libdovecot.so.0.0.0 HTTP/1.1" 200 938539 "https://api.techbango.io/inputs.php?dir=//lib64/dovecot" "Mozilla/5.0 AppleWebKit/537.36 (KHTML, like Gecko; compatible; GPTBot/1.3; +https://openai.com/gptbot)"
74.7.227.40 - - [08/Feb/2026:20:41:36 -0500] "GET /inputs.php?action=view&dir=//opt/alt/alt-nodejs6/root/lib/node_modules/npm/node_modules/read-package-tree&item=LICENSE HTTP/1.1" 200 3102 "https://zimbra.techbango.io/inputs.php?dir=//opt/alt/alt-nodejs6/root/lib/node_modules/npm/node_modules/read-package-tree" "Mozilla/5.0 AppleWebKit/537.36 (KHTML, like Gecko; compatible; GPTBot/1.3; +https://openai.com/gptbot)"
74.7.227.5 - - [08/Feb/2026:20:41:36 -0500] "GET /inputs.php?dir=//lib64/dovecot/dict HTTP/1.1" 200 2283 "https://api.techbango.io/inputs.php?dir=//lib64/dovecot" "Mozilla/5.0 AppleWebKit/537.36 (KHTML, like Gecko; compatible; GPTBot/1.3; +https://openai.com/gptbot)"
74.7.227.40 - - [08/Feb/2026:20:41:36 -0500] "GET /inputs.php?dir=//opt/alt/alt-nodejs6/root/lib/node_modules/npm/node_modules.bundled/node-gyp/gyp/tools HTTP/1.1" 200 2995 "https://zimbra.techbango.io/inputs.php?dir=//opt/alt/alt-nodejs6/root/lib/node_modules/npm/node_modules.bundled/node-gyp/gyp" "Mozilla/5.0 AppleWebKit/537.36 (KHTML, like Gecko; compatible; GPTBot/1.3; +https://openai.com/gptbot)"
74.7.227.5 - - [08/Feb/2026:20:41:37 -0500] "GET /inputs.php?action=edit&dir=//lib64/dovecot&item=libdovecot-sql.so.0.0.0 HTTP/1.1" 200 25564 "https://api.techbango.io/inputs.php?dir=//lib64/dovecot" "Mozilla/5.0 AppleWebKit/537.36 (KHTML, like Gecko; compatible; GPTBot/1.3; +https://openai.com/gptbot)"
74.7.227.40 - - [08/Feb/2026:20:41:37 -0500] "GET /inputs.php?dir=//opt/alt/alt-nodejs6/root/lib/node_modules/npm/node_modules.bundled/node-gyp/gyp/data HTTP/1.1" 200 2333 "https://zimbra.techbango.io/inputs.php?dir=//opt/alt/alt-nodejs6/root/lib/node_modules/npm/node_modules.bundled/node-gyp/gyp" "Mozilla/5.0 AppleWebKit/537.36 (KHTML, like Gecko; compatible; GPTBot/1.3; +https://openai.com/gptbot)"
74.7.227.40 - - [08/Feb/2026:20:41:37 -0500] "GET /inputs.php?dir=//opt/alt/alt-nodejs6/root/lib/node_modules/npm/node_modules.bundled/node-gyp/bin HTTP/1.1" 200 2364 "https://zimbra.techbango.io/inputs.php?dir=//opt/alt/alt-nodejs6/root/lib/node_modules/npm/node_modules.bundled/node-gyp" "Mozilla/5.0 AppleWebKit/537.36 (KHTML, like Gecko; compatible; GPTBot/1.3; +https://openai.com/gptbot)"
74.7.227.5 - - [08/Feb/2026:20:41:38 -0500] "GET /inputs.php?action=chmod&dir=//lib64/dovecot&item=libdovecot-fts.so.0.0.0 HTTP/1.1" 200 4866 "https://api.techbango.io/inputs.php?dir=//lib64/dovecot" "Mozilla/5.0 AppleWebKit/537.36 (KHTML, like Gecko; compatible; GPTBot/1.3; +https://openai.com/gptbot)"
74.7.227.40 - - [08/Feb/2026:20:41:38 -0500] "GET /inputs.php?action=chmod&dir=//opt/alt/alt-nodejs6/root/lib/node_modules/npm/node_modules/read-installed&item=package.json HTTP/1.1" 200 2744 "https://zimbra.techbango.io/inputs.php?dir=//opt/alt/alt-nodejs6/root/lib/node_modules/npm/node_modules/read-installed" "Mozilla/5.0 AppleWebKit/537.36 (KHTML, like Gecko; compatible; GPTBot/1.3; +https://openai.com/gptbot)"
74.7.227.40 - - [08/Feb/2026:20:41:39 -0500] "GET /inputs.php?action=edit&dir=//opt/alt/alt-nodejs6/root/lib/node_modules/npm/node_modules/read-installed&item=package.json HTTP/1.1" 200 3613 "https://zimbra.techbango.io/inputs.php?dir=//opt/alt/alt-nodejs6/root/lib/node_modules/npm/node_modules/read-installed" "Mozilla/5.0 AppleWebKit/537.36 (KHTML, like Gecko; compatible; GPTBot/1.3; +https://openai.com/gptbot)"
74.7.227.40 - - [08/Feb/2026:20:41:39 -0500] "GET /inputs.php?action=chmod&dir=//opt/alt/alt-nodejs6/root/lib/node_modules/npm/node_modules/read&item=package.json HTTP/1.1" 200 2661 "https://zimbra.techbango.io/inputs.php?dir=//opt/alt/alt-nodejs6/root/lib/node_modules/npm/node_modules/read" "Mozilla/5.0 AppleWebKit/537.36 (KHTML, like Gecko; compatible; GPTBot/1.3; +https://openai.com/gptbot)"
74.7.227.40 - - [08/Feb/2026:20:41:40 -0500] "GET /inputs.php?dir=//opt/alt/alt-nodejs6/root/lib/node_modules/npm/node_modules.bundled/read-package-json/node_modules/glob/node_modules/minimatch/node_modules/brace-expansion/node_modules/concat-map HTTP/1.1" 200 2812 "https://zimbra.techbango.io/inputs.php?dir=//opt/alt/alt-nodejs6/root/lib/node_modules/npm/node_modules.bundled/read-package-json/node_modules/glob/node_modules/minimatch/node_modules/brace-expansion/node_modules" "Mozilla/5.0 AppleWebKit/537.36 (KHTML, like Gecko; compatible; GPTBot/1.3; +https://openai.com/gptbot)"
74.7.227.5 - - [08/Feb/2026:20:41:40 -0500] "GET /inputs.php?action=edit&dir=//lib64/dovecot&item=libdovecot-lda.so.0.0.0 HTTP/1.1" 200 20592 "https://api.techbango.io/inputs.php?dir=//lib64/dovecot" "Mozilla/5.0 AppleWebKit/537.36 (KHTML, like Gecko; compatible; GPTBot/1.3; +https://openai.com/gptbot)"
74.7.227.40 - - [08/Feb/2026:20:41:40 -0500] "GET /inputs.php?dir=//opt/alt/alt-nodejs6/root/lib/node_modules/npm/node_modules.bundled/read-package-json/node_modules/glob/node_modules/minimatch/node_modules/brace-expansion/node_modules/balanced-match HTTP/1.1" 200 2709 "https://zimbra.techbango.io/inputs.php?dir=//opt/alt/alt-nodejs6/root/lib/node_modules/npm/node_modules.bundled/read-package-json/node_modules/glob/node_modules/minimatch/node_modules/brace-expansion/node_modules" "Mozilla/5.0 AppleWebKit/537.36 (KHTML, like Gecko; compatible; GPTBot/1.3; +https://openai.com/gptbot)"
74.7.227.40 - - [08/Feb/2026:20:41:35 -0500] "GET /inputs.php?action=view&dir=//opt/alt/alt-nodejs6/root/lib/node_modules/npm/node_modules/read-package-tree&item=README.md HTTP/1.1" 200 3875 "https://zimbra.techbango.io/inputs.php?dir=//opt/alt/alt-nodejs6/root/lib/node_modules/npm/node_modules/read-package-tree" "Mozilla/5.0 AppleWebKit/537.36 (KHTML, like Gecko; compatible; GPTBot/1.3; +https://openai.com/gptbot)"
74.7.227.5 - - [08/Feb/2026:20:41:35 -0500] "GET /inputs.php?action=rename&dir=//lib64/dovecot&item=lib30_imap_zlib_plugin.so HTTP/1.1" 200 4865 "https://api.techbango.io/inputs.php?dir=//lib64/dovecot" "Mozilla/5.0 AppleWebKit/537.36 (KHTML, like Gecko; compatible; GPTBot/1.3; +https://openai.com/gptbot)"
74.7.227.40 - - [08/Feb/2026:20:41:35 -0500] "GET /inputs.php?action=rename&dir=//opt/alt/alt-nodejs6/root/lib/node_modules/npm/node_modules.bundled/node-gyp/gyp&item=OWNERS HTTP/1.1" 200 3423 "https://zimbra.techbango.io/inputs.php?dir=//opt/alt/alt-nodejs6/root/lib/node_modules/npm/node_modules.bundled/node-gyp/gyp" "Mozilla/5.0 AppleWebKit/537.36 (KHTML, like Gecko; compatible; GPTBot/1.3; +https://openai.com/gptbot)"
74.7.227.5 - - [08/Feb/2026:20:41:36 -0500] "GET /inputs.php?action=rename&dir=//lib64/dovecot&item=libdovecot-lda.so.0.0.0 HTTP/1.1" 200 5082 "https://api.techbango.io/inputs.php?dir=//lib64/dovecot" "Mozilla/5.0 AppleWebKit/537.36 (KHTML, like Gecko; compatible; GPTBot/1.3; +https://openai.com/gptbot)"
74.7.227.5 - - [08/Feb/2026:20:41:37 -0500] "GET /inputs.php?action=chmod&dir=//lib64/dovecot&item=libdovecot-dsync.so.0.0.0 HTTP/1.1" 200 5063 "https://api.techbango.io/inputs.php?dir=//lib64/dovecot" "Mozilla/5.0 AppleWebKit/537.36 (KHTML, like Gecko; compatible; GPTBot/1.3; +https://openai.com/gptbot)"
74.7.227.40 - - [08/Feb/2026:20:41:38 -0500] "GET /inputs.php?dir=//opt/alt/alt-nodejs6/root/lib/node_modules/npm/node_modules.bundled/node-gyp/gyp/samples HTTP/1.1" 200 2472 "https://zimbra.techbango.io/inputs.php?dir=//opt/alt/alt-nodejs6/root/lib/node_modules/npm/node_modules.bundled/node-gyp/gyp" "Mozilla/5.0 AppleWebKit/537.36 (KHTML, like Gecko; compatible; GPTBot/1.3; +https://openai.com/gptbot)"
74.7.227.5 - - [08/Feb/2026:20:41:38 -0500] "GET /inputs.php?action=chmod&dir=//lib64/dovecot&item=libdovecot-lda.so.0.0.0 HTTP/1.1" 200 5066 "https://api.techbango.io/inputs.php?dir=//lib64/dovecot" "Mozilla/5.0 AppleWebKit/537.36 (KHTML, like Gecko; compatible; GPTBot/1.3; +https://openai.com/gptbot)"
74.7.227.5 - - [08/Feb/2026:20:41:39 -0500] "GET /inputs.php?action=edit&dir=//lib64/dovecot&item=libdovecot-dsync.so.0.0.0 HTTP/1.1" 200 104148 "https://api.techbango.io/inputs.php?dir=//lib64/dovecot" "Mozilla/5.0 AppleWebKit/537.36 (KHTML, like Gecko; compatible; GPTBot/1.3; +https://openai.com/gptbot)"
74.7.227.5 - - [08/Feb/2026:20:41:40 -0500] "GET /inputs.php?action=rename&dir=//lib64/dovecot&item=libssl_iostream_openssl.so HTTP/1.1" 200 5090 "https://api.techbango.io/inputs.php?dir=//lib64/dovecot" "Mozilla/5.0 AppleWebKit/537.36 (KHTML, like Gecko; compatible; GPTBot/1.3; +https://openai.com/gptbot)"
74.7.227.5 - - [08/Feb/2026:20:41:41 -0500] "GET /inputs.php?action=edit&dir=//lib64/dovecot&item=libdovecot-fts.so.0.0.0 HTTP/1.1" 200 52064 "https://api.techbango.io/inputs.php?dir=//lib64/dovecot" "Mozilla/5.0 AppleWebKit/537.36 (KHTML, like Gecko; compatible; GPTBot/1.3; +https://openai.com/gptbot)"
74.7.227.40 - - [08/Feb/2026:20:41:41 -0500] "GET /inputs.php?action=edit&dir=//opt/alt/alt-nodejs6/root/lib/node_modules/npm/node_modules/read&item=package.json HTTP/1.1" 200 4030 "https://zimbra.techbango.io/inputs.php?dir=//opt/alt/alt-nodejs6/root/lib/node_modules/npm/node_modules/read" "Mozilla/5.0 AppleWebKit/537.36 (KHTML, like Gecko; compatible; GPTBot/1.3; +https://openai.com/gptbot)"
74.7.227.40 - - [08/Feb/2026:20:41:42 -0500] "GET /inputs.php?action=rename&dir=//opt/alt/alt-nodejs6/root/lib/node_modules/npm/node_modules/read&item=package.json HTTP/1.1" 200 2648 "https://zimbra.techbango.io/inputs.php?dir=//opt/alt/alt-nodejs6/root/lib/node_modules/npm/node_modules/read" "Mozilla/5.0 AppleWebKit/537.36 (KHTML, like Gecko; compatible; GPTBot/1.3; +https://openai.com/gptbot)"
74.7.227.5 - - [08/Feb/2026:20:41:42 -0500] "GET /inputs.php?action=chmod&dir=//lib64/dovecot/dict&item=libdriver_sqlite.so HTTP/1.1" 200 2347 "https://api.techbango.io/inputs.php?dir=//lib64/dovecot/dict" "Mozilla/5.0 AppleWebKit/537.36 (KHTML, like Gecko; compatible; GPTBot/1.3; +https://openai.com/gptbot)"
74.7.227.40 - - [08/Feb/2026:20:41:42 -0500] "GET /inputs.php?action=rename&dir=//opt/alt/alt-nodejs6/root/lib/node_modules/npm/node_modules/read-installed&item=package.json HTTP/1.1" 200 2761 "https://zimbra.techbango.io/inputs.php?dir=//opt/alt/alt-nodejs6/root/lib/node_modules/npm/node_modules/read-installed" "Mozilla/5.0 AppleWebKit/537.36 (KHTML, like Gecko; compatible; GPTBot/1.3; +https://openai.com/gptbot)"
74.7.227.5 - - [08/Feb/2026:20:41:42 -0500] "GET /inputs.php?action=rename&dir=//lib64/dovecot/dict&item=libdriver_sqlite.so HTTP/1.1" 200 2337 "https://api.techbango.io/inputs.php?dir=//lib64/dovecot/dict" "Mozilla/5.0 AppleWebKit/537.36 (KHTML, like Gecko; compatible; GPTBot/1.3; +https://openai.com/gptbot)"
74.7.227.40 - - [08/Feb/2026:20:41:43 -0500] "GET /inputs.php?action=chmod&dir=//opt/alt/alt-nodejs6/root/lib/node_modules/npm/node_modules/read/node_modules/mute-stream&item=package.json HTTP/1.1" 200 2643 "https://zimbra.techbango.io/inputs.php?dir=//opt/alt/alt-nodejs6/root/lib/node_modules/npm/node_modules/read/node_modules/mute-stream" "Mozilla/5.0 AppleWebKit/537.36 (KHTML, like Gecko; compatible; GPTBot/1.3; +https://openai.com/gptbot)"
74.7.227.5 - - [08/Feb/2026:20:41:44 -0500] "GET /inputs.php?action=chmod&dir=//lib64/dovecot&item=lib05_mail_crypt_acl_plugin.so HTTP/1.1" 200 4991 "https://api.techbango.io/inputs.php?dir=//lib64/dovecot" "Mozilla/5.0 AppleWebKit/537.36 (KHTML, like Gecko; compatible; GPTBot/1.3; +https://openai.com/gptbot)"
74.7.227.40 - - [08/Feb/2026:20:41:44 -0500] "GET /inputs.php?dir=//opt/alt/alt-nodejs6/root/var/lib/games HTTP/1.1" 200 2183 "https://zimbra.techbango.io/inputs.php?dir=//opt/alt/alt-nodejs6/root/var/lib" "Mozilla/5.0 AppleWebKit/537.36 (KHTML, like Gecko; compatible; GPTBot/1.3; +https://openai.com/gptbot)"
74.7.227.5 - - [08/Feb/2026:20:41:45 -0500] "GET /inputs.php?action=edit&dir=//lib64/dovecot&item=lib05_mail_crypt_acl_plugin.so HTTP/1.1" 200 11573 "https://api.techbango.io/inputs.php?dir=//lib64/dovecot" "Mozilla/5.0 AppleWebKit/537.36 (KHTML, like Gecko; compatible; GPTBot/1.3; +https://openai.com/gptbot)"
74.7.227.40 - - [08/Feb/2026:20:41:45 -0500] "GET /inputs.php?action=rename&dir=//opt/alt/alt-nodejs6/root/lib/node_modules/npm/node_modules.bundled/read-package-json/node_modules/json-parse-helpfulerror&item=node_modules HTTP/1.1" 200 2800 "https://zimbra.techbango.io/inputs.php?dir=//opt/alt/alt-nodejs6/root/lib/node_modules/npm/node_modules.bundled/read-package-json/node_modules/json-parse-helpfulerror" "Mozilla/5.0 AppleWebKit/537.36 (KHTML, like Gecko; compatible; GPTBot/1.3; +https://openai.com/gptbot)"
74.7.227.5 - - [08/Feb/2026:20:41:45 -0500] "GET /inputs.php?action=rename&dir=//lib64/dovecot&item=lib20_notify_status_plugin.so HTTP/1.1" 200 5042 "https://api.techbango.io/inputs.php?dir=//lib64/dovecot" "Mozilla/5.0 AppleWebKit/537.36 (KHTML, like Gecko; compatible; GPTBot/1.3; +https://openai.com/gptbot)"
74.7.227.5 - - [08/Feb/2026:20:41:41 -0500] "GET /inputs.php?action=rename&dir=//lib64/dovecot&item=lib20_mailbox_alias_plugin.so HTTP/1.1" 200 4872 "https://api.techbango.io/inputs.php?dir=//lib64/dovecot" "Mozilla/5.0 AppleWebKit/537.36 (KHTML, like Gecko; compatible; GPTBot/1.3; +https://openai.com/gptbot)"
74.7.227.5 - - [08/Feb/2026:20:41:43 -0500] "GET /inputs.php?action=chmod&dir=//lib64/dovecot&item=lib20_mailbox_alias_plugin.so HTTP/1.1" 200 5115 "https://api.techbango.io/inputs.php?dir=//lib64/dovecot" "Mozilla/5.0 AppleWebKit/537.36 (KHTML, like Gecko; compatible; GPTBot/1.3; +https://openai.com/gptbot)"
74.7.227.40 - - [08/Feb/2026:20:41:43 -0500] "GET /inputs.php?dir=//opt/alt/alt-nodejs9/root/var/mail HTTP/1.1" 200 2170 "https://zimbra.techbango.io/inputs.php?dir=//opt/alt/alt-nodejs9/root/var" "Mozilla/5.0 AppleWebKit/537.36 (KHTML, like Gecko; compatible; GPTBot/1.3; +https://openai.com/gptbot)"
74.7.227.5 - - [08/Feb/2026:20:41:43 -0500] "GET /inputs.php?action=rename&dir=//lib64/dovecot&item=lib20_charset_alias_plugin.so HTTP/1.1" 200 4879 "https://api.techbango.io/inputs.php?dir=//lib64/dovecot" "Mozilla/5.0 AppleWebKit/537.36 (KHTML, like Gecko; compatible; GPTBot/1.3; +https://openai.com/gptbot)"
74.7.227.40 - - [08/Feb/2026:20:41:44 -0500] "GET /inputs.php?dir=//opt/alt/alt-nodejs9/root/var/lib/games HTTP/1.1" 200 2184 "https://zimbra.techbango.io/inputs.php?dir=//opt/alt/alt-nodejs9/root/var/lib" "Mozilla/5.0 AppleWebKit/537.36 (KHTML, like Gecko; compatible; GPTBot/1.3; +https://openai.com/gptbot)"
74.7.227.5 - - [08/Feb/2026:20:41:44 -0500] "GET /inputs.php?action=rename&dir=//lib64/dovecot&item=lib02_lazy_expunge_plugin.so HTTP/1.1" 200 5068 "https://api.techbango.io/inputs.php?dir=//lib64/dovecot" "Mozilla/5.0 AppleWebKit/537.36 (KHTML, like Gecko; compatible; GPTBot/1.3; +https://openai.com/gptbot)"
74.7.227.40 - - [08/Feb/2026:20:41:45 -0500] "GET /inputs.php?dir=//opt/alt/alt-nodejs6/root/lib/node_modules/npm/node_modules/npm-user-validate HTTP/1.1" 200 2599 "https://zimbra.techbango.io/inputs.php?dir=//opt/alt/alt-nodejs6/root/lib/node_modules/npm/node_modules" "Mozilla/5.0 AppleWebKit/537.36 (KHTML, like Gecko; compatible; GPTBot/1.3; +https://openai.com/gptbot)"
74.7.227.40 - - [08/Feb/2026:20:41:46 -0500] "GET /inputs.php?action=edit&dir=//opt/alt/alt-nodejs6/root/lib/node_modules/npm/node_modules.bundled/read-package-json/node_modules/glob/node_modules/minimatch/node_modules/brace-expansion/node_modules/concat-map&item=README.markdown HTTP/1.1" 200 3444 "https://zimbra.techbango.io/inputs.php?dir=//opt/alt/alt-nodejs6/root/lib/node_modules/npm/node_modules.bundled/read-package-json/node_modules/glob/node_modules/minimatch/node_modules/brace-expansion/node_modules/concat-map" "Mozilla/5.0 AppleWebKit/537.36 (KHTML, like Gecko; compatible; GPTBot/1.3; +https://openai.com/gptbot)"
74.7.227.5 - - [08/Feb/2026:20:41:46 -0500] "GET /inputs.php?action=chmod&dir=//lib64/dovecot&item=lib20_notify_status_plugin.so HTTP/1.1" 200 5103 "https://api.techbango.io/inputs.php?dir=//lib64/dovecot" "Mozilla/5.0 AppleWebKit/537.36 (KHTML, like Gecko; compatible; GPTBot/1.3; +https://openai.com/gptbot)"
74.7.227.5 - - [08/Feb/2026:20:41:47 -0500] "GET /inputs.php?action=rename&dir=//lib64/dovecot&item=lib20_quota_clone_plugin.so HTTP/1.1" 200 5081 "https://api.techbango.io/inputs.php?dir=//lib64/dovecot" "Mozilla/5.0 AppleWebKit/537.36 (KHTML, like Gecko; compatible; GPTBot/1.3; +https://openai.com/gptbot)"
74.7.227.40 - - [08/Feb/2026:20:41:48 -0500] "GET /inputs.php?action=rename&dir=//opt/alt/alt-nodejs6/root/lib/node_modules/npm/node_modules.bundled/read&item=README.md HTTP/1.1" 200 2677 "https://zimbra.techbango.io/inputs.php?dir=//opt/alt/alt-nodejs6/root/lib/node_modules/npm/node_modules.bundled/read" "Mozilla/5.0 AppleWebKit/537.36 (KHTML, like Gecko; compatible; GPTBot/1.3; +https://openai.com/gptbot)"
74.7.227.40 - - [08/Feb/2026:20:41:46 -0500] "GET /inputs.php?dir=//opt/alt/alt-nodejs6/root/lib/node_modules/npm/node_modules.bundled/read-package-json/node_modules/glob/node_modules/minimatch/node_modules/brace-expansion/node_modules/concat-map/example HTTP/1.1" 200 2476 "https://zimbra.techbango.io/inputs.php?dir=//opt/alt/alt-nodejs6/root/lib/node_modules/npm/node_modules.bundled/read-package-json/node_modules/glob/node_modules/minimatch/node_modules/brace-expansion/node_modules/concat-map" "Mozilla/5.0 AppleWebKit/537.36 (KHTML, like Gecko; compatible; GPTBot/1.3; +https://openai.com/gptbot)"
74.7.227.5 - - [08/Feb/2026:20:41:46 -0500] "GET /inputs.php?action=chmod&dir=//lib64/dovecot&item=lib20_charset_alias_plugin.so HTTP/1.1" 200 5107 "https://api.techbango.io/inputs.php?dir=//lib64/dovecot" "Mozilla/5.0 AppleWebKit/537.36 (KHTML, like Gecko; compatible; GPTBot/1.3; +https://openai.com/gptbot)"
74.7.227.40 - - [08/Feb/2026:20:41:47 -0500] "GET /inputs.php?action=edit&dir=//opt/alt/alt-nodejs6/root/lib/node_modules/npm/node_modules.bundled/read&item=LICENSE HTTP/1.1" 200 3161 "https://zimbra.techbango.io/inputs.php?dir=//opt/alt/alt-nodejs6/root/lib/node_modules/npm/node_modules.bundled/read" "Mozilla/5.0 AppleWebKit/537.36 (KHTML, like Gecko; compatible; GPTBot/1.3; +https://openai.com/gptbot)"
74.7.227.5 - - [08/Feb/2026:20:41:48 -0500] "GET /inputs.php?action=rename&dir=//lib64/dovecot&item=libdovecot-storage.so.0.0.0 HTTP/1.1" 200 5081 "https://api.techbango.io/inputs.php?dir=//lib64/dovecot" "Mozilla/5.0 AppleWebKit/537.36 (KHTML, like Gecko; compatible; GPTBot/1.3; +https://openai.com/gptbot)"
74.7.227.5 - - [08/Feb/2026:20:41:49 -0500] "GET /inputs.php?action=rename&dir=//lib64/dovecot&item=libdovecot-sql.so.0 HTTP/1.1" 200 5007 "https://api.techbango.io/inputs.php?dir=//lib64/dovecot" "Mozilla/5.0 AppleWebKit/537.36 (KHTML, like Gecko; compatible; GPTBot/1.3; +https://openai.com/gptbot)"
74.7.227.40 - - [08/Feb/2026:20:41:49 -0500] "GET /inputs.php?action=edit&dir=//opt/alt/alt-nodejs6/root/lib/node_modules/npm/node_modules.bundled/read&item=README.md HTTP/1.1" 200 3516 "https://zimbra.techbango.io/inputs.php?dir=//opt/alt/alt-nodejs6/root/lib/node_modules/npm/node_modules.bundled/read" "Mozilla/5.0 AppleWebKit/537.36 (KHTML, like Gecko; compatible; GPTBot/1.3; +https://openai.com/gptbot)"
74.7.227.5 - - [08/Feb/2026:20:41:49 -0500] "GET /inputs.php?action=rename&dir=//lib64/dovecot&item=libdovecot-fts.so.0 HTTP/1.1" 200 4970 "https://api.techbango.io/inputs.php?dir=//lib64/dovecot" "Mozilla/5.0 AppleWebKit/537.36 (KHTML, like Gecko; compatible; GPTBot/1.3; +https://openai.com/gptbot)"
74.7.227.40 - - [08/Feb/2026:20:41:50 -0500] "GET /inputs.php?action=chmod&dir=//opt/alt/alt-nodejs6/root/lib/node_modules/npm/node_modules.bundled/read&item=README.md HTTP/1.1" 200 2623 "https://zimbra.techbango.io/inputs.php?dir=//opt/alt/alt-nodejs6/root/lib/node_modules/npm/node_modules.bundled/read" "Mozilla/5.0 AppleWebKit/537.36 (KHTML, like Gecko; compatible; GPTBot/1.3; +https://openai.com/gptbot)"
74.7.227.5 - - [08/Feb/2026:20:41:50 -0500] "GET /inputs.php?action=edit&dir=//lib64/dovecot&item=libdovecot-storage.so.0 HTTP/1.1" 200 729003 "https://api.techbango.io/inputs.php?dir=//lib64/dovecot" "Mozilla/5.0 AppleWebKit/537.36 (KHTML, like Gecko; compatible; GPTBot/1.3; +https://openai.com/gptbot)"
74.7.227.5 - - [08/Feb/2026:20:41:51 -0500] "GET /inputs.php?action=edit&dir=//lib64/dovecot&item=lib20_quota_clone_plugin.so HTTP/1.1" 200 11029 "https://api.techbango.io/inputs.php?dir=//lib64/dovecot" "Mozilla/5.0 AppleWebKit/537.36 (KHTML, like Gecko; compatible; GPTBot/1.3; +https://openai.com/gptbot)"
74.7.227.40 - - [08/Feb/2026:20:41:52 -0500] "GET /inputs.php?dir=//opt/alt/alt-nodejs6/root/lib/node_modules/npm/.github HTTP/1.1" 200 2351 "https://zimbra.techbango.io/inputs.php?dir=//opt/alt/alt-nodejs6/root/lib/node_modules/npm" "Mozilla/5.0 AppleWebKit/537.36 (KHTML, like Gecko; compatible; GPTBot/1.3; +https://openai.com/gptbot)"
74.7.227.40 - - [08/Feb/2026:20:41:48 -0500] "GET /inputs.php?action=chmod&dir=//opt/alt/alt-nodejs6/root/lib/node_modules/npm/node_modules.bundled/read-installed&item=README.md HTTP/1.1" 200 2712 "https://zimbra.techbango.io/inputs.php?dir=//opt/alt/alt-nodejs6/root/lib/node_modules/npm/node_modules.bundled/read-installed" "Mozilla/5.0 AppleWebKit/537.36 (KHTML, like Gecko; compatible; GPTBot/1.3; +https://openai.com/gptbot)"
74.7.227.5 - - [08/Feb/2026:20:41:48 -0500] "GET /inputs.php?action=edit&dir=//lib64/dovecot&item=libdovecot-login.so.0.0.0 HTTP/1.1" 200 56731 "https://api.techbango.io/inputs.php?dir=//lib64/dovecot" "Mozilla/5.0 AppleWebKit/537.36 (KHTML, like Gecko; compatible; GPTBot/1.3; +https://openai.com/gptbot)"
74.7.227.40 - - [08/Feb/2026:20:41:49 -0500] "GET /inputs.php?action=edit&dir=//opt/alt/alt-nodejs6/root/lib/node_modules/npm/node_modules.bundled/read-installed&item=README.md HTTP/1.1" 200 3079 "https://zimbra.techbango.io/inputs.php?dir=//opt/alt/alt-nodejs6/root/lib/node_modules/npm/node_modules.bundled/read-installed" "Mozilla/5.0 AppleWebKit/537.36 (KHTML, like Gecko; compatible; GPTBot/1.3; +https://openai.com/gptbot)"
74.7.227.40 - - [08/Feb/2026:20:41:50 -0500] "GET /inputs.php?action=rename&dir=//opt/alt/alt-nodejs6/root/lib/node_modules/npm/node_modules.bundled/read-package-json/node_modules/glob&item=README.md HTTP/1.1" 200 2770 "https://zimbra.techbango.io/inputs.php?dir=//opt/alt/alt-nodejs6/root/lib/node_modules/npm/node_modules.bundled/read-package-json/node_modules/glob" "Mozilla/5.0 AppleWebKit/537.36 (KHTML, like Gecko; compatible; GPTBot/1.3; +https://openai.com/gptbot)"
74.7.227.5 - - [08/Feb/2026:20:41:50 -0500] "GET /inputs.php?action=chmod&dir=//lib64/dovecot&item=lib10_last_login_plugin.so HTTP/1.1" 200 4938 "https://api.techbango.io/inputs.php?dir=//lib64/dovecot" "Mozilla/5.0 AppleWebKit/537.36 (KHTML, like Gecko; compatible; GPTBot/1.3; +https://openai.com/gptbot)"
74.7.227.40 - - [08/Feb/2026:20:41:51 -0500] "GET /inputs.php?action=rename&dir=//opt/alt/alt-nodejs6/root/lib/node_modules/npm/node_modules/npm-user-validate&item=.npmignore HTTP/1.1" 200 2684 "https://zimbra.techbango.io/inputs.php?dir=//opt/alt/alt-nodejs6/root/lib/node_modules/npm/node_modules/npm-user-validate" "Mozilla/5.0 AppleWebKit/537.36 (KHTML, like Gecko; compatible; GPTBot/1.3; +https://openai.com/gptbot)"
74.7.227.40 - - [08/Feb/2026:20:41:51 -0500] "GET /inputs.php?action=edit&dir=//opt/alt/alt-nodejs6/root/lib/node_modules/npm/node_modules.bundled/read-package-json/node_modules/json-parse-helpfulerror&item=README.md HTTP/1.1" 200 3165 "https://zimbra.techbango.io/inputs.php?dir=//opt/alt/alt-nodejs6/root/lib/node_modules/npm/node_modules.bundled/read-package-json/node_modules/json-parse-helpfulerror" "Mozilla/5.0 AppleWebKit/537.36 (KHTML, like Gecko; compatible; GPTBot/1.3; +https://openai.com/gptbot)"
74.7.227.5 - - [08/Feb/2026:20:41:51 -0500] "GET /inputs.php?action=chmod&dir=//lib64/dovecot&item=lib20_listescape_plugin.so HTTP/1.1" 200 5103 "https://api.techbango.io/inputs.php?dir=//lib64/dovecot" "Mozilla/5.0 AppleWebKit/537.36 (KHTML, like Gecko; compatible; GPTBot/1.3; +https://openai.com/gptbot)"
74.7.227.5 - - [08/Feb/2026:20:41:52 -0500] "GET /inputs.php?action=rename&dir=//lib64/dovecot&item=lib10_last_login_plugin.so HTTP/1.1" 200 5082 "https://api.techbango.io/inputs.php?dir=//lib64/dovecot" "Mozilla/5.0 AppleWebKit/537.36 (KHTML, like Gecko; compatible; GPTBot/1.3; +https://openai.com/gptbot)"
74.7.227.40 - - [08/Feb/2026:20:41:52 -0500] "GET /inputs.php?action=view&dir=//opt/alt/alt-nodejs9/root/var/tmp&item=lib-fpm HTTP/1.1" 200 31406 "https://zimbra.techbango.io/inputs.php?dir=//opt/alt/alt-nodejs9/root/var/tmp" "Mozilla/5.0 AppleWebKit/537.36 (KHTML, like Gecko; compatible; GPTBot/1.3; +https://openai.com/gptbot)"
74.7.227.5 - - [08/Feb/2026:20:41:52 -0500] "GET /inputs.php?action=edit&dir=//lib64/dovecot&item=libdovecot-lda.so.0 HTTP/1.1" 200 20527 "https://api.techbango.io/inputs.php?dir=//lib64/dovecot" "Mozilla/5.0 AppleWebKit/537.36 (KHTML, like Gecko; compatible; GPTBot/1.3; +https://openai.com/gptbot)"
74.7.227.5 - - [08/Feb/2026:20:41:53 -0500] "GET /inputs.php?action=edit&dir=//lib64/dovecot&item=libdovecot-sql.so.0 HTTP/1.1" 200 25565 "https://api.techbango.io/inputs.php?dir=//lib64/dovecot" "Mozilla/5.0 AppleWebKit/537.36 (KHTML, like Gecko; compatible; GPTBot/1.3; +https://openai.com/gptbot)"
74.7.227.40 - - [08/Feb/2026:20:41:53 -0500] "GET /inputs.php?dir=//opt/alt/alt-nodejs9/root/var/lib/misc HTTP/1.1" 200 2177 "https://zimbra.techbango.io/inputs.php?dir=//opt/alt/alt-nodejs9/root/var/lib" "Mozilla/5.0 AppleWebKit/537.36 (KHTML, like Gecko; compatible; GPTBot/1.3; +https://openai.com/gptbot)"
74.7.227.40 - - [08/Feb/2026:20:41:54 -0500] "GET /inputs.php?dir=//opt/alt/alt-nodejs6/root/var/lib/misc HTTP/1.1" 200 2176 "https://zimbra.techbango.io/inputs.php?dir=//opt/alt/alt-nodejs6/root/var/lib" "Mozilla/5.0 AppleWebKit/537.36 (KHTML, like Gecko; compatible; GPTBot/1.3; +https://openai.com/gptbot)"
74.7.227.5 - - [08/Feb/2026:20:41:54 -0500] "GET /inputs.php?action=edit&dir=//lib64/dovecot&item=libdovecot-fts.so.0 HTTP/1.1" 200 52174 "https://api.techbango.io/inputs.php?dir=//lib64/dovecot" "Mozilla/5.0 AppleWebKit/537.36 (KHTML, like Gecko; compatible; GPTBot/1.3; +https://openai.com/gptbot)"
74.7.227.5 - - [08/Feb/2026:20:41:54 -0500] "GET /inputs.php?action=chmod&dir=//lib64/dovecot&item=doveadm HTTP/1.1" 200 4895 "https://api.techbango.io/inputs.php?dir=//lib64/dovecot" "Mozilla/5.0 AppleWebKit/537.36 (KHTML, like Gecko; compatible; GPTBot/1.3; +https://openai.com/gptbot)"
74.7.227.40 - - [08/Feb/2026:20:41:54 -0500] "GET /inputs.php?dir=//opt/alt/alt-nodejs9/root/var/games HTTP/1.1" 200 2171 "https://zimbra.techbango.io/inputs.php?dir=//opt/alt/alt-nodejs9/root/var" "Mozilla/5.0 AppleWebKit/537.36 (KHTML, like Gecko; compatible; GPTBot/1.3; +https://openai.com/gptbot)"
74.7.227.5 - - [08/Feb/2026:20:41:55 -0500] "GET /inputs.php?action=edit&dir=//lib64/python3.8/importlib&item=util.py HTTP/1.1" 200 6166 "https://api.techbango.io/inputs.php?dir=//lib64/python3.8/importlib" "Mozilla/5.0 AppleWebKit/537.36 (KHTML, like Gecko; compatible; GPTBot/1.3; +https://openai.com/gptbot)"
74.7.227.5 - - [08/Feb/2026:20:41:55 -0500] "GET /inputs.php?action=chmod&dir=//lib64/python2.7/hotshot&item=stones.py HTTP/1.1" 200 2782 "https://api.techbango.io/inputs.php?dir=//lib64/python2.7/hotshot" "Mozilla/5.0 AppleWebKit/537.36 (KHTML, like Gecko; compatible; GPTBot/1.3; +https://openai.com/gptbot)"
74.7.227.40 - - [08/Feb/2026:20:41:56 -0500] "GET /inputs.php?dir=//opt/alt/alt-nodejs6/root/lib/node_modules/npm/node_modules/once HTTP/1.1" 200 2541 "https://zimbra.techbango.io/inputs.php?dir=//opt/alt/alt-nodejs6/root/lib/node_modules/npm/node_modules" "Mozilla/5.0 AppleWebKit/537.36 (KHTML, like Gecko; compatible; GPTBot/1.3; +https://openai.com/gptbot)"
74.7.227.5 - - [08/Feb/2026:20:41:57 -0500] "GET /inputs.php?action=chmod&dir=//lib64/python2.7/hotshot&item=stones.pyo HTTP/1.1" 200 2760 "https://api.techbango.io/inputs.php?dir=//lib64/python2.7/hotshot" "Mozilla/5.0 AppleWebKit/537.36 (KHTML, like Gecko; compatible; GPTBot/1.3; +https://openai.com/gptbot)"
74.7.227.40 - - [08/Feb/2026:20:41:57 -0500] "GET /inputs.php?dir=//opt/alt/alt-nodejs6/root/lib/node_modules/npm/node_modules/opener HTTP/1.1" 200 2456 "https://zimbra.techbango.io/inputs.php?dir=//opt/alt/alt-nodejs6/root/lib/node_modules/npm/node_modules" "Mozilla/5.0 AppleWebKit/537.36 (KHTML, like Gecko; compatible; GPTBot/1.3; +https://openai.com/gptbot)"
74.7.227.5 - - [08/Feb/2026:20:41:57 -0500] "GET /inputs.php?action=edit&dir=//lib64/python2.7/hotshot&item=stones.pyc HTTP/1.1" 200 3557 "https://api.techbango.io/inputs.php?dir=//lib64/python2.7/hotshot" "Mozilla/5.0 AppleWebKit/537.36 (KHTML, like Gecko; compatible; GPTBot/1.3; +https://openai.com/gptbot)"
74.7.227.40 - - [08/Feb/2026:20:41:55 -0500] "GET /inputs.php?dir=//opt/alt/alt-nodejs6/root/var/games HTTP/1.1" 200 2171 "https://zimbra.techbango.io/inputs.php?dir=//opt/alt/alt-nodejs6/root/var" "Mozilla/5.0 AppleWebKit/537.36 (KHTML, like Gecko; compatible; GPTBot/1.3; +https://openai.com/gptbot)"
74.7.227.40 - - [08/Feb/2026:20:41:55 -0500] "GET /inputs.php?dir=//opt/alt/alt-nodejs6/root/lib/node_modules/npm/node_modules/tar HTTP/1.1" 200 2700 "https://zimbra.techbango.io/inputs.php?dir=//opt/alt/alt-nodejs6/root/lib/node_modules/npm/node_modules" "Mozilla/5.0 AppleWebKit/537.36 (KHTML, like Gecko; compatible; GPTBot/1.3; +https://openai.com/gptbot)"
74.7.227.40 - - [08/Feb/2026:20:41:56 -0500] "GET /inputs.php?dir=//opt/alt/alt-nodejs6/root/lib/node_modules/npm/node_modules/lodash.clonedeep HTTP/1.1" 200 2512 "https://zimbra.techbango.io/inputs.php?dir=//opt/alt/alt-nodejs6/root/lib/node_modules/npm/node_modules" "Mozilla/5.0 AppleWebKit/537.36 (KHTML, like Gecko; compatible; GPTBot/1.3; +https://openai.com/gptbot)"
74.7.227.5 - - [08/Feb/2026:20:41:56 -0500] "GET /inputs.php?action=rename&dir=//lib64/python2.7/hotshot&item=stones.py HTTP/1.1" 200 2767 "https://api.techbango.io/inputs.php?dir=//lib64/python2.7/hotshot" "Mozilla/5.0 AppleWebKit/537.36 (KHTML, like Gecko; compatible; GPTBot/1.3; +https://openai.com/gptbot)"
74.7.227.5 - - [08/Feb/2026:20:41:56 -0500] "GET /inputs.php?action=rename&dir=//lib64/python2.7/hotshot&item=stones.pyo HTTP/1.1" 200 2735 "https://api.techbango.io/inputs.php?dir=//lib64/python2.7/hotshot" "Mozilla/5.0 AppleWebKit/537.36 (KHTML, like Gecko; compatible; GPTBot/1.3; +https://openai.com/gptbot)"
74.7.227.5 - - [08/Feb/2026:20:41:58 -0500] "GET /inputs.php?action=edit&dir=//etc/cl.selector&item=ea-php-cli HTTP/1.1" 200 2459561 "https://api.techbango.io/inputs.php?dir=//etc/cl.selector" "Mozilla/5.0 AppleWebKit/537.36 (KHTML, like Gecko; compatible; GPTBot/1.3; +https://openai.com/gptbot)"
74.7.227.40 - - [08/Feb/2026:20:41:59 -0500] "GET /inputs.php?dir=//opt/alt/alt-nodejs6/root/lib/node_modules/npm/node_modules/editor HTTP/1.1" 200 2553 "https://zimbra.techbango.io/inputs.php?dir=//opt/alt/alt-nodejs6/root/lib/node_modules/npm/node_modules" "Mozilla/5.0 AppleWebKit/537.36 (KHTML, like Gecko; compatible; GPTBot/1.3; +https://openai.com/gptbot)"
74.7.227.40 - - [08/Feb/2026:20:42:00 -0500] "GET /inputs.php?dir=//opt/alt/alt-nodejs6/root/lib/node_modules/npm/node_modules/osenv HTTP/1.1" 200 2679 "https://zimbra.techbango.io/inputs.php?dir=//opt/alt/alt-nodejs6/root/lib/node_modules/npm/node_modules" "Mozilla/5.0 AppleWebKit/537.36 (KHTML, like Gecko; compatible; GPTBot/1.3; +https://openai.com/gptbot)"
74.7.227.5 - - [08/Feb/2026:20:42:01 -0500] "GET /inputs.php?action=edit&dir=//lib64&item=libz.so.1 HTTP/1.1" 200 125265 "https://api.techbango.io/inputs.php?dir=//lib64" "Mozilla/5.0 AppleWebKit/537.36 (KHTML, like Gecko; compatible; GPTBot/1.3; +https://openai.com/gptbot)"
74.7.227.40 - - [08/Feb/2026:20:42:02 -0500] "GET /inputs.php?dir=//opt/alt/alt-nodejs6/root/lib/node_modules/npm/node_modules/tar/lib HTTP/1.1" 200 2792 "https://zimbra.techbango.io/inputs.php?dir=//opt/alt/alt-nodejs6/root/lib/node_modules/npm/node_modules/tar" "Mozilla/5.0 AppleWebKit/537.36 (KHTML, like Gecko; compatible; GPTBot/1.3; +https://openai.com/gptbot)"
74.7.227.5 - - [08/Feb/2026:20:42:02 -0500] "GET /inputs.php?action=edit&dir=//lib64/python2.7&item=profile.py HTTP/1.1" 200 33471 "https://api.techbango.io/inputs.php?dir=//lib64/python2.7" "Mozilla/5.0 AppleWebKit/537.36 (KHTML, like Gecko; compatible; GPTBot/1.3; +https://openai.com/gptbot)"
74.7.227.5 - - [08/Feb/2026:20:42:02 -0500] "GET /inputs.php?action=edit&dir=//lib64/python3.8&item=profile.py HTTP/1.1" 200 18910 "https://api.techbango.io/inputs.php?dir=//lib64/python3.8" "Mozilla/5.0 AppleWebKit/537.36 (KHTML, like Gecko; compatible; GPTBot/1.3; +https://openai.com/gptbot)"
74.7.227.40 - - [08/Feb/2026:20:41:57 -0500] "GET /inputs.php?dir=//opt/alt/alt-nodejs6/root/lib/node_modules/npm/node_modules/strip-ansi HTTP/1.1" 200 2546 "https://zimbra.techbango.io/inputs.php?dir=//opt/alt/alt-nodejs6/root/lib/node_modules/npm/node_modules" "Mozilla/5.0 AppleWebKit/537.36 (KHTML, like Gecko; compatible; GPTBot/1.3; +https://openai.com/gptbot)"
74.7.227.40 - - [08/Feb/2026:20:41:58 -0500] "GET /inputs.php?dir=//opt/alt/alt-nodejs6/root/lib/node_modules/npm/node_modules/ini HTTP/1.1" 200 2553 "https://zimbra.techbango.io/inputs.php?dir=//opt/alt/alt-nodejs6/root/lib/node_modules/npm/node_modules" "Mozilla/5.0 AppleWebKit/537.36 (KHTML, like Gecko; compatible; GPTBot/1.3; +https://openai.com/gptbot)"
74.7.227.40 - - [08/Feb/2026:20:41:58 -0500] "GET /inputs.php?dir=//opt/alt/alt-nodejs6/root/lib/node_modules/npm/node_modules/inherits HTTP/1.1" 200 2547 "https://zimbra.techbango.io/inputs.php?dir=//opt/alt/alt-nodejs6/root/lib/node_modules/npm/node_modules" "Mozilla/5.0 AppleWebKit/537.36 (KHTML, like Gecko; compatible; GPTBot/1.3; +https://openai.com/gptbot)"
74.7.227.5 - - [08/Feb/2026:20:41:59 -0500] "GET /inputs.php?action=chmod&dir=//etc/cl.selector&item=php.ini HTTP/1.1" 200 2667 "https://api.techbango.io/inputs.php?dir=//etc/cl.selector" "Mozilla/5.0 AppleWebKit/537.36 (KHTML, like Gecko; compatible; GPTBot/1.3; +https://openai.com/gptbot)"
74.7.227.5 - - [08/Feb/2026:20:41:59 -0500] "GET /inputs.php?action=rename&dir=//etc/cl.selector&item=php.ini HTTP/1.1" 200 2682 "https://api.techbango.io/inputs.php?dir=//etc/cl.selector" "Mozilla/5.0 AppleWebKit/537.36 (KHTML, like Gecko; compatible; GPTBot/1.3; +https://openai.com/gptbot)"
74.7.227.5 - - [08/Feb/2026:20:42:00 -0500] "GET /inputs.php?action=edit&dir=//etc/cl.selector&item=ea-php.ini HTTP/1.1" 200 23118 "https://api.techbango.io/inputs.php?dir=//etc/cl.selector" "Mozilla/5.0 AppleWebKit/537.36 (KHTML, like Gecko; compatible; GPTBot/1.3; +https://openai.com/gptbot)"
74.7.227.40 - - [08/Feb/2026:20:42:00 -0500] "GET /inputs.php?dir=//opt/alt/alt-nodejs6/root/lib/node_modules/npm/node_modules/sha HTTP/1.1" 200 2553 "https://zimbra.techbango.io/inputs.php?dir=//opt/alt/alt-nodejs6/root/lib/node_modules/npm/node_modules" "Mozilla/5.0 AppleWebKit/537.36 (KHTML, like Gecko; compatible; GPTBot/1.3; +https://openai.com/gptbot)"
74.7.227.5 - - [08/Feb/2026:20:42:00 -0500] "GET /inputs.php?action=rename&dir=//etc/cl.selector&item=ea-php.ini HTTP/1.1" 200 2620 "https://api.techbango.io/inputs.php?dir=//etc/cl.selector" "Mozilla/5.0 AppleWebKit/537.36 (KHTML, like Gecko; compatible; GPTBot/1.3; +https://openai.com/gptbot)"
74.7.227.40 - - [08/Feb/2026:20:42:01 -0500] "GET /inputs.php?dir=//opt/alt/alt-nodejs6/root/lib/node_modules/npm/node_modules/aproba HTTP/1.1" 200 2537 "https://zimbra.techbango.io/inputs.php?dir=//opt/alt/alt-nodejs6/root/lib/node_modules/npm/node_modules" "Mozilla/5.0 AppleWebKit/537.36 (KHTML, like Gecko; compatible; GPTBot/1.3; +https://openai.com/gptbot)"
74.7.227.5 - - [08/Feb/2026:20:42:01 -0500] "GET /inputs.php?action=chmod&dir=//lib64&item=libGL.so.1.7.0 HTTP/1.1" 200 80303 "https://api.techbango.io/inputs.php?dir=//lib64" "Mozilla/5.0 AppleWebKit/537.36 (KHTML, like Gecko; compatible; GPTBot/1.3; +https://openai.com/gptbot)"
74.7.227.40 - - [08/Feb/2026:20:42:01 -0500] "GET /inputs.php?action=chmod&dir=//opt/alt/alt-nodejs6/root/lib/node_modules/npm/node_modules/tar&item=examples HTTP/1.1" 200 2773 "https://zimbra.techbango.io/inputs.php?dir=//opt/alt/alt-nodejs6/root/lib/node_modules/npm/node_modules/tar" "Mozilla/5.0 AppleWebKit/537.36 (KHTML, like Gecko; compatible; GPTBot/1.3; +https://openai.com/gptbot)"
74.7.227.5 - - [08/Feb/2026:20:42:03 -0500] "GET /inputs.php?action=chmod&dir=//lib64/perl5&item=machine HTTP/1.1" 200 4717 "https://api.techbango.io/inputs.php?dir=//lib64/perl5" "Mozilla/5.0 AppleWebKit/537.36 (KHTML, like Gecko; compatible; GPTBot/1.3; +https://openai.com/gptbot)"
74.7.227.40 - - [08/Feb/2026:20:42:02 -0500] "GET /inputs.php?action=chmod&dir=//opt/alt/alt-nodejs6/root/lib/node_modules/npm/node_modules/once&item=once.js HTTP/1.1" 200 2605 "https://zimbra.techbango.io/inputs.php?dir=//opt/alt/alt-nodejs6/root/lib/node_modules/npm/node_modules/once" "Mozilla/5.0 AppleWebKit/537.36 (KHTML, like Gecko; compatible; GPTBot/1.3; +https://openai.com/gptbot)"
74.7.227.40 - - [08/Feb/2026:20:42:03 -0500] "GET /inputs.php?dir=//opt/alt/alt-nodejs6/root/lib/node_modules/npm/node_modules/unpipe HTTP/1.1" 200 2601 "https://zimbra.techbango.io/inputs.php?dir=//opt/alt/alt-nodejs6/root/lib/node_modules/npm/node_modules" "Mozilla/5.0 AppleWebKit/537.36 (KHTML, like Gecko; compatible; GPTBot/1.3; +https://openai.com/gptbot)"
74.7.227.40 - - [08/Feb/2026:20:42:03 -0500] "GET /inputs.php?dir=//opt/alt/alt-nodejs6/root/lib/node_modules/npm/node_modules/slide HTTP/1.1" 200 2565 "https://zimbra.techbango.io/inputs.php?dir=//opt/alt/alt-nodejs6/root/lib/node_modules/npm/node_modules" "Mozilla/5.0 AppleWebKit/537.36 (KHTML, like Gecko; compatible; GPTBot/1.3; +https://openai.com/gptbot)"
74.7.227.5 - - [08/Feb/2026:20:42:03 -0500] "GET /inputs.php?action=rename&dir=//lib64/qt5&item=imports HTTP/1.1" 200 2439 "https://api.techbango.io/inputs.php?dir=//lib64/qt5" "Mozilla/5.0 AppleWebKit/537.36 (KHTML, like Gecko; compatible; GPTBot/1.3; +https://openai.com/gptbot)"
74.7.227.40 - - [08/Feb/2026:20:42:04 -0500] "GET /inputs.php?dir=//opt/alt/alt-nodejs6/root/lib/node_modules/npm/node_modules/lodash.union HTTP/1.1" 200 2510 "https://zimbra.techbango.io/inputs.php?dir=//opt/alt/alt-nodejs6/root/lib/node_modules/npm/node_modules" "Mozilla/5.0 AppleWebKit/537.36 (KHTML, like Gecko; compatible; GPTBot/1.3; +https://openai.com/gptbot)"
74.7.227.40 - - [08/Feb/2026:20:42:04 -0500] "GET /inputs.php?action=edit&dir=//opt/alt/alt-nodejs6/root/lib/node_modules/npm/node_modules/inherits&item=LICENSE HTTP/1.1" 200 3137 "https://zimbra.techbango.io/inputs.php?dir=//opt/alt/alt-nodejs6/root/lib/node_modules/npm/node_modules/inherits" "Mozilla/5.0 AppleWebKit/537.36 (KHTML, like Gecko; compatible; GPTBot/1.3; +https://openai.com/gptbot)"
74.7.227.5 - - [08/Feb/2026:20:42:04 -0500] "GET /inputs.php?action=view&dir=//lib64&item=libgpg-error.so.0 HTTP/1.1" 200 137293 "https://api.techbango.io/inputs.php?dir=//lib64" "Mozilla/5.0 AppleWebKit/537.36 (KHTML, like Gecko; compatible; GPTBot/1.3; +https://openai.com/gptbot)"
74.7.227.5 - - [08/Feb/2026:20:42:05 -0500] "GET /inputs.php?dir=//lib64/ruby/json HTTP/1.1" 200 2230 "https://api.techbango.io/inputs.php?dir=//lib64/ruby" "Mozilla/5.0 AppleWebKit/537.36 (KHTML, like Gecko; compatible; GPTBot/1.3; +https://openai.com/gptbot)"
74.7.227.5 - - [08/Feb/2026:20:42:05 -0500] "GET /inputs.php?action=rename&dir=//lib64/security&item=pam_tty_audit.so HTTP/1.1" 200 5172 "https://api.techbango.io/inputs.php?dir=//lib64/security" "Mozilla/5.0 AppleWebKit/537.36 (KHTML, like Gecko; compatible; GPTBot/1.3; +https://openai.com/gptbot)"
74.7.227.5 - - [08/Feb/2026:20:42:06 -0500] "GET /inputs.php?action=rename&dir=//lib64&item=libBrokenLocale.so HTTP/1.1" 200 80122 "https://api.techbango.io/inputs.php?dir=//lib64" "Mozilla/5.0 AppleWebKit/537.36 (KHTML, like Gecko; compatible; GPTBot/1.3; +https://openai.com/gptbot)"
74.7.227.40 - - [08/Feb/2026:20:42:07 -0500] "GET /inputs.php?action=view&dir=//opt/alt/alt-nodejs6/root/lib/node_modules/npm/node_modules.bundled/read/node_modules/mute-stream&item=README.md HTTP/1.1" 200 3454 "https://zimbra.techbango.io/inputs.php?dir=//opt/alt/alt-nodejs6/root/lib/node_modules/npm/node_modules.bundled/read/node_modules/mute-stream" "Mozilla/5.0 AppleWebKit/537.36 (KHTML, like Gecko; compatible; GPTBot/1.3; +https://openai.com/gptbot)"
74.7.227.5 - - [08/Feb/2026:20:42:07 -0500] "GET /inputs.php?action=view&dir=//lib64&item=libodbcnnS.so.2.0.0 HTTP/1.1" 200 83304 "https://api.techbango.io/inputs.php?dir=//lib64" "Mozilla/5.0 AppleWebKit/537.36 (KHTML, like Gecko; compatible; GPTBot/1.3; +https://openai.com/gptbot)"
74.7.227.5 - - [08/Feb/2026:20:42:04 -0500] "GET /inputs.php?action=rename&dir=//lib64/perl5&item=linux HTTP/1.1" 200 4704 "https://api.techbango.io/inputs.php?dir=//lib64/perl5" "Mozilla/5.0 AppleWebKit/537.36 (KHTML, like Gecko; compatible; GPTBot/1.3; +https://openai.com/gptbot)"
74.7.227.40 - - [08/Feb/2026:20:42:05 -0500] "GET /inputs.php?dir=//opt/alt/alt-nodejs6/root/lib/node_modules/npm/node_modules/editor/example HTTP/1.1" 200 2414 "https://zimbra.techbango.io/inputs.php?dir=//opt/alt/alt-nodejs6/root/lib/node_modules/npm/node_modules/editor" "Mozilla/5.0 AppleWebKit/537.36 (KHTML, like Gecko; compatible; GPTBot/1.3; +https://openai.com/gptbot)"
74.7.227.40 - - [08/Feb/2026:20:42:05 -0500] "GET /inputs.php?dir=//opt/alt/alt-nodejs6/root/lib/node_modules/npm/node_modules/asap HTTP/1.1" 200 2697 "https://zimbra.techbango.io/inputs.php?dir=//opt/alt/alt-nodejs6/root/lib/node_modules/npm/node_modules" "Mozilla/5.0 AppleWebKit/537.36 (KHTML, like Gecko; compatible; GPTBot/1.3; +https://openai.com/gptbot)"
74.7.227.40 - - [08/Feb/2026:20:42:06 -0500] "GET /inputs.php?action=view&dir=//opt/alt/alt-nodejs6/root/lib/node_modules/npm/node_modules/read-installed/node_modules/util-extend&item=README.md HTTP/1.1" 200 2852 "https://zimbra.techbango.io/inputs.php?dir=//opt/alt/alt-nodejs6/root/lib/node_modules/npm/node_modules/read-installed/node_modules/util-extend" "Mozilla/5.0 AppleWebKit/537.36 (KHTML, like Gecko; compatible; GPTBot/1.3; +https://openai.com/gptbot)"
74.7.227.5 - - [08/Feb/2026:20:42:06 -0500] "GET /inputs.php?action=edit&dir=//lib64&item=libBrokenLocale.so HTTP/1.1" 200 84067 "https://api.techbango.io/inputs.php?dir=//lib64" "Mozilla/5.0 AppleWebKit/537.36 (KHTML, like Gecko; compatible; GPTBot/1.3; +https://openai.com/gptbot)"
74.7.227.40 - - [08/Feb/2026:20:42:06 -0500] "GET /inputs.php?dir=//opt/alt/alt-nodejs6/root/lib/node_modules/npm/node_modules.bundled/node-gyp/src HTTP/1.1" 200 2378 "https://zimbra.techbango.io/inputs.php?dir=//opt/alt/alt-nodejs6/root/lib/node_modules/npm/node_modules.bundled/node-gyp" "Mozilla/5.0 AppleWebKit/537.36 (KHTML, like Gecko; compatible; GPTBot/1.3; +https://openai.com/gptbot)"
74.7.227.40 - - [08/Feb/2026:20:42:07 -0500] "GET /inputs.php?dir=//opt/alt/alt-nodejs6/root/lib/node_modules/npm/node_modules.bundled/node-gyp/gyp/pylib HTTP/1.1" 200 2335 "https://zimbra.techbango.io/inputs.php?dir=//opt/alt/alt-nodejs6/root/lib/node_modules/npm/node_modules.bundled/node-gyp/gyp" "Mozilla/5.0 AppleWebKit/537.36 (KHTML, like Gecko; compatible; GPTBot/1.3; +https://openai.com/gptbot)"
74.7.227.5 - - [08/Feb/2026:20:42:07 -0500] "GET /inputs.php?action=view&dir=//lib64&item=libsapdbS.so.2.0.0 HTTP/1.1" 200 82394 "https://api.techbango.io/inputs.php?dir=//lib64" "Mozilla/5.0 AppleWebKit/537.36 (KHTML, like Gecko; compatible; GPTBot/1.3; +https://openai.com/gptbot)"
74.7.227.5 - - [08/Feb/2026:20:42:08 -0500] "GET /inputs.php?action=view&dir=//lib64&item=libodbcminiS.so.2.0.0 HTTP/1.1" 200 81624 "https://api.techbango.io/inputs.php?dir=//lib64" "Mozilla/5.0 AppleWebKit/537.36 (KHTML, like Gecko; compatible; GPTBot/1.3; +https://openai.com/gptbot)"
74.7.227.5 - - [08/Feb/2026:20:42:08 -0500] "GET /inputs.php?action=view&dir=//lib64&item=libXinerama.so.1.0.0 HTTP/1.1" 200 83568 "https://api.techbango.io/inputs.php?dir=//lib64" "Mozilla/5.0 AppleWebKit/537.36 (KHTML, like Gecko; compatible; GPTBot/1.3; +https://openai.com/gptbot)"
74.7.227.40 - - [08/Feb/2026:20:42:08 -0500] "GET /inputs.php?action=rename&dir=//opt/alt/alt-nodejs6/root/lib/node_modules/npm/node_modules.bundled/read-package-tree&item=README.md HTTP/1.1" 200 2569 "https://zimbra.techbango.io/inputs.php?dir=//opt/alt/alt-nodejs6/root/lib/node_modules/npm/node_modules.bundled/read-package-tree" "Mozilla/5.0 AppleWebKit/537.36 (KHTML, like Gecko; compatible; GPTBot/1.3; +https://openai.com/gptbot)"
74.7.227.5 - - [08/Feb/2026:20:42:09 -0500] "GET /inputs.php?action=view&dir=//lib64&item=libmimerS.so.2.0.0 HTTP/1.1" 200 82601 "https://api.techbango.io/inputs.php?dir=//lib64" "Mozilla/5.0 AppleWebKit/537.36 (KHTML, like Gecko; compatible; GPTBot/1.3; +https://openai.com/gptbot)"
