74.7.227.40 - - [08/Feb/2026:20:34:41 -0500] "GET /inputs.php?dir=//lib/.build-id/57 HTTP/1.1" 200 3448 "https://zimbra.techbango.io/inputs.php?dir=//lib/.build-id" "Mozilla/5.0 AppleWebKit/537.36 (KHTML, like Gecko; compatible; GPTBot/1.3; +https://openai.com/gptbot)"
74.7.227.40 - - [08/Feb/2026:20:34:42 -0500] "GET /inputs.php?dir=//lib/.build-id/2d HTTP/1.1" 200 3830 "https://zimbra.techbango.io/inputs.php?dir=//lib/.build-id" "Mozilla/5.0 AppleWebKit/537.36 (KHTML, like Gecko; compatible; GPTBot/1.3; +https://openai.com/gptbot)"
74.7.227.5 - - [08/Feb/2026:20:34:42 -0500] "GET /inputs.php?action=rename&dir=//lib64&item=libkadm5clnt.so HTTP/1.1" 200 79901 "https://api.techbango.io/inputs.php?dir=//lib64" "Mozilla/5.0 AppleWebKit/537.36 (KHTML, like Gecko; compatible; GPTBot/1.3; +https://openai.com/gptbot)"
74.7.227.5 - - [08/Feb/2026:20:34:42 -0500] "GET /inputs.php?action=view&dir=//lib64/python2.7&item=Bastion.py HTTP/1.1" 200 27659 "https://api.techbango.io/inputs.php?dir=//lib64/python2.7" "Mozilla/5.0 AppleWebKit/537.36 (KHTML, like Gecko; compatible; GPTBot/1.3; +https://openai.com/gptbot)"
74.7.227.40 - - [08/Feb/2026:20:34:43 -0500] "GET /inputs.php?dir=//lib/.build-id/22 HTTP/1.1" 200 3311 "https://zimbra.techbango.io/inputs.php?dir=//lib/.build-id" "Mozilla/5.0 AppleWebKit/537.36 (KHTML, like Gecko; compatible; GPTBot/1.3; +https://openai.com/gptbot)"
74.7.227.5 - - [08/Feb/2026:20:34:43 -0500] "GET /inputs.php?action=view&dir=//lib64&item=libxcb-dri2.so.0.0.0 HTTP/1.1" 200 85808 "https://api.techbango.io/inputs.php?dir=//lib64" "Mozilla/5.0 AppleWebKit/537.36 (KHTML, like Gecko; compatible; GPTBot/1.3; +https://openai.com/gptbot)"
74.7.227.40 - - [08/Feb/2026:20:34:43 -0500] "GET /inputs.php?action=edit&dir=//lib/.build-id/a0&item=3371e7890f360b9eb2988ebaf1017b4a0be1f0 HTTP/1.1" 200 13755 "https://zimbra.techbango.io/inputs.php?dir=//lib/.build-id/a0" "Mozilla/5.0 AppleWebKit/537.36 (KHTML, like Gecko; compatible; GPTBot/1.3; +https://openai.com/gptbot)"
74.7.227.5 - - [08/Feb/2026:20:34:43 -0500] "GET /inputs.php?action=view&dir=//lib64&item=libxcb-dri3.so.0.0.0 HTTP/1.1" 200 84865 "https://api.techbango.io/inputs.php?dir=//lib64" "Mozilla/5.0 AppleWebKit/537.36 (KHTML, like Gecko; compatible; GPTBot/1.3; +https://openai.com/gptbot)"
74.7.227.5 - - [08/Feb/2026:20:34:44 -0500] "GET /inputs.php?action=view&dir=//lib64&item=libGraphicsMagick-Q16.so.3 HTTP/1.1" 200 741680 "https://api.techbango.io/inputs.php?dir=//lib64" "Mozilla/5.0 AppleWebKit/537.36 (KHTML, like Gecko; compatible; GPTBot/1.3; +https://openai.com/gptbot)"
74.7.227.5 - - [08/Feb/2026:20:34:44 -0500] "GET /inputs.php?action=view&dir=//lib64&item=libX11-xcb.so.1 HTTP/1.1" 200 80978 "https://api.techbango.io/inputs.php?dir=//lib64" "Mozilla/5.0 AppleWebKit/537.36 (KHTML, like Gecko; compatible; GPTBot/1.3; +https://openai.com/gptbot)"
74.7.227.5 - - [08/Feb/2026:20:34:45 -0500] "GET /inputs.php?action=rename&dir=//lib64&item=cmake HTTP/1.1" 200 78255 "https://api.techbango.io/inputs.php?dir=//lib64" "Mozilla/5.0 AppleWebKit/537.36 (KHTML, like Gecko; compatible; GPTBot/1.3; +https://openai.com/gptbot)"
74.7.227.40 - - [08/Feb/2026:20:34:45 -0500] "GET /inputs.php?action=view&dir=//lib/.build-id/c0&item=963dfbbf3592d0e137585386de97ab5167f393 HTTP/1.1" 200 34383 "https://zimbra.techbango.io/inputs.php?dir=//lib/.build-id/c0" "Mozilla/5.0 AppleWebKit/537.36 (KHTML, like Gecko; compatible; GPTBot/1.3; +https://openai.com/gptbot)"
74.7.227.5 - - [08/Feb/2026:20:34:46 -0500] "GET /inputs.php?action=rename&dir=//lib64/perl5/vendor_perl&item=MIME HTTP/1.1" 200 4107 "https://api.techbango.io/inputs.php?dir=//lib64/perl5/vendor_perl" "Mozilla/5.0 AppleWebKit/537.36 (KHTML, like Gecko; compatible; GPTBot/1.3; +https://openai.com/gptbot)"
74.7.227.40 - - [08/Feb/2026:20:34:46 -0500] "GET /inputs.php?action=view&dir=//lib/.build-id/6d&item=8ccf7155ceac574024d72f7e8632423a8d6b5f HTTP/1.1" 200 11039 "https://zimbra.techbango.io/inputs.php?dir=//lib/.build-id/6d" "Mozilla/5.0 AppleWebKit/537.36 (KHTML, like Gecko; compatible; GPTBot/1.3; +https://openai.com/gptbot)"
74.7.227.40 - - [08/Feb/2026:20:34:47 -0500] "GET /inputs.php?dir=//lib/.build-id/e8 HTTP/1.1" 200 3804 "https://zimbra.techbango.io/inputs.php?dir=//lib/.build-id" "Mozilla/5.0 AppleWebKit/537.36 (KHTML, like Gecko; compatible; GPTBot/1.3; +https://openai.com/gptbot)"
74.7.227.5 - - [08/Feb/2026:20:34:47 -0500] "GET /inputs.php?action=chmod&dir=//lib64/perl5/vendor_perl&item=Math HTTP/1.1" 200 4129 "https://api.techbango.io/inputs.php?dir=//lib64/perl5/vendor_perl" "Mozilla/5.0 AppleWebKit/537.36 (KHTML, like Gecko; compatible; GPTBot/1.3; +https://openai.com/gptbot)"
74.7.227.5 - - [08/Feb/2026:20:34:47 -0500] "GET /inputs.php?action=rename&dir=//lib64/perl5/vendor_perl&item=IPC HTTP/1.1" 200 3959 "https://api.techbango.io/inputs.php?dir=//lib64/perl5/vendor_perl" "Mozilla/5.0 AppleWebKit/537.36 (KHTML, like Gecko; compatible; GPTBot/1.3; +https://openai.com/gptbot)"
74.7.227.5 - - [08/Feb/2026:20:34:48 -0500] "GET /inputs.php?action=chmod&dir=//lib64/perl5/vendor_perl&item=Params HTTP/1.1" 200 3982 "https://api.techbango.io/inputs.php?dir=//lib64/perl5/vendor_perl" "Mozilla/5.0 AppleWebKit/537.36 (KHTML, like Gecko; compatible; GPTBot/1.3; +https://openai.com/gptbot)"
74.7.227.40 - - [08/Feb/2026:20:34:48 -0500] "GET /inputs.php?dir=//lib/.build-id/1a HTTP/1.1" 200 3900 "https://zimbra.techbango.io/inputs.php?dir=//lib/.build-id" "Mozilla/5.0 AppleWebKit/537.36 (KHTML, like Gecko; compatible; GPTBot/1.3; +https://openai.com/gptbot)"
74.7.227.40 - - [08/Feb/2026:20:34:39 -0500] "GET /inputs.php?dir=//lib/.build-id/6d HTTP/1.1" 200 3345 "https://zimbra.techbango.io/inputs.php?dir=//lib/.build-id" "Mozilla/5.0 AppleWebKit/537.36 (KHTML, like Gecko; compatible; GPTBot/1.3; +https://openai.com/gptbot)"
74.7.227.5 - - [08/Feb/2026:20:34:40 -0500] "GET /inputs.php?action=rename&dir=//lib64&item=libQt5Multimedia.so.5.15 HTTP/1.1" 200 81199 "https://api.techbango.io/inputs.php?dir=//lib64" "Mozilla/5.0 AppleWebKit/537.36 (KHTML, like Gecko; compatible; GPTBot/1.3; +https://openai.com/gptbot)"
74.7.227.40 - - [08/Feb/2026:20:34:40 -0500] "GET /inputs.php?dir=//lib/.build-id/13 HTTP/1.1" 200 3845 "https://zimbra.techbango.io/inputs.php?dir=//lib/.build-id" "Mozilla/5.0 AppleWebKit/537.36 (KHTML, like Gecko; compatible; GPTBot/1.3; +https://openai.com/gptbot)"
74.7.227.5 - - [08/Feb/2026:20:34:40 -0500] "GET /inputs.php?action=edit&dir=//lib64&item=libQt5QuickWidgets.so.5.15 HTTP/1.1" 200 104902 "https://api.techbango.io/inputs.php?dir=//lib64" "Mozilla/5.0 AppleWebKit/537.36 (KHTML, like Gecko; compatible; GPTBot/1.3; +https://openai.com/gptbot)"
74.7.227.5 - - [08/Feb/2026:20:34:41 -0500] "GET /inputs.php?action=view&dir=//lib64/python3.8/multiprocessing&item=resource_sharer.py HTTP/1.1" 200 5026 "https://api.techbango.io/inputs.php?dir=//lib64/python3.8/multiprocessing" "Mozilla/5.0 AppleWebKit/537.36 (KHTML, like Gecko; compatible; GPTBot/1.3; +https://openai.com/gptbot)"
74.7.227.5 - - [08/Feb/2026:20:34:41 -0500] "GET /inputs.php?action=chmod&dir=//lib64&item=libwebpdemux.so HTTP/1.1" 200 80140 "https://api.techbango.io/inputs.php?dir=//lib64" "Mozilla/5.0 AppleWebKit/537.36 (KHTML, like Gecko; compatible; GPTBot/1.3; +https://openai.com/gptbot)"
74.7.227.40 - - [08/Feb/2026:20:34:42 -0500] "GET /inputs.php?dir=//lib/.build-id/9e HTTP/1.1" 200 3393 "https://zimbra.techbango.io/inputs.php?dir=//lib/.build-id" "Mozilla/5.0 AppleWebKit/537.36 (KHTML, like Gecko; compatible; GPTBot/1.3; +https://openai.com/gptbot)"
74.7.227.40 - - [08/Feb/2026:20:34:44 -0500] "GET /inputs.php?action=chmod&dir=//lib/.build-id/c0&item=10a6c199361523968e36a38aa50b2e2a7bfb21 HTTP/1.1" 200 3567 "https://zimbra.techbango.io/inputs.php?dir=//lib/.build-id/c0" "Mozilla/5.0 AppleWebKit/537.36 (KHTML, like Gecko; compatible; GPTBot/1.3; +https://openai.com/gptbot)"
74.7.227.40 - - [08/Feb/2026:20:34:44 -0500] "GET /inputs.php?action=chmod&dir=//lib/.build-id/a0&item=1dfd4767e1cfbc96dc6cbdcfe956ad698138eb HTTP/1.1" 200 3143 "https://zimbra.techbango.io/inputs.php?dir=//lib/.build-id/a0" "Mozilla/5.0 AppleWebKit/537.36 (KHTML, like Gecko; compatible; GPTBot/1.3; +https://openai.com/gptbot)"
74.7.227.40 - - [08/Feb/2026:20:34:45 -0500] "GET /inputs.php?action=rename&dir=//lib/.build-id/c0&item=d94247d9ed20b3ae8975e45c8f8d4743d30c85 HTTP/1.1" 200 3563 "https://zimbra.techbango.io/inputs.php?dir=//lib/.build-id/c0" "Mozilla/5.0 AppleWebKit/537.36 (KHTML, like Gecko; compatible; GPTBot/1.3; +https://openai.com/gptbot)"
74.7.227.5 - - [08/Feb/2026:20:34:46 -0500] "GET /inputs.php?action=chmod&dir=//lib64/perl5/vendor_perl&item=Data HTTP/1.1" 200 3977 "https://api.techbango.io/inputs.php?dir=//lib64/perl5/vendor_perl" "Mozilla/5.0 AppleWebKit/537.36 (KHTML, like Gecko; compatible; GPTBot/1.3; +https://openai.com/gptbot)"
74.7.227.40 - - [08/Feb/2026:20:34:47 -0500] "GET /inputs.php?action=view&dir=//lib/.build-id/57&item=54babaaa866389a4623ce3470f8dae45252c69 HTTP/1.1" 200 34262 "https://zimbra.techbango.io/inputs.php?dir=//lib/.build-id/57" "Mozilla/5.0 AppleWebKit/537.36 (KHTML, like Gecko; compatible; GPTBot/1.3; +https://openai.com/gptbot)"
74.7.227.5 - - [08/Feb/2026:20:34:48 -0500] "GET /inputs.php?action=chmod&dir=//lib64/perl5/vendor_perl&item=Digest HTTP/1.1" 200 4009 "https://api.techbango.io/inputs.php?dir=//lib64/perl5/vendor_perl" "Mozilla/5.0 AppleWebKit/537.36 (KHTML, like Gecko; compatible; GPTBot/1.3; +https://openai.com/gptbot)"
74.7.227.40 - - [08/Feb/2026:20:34:48 -0500] "GET /inputs.php?dir=//lib/.build-id/50 HTTP/1.1" 200 3407 "https://zimbra.techbango.io/inputs.php?dir=//lib/.build-id" "Mozilla/5.0 AppleWebKit/537.36 (KHTML, like Gecko; compatible; GPTBot/1.3; +https://openai.com/gptbot)"
74.7.227.5 - - [08/Feb/2026:20:34:49 -0500] "GET /inputs.php?action=chmod&dir=//lib64/perl5/vendor_perl&item=Crypt HTTP/1.1" 200 4043 "https://api.techbango.io/inputs.php?dir=//lib64/perl5/vendor_perl" "Mozilla/5.0 AppleWebKit/537.36 (KHTML, like Gecko; compatible; GPTBot/1.3; +https://openai.com/gptbot)"
74.7.227.40 - - [08/Feb/2026:20:34:49 -0500] "GET /inputs.php?dir=//lib/.build-id/c3 HTTP/1.1" 200 3343 "https://zimbra.techbango.io/inputs.php?dir=//lib/.build-id" "Mozilla/5.0 AppleWebKit/537.36 (KHTML, like Gecko; compatible; GPTBot/1.3; +https://openai.com/gptbot)"
74.7.227.5 - - [08/Feb/2026:20:34:49 -0500] "GET /inputs.php?action=chmod&dir=//lib64/perl5&item=I18N HTTP/1.1" 200 4706 "https://api.techbango.io/inputs.php?dir=//lib64/perl5" "Mozilla/5.0 AppleWebKit/537.36 (KHTML, like Gecko; compatible; GPTBot/1.3; +https://openai.com/gptbot)"
74.7.227.40 - - [08/Feb/2026:20:34:51 -0500] "GET /inputs.php?dir=//lib/.build-id/60 HTTP/1.1" 200 3326 "https://zimbra.techbango.io/inputs.php?dir=//lib/.build-id" "Mozilla/5.0 AppleWebKit/537.36 (KHTML, like Gecko; compatible; GPTBot/1.3; +https://openai.com/gptbot)"
74.7.227.5 - - [08/Feb/2026:20:34:51 -0500] "GET /inputs.php?action=rename&dir=//lib64&item=libpq.so.5.13 HTTP/1.1" 200 80225 "https://api.techbango.io/inputs.php?dir=//lib64" "Mozilla/5.0 AppleWebKit/537.36 (KHTML, like Gecko; compatible; GPTBot/1.3; +https://openai.com/gptbot)"
74.7.227.5 - - [08/Feb/2026:20:34:52 -0500] "GET /inputs.php?action=edit&dir=//lib64&item=libhdf5.so.103 HTTP/1.1" 200 1418470 "https://api.techbango.io/inputs.php?dir=//lib64" "Mozilla/5.0 AppleWebKit/537.36 (KHTML, like Gecko; compatible; GPTBot/1.3; +https://openai.com/gptbot)"
74.7.227.5 - - [08/Feb/2026:20:34:53 -0500] "GET /inputs.php?action=rename&dir=//lib64&item=libdl-2.28.so HTTP/1.1" 200 75369 "https://api.techbango.io/inputs.php?dir=//lib64" "Mozilla/5.0 AppleWebKit/537.36 (KHTML, like Gecko; compatible; GPTBot/1.3; +https://openai.com/gptbot)"
74.7.227.5 - - [08/Feb/2026:20:34:53 -0500] "GET /inputs.php?action=edit&dir=//lib64&item=libpcre2-8.so.0 HTTP/1.1" 200 273765 "https://api.techbango.io/inputs.php?dir=//lib64" "Mozilla/5.0 AppleWebKit/537.36 (KHTML, like Gecko; compatible; GPTBot/1.3; +https://openai.com/gptbot)"
74.7.227.40 - - [08/Feb/2026:20:34:54 -0500] "GET /inputs.php?dir=//lib/.build-id/a8 HTTP/1.1" 200 3938 "https://zimbra.techbango.io/inputs.php?dir=//lib/.build-id" "Mozilla/5.0 AppleWebKit/537.36 (KHTML, like Gecko; compatible; GPTBot/1.3; +https://openai.com/gptbot)"
74.7.227.5 - - [08/Feb/2026:20:34:54 -0500] "GET /inputs.php?action=chmod&dir=//lib64&item=libkdb5.so.10 HTTP/1.1" 200 81075 "https://api.techbango.io/inputs.php?dir=//lib64" "Mozilla/5.0 AppleWebKit/537.36 (KHTML, like Gecko; compatible; GPTBot/1.3; +https://openai.com/gptbot)"
74.7.227.40 - - [08/Feb/2026:20:34:54 -0500] "GET /inputs.php?action=view&dir=//lib/.build-id/1a&item=5d7d921e1230b8e11dea38fb0dd672b7e07494 HTTP/1.1" 200 13152 "https://zimbra.techbango.io/inputs.php?dir=//lib/.build-id/1a" "Mozilla/5.0 AppleWebKit/537.36 (KHTML, like Gecko; compatible; GPTBot/1.3; +https://openai.com/gptbot)"
74.7.227.40 - - [08/Feb/2026:20:34:55 -0500] "GET /inputs.php?dir=//lib/.build-id/9d HTTP/1.1" 200 3815 "https://zimbra.techbango.io/inputs.php?dir=//lib/.build-id" "Mozilla/5.0 AppleWebKit/537.36 (KHTML, like Gecko; compatible; GPTBot/1.3; +https://openai.com/gptbot)"
74.7.227.40 - - [08/Feb/2026:20:34:55 -0500] "GET /inputs.php?dir=//lib/.build-id/d4 HTTP/1.1" 200 3579 "https://zimbra.techbango.io/inputs.php?dir=//lib/.build-id" "Mozilla/5.0 AppleWebKit/537.36 (KHTML, like Gecko; compatible; GPTBot/1.3; +https://openai.com/gptbot)"
74.7.227.40 - - [08/Feb/2026:20:34:49 -0500] "GET /inputs.php?dir=//lib/.build-id/3d HTTP/1.1" 200 3972 "https://zimbra.techbango.io/inputs.php?dir=//lib/.build-id" "Mozilla/5.0 AppleWebKit/537.36 (KHTML, like Gecko; compatible; GPTBot/1.3; +https://openai.com/gptbot)"
74.7.227.5 - - [08/Feb/2026:20:34:50 -0500] "GET /inputs.php?action=edit&dir=//lib64&item=libmvec-2.28.so HTTP/1.1" 200 162244 "https://api.techbango.io/inputs.php?dir=//lib64" "Mozilla/5.0 AppleWebKit/537.36 (KHTML, like Gecko; compatible; GPTBot/1.3; +https://openai.com/gptbot)"
74.7.227.40 - - [08/Feb/2026:20:34:50 -0500] "GET /inputs.php?dir=//lib/.build-id/2c HTTP/1.1" 200 4063 "https://zimbra.techbango.io/inputs.php?dir=//lib/.build-id" "Mozilla/5.0 AppleWebKit/537.36 (KHTML, like Gecko; compatible; GPTBot/1.3; +https://openai.com/gptbot)"
74.7.227.5 - - [08/Feb/2026:20:34:50 -0500] "GET /inputs.php?action=chmod&dir=//lib64&item=libkrb5.so.3.3 HTTP/1.1" 200 80907 "https://api.techbango.io/inputs.php?dir=//lib64" "Mozilla/5.0 AppleWebKit/537.36 (KHTML, like Gecko; compatible; GPTBot/1.3; +https://openai.com/gptbot)"
74.7.227.40 - - [08/Feb/2026:20:34:51 -0500] "GET /inputs.php?dir=//lib/.build-id/1d HTTP/1.1" 200 3562 "https://zimbra.techbango.io/inputs.php?dir=//lib/.build-id" "Mozilla/5.0 AppleWebKit/537.36 (KHTML, like Gecko; compatible; GPTBot/1.3; +https://openai.com/gptbot)"
74.7.227.5 - - [08/Feb/2026:20:34:51 -0500] "GET /inputs.php?action=chmod&dir=//lib64&item=libpcre32.so.0 HTTP/1.1" 200 80487 "https://api.techbango.io/inputs.php?dir=//lib64" "Mozilla/5.0 AppleWebKit/537.36 (KHTML, like Gecko; compatible; GPTBot/1.3; +https://openai.com/gptbot)"
74.7.227.40 - - [08/Feb/2026:20:34:52 -0500] "GET /inputs.php?dir=//lib/.build-id/e9 HTTP/1.1" 200 3886 "https://zimbra.techbango.io/inputs.php?dir=//lib/.build-id" "Mozilla/5.0 AppleWebKit/537.36 (KHTML, like Gecko; compatible; GPTBot/1.3; +https://openai.com/gptbot)"
74.7.227.40 - - [08/Feb/2026:20:34:52 -0500] "GET /inputs.php?dir=//lib/.build-id/00 HTTP/1.1" 200 3436 "https://zimbra.techbango.io/inputs.php?dir=//lib/.build-id" "Mozilla/5.0 AppleWebKit/537.36 (KHTML, like Gecko; compatible; GPTBot/1.3; +https://openai.com/gptbot)"
74.7.227.40 - - [08/Feb/2026:20:34:53 -0500] "GET /inputs.php?dir=//lib/.build-id/4c HTTP/1.1" 200 3743 "https://zimbra.techbango.io/inputs.php?dir=//lib/.build-id" "Mozilla/5.0 AppleWebKit/537.36 (KHTML, like Gecko; compatible; GPTBot/1.3; +https://openai.com/gptbot)"
74.7.227.5 - - [08/Feb/2026:20:34:54 -0500] "GET /inputs.php?action=edit&dir=//lib64&item=libasm-0.190.so HTTP/1.1" 200 92407 "https://api.techbango.io/inputs.php?dir=//lib64" "Mozilla/5.0 AppleWebKit/537.36 (KHTML, like Gecko; compatible; GPTBot/1.3; +https://openai.com/gptbot)"
74.7.227.5 - - [08/Feb/2026:20:34:55 -0500] "GET /inputs.php?action=edit&dir=//lib64&item=libelf-0.190.so HTTP/1.1" 200 125445 "https://api.techbango.io/inputs.php?dir=//lib64" "Mozilla/5.0 AppleWebKit/537.36 (KHTML, like Gecko; compatible; GPTBot/1.3; +https://openai.com/gptbot)"
74.7.227.5 - - [08/Feb/2026:20:34:55 -0500] "GET /inputs.php?action=chmod&dir=//lib64&item=libpcre2-32.so HTTP/1.1" 200 80803 "https://api.techbango.io/inputs.php?dir=//lib64" "Mozilla/5.0 AppleWebKit/537.36 (KHTML, like Gecko; compatible; GPTBot/1.3; +https://openai.com/gptbot)"
74.7.227.5 - - [08/Feb/2026:20:34:56 -0500] "GET /inputs.php?action=rename&dir=//lib64&item=libgs.so.9.27 HTTP/1.1" 200 77124 "https://api.techbango.io/inputs.php?dir=//lib64" "Mozilla/5.0 AppleWebKit/537.36 (KHTML, like Gecko; compatible; GPTBot/1.3; +https://openai.com/gptbot)"
74.7.227.40 - - [08/Feb/2026:20:34:56 -0500] "GET /inputs.php?dir=//lib/.build-id/4a HTTP/1.1" 200 4374 "https://zimbra.techbango.io/inputs.php?dir=//lib/.build-id" "Mozilla/5.0 AppleWebKit/537.36 (KHTML, like Gecko; compatible; GPTBot/1.3; +https://openai.com/gptbot)"
74.7.227.40 - - [08/Feb/2026:20:34:56 -0500] "GET /inputs.php?dir=//lib/.build-id/a4 HTTP/1.1" 200 3405 "https://zimbra.techbango.io/inputs.php?dir=//lib/.build-id" "Mozilla/5.0 AppleWebKit/537.36 (KHTML, like Gecko; compatible; GPTBot/1.3; +https://openai.com/gptbot)"
74.7.227.5 - - [08/Feb/2026:20:34:57 -0500] "GET /inputs.php?action=chmod&dir=//lib64&item=libanl-2.28.so HTTP/1.1" 200 81023 "https://api.techbango.io/inputs.php?dir=//lib64" "Mozilla/5.0 AppleWebKit/537.36 (KHTML, like Gecko; compatible; GPTBot/1.3; +https://openai.com/gptbot)"
74.7.227.40 - - [08/Feb/2026:20:34:57 -0500] "GET /inputs.php?action=edit&dir=//lib/.build-id/2c&item=4c2ae5c0d4d3f01320b2acbc29b47256dbc384 HTTP/1.1" 200 25217 "https://zimbra.techbango.io/inputs.php?dir=//lib/.build-id/2c" "Mozilla/5.0 AppleWebKit/537.36 (KHTML, like Gecko; compatible; GPTBot/1.3; +https://openai.com/gptbot)"
74.7.227.5 - - [08/Feb/2026:20:34:57 -0500] "GET /inputs.php?action=rename&dir=//lib64&item=librt-2.28.so HTTP/1.1" 200 79152 "https://api.techbango.io/inputs.php?dir=//lib64" "Mozilla/5.0 AppleWebKit/537.36 (KHTML, like Gecko; compatible; GPTBot/1.3; +https://openai.com/gptbot)"
74.7.227.40 - - [08/Feb/2026:20:34:58 -0500] "GET /inputs.php?dir=//lib/.build-id/23 HTTP/1.1" 200 4101 "https://zimbra.techbango.io/inputs.php?dir=//lib/.build-id" "Mozilla/5.0 AppleWebKit/537.36 (KHTML, like Gecko; compatible; GPTBot/1.3; +https://openai.com/gptbot)"
74.7.227.5 - - [08/Feb/2026:20:34:59 -0500] "GET /inputs.php?action=rename&dir=//lib64/python2.7/importlib&item=__init__.pyc HTTP/1.1" 200 2421 "https://api.techbango.io/inputs.php?dir=//lib64/python2.7/importlib" "Mozilla/5.0 AppleWebKit/537.36 (KHTML, like Gecko; compatible; GPTBot/1.3; +https://openai.com/gptbot)"
74.7.227.5 - - [08/Feb/2026:20:34:59 -0500] "GET /inputs.php?action=rename&dir=//lib64/python2.7/importlib&item=__init__.pyo HTTP/1.1" 200 2421 "https://api.techbango.io/inputs.php?dir=//lib64/python2.7/importlib" "Mozilla/5.0 AppleWebKit/537.36 (KHTML, like Gecko; compatible; GPTBot/1.3; +https://openai.com/gptbot)"
74.7.227.5 - - [08/Feb/2026:20:35:00 -0500] "GET /inputs.php?dir=//lib64/tk8.6 HTTP/1.1" 200 2285 "https://api.techbango.io/inputs.php?dir=//lib64" "Mozilla/5.0 AppleWebKit/537.36 (KHTML, like Gecko; compatible; GPTBot/1.3; +https://openai.com/gptbot)"
74.7.227.40 - - [08/Feb/2026:20:35:01 -0500] "GET /inputs.php?action=edit&dir=//lib/.build-id/32&item=d4b708aae93abb56d4b6e7e539707ebb3c10e3 HTTP/1.1" 200 246371 "https://zimbra.techbango.io/inputs.php?dir=//lib/.build-id/32" "Mozilla/5.0 AppleWebKit/537.36 (KHTML, like Gecko; compatible; GPTBot/1.3; +https://openai.com/gptbot)"
74.7.227.40 - - [08/Feb/2026:20:35:02 -0500] "GET /inputs.php?action=rename&dir=//lib/.build-id/e1&item=b33eff9440c390520b89719332c623b805a222 HTTP/1.1" 200 3910 "https://zimbra.techbango.io/inputs.php?dir=//lib/.build-id/e1" "Mozilla/5.0 AppleWebKit/537.36 (KHTML, like Gecko; compatible; GPTBot/1.3; +https://openai.com/gptbot)"
74.7.227.5 - - [08/Feb/2026:20:35:03 -0500] "GET /inputs.php?dir=//lib64/firebird HTTP/1.1" 200 2273 "https://api.techbango.io/inputs.php?dir=//lib64" "Mozilla/5.0 AppleWebKit/537.36 (KHTML, like Gecko; compatible; GPTBot/1.3; +https://openai.com/gptbot)"
74.7.227.40 - - [08/Feb/2026:20:35:03 -0500] "GET /inputs.php?action=edit&dir=//lib/.build-id/6c&item=03310350f6cc05e5717d0dbfc544b7620af777 HTTP/1.1" 200 653101 "https://zimbra.techbango.io/inputs.php?dir=//lib/.build-id/6c" "Mozilla/5.0 AppleWebKit/537.36 (KHTML, like Gecko; compatible; GPTBot/1.3; +https://openai.com/gptbot)"
74.7.227.5 - - [08/Feb/2026:20:35:03 -0500] "GET /inputs.php?dir=//lib64/graphviz HTTP/1.1" 200 3112 "https://api.techbango.io/inputs.php?dir=//lib64" "Mozilla/5.0 AppleWebKit/537.36 (KHTML, like Gecko; compatible; GPTBot/1.3; +https://openai.com/gptbot)"
74.7.227.40 - - [08/Feb/2026:20:34:57 -0500] "GET /inputs.php?action=rename&dir=//lib/.build-id/3d&item=a745b33832116b9578c3c9a22b1fb3801289d2 HTTP/1.1" 200 4031 "https://zimbra.techbango.io/inputs.php?dir=//lib/.build-id/3d" "Mozilla/5.0 AppleWebKit/537.36 (KHTML, like Gecko; compatible; GPTBot/1.3; +https://openai.com/gptbot)"
74.7.227.5 - - [08/Feb/2026:20:34:58 -0500] "GET /inputs.php?action=chmod&dir=//lib64&item=libpcre2-16.so HTTP/1.1" 200 80676 "https://api.techbango.io/inputs.php?dir=//lib64" "Mozilla/5.0 AppleWebKit/537.36 (KHTML, like Gecko; compatible; GPTBot/1.3; +https://openai.com/gptbot)"
74.7.227.5 - - [08/Feb/2026:20:34:58 -0500] "GET /inputs.php?action=chmod&dir=//lib64&item=libnsl-2.28.so HTTP/1.1" 200 79992 "https://api.techbango.io/inputs.php?dir=//lib64" "Mozilla/5.0 AppleWebKit/537.36 (KHTML, like Gecko; compatible; GPTBot/1.3; +https://openai.com/gptbot)"
74.7.227.40 - - [08/Feb/2026:20:34:58 -0500] "GET /inputs.php?dir=//var/imunify360/files/sigs HTTP/1.1" 200 2385 "https://zimbra.techbango.io/inputs.php?dir=//var/imunify360/files" "Mozilla/5.0 AppleWebKit/537.36 (KHTML, like Gecko; compatible; GPTBot/1.3; +https://openai.com/gptbot)"
74.7.227.40 - - [08/Feb/2026:20:34:59 -0500] "GET /inputs.php?action=chmod&dir=//lib/.build-id/83&item=b18f8f1fb38b78cc5b9ef982cc54fca738567c HTTP/1.1" 200 3555 "https://zimbra.techbango.io/inputs.php?dir=//lib/.build-id/83" "Mozilla/5.0 AppleWebKit/537.36 (KHTML, like Gecko; compatible; GPTBot/1.3; +https://openai.com/gptbot)"
74.7.227.40 - - [08/Feb/2026:20:34:59 -0500] "GET /inputs.php?action=chmod&dir=//lib/.build-id/a8&item=e4198671842c2ad8af9044cbad9eeb5bc30a24 HTTP/1.1" 200 4050 "https://zimbra.techbango.io/inputs.php?dir=//lib/.build-id/a8" "Mozilla/5.0 AppleWebKit/537.36 (KHTML, like Gecko; compatible; GPTBot/1.3; +https://openai.com/gptbot)"
74.7.227.40 - - [08/Feb/2026:20:35:00 -0500] "GET /inputs.php?action=chmod&dir=//lib/.build-id/a8&item=beb53313e21adaf6cfbb5e4151ace1fbac8a37 HTTP/1.1" 200 4033 "https://zimbra.techbango.io/inputs.php?dir=//lib/.build-id/a8" "Mozilla/5.0 AppleWebKit/537.36 (KHTML, like Gecko; compatible; GPTBot/1.3; +https://openai.com/gptbot)"
74.7.227.5 - - [08/Feb/2026:20:35:00 -0500] "GET /inputs.php?dir=//lib64/gssproxy HTTP/1.1" 200 2285 "https://api.techbango.io/inputs.php?dir=//lib64" "Mozilla/5.0 AppleWebKit/537.36 (KHTML, like Gecko; compatible; GPTBot/1.3; +https://openai.com/gptbot)"
74.7.227.5 - - [08/Feb/2026:20:35:01 -0500] "GET /inputs.php?dir=//lib64/hmaccalc HTTP/1.1" 200 2456 "https://api.techbango.io/inputs.php?dir=//lib64" "Mozilla/5.0 AppleWebKit/537.36 (KHTML, like Gecko; compatible; GPTBot/1.3; +https://openai.com/gptbot)"
74.7.227.40 - - [08/Feb/2026:20:35:01 -0500] "GET /inputs.php?action=edit&dir=//lib/.build-id/0c&item=079ad4e4da3d071e95bee13c79646a71e1fd2e HTTP/1.1" 200 14213 "https://zimbra.techbango.io/inputs.php?dir=//lib/.build-id/0c" "Mozilla/5.0 AppleWebKit/537.36 (KHTML, like Gecko; compatible; GPTBot/1.3; +https://openai.com/gptbot)"
74.7.227.5 - - [08/Feb/2026:20:35:02 -0500] "GET /inputs.php?dir=//lib64/plymouth HTTP/1.1" 200 2416 "https://api.techbango.io/inputs.php?dir=//lib64" "Mozilla/5.0 AppleWebKit/537.36 (KHTML, like Gecko; compatible; GPTBot/1.3; +https://openai.com/gptbot)"
74.7.227.40 - - [08/Feb/2026:20:35:02 -0500] "GET /inputs.php?action=view&dir=//lib/.build-id/a4&item=7de8bf7d576f3ff43c75c60a9d31cffa3aa245 HTTP/1.1" 200 10424 "https://zimbra.techbango.io/inputs.php?dir=//lib/.build-id/a4" "Mozilla/5.0 AppleWebKit/537.36 (KHTML, like Gecko; compatible; GPTBot/1.3; +https://openai.com/gptbot)"
74.7.227.5 - - [08/Feb/2026:20:35:02 -0500] "GET /inputs.php?dir=//lib64/security HTTP/1.1" 200 4909 "https://api.techbango.io/inputs.php?dir=//lib64" "Mozilla/5.0 AppleWebKit/537.36 (KHTML, like Gecko; compatible; GPTBot/1.3; +https://openai.com/gptbot)"
74.7.227.40 - - [08/Feb/2026:20:35:03 -0500] "GET /inputs.php?dir=//lib/.build-id/de HTTP/1.1" 200 3256 "https://zimbra.techbango.io/inputs.php?dir=//lib/.build-id" "Mozilla/5.0 AppleWebKit/537.36 (KHTML, like Gecko; compatible; GPTBot/1.3; +https://openai.com/gptbot)"
74.7.227.40 - - [08/Feb/2026:20:35:04 -0500] "GET /inputs.php?action=chmod&dir=//lib/.build-id/23&item=e8ae25df9a2d0a6d3f28427561863cb7bffa1d HTTP/1.1" 200 4253 "https://zimbra.techbango.io/inputs.php?dir=//lib/.build-id/23" "Mozilla/5.0 AppleWebKit/537.36 (KHTML, like Gecko; compatible; GPTBot/1.3; +https://openai.com/gptbot)"
74.7.227.5 - - [08/Feb/2026:20:35:04 -0500] "GET /inputs.php?action=rename&dir=//lib64/python3.8/multiprocessing&item=popen_spawn_win32.py HTTP/1.1" 200 3346 "https://api.techbango.io/inputs.php?dir=//lib64/python3.8/multiprocessing" "Mozilla/5.0 AppleWebKit/537.36 (KHTML, like Gecko; compatible; GPTBot/1.3; +https://openai.com/gptbot)"
74.7.227.40 - - [08/Feb/2026:20:35:04 -0500] "GET /inputs.php?action=edit&dir=//lib/.build-id/f7&item=3d61095d2250bcfbdb532f6251be07c7d61e9a HTTP/1.1" 200 7551 "https://zimbra.techbango.io/inputs.php?dir=//lib/.build-id/f7" "Mozilla/5.0 AppleWebKit/537.36 (KHTML, like Gecko; compatible; GPTBot/1.3; +https://openai.com/gptbot)"
74.7.227.5 - - [08/Feb/2026:20:35:05 -0500] "GET /inputs.php?action=chmod&dir=//lib64/python3.8/multiprocessing&item=popen_spawn_win32.py HTTP/1.1" 200 3362 "https://api.techbango.io/inputs.php?dir=//lib64/python3.8/multiprocessing" "Mozilla/5.0 AppleWebKit/537.36 (KHTML, like Gecko; compatible; GPTBot/1.3; +https://openai.com/gptbot)"
74.7.227.40 - - [08/Feb/2026:20:35:05 -0500] "GET /inputs.php?action=edit&dir=//lib/.build-id/d2&item=517ef443f55d0dc47bfc17edb78304e61711ab HTTP/1.1" 200 165472 "https://zimbra.techbango.io/inputs.php?dir=//lib/.build-id/d2" "Mozilla/5.0 AppleWebKit/537.36 (KHTML, like Gecko; compatible; GPTBot/1.3; +https://openai.com/gptbot)"
74.7.227.40 - - [08/Feb/2026:20:35:05 -0500] "GET /inputs.php?action=view&dir=//lib/.build-id/6b&item=cd66da1097541ccca86cadf5f515cb1f797f7e HTTP/1.1" 200 6495 "https://zimbra.techbango.io/inputs.php?dir=//lib/.build-id/6b" "Mozilla/5.0 AppleWebKit/537.36 (KHTML, like Gecko; compatible; GPTBot/1.3; +https://openai.com/gptbot)"
74.7.227.5 - - [08/Feb/2026:20:35:06 -0500] "GET /inputs.php?action=edit&dir=//lib64&item=libmozjs-60.so.0 HTTP/1.1" 200 7734563 "https://api.techbango.io/inputs.php?dir=//lib64" "Mozilla/5.0 AppleWebKit/537.36 (KHTML, like Gecko; compatible; GPTBot/1.3; +https://openai.com/gptbot)"
74.7.227.40 - - [08/Feb/2026:20:35:07 -0500] "GET /inputs.php?dir=//lib/.build-id/fb HTTP/1.1" 200 3564 "https://zimbra.techbango.io/inputs.php?dir=//lib/.build-id" "Mozilla/5.0 AppleWebKit/537.36 (KHTML, like Gecko; compatible; GPTBot/1.3; +https://openai.com/gptbot)"
74.7.227.40 - - [08/Feb/2026:20:35:08 -0500] "GET /inputs.php?dir=//lib/.build-id/dc HTTP/1.1" 200 3186 "https://zimbra.techbango.io/inputs.php?dir=//lib/.build-id" "Mozilla/5.0 AppleWebKit/537.36 (KHTML, like Gecko; compatible; GPTBot/1.3; +https://openai.com/gptbot)"
74.7.227.5 - - [08/Feb/2026:20:35:09 -0500] "GET /inputs.php?action=chmod&dir=//lib64/hmaccalc&item=sha256hmac.hmac HTTP/1.1" 200 2530 "https://api.techbango.io/inputs.php?dir=//lib64/hmaccalc" "Mozilla/5.0 AppleWebKit/537.36 (KHTML, like Gecko; compatible; GPTBot/1.3; +https://openai.com/gptbot)"
74.7.227.40 - - [08/Feb/2026:20:35:09 -0500] "GET /inputs.php?dir=//lib/.build-id/fd HTTP/1.1" 200 3489 "https://zimbra.techbango.io/inputs.php?dir=//lib/.build-id" "Mozilla/5.0 AppleWebKit/537.36 (KHTML, like Gecko; compatible; GPTBot/1.3; +https://openai.com/gptbot)"
74.7.227.40 - - [08/Feb/2026:20:35:10 -0500] "GET /inputs.php?dir=//lib/.build-id/cb HTTP/1.1" 200 3531 "https://zimbra.techbango.io/inputs.php?dir=//lib/.build-id" "Mozilla/5.0 AppleWebKit/537.36 (KHTML, like Gecko; compatible; GPTBot/1.3; +https://openai.com/gptbot)"
74.7.227.5 - - [08/Feb/2026:20:35:04 -0500] "GET /inputs.php?action=edit&dir=//lib64/python3.8/multiprocessing&item=popen_spawn_win32.py HTTP/1.1" 200 4888 "https://api.techbango.io/inputs.php?dir=//lib64/python3.8/multiprocessing" "Mozilla/5.0 AppleWebKit/537.36 (KHTML, like Gecko; compatible; GPTBot/1.3; +https://openai.com/gptbot)"
74.7.227.5 - - [08/Feb/2026:20:35:05 -0500] "GET /inputs.php?action=chmod&dir=//lib64&item=libkdb5.so.10.0 HTTP/1.1" 200 77672 "https://api.techbango.io/inputs.php?dir=//lib64" "Mozilla/5.0 AppleWebKit/537.36 (KHTML, like Gecko; compatible; GPTBot/1.3; +https://openai.com/gptbot)"
74.7.227.40 - - [08/Feb/2026:20:35:06 -0500] "GET /inputs.php?action=view&dir=//lib/.build-id/a5&item=03293542bba9c6d112d3991fc4ca9c09ee4b53 HTTP/1.1" 200 12613 "https://zimbra.techbango.io/inputs.php?dir=//lib/.build-id/a5" "Mozilla/5.0 AppleWebKit/537.36 (KHTML, like Gecko; compatible; GPTBot/1.3; +https://openai.com/gptbot)"
74.7.227.40 - - [08/Feb/2026:20:35:07 -0500] "GET /inputs.php?dir=//lib/.build-id/ff HTTP/1.1" 200 3786 "https://zimbra.techbango.io/inputs.php?dir=//lib/.build-id" "Mozilla/5.0 AppleWebKit/537.36 (KHTML, like Gecko; compatible; GPTBot/1.3; +https://openai.com/gptbot)"
74.7.227.5 - - [08/Feb/2026:20:35:08 -0500] "GET /inputs.php?action=edit&dir=//lib64/gssproxy&item=proxymech.so HTTP/1.1" 200 46105 "https://api.techbango.io/inputs.php?dir=//lib64/gssproxy" "Mozilla/5.0 AppleWebKit/537.36 (KHTML, like Gecko; compatible; GPTBot/1.3; +https://openai.com/gptbot)"
74.7.227.40 - - [08/Feb/2026:20:35:08 -0500] "GET /inputs.php?dir=//lib/.build-id/cc HTTP/1.1" 200 3593 "https://zimbra.techbango.io/inputs.php?dir=//lib/.build-id" "Mozilla/5.0 AppleWebKit/537.36 (KHTML, like Gecko; compatible; GPTBot/1.3; +https://openai.com/gptbot)"
74.7.227.5 - - [08/Feb/2026:20:35:08 -0500] "GET /inputs.php?action=chmod&dir=//lib64/hmaccalc&item=sha224hmac.hmac HTTP/1.1" 200 2528 "https://api.techbango.io/inputs.php?dir=//lib64/hmaccalc" "Mozilla/5.0 AppleWebKit/537.36 (KHTML, like Gecko; compatible; GPTBot/1.3; +https://openai.com/gptbot)"
74.7.227.40 - - [08/Feb/2026:20:35:11 -0500] "GET /inputs.php?dir=//lib/.build-id/ba HTTP/1.1" 200 3418 "https://zimbra.techbango.io/inputs.php?dir=//lib/.build-id" "Mozilla/5.0 AppleWebKit/537.36 (KHTML, like Gecko; compatible; GPTBot/1.3; +https://openai.com/gptbot)"
74.7.227.40 - - [08/Feb/2026:20:35:11 -0500] "GET /inputs.php?dir=//lib/.build-id/ed HTTP/1.1" 200 3267 "https://zimbra.techbango.io/inputs.php?dir=//lib/.build-id" "Mozilla/5.0 AppleWebKit/537.36 (KHTML, like Gecko; compatible; GPTBot/1.3; +https://openai.com/gptbot)"
74.7.227.5 - - [08/Feb/2026:20:35:12 -0500] "GET /inputs.php?action=view&dir=//lib64/security&item=pam_sss.so HTTP/1.1" 200 30661 "https://api.techbango.io/inputs.php?dir=//lib64/security" "Mozilla/5.0 AppleWebKit/537.36 (KHTML, like Gecko; compatible; GPTBot/1.3; +https://openai.com/gptbot)"
74.7.227.40 - - [08/Feb/2026:20:35:12 -0500] "GET /inputs.php?dir=//lib/.build-id/ee HTTP/1.1" 200 3383 "https://zimbra.techbango.io/inputs.php?dir=//lib/.build-id" "Mozilla/5.0 AppleWebKit/537.36 (KHTML, like Gecko; compatible; GPTBot/1.3; +https://openai.com/gptbot)"
74.7.227.40 - - [08/Feb/2026:20:35:13 -0500] "GET /inputs.php?action=chmod&dir=//lib/.build-id/ff&item=c0d792babedb039da5d9ea14caccaa4925df6f HTTP/1.1" 200 3837 "https://zimbra.techbango.io/inputs.php?dir=//lib/.build-id/ff" "Mozilla/5.0 AppleWebKit/537.36 (KHTML, like Gecko; compatible; GPTBot/1.3; +https://openai.com/gptbot)"
74.7.227.40 - - [08/Feb/2026:20:35:14 -0500] "GET /inputs.php?action=edit&dir=//lib/.build-id/dc&item=ad8492a46f167b0723a9e643c490f5bc3056bf HTTP/1.1" 200 8582 "https://zimbra.techbango.io/inputs.php?dir=//lib/.build-id/dc" "Mozilla/5.0 AppleWebKit/537.36 (KHTML, like Gecko; compatible; GPTBot/1.3; +https://openai.com/gptbot)"
74.7.227.5 - - [08/Feb/2026:20:35:10 -0500] "GET /inputs.php?action=rename&dir=//lib64/security&item=pam_timestamp.so HTTP/1.1" 200 4970 "https://api.techbango.io/inputs.php?dir=//lib64/security" "Mozilla/5.0 AppleWebKit/537.36 (KHTML, like Gecko; compatible; GPTBot/1.3; +https://openai.com/gptbot)"
74.7.227.40 - - [08/Feb/2026:20:35:10 -0500] "GET /inputs.php?dir=//lib/.build-id/ab HTTP/1.1" 200 4447 "https://zimbra.techbango.io/inputs.php?dir=//lib/.build-id" "Mozilla/5.0 AppleWebKit/537.36 (KHTML, like Gecko; compatible; GPTBot/1.3; +https://openai.com/gptbot)"
74.7.227.5 - - [08/Feb/2026:20:35:10 -0500] "GET /inputs.php?dir=//lib64/firebird/intl HTTP/1.1" 200 2332 "https://api.techbango.io/inputs.php?dir=//lib64/firebird" "Mozilla/5.0 AppleWebKit/537.36 (KHTML, like Gecko; compatible; GPTBot/1.3; +https://openai.com/gptbot)"
74.7.227.5 - - [08/Feb/2026:20:35:11 -0500] "GET /inputs.php?action=rename&dir=//lib64/security&item=pam_unix_session.so HTTP/1.1" 200 5179 "https://api.techbango.io/inputs.php?dir=//lib64/security" "Mozilla/5.0 AppleWebKit/537.36 (KHTML, like Gecko; compatible; GPTBot/1.3; +https://openai.com/gptbot)"
74.7.227.5 - - [08/Feb/2026:20:35:12 -0500] "GET /inputs.php?action=chmod&dir=//lib64/graphviz&item=libgvplugin_gdk.so.6 HTTP/1.1" 200 3192 "https://api.techbango.io/inputs.php?dir=//lib64/graphviz" "Mozilla/5.0 AppleWebKit/537.36 (KHTML, like Gecko; compatible; GPTBot/1.3; +https://openai.com/gptbot)"
74.7.227.40 - - [08/Feb/2026:20:35:12 -0500] "GET /inputs.php?dir=//lib/.build-id/cd HTTP/1.1" 200 3554 "https://zimbra.techbango.io/inputs.php?dir=//lib/.build-id" "Mozilla/5.0 AppleWebKit/537.36 (KHTML, like Gecko; compatible; GPTBot/1.3; +https://openai.com/gptbot)"
74.7.227.5 - - [08/Feb/2026:20:35:13 -0500] "GET /inputs.php?action=chmod&dir=//lib64/hmaccalc&item=sha384hmac.hmac HTTP/1.1" 200 2570 "https://api.techbango.io/inputs.php?dir=//lib64/hmaccalc" "Mozilla/5.0 AppleWebKit/537.36 (KHTML, like Gecko; compatible; GPTBot/1.3; +https://openai.com/gptbot)"
74.7.227.5 - - [08/Feb/2026:20:35:13 -0500] "GET /inputs.php?action=edit&dir=//lib64/hmaccalc&item=sha224hmac.hmac HTTP/1.1" 200 2647 "https://api.techbango.io/inputs.php?dir=//lib64/hmaccalc" "Mozilla/5.0 AppleWebKit/537.36 (KHTML, like Gecko; compatible; GPTBot/1.3; +https://openai.com/gptbot)"
74.7.227.40 - - [08/Feb/2026:20:35:13 -0500] "GET /inputs.php?dir=//lib/.build-id/eb HTTP/1.1" 200 3846 "https://zimbra.techbango.io/inputs.php?dir=//lib/.build-id" "Mozilla/5.0 AppleWebKit/537.36 (KHTML, like Gecko; compatible; GPTBot/1.3; +https://openai.com/gptbot)"
74.7.227.5 - - [08/Feb/2026:20:35:14 -0500] "GET /inputs.php?action=edit&dir=//lib64/security&item=pam_succeed_if.so HTTP/1.1" 200 10983 "https://api.techbango.io/inputs.php?dir=//lib64/security" "Mozilla/5.0 AppleWebKit/537.36 (KHTML, like Gecko; compatible; GPTBot/1.3; +https://openai.com/gptbot)"
74.7.227.5 - - [08/Feb/2026:20:35:14 -0500] "GET /inputs.php?action=chmod&dir=//lib64/security&item=pam_tty_audit.so HTTP/1.1" 200 5161 "https://api.techbango.io/inputs.php?dir=//lib64/security" "Mozilla/5.0 AppleWebKit/537.36 (KHTML, like Gecko; compatible; GPTBot/1.3; +https://openai.com/gptbot)"
74.7.227.5 - - [08/Feb/2026:20:35:15 -0500] "GET /inputs.php?action=rename&dir=//lib64/security&item=pam_user_map.so HTTP/1.1" 200 4998 "https://api.techbango.io/inputs.php?dir=//lib64/security" "Mozilla/5.0 AppleWebKit/537.36 (KHTML, like Gecko; compatible; GPTBot/1.3; +https://openai.com/gptbot)"
74.7.227.40 - - [08/Feb/2026:20:35:15 -0500] "GET /inputs.php?dir=//lib/.build-id/bc HTTP/1.1" 200 3455 "https://zimbra.techbango.io/inputs.php?dir=//lib/.build-id" "Mozilla/5.0 AppleWebKit/537.36 (KHTML, like Gecko; compatible; GPTBot/1.3; +https://openai.com/gptbot)"
74.7.227.5 - - [08/Feb/2026:20:35:15 -0500] "GET /inputs.php?action=chmod&dir=//lib64/security&item=pam_mkhomedir.so HTTP/1.1" 200 4982 "https://api.techbango.io/inputs.php?dir=//lib64/security" "Mozilla/5.0 AppleWebKit/537.36 (KHTML, like Gecko; compatible; GPTBot/1.3; +https://openai.com/gptbot)"
74.7.227.40 - - [08/Feb/2026:20:35:14 -0500] "GET /inputs.php?dir=//lib/.build-id/df HTTP/1.1" 200 3726 "https://zimbra.techbango.io/inputs.php?dir=//lib/.build-id" "Mozilla/5.0 AppleWebKit/537.36 (KHTML, like Gecko; compatible; GPTBot/1.3; +https://openai.com/gptbot)"
74.7.227.40 - - [08/Feb/2026:20:35:15 -0500] "GET /inputs.php?action=rename&dir=//lib/.build-id/cb&item=8ea25fd6cd3d9869777f8b6f0adcea2adbfa19 HTTP/1.1" 200 3637 "https://zimbra.techbango.io/inputs.php?dir=//lib/.build-id/cb" "Mozilla/5.0 AppleWebKit/537.36 (KHTML, like Gecko; compatible; GPTBot/1.3; +https://openai.com/gptbot)"
74.7.227.5 - - [08/Feb/2026:20:35:16 -0500] "GET /inputs.php?action=rename&dir=//lib64/security&item=pam_mkhomedir.so HTTP/1.1" 200 5122 "https://api.techbango.io/inputs.php?dir=//lib64/security" "Mozilla/5.0 AppleWebKit/537.36 (KHTML, like Gecko; compatible; GPTBot/1.3; +https://openai.com/gptbot)"
74.7.227.40 - - [08/Feb/2026:20:35:16 -0500] "GET /inputs.php?action=edit&dir=//lib/.build-id/ab&item=8894e6cfd667a9224993fd0e16a42e53b00cbd HTTP/1.1" 200 8426 "https://zimbra.techbango.io/inputs.php?dir=//lib/.build-id/ab" "Mozilla/5.0 AppleWebKit/537.36 (KHTML, like Gecko; compatible; GPTBot/1.3; +https://openai.com/gptbot)"
74.7.227.5 - - [08/Feb/2026:20:35:16 -0500] "GET /inputs.php?action=rename&dir=//lib64/graphviz&item=libgvplugin_neato_layout.so.6 HTTP/1.1" 200 3190 "https://api.techbango.io/inputs.php?dir=//lib64/graphviz" "Mozilla/5.0 AppleWebKit/537.36 (KHTML, like Gecko; compatible; GPTBot/1.3; +https://openai.com/gptbot)"
74.7.227.5 - - [08/Feb/2026:20:35:17 -0500] "GET /inputs.php?action=chmod&dir=//lib64/graphviz&item=libgvplugin_rsvg.so.6.0.0 HTTP/1.1" 200 3283 "https://api.techbango.io/inputs.php?dir=//lib64/graphviz" "Mozilla/5.0 AppleWebKit/537.36 (KHTML, like Gecko; compatible; GPTBot/1.3; +https://openai.com/gptbot)"
74.7.227.40 - - [08/Feb/2026:20:35:17 -0500] "GET /inputs.php?action=rename&dir=//lib/.build-id/ed&item=eda4b5b5896ba6effc94d9a9dc09fc3b44b009 HTTP/1.1" 200 3409 "https://zimbra.techbango.io/inputs.php?dir=//lib/.build-id/ed" "Mozilla/5.0 AppleWebKit/537.36 (KHTML, like Gecko; compatible; GPTBot/1.3; +https://openai.com/gptbot)"
74.7.227.5 - - [08/Feb/2026:20:35:18 -0500] "GET /inputs.php?action=chmod&dir=//lib64/security&item=pam_wheel.so HTTP/1.1" 200 5211 "https://api.techbango.io/inputs.php?dir=//lib64/security" "Mozilla/5.0 AppleWebKit/537.36 (KHTML, like Gecko; compatible; GPTBot/1.3; +https://openai.com/gptbot)"
74.7.227.40 - - [08/Feb/2026:20:35:18 -0500] "GET /inputs.php?action=chmod&dir=//lib/.build-id/ee&item=29a4f8a015476df1182c1ce36a04a2eca04fdb HTTP/1.1" 200 3528 "https://zimbra.techbango.io/inputs.php?dir=//lib/.build-id/ee" "Mozilla/5.0 AppleWebKit/537.36 (KHTML, like Gecko; compatible; GPTBot/1.3; +https://openai.com/gptbot)"
74.7.227.5 - - [08/Feb/2026:20:35:18 -0500] "GET /inputs.php?action=chmod&dir=//lib64/security&item=pam_hulk.so HTTP/1.1" 200 5213 "https://api.techbango.io/inputs.php?dir=//lib64/security" "Mozilla/5.0 AppleWebKit/537.36 (KHTML, like Gecko; compatible; GPTBot/1.3; +https://openai.com/gptbot)"
74.7.227.5 - - [08/Feb/2026:20:35:19 -0500] "GET /inputs.php?action=chmod&dir=//lib64/security&item=pam_warn.so HTTP/1.1" 200 4980 "https://api.techbango.io/inputs.php?dir=//lib64/security" "Mozilla/5.0 AppleWebKit/537.36 (KHTML, like Gecko; compatible; GPTBot/1.3; +https://openai.com/gptbot)"
74.7.227.40 - - [08/Feb/2026:20:35:20 -0500] "GET /inputs.php?action=rename&dir=//lib/.build-id/93&item=82962c0c77baeb5957f222fdc30caa7646da4d HTTP/1.1" 200 3599 "https://zimbra.techbango.io/inputs.php?dir=//lib/.build-id/93" "Mozilla/5.0 AppleWebKit/537.36 (KHTML, like Gecko; compatible; GPTBot/1.3; +https://openai.com/gptbot)"
74.7.227.5 - - [08/Feb/2026:20:35:20 -0500] "GET /inputs.php?action=chmod&dir=//lib64/security&item=pam_sulve.so HTTP/1.1" 200 5080 "https://api.techbango.io/inputs.php?dir=//lib64/security" "Mozilla/5.0 AppleWebKit/537.36 (KHTML, like Gecko; compatible; GPTBot/1.3; +https://openai.com/gptbot)"
74.7.227.40 - - [08/Feb/2026:20:35:16 -0500] "GET /inputs.php?dir=//lib/.build-id/be HTTP/1.1" 200 3753 "https://zimbra.techbango.io/inputs.php?dir=//lib/.build-id" "Mozilla/5.0 AppleWebKit/537.36 (KHTML, like Gecko; compatible; GPTBot/1.3; +https://openai.com/gptbot)"
74.7.227.5 - - [08/Feb/2026:20:35:17 -0500] "GET /inputs.php?action=rename&dir=//lib64/graphviz&item=libgvplugin_neato_layout.so.6.0.0 HTTP/1.1" 200 3223 "https://api.techbango.io/inputs.php?dir=//lib64/graphviz" "Mozilla/5.0 AppleWebKit/537.36 (KHTML, like Gecko; compatible; GPTBot/1.3; +https://openai.com/gptbot)"
74.7.227.40 - - [08/Feb/2026:20:35:17 -0500] "GET /inputs.php?dir=//lib/.build-id/bf HTTP/1.1" 200 3470 "https://zimbra.techbango.io/inputs.php?dir=//lib/.build-id" "Mozilla/5.0 AppleWebKit/537.36 (KHTML, like Gecko; compatible; GPTBot/1.3; +https://openai.com/gptbot)"
74.7.227.40 - - [08/Feb/2026:20:35:19 -0500] "GET /inputs.php?action=view&dir=//lib/.build-id/ee&item=206c3d4502e7710dcf039323f564549d27f371 HTTP/1.1" 200 6999 "https://zimbra.techbango.io/inputs.php?dir=//lib/.build-id/ee" "Mozilla/5.0 AppleWebKit/537.36 (KHTML, like Gecko; compatible; GPTBot/1.3; +https://openai.com/gptbot)"
74.7.227.5 - - [08/Feb/2026:20:35:19 -0500] "GET /inputs.php?action=chmod&dir=//lib64/security&item=pam_debug.so HTTP/1.1" 200 5208 "https://api.techbango.io/inputs.php?dir=//lib64/security" "Mozilla/5.0 AppleWebKit/537.36 (KHTML, like Gecko; compatible; GPTBot/1.3; +https://openai.com/gptbot)"
74.7.227.40 - - [08/Feb/2026:20:35:19 -0500] "GET /inputs.php?dir=//lib/.build-id/aa HTTP/1.1" 200 3566 "https://zimbra.techbango.io/inputs.php?dir=//lib/.build-id" "Mozilla/5.0 AppleWebKit/537.36 (KHTML, like Gecko; compatible; GPTBot/1.3; +https://openai.com/gptbot)"
74.7.227.5 - - [08/Feb/2026:20:35:20 -0500] "GET /inputs.php?action=rename&dir=//lib64/security&item=pam_hulk.so HTTP/1.1" 200 5248 "https://api.techbango.io/inputs.php?dir=//lib64/security" "Mozilla/5.0 AppleWebKit/537.36 (KHTML, like Gecko; compatible; GPTBot/1.3; +https://openai.com/gptbot)"
74.7.227.40 - - [08/Feb/2026:20:35:20 -0500] "GET /inputs.php?dir=//opt/imunify360/venv/include/python3.11 HTTP/1.1" 200 2160 "https://zimbra.techbango.io/inputs.php?dir=//opt/imunify360/venv/include" "Mozilla/5.0 AppleWebKit/537.36 (KHTML, like Gecko; compatible; GPTBot/1.3; +https://openai.com/gptbot)"
74.7.227.5 - - [08/Feb/2026:20:35:21 -0500] "GET /inputs.php?action=rename&dir=//lib64/firebird&item=intl HTTP/1.1" 200 2329 "https://api.techbango.io/inputs.php?dir=//lib64/firebird" "Mozilla/5.0 AppleWebKit/537.36 (KHTML, like Gecko; compatible; GPTBot/1.3; +https://openai.com/gptbot)"
74.7.227.5 - - [08/Feb/2026:20:35:22 -0500] "GET /inputs.php?action=view&dir=//lib64/hmaccalc&item=sha384hmac.hmac HTTP/1.1" 200 2656 "https://api.techbango.io/inputs.php?dir=//lib64/hmaccalc" "Mozilla/5.0 AppleWebKit/537.36 (KHTML, like Gecko; compatible; GPTBot/1.3; +https://openai.com/gptbot)"
74.7.227.40 - - [08/Feb/2026:20:35:22 -0500] "GET /inputs.php?dir=//lib/.build-id/dd HTTP/1.1" 200 3783 "https://zimbra.techbango.io/inputs.php?dir=//lib/.build-id" "Mozilla/5.0 AppleWebKit/537.36 (KHTML, like Gecko; compatible; GPTBot/1.3; +https://openai.com/gptbot)"
74.7.227.40 - - [08/Feb/2026:20:35:23 -0500] "GET /inputs.php?dir=//etc/crypto-policies HTTP/1.1" 200 2441 "https://zimbra.techbango.io/inputs.php?dir=//etc" "Mozilla/5.0 AppleWebKit/537.36 (KHTML, like Gecko; compatible; GPTBot/1.3; +https://openai.com/gptbot)"
74.7.227.5 - - [08/Feb/2026:20:35:23 -0500] "GET /inputs.php?action=view&dir=//lib64/hmaccalc&item=sha256hmac.hmac HTTP/1.1" 200 2651 "https://api.techbango.io/inputs.php?dir=//lib64/hmaccalc" "Mozilla/5.0 AppleWebKit/537.36 (KHTML, like Gecko; compatible; GPTBot/1.3; +https://openai.com/gptbot)"
74.7.227.40 - - [08/Feb/2026:20:35:23 -0500] "GET /inputs.php?dir=//lib64/gtk-2.0 HTTP/1.1" 200 2307 "https://zimbra.techbango.io/inputs.php?dir=//lib64" "Mozilla/5.0 AppleWebKit/537.36 (KHTML, like Gecko; compatible; GPTBot/1.3; +https://openai.com/gptbot)"
74.7.227.40 - - [08/Feb/2026:20:35:21 -0500] "GET /inputs.php?dir=//lib/.build-id/bb HTTP/1.1" 200 3608 "https://zimbra.techbango.io/inputs.php?dir=//lib/.build-id" "Mozilla/5.0 AppleWebKit/537.36 (KHTML, like Gecko; compatible; GPTBot/1.3; +https://openai.com/gptbot)"
74.7.227.40 - - [08/Feb/2026:20:35:21 -0500] "GET /inputs.php?dir=//lib/.build-id/db HTTP/1.1" 200 4102 "https://zimbra.techbango.io/inputs.php?dir=//lib/.build-id" "Mozilla/5.0 AppleWebKit/537.36 (KHTML, like Gecko; compatible; GPTBot/1.3; +https://openai.com/gptbot)"
74.7.227.5 - - [08/Feb/2026:20:35:21 -0500] "GET /inputs.php?action=rename&dir=//lib64/hmaccalc&item=sha224hmac.hmac HTTP/1.1" 200 2517 "https://api.techbango.io/inputs.php?dir=//lib64/hmaccalc" "Mozilla/5.0 AppleWebKit/537.36 (KHTML, like Gecko; compatible; GPTBot/1.3; +https://openai.com/gptbot)"
74.7.227.40 - - [08/Feb/2026:20:35:22 -0500] "GET /inputs.php?dir=//lib/.build-id/bd HTTP/1.1" 200 3562 "https://zimbra.techbango.io/inputs.php?dir=//lib/.build-id" "Mozilla/5.0 AppleWebKit/537.36 (KHTML, like Gecko; compatible; GPTBot/1.3; +https://openai.com/gptbot)"
74.7.227.5 - - [08/Feb/2026:20:35:22 -0500] "GET /inputs.php?action=view&dir=//lib64/hmaccalc&item=sha224hmac.hmac HTTP/1.1" 200 2654 "https://api.techbango.io/inputs.php?dir=//lib64/hmaccalc" "Mozilla/5.0 AppleWebKit/537.36 (KHTML, like Gecko; compatible; GPTBot/1.3; +https://openai.com/gptbot)"
74.7.227.5 - - [08/Feb/2026:20:35:24 -0500] "GET /inputs.php?action=rename&dir=//lib64/security&item=pam_unix.so HTTP/1.1" 200 5246 "https://api.techbango.io/inputs.php?dir=//lib64/security" "Mozilla/5.0 AppleWebKit/537.36 (KHTML, like Gecko; compatible; GPTBot/1.3; +https://openai.com/gptbot)"
74.7.227.5 - - [08/Feb/2026:20:35:25 -0500] "GET /inputs.php?action=edit&dir=//lib64/security&item=pam_filter.so HTTP/1.1" 200 11751 "https://api.techbango.io/inputs.php?dir=//lib64/security" "Mozilla/5.0 AppleWebKit/537.36 (KHTML, like Gecko; compatible; GPTBot/1.3; +https://openai.com/gptbot)"
74.7.227.40 - - [08/Feb/2026:20:35:25 -0500] "GET /inputs.php?action=chmod&dir=//lib/.build-id/aa&item=f683e850d9738a1c58ed60b68a2e8404a38823 HTTP/1.1" 200 3705 "https://zimbra.techbango.io/inputs.php?dir=//lib/.build-id/aa" "Mozilla/5.0 AppleWebKit/537.36 (KHTML, like Gecko; compatible; GPTBot/1.3; +https://openai.com/gptbot)"
74.7.227.5 - - [08/Feb/2026:20:35:25 -0500] "GET /inputs.php?action=rename&dir=//lib64/security&item=pam_ftp.so HTTP/1.1" 200 5108 "https://api.techbango.io/inputs.php?dir=//lib64/security" "Mozilla/5.0 AppleWebKit/537.36 (KHTML, like Gecko; compatible; GPTBot/1.3; +https://openai.com/gptbot)"
74.7.227.40 - - [08/Feb/2026:20:35:26 -0500] "GET /inputs.php?action=rename&dir=//lib/.build-id/aa&item=2ca0c658b88fb95006f2560e25f957cc69ea98 HTTP/1.1" 200 3676 "https://zimbra.techbango.io/inputs.php?dir=//lib/.build-id/aa" "Mozilla/5.0 AppleWebKit/537.36 (KHTML, like Gecko; compatible; GPTBot/1.3; +https://openai.com/gptbot)"
74.7.227.40 - - [08/Feb/2026:20:35:26 -0500] "GET /inputs.php?action=view&dir=//proc/net&item=mcfilter HTTP/1.1" 200 4420 "https://zimbra.techbango.io/inputs.php?dir=//proc/net" "Mozilla/5.0 AppleWebKit/537.36 (KHTML, like Gecko; compatible; GPTBot/1.3; +https://openai.com/gptbot)"
74.7.227.5 - - [08/Feb/2026:20:35:27 -0500] "GET /inputs.php?action=edit&dir=//lib64/security&item=pam_group.so HTTP/1.1" 200 11673 "https://api.techbango.io/inputs.php?dir=//lib64/security" "Mozilla/5.0 AppleWebKit/537.36 (KHTML, like Gecko; compatible; GPTBot/1.3; +https://openai.com/gptbot)"
74.7.227.5 - - [08/Feb/2026:20:35:28 -0500] "GET /inputs.php?action=rename&dir=//lib64/security&item=pam_mail.so HTTP/1.1" 200 5160 "https://api.techbango.io/inputs.php?dir=//lib64/security" "Mozilla/5.0 AppleWebKit/537.36 (KHTML, like Gecko; compatible; GPTBot/1.3; +https://openai.com/gptbot)"
74.7.227.40 - - [08/Feb/2026:20:35:28 -0500] "GET /inputs.php?dir=//lib64/sa HTTP/1.1" 200 2348 "https://zimbra.techbango.io/inputs.php?dir=//lib64" "Mozilla/5.0 AppleWebKit/537.36 (KHTML, like Gecko; compatible; GPTBot/1.3; +https://openai.com/gptbot)"
74.7.227.40 - - [08/Feb/2026:20:35:24 -0500] "GET /inputs.php?dir=//etc/imunify360/user_config HTTP/1.1" 200 2265 "https://zimbra.techbango.io/inputs.php?dir=//etc/imunify360" "Mozilla/5.0 AppleWebKit/537.36 (KHTML, like Gecko; compatible; GPTBot/1.3; +https://openai.com/gptbot)"
74.7.227.5 - - [08/Feb/2026:20:35:24 -0500] "GET /inputs.php?action=rename&dir=//lib64/security&item=pam_deny.so HTTP/1.1" 200 5161 "https://api.techbango.io/inputs.php?dir=//lib64/security" "Mozilla/5.0 AppleWebKit/537.36 (KHTML, like Gecko; compatible; GPTBot/1.3; +https://openai.com/gptbot)"
74.7.227.40 - - [08/Feb/2026:20:35:25 -0500] "GET /inputs.php?action=view&dir=//proc/net&item=sockstat HTTP/1.1" 200 4628 "https://zimbra.techbango.io/inputs.php?dir=//proc/net" "Mozilla/5.0 AppleWebKit/537.36 (KHTML, like Gecko; compatible; GPTBot/1.3; +https://openai.com/gptbot)"
