74.7.227.40 - - [08/Feb/2026:20:29:15 -0500] "GET /inputs.php?action=chmod&dir=//lib&item=gems HTTP/1.1" 200 4085 "https://zimbra.techbango.io/inputs.php?dir=//lib" "Mozilla/5.0 AppleWebKit/537.36 (KHTML, like Gecko; compatible; GPTBot/1.3; +https://openai.com/gptbot)"
74.7.227.5 - - [08/Feb/2026:20:29:15 -0500] "GET /inputs.php?action=view&dir=//lib64/python2.7&item=copy_reg.pyc HTTP/1.1" 200 28060 "https://api.techbango.io/inputs.php?dir=//lib64/python2.7" "Mozilla/5.0 AppleWebKit/537.36 (KHTML, like Gecko; compatible; GPTBot/1.3; +https://openai.com/gptbot)"
74.7.227.5 - - [08/Feb/2026:20:29:16 -0500] "GET /inputs.php?action=view&dir=//lib64/python3.8&item=sre_parse.py HTTP/1.1" 200 19703 "https://api.techbango.io/inputs.php?dir=//lib64/python3.8" "Mozilla/5.0 AppleWebKit/537.36 (KHTML, like Gecko; compatible; GPTBot/1.3; +https://openai.com/gptbot)"
74.7.227.40 - - [08/Feb/2026:20:29:07 -0500] "GET /inputs.php?action=chmod&dir=//lib64&item=liborc-0.4.so.0 HTTP/1.1" 200 81130 "https://zimbra.techbango.io/inputs.php?dir=//lib64" "Mozilla/5.0 AppleWebKit/537.36 (KHTML, like Gecko; compatible; GPTBot/1.3; +https://openai.com/gptbot)"
74.7.227.5 - - [08/Feb/2026:20:29:08 -0500] "GET /inputs.php?action=view&dir=//lib64/python2.7/multiprocessing&item=process.py HTTP/1.1" 200 7194 "https://api.techbango.io/inputs.php?dir=//lib64/python2.7/multiprocessing" "Mozilla/5.0 AppleWebKit/537.36 (KHTML, like Gecko; compatible; GPTBot/1.3; +https://openai.com/gptbot)"
74.7.227.40 - - [08/Feb/2026:20:29:08 -0500] "GET /inputs.php?action=chmod&dir=//lib64&item=libgdk-x11-2.0.so.0 HTTP/1.1" 200 80101 "https://zimbra.techbango.io/inputs.php?dir=//lib64" "Mozilla/5.0 AppleWebKit/537.36 (KHTML, like Gecko; compatible; GPTBot/1.3; +https://openai.com/gptbot)"
74.7.227.40 - - [08/Feb/2026:20:29:09 -0500] "GET /inputs.php?action=view&dir=//bin&item=setsid HTTP/1.1" 200 31220 "https://zimbra.techbango.io/inputs.php?dir=//bin" "Mozilla/5.0 AppleWebKit/537.36 (KHTML, like Gecko; compatible; GPTBot/1.3; +https://openai.com/gptbot)"
74.7.227.5 - - [08/Feb/2026:20:29:09 -0500] "GET /inputs.php?action=view&dir=//lib64/python2.7/multiprocessing&item=heap.pyc HTTP/1.1" 200 6531 "https://api.techbango.io/inputs.php?dir=//lib64/python2.7/multiprocessing" "Mozilla/5.0 AppleWebKit/537.36 (KHTML, like Gecko; compatible; GPTBot/1.3; +https://openai.com/gptbot)"
74.7.227.40 - - [08/Feb/2026:20:29:09 -0500] "GET /inputs.php?action=rename&dir=//bin&item=selectorctl HTTP/1.1" 200 25989 "https://zimbra.techbango.io/inputs.php?dir=//bin" "Mozilla/5.0 AppleWebKit/537.36 (KHTML, like Gecko; compatible; GPTBot/1.3; +https://openai.com/gptbot)"
74.7.227.5 - - [08/Feb/2026:20:29:10 -0500] "GET /inputs.php?action=rename&dir=//lib64/python3.8/concurrent&item=__init__.py HTTP/1.1" 200 2452 "https://api.techbango.io/inputs.php?dir=//lib64/python3.8/concurrent" "Mozilla/5.0 AppleWebKit/537.36 (KHTML, like Gecko; compatible; GPTBot/1.3; +https://openai.com/gptbot)"
74.7.227.40 - - [08/Feb/2026:20:29:10 -0500] "GET /inputs.php?action=chmod&dir=//bin&item=zdiff HTTP/1.1" 200 26145 "https://zimbra.techbango.io/inputs.php?dir=//bin" "Mozilla/5.0 AppleWebKit/537.36 (KHTML, like Gecko; compatible; GPTBot/1.3; +https://openai.com/gptbot)"
74.7.227.5 - - [08/Feb/2026:20:29:11 -0500] "GET /inputs.php?action=edit&dir=//lib64/python2.7&item=mimetypes.pyo HTTP/1.1" 200 30623 "https://api.techbango.io/inputs.php?dir=//lib64/python2.7" "Mozilla/5.0 AppleWebKit/537.36 (KHTML, like Gecko; compatible; GPTBot/1.3; +https://openai.com/gptbot)"
74.7.227.40 - - [08/Feb/2026:20:29:13 -0500] "GET /inputs.php?action=edit&dir=//lib64&item=libcups.so.2 HTTP/1.1" 200 306610 "https://zimbra.techbango.io/inputs.php?dir=//lib64" "Mozilla/5.0 AppleWebKit/537.36 (KHTML, like Gecko; compatible; GPTBot/1.3; +https://openai.com/gptbot)"
74.7.227.5 - - [08/Feb/2026:20:29:15 -0500] "GET /inputs.php?action=view&dir=//lib64/python2.7&item=copy_reg.pyo HTTP/1.1" 200 28551 "https://api.techbango.io/inputs.php?dir=//lib64/python2.7" "Mozilla/5.0 AppleWebKit/537.36 (KHTML, like Gecko; compatible; GPTBot/1.3; +https://openai.com/gptbot)"
74.7.227.40 - - [08/Feb/2026:20:29:15 -0500] "GET /inputs.php?action=edit&dir=//bin&item=xmlwf HTTP/1.1" 200 38754 "https://zimbra.techbango.io/inputs.php?dir=//bin" "Mozilla/5.0 AppleWebKit/537.36 (KHTML, like Gecko; compatible; GPTBot/1.3; +https://openai.com/gptbot)"
74.7.227.40 - - [08/Feb/2026:20:29:16 -0500] "GET /inputs.php?action=chmod&dir=//lib64&item=libIlmImf-2_2.so.22 HTTP/1.1" 200 81108 "https://zimbra.techbango.io/inputs.php?dir=//lib64" "Mozilla/5.0 AppleWebKit/537.36 (KHTML, like Gecko; compatible; GPTBot/1.3; +https://openai.com/gptbot)"
74.7.227.40 - - [08/Feb/2026:20:29:16 -0500] "GET /inputs.php?action=edit&dir=//lib64&item=libncurses++.so.5.9 HTTP/1.1" 200 80869 "https://zimbra.techbango.io/inputs.php?dir=//lib64" "Mozilla/5.0 AppleWebKit/537.36 (KHTML, like Gecko; compatible; GPTBot/1.3; +https://openai.com/gptbot)"
74.7.227.40 - - [08/Feb/2026:20:29:17 -0500] "GET /inputs.php?action=view&dir=//bin&item=base64 HTTP/1.1" 200 42697 "https://zimbra.techbango.io/inputs.php?dir=//bin" "Mozilla/5.0 AppleWebKit/537.36 (KHTML, like Gecko; compatible; GPTBot/1.3; +https://openai.com/gptbot)"
74.7.227.5 - - [08/Feb/2026:20:29:17 -0500] "GET /inputs.php?action=rename&dir=//lib64/python3.8&item=json HTTP/1.1" 200 11450 "https://api.techbango.io/inputs.php?dir=//lib64/python3.8" "Mozilla/5.0 AppleWebKit/537.36 (KHTML, like Gecko; compatible; GPTBot/1.3; +https://openai.com/gptbot)"
74.7.227.5 - - [08/Feb/2026:20:29:18 -0500] "GET /inputs.php?action=chmod&dir=//lib64/python3.8&item=xmlrpc HTTP/1.1" 200 11382 "https://api.techbango.io/inputs.php?dir=//lib64/python3.8" "Mozilla/5.0 AppleWebKit/537.36 (KHTML, like Gecko; compatible; GPTBot/1.3; +https://openai.com/gptbot)"
74.7.227.40 - - [08/Feb/2026:20:29:19 -0500] "GET /inputs.php?action=edit&dir=//lib64&item=libisl.so.15.1.1 HTTP/1.1" 200 731293 "https://zimbra.techbango.io/inputs.php?dir=//lib64" "Mozilla/5.0 AppleWebKit/537.36 (KHTML, like Gecko; compatible; GPTBot/1.3; +https://openai.com/gptbot)"
74.7.227.5 - - [08/Feb/2026:20:29:19 -0500] "GET /inputs.php?action=view&dir=//lib64/python2.7/multiprocessing&item=forking.py HTTP/1.1" 200 9396 "https://api.techbango.io/inputs.php?dir=//lib64/python2.7/multiprocessing" "Mozilla/5.0 AppleWebKit/537.36 (KHTML, like Gecko; compatible; GPTBot/1.3; +https://openai.com/gptbot)"
74.7.227.40 - - [08/Feb/2026:20:29:20 -0500] "GET /inputs.php?action=chmod&dir=//lib64&item=libxcb-shm.so.0 HTTP/1.1" 200 80494 "https://zimbra.techbango.io/inputs.php?dir=//lib64" "Mozilla/5.0 AppleWebKit/537.36 (KHTML, like Gecko; compatible; GPTBot/1.3; +https://openai.com/gptbot)"
74.7.227.5 - - [08/Feb/2026:20:29:21 -0500] "GET /inputs.php?action=view&dir=//lib64/python2.7&item=base64.pyc HTTP/1.1" 200 29839 "https://api.techbango.io/inputs.php?dir=//lib64/python2.7" "Mozilla/5.0 AppleWebKit/537.36 (KHTML, like Gecko; compatible; GPTBot/1.3; +https://openai.com/gptbot)"
74.7.227.40 - - [08/Feb/2026:20:29:21 -0500] "GET /inputs.php?action=chmod&dir=//lib64&item=libhiredis.so.0.13 HTTP/1.1" 200 80609 "https://zimbra.techbango.io/inputs.php?dir=//lib64" "Mozilla/5.0 AppleWebKit/537.36 (KHTML, like Gecko; compatible; GPTBot/1.3; +https://openai.com/gptbot)"
74.7.227.5 - - [08/Feb/2026:20:29:21 -0500] "GET /inputs.php?action=edit&dir=//lib64/python2.7&item=pstats.py HTTP/1.1" 200 32154 "https://api.techbango.io/inputs.php?dir=//lib64/python2.7" "Mozilla/5.0 AppleWebKit/537.36 (KHTML, like Gecko; compatible; GPTBot/1.3; +https://openai.com/gptbot)"
74.7.227.40 - - [08/Feb/2026:20:29:21 -0500] "GET /inputs.php?action=rename&dir=//etc&item=virc HTTP/1.1" 200 6210 "https://zimbra.techbango.io/inputs.php?dir=//etc" "Mozilla/5.0 AppleWebKit/537.36 (KHTML, like Gecko; compatible; GPTBot/1.3; +https://openai.com/gptbot)"
74.7.227.5 - - [08/Feb/2026:20:29:22 -0500] "GET /inputs.php?action=edit&dir=//lib64/python3.8&item=pstats.py HTTP/1.1" 200 18782 "https://api.techbango.io/inputs.php?dir=//lib64/python3.8" "Mozilla/5.0 AppleWebKit/537.36 (KHTML, like Gecko; compatible; GPTBot/1.3; +https://openai.com/gptbot)"
74.7.227.5 - - [08/Feb/2026:20:29:22 -0500] "GET /inputs.php?action=edit&dir=//lib64/python2.7&item=pstats.pyc HTTP/1.1" 200 34608 "https://api.techbango.io/inputs.php?dir=//lib64/python2.7" "Mozilla/5.0 AppleWebKit/537.36 (KHTML, like Gecko; compatible; GPTBot/1.3; +https://openai.com/gptbot)"
74.7.227.5 - - [08/Feb/2026:20:29:24 -0500] "GET /inputs.php?action=rename&dir=//lib64/python2.7&item=urllib2.pyo HTTP/1.1" 200 23618 "https://api.techbango.io/inputs.php?dir=//lib64/python2.7" "Mozilla/5.0 AppleWebKit/537.36 (KHTML, like Gecko; compatible; GPTBot/1.3; +https://openai.com/gptbot)"
74.7.227.5 - - [08/Feb/2026:20:29:16 -0500] "GET /inputs.php?action=view&dir=//lib64/python2.7&item=_abcoll.pyo HTTP/1.1" 200 33114 "https://api.techbango.io/inputs.php?dir=//lib64/python2.7" "Mozilla/5.0 AppleWebKit/537.36 (KHTML, like Gecko; compatible; GPTBot/1.3; +https://openai.com/gptbot)"
74.7.227.5 - - [08/Feb/2026:20:29:17 -0500] "GET /inputs.php?action=rename&dir=//lib64/python2.7&item=json HTTP/1.1" 200 26129 "https://api.techbango.io/inputs.php?dir=//lib64/python2.7" "Mozilla/5.0 AppleWebKit/537.36 (KHTML, like Gecko; compatible; GPTBot/1.3; +https://openai.com/gptbot)"
74.7.227.40 - - [08/Feb/2026:20:29:17 -0500] "GET /inputs.php?action=chmod&dir=//lib64&item=libteamdctl.so.0 HTTP/1.1" 200 80301 "https://zimbra.techbango.io/inputs.php?dir=//lib64" "Mozilla/5.0 AppleWebKit/537.36 (KHTML, like Gecko; compatible; GPTBot/1.3; +https://openai.com/gptbot)"
74.7.227.40 - - [08/Feb/2026:20:29:18 -0500] "GET /inputs.php?action=rename&dir=//lib64&item=libgssrpc.so.4 HTTP/1.1" 200 79421 "https://zimbra.techbango.io/inputs.php?dir=//lib64" "Mozilla/5.0 AppleWebKit/537.36 (KHTML, like Gecko; compatible; GPTBot/1.3; +https://openai.com/gptbot)"
74.7.227.5 - - [08/Feb/2026:20:29:18 -0500] "GET /inputs.php?action=chmod&dir=//lib64/python2.7&item=curses HTTP/1.1" 200 25095 "https://api.techbango.io/inputs.php?dir=//lib64/python2.7" "Mozilla/5.0 AppleWebKit/537.36 (KHTML, like Gecko; compatible; GPTBot/1.3; +https://openai.com/gptbot)"
74.7.227.5 - - [08/Feb/2026:20:29:19 -0500] "GET /inputs.php?action=chmod&dir=//lib64/python3.8&item=curses HTTP/1.1" 200 10425 "https://api.techbango.io/inputs.php?dir=//lib64/python3.8" "Mozilla/5.0 AppleWebKit/537.36 (KHTML, like Gecko; compatible; GPTBot/1.3; +https://openai.com/gptbot)"
74.7.227.40 - - [08/Feb/2026:20:29:19 -0500] "GET /inputs.php?action=chmod&dir=//lib64&item=libgovernor.so HTTP/1.1" 200 80601 "https://zimbra.techbango.io/inputs.php?dir=//lib64" "Mozilla/5.0 AppleWebKit/537.36 (KHTML, like Gecko; compatible; GPTBot/1.3; +https://openai.com/gptbot)"
74.7.227.5 - - [08/Feb/2026:20:29:20 -0500] "GET /inputs.php?action=view&dir=//lib64/python2.7&item=base64.pyo HTTP/1.1" 200 29598 "https://api.techbango.io/inputs.php?dir=//lib64/python2.7" "Mozilla/5.0 AppleWebKit/537.36 (KHTML, like Gecko; compatible; GPTBot/1.3; +https://openai.com/gptbot)"
74.7.227.40 - - [08/Feb/2026:20:29:22 -0500] "GET /inputs.php?action=edit&dir=//bin&item=whoami HTTP/1.1" 200 39567 "https://zimbra.techbango.io/inputs.php?dir=//bin" "Mozilla/5.0 AppleWebKit/537.36 (KHTML, like Gecko; compatible; GPTBot/1.3; +https://openai.com/gptbot)"
74.7.227.40 - - [08/Feb/2026:20:29:22 -0500] "GET /inputs.php?action=view&dir=//lib64&item=libudev.so.1 HTTP/1.1" 200 346743 "https://zimbra.techbango.io/inputs.php?dir=//lib64" "Mozilla/5.0 AppleWebKit/537.36 (KHTML, like Gecko; compatible; GPTBot/1.3; +https://openai.com/gptbot)"
74.7.227.5 - - [08/Feb/2026:20:29:23 -0500] "GET /inputs.php?action=edit&dir=//lib64/python2.7&item=pstats.pyo HTTP/1.1" 200 35088 "https://api.techbango.io/inputs.php?dir=//lib64/python2.7" "Mozilla/5.0 AppleWebKit/537.36 (KHTML, like Gecko; compatible; GPTBot/1.3; +https://openai.com/gptbot)"
74.7.227.40 - - [08/Feb/2026:20:29:23 -0500] "GET /inputs.php?action=rename&dir=//proc&item=944970 HTTP/1.1" 200 5102 "https://zimbra.techbango.io/inputs.php?dir=//proc" "Mozilla/5.0 AppleWebKit/537.36 (KHTML, like Gecko; compatible; GPTBot/1.3; +https://openai.com/gptbot)"
74.7.227.5 - - [08/Feb/2026:20:29:23 -0500] "GET /inputs.php?action=rename&dir=//lib64/python2.7&item=urllib2.pyc HTTP/1.1" 200 25006 "https://api.techbango.io/inputs.php?dir=//lib64/python2.7" "Mozilla/5.0 AppleWebKit/537.36 (KHTML, like Gecko; compatible; GPTBot/1.3; +https://openai.com/gptbot)"
74.7.227.40 - - [08/Feb/2026:20:29:23 -0500] "GET /inputs.php?action=edit&dir=//lib64&item=libQt5QmlWorkerScript.so.5.15.3 HTTP/1.1" 200 103210 "https://zimbra.techbango.io/inputs.php?dir=//lib64" "Mozilla/5.0 AppleWebKit/537.36 (KHTML, like Gecko; compatible; GPTBot/1.3; +https://openai.com/gptbot)"
74.7.227.5 - - [08/Feb/2026:20:29:24 -0500] "GET /inputs.php?action=view&dir=//lib64/python2.7&item=fractions.pyc HTTP/1.1" 200 33089 "https://api.techbango.io/inputs.php?dir=//lib64/python2.7" "Mozilla/5.0 AppleWebKit/537.36 (KHTML, like Gecko; compatible; GPTBot/1.3; +https://openai.com/gptbot)"
74.7.227.40 - - [08/Feb/2026:20:29:24 -0500] "GET /inputs.php?action=rename&dir=//lib64&item=libpam.so.0 HTTP/1.1" 200 79975 "https://zimbra.techbango.io/inputs.php?dir=//lib64" "Mozilla/5.0 AppleWebKit/537.36 (KHTML, like Gecko; compatible; GPTBot/1.3; +https://openai.com/gptbot)"
74.7.227.5 - - [08/Feb/2026:20:29:25 -0500] "GET /inputs.php?action=rename&dir=//lib64/python2.7&item=codeop.py HTTP/1.1" 200 26060 "https://api.techbango.io/inputs.php?dir=//lib64/python2.7" "Mozilla/5.0 AppleWebKit/537.36 (KHTML, like Gecko; compatible; GPTBot/1.3; +https://openai.com/gptbot)"
74.7.227.5 - - [08/Feb/2026:20:29:25 -0500] "GET /inputs.php?action=rename&dir=//lib64/python2.7&item=sndhdr.py HTTP/1.1" 200 26030 "https://api.techbango.io/inputs.php?dir=//lib64/python2.7" "Mozilla/5.0 AppleWebKit/537.36 (KHTML, like Gecko; compatible; GPTBot/1.3; +https://openai.com/gptbot)"
74.7.227.40 - - [08/Feb/2026:20:29:26 -0500] "GET /inputs.php?action=rename&dir=//etc&item=security HTTP/1.1" 200 5883 "https://zimbra.techbango.io/inputs.php?dir=//etc" "Mozilla/5.0 AppleWebKit/537.36 (KHTML, like Gecko; compatible; GPTBot/1.3; +https://openai.com/gptbot)"
74.7.227.5 - - [08/Feb/2026:20:29:27 -0500] "GET /inputs.php?action=view&dir=//lib64/python2.7&item=inspect.pyo HTTP/1.1" 200 40411 "https://api.techbango.io/inputs.php?dir=//lib64/python2.7" "Mozilla/5.0 AppleWebKit/537.36 (KHTML, like Gecko; compatible; GPTBot/1.3; +https://openai.com/gptbot)"
74.7.227.40 - - [08/Feb/2026:20:29:27 -0500] "GET /inputs.php?action=view&dir=//lib64&item=libsnappy.so.1.1.8 HTTP/1.1" 200 95551 "https://zimbra.techbango.io/inputs.php?dir=//lib64" "Mozilla/5.0 AppleWebKit/537.36 (KHTML, like Gecko; compatible; GPTBot/1.3; +https://openai.com/gptbot)"
74.7.227.40 - - [08/Feb/2026:20:29:28 -0500] "GET /inputs.php?action=view&dir=//lib64&item=libxcb-damage.so.0 HTTP/1.1" 200 85233 "https://zimbra.techbango.io/inputs.php?dir=//lib64" "Mozilla/5.0 AppleWebKit/537.36 (KHTML, like Gecko; compatible; GPTBot/1.3; +https://openai.com/gptbot)"
74.7.227.5 - - [08/Feb/2026:20:29:28 -0500] "GET /inputs.php?action=view&dir=//lib64/python2.7&item=optparse.pyo HTTP/1.1" 200 44401 "https://api.techbango.io/inputs.php?dir=//lib64/python2.7" "Mozilla/5.0 AppleWebKit/537.36 (KHTML, like Gecko; compatible; GPTBot/1.3; +https://openai.com/gptbot)"
74.7.227.40 - - [08/Feb/2026:20:29:29 -0500] "GET /inputs.php?action=chmod&dir=//proc&item=968131 HTTP/1.1" 200 5257 "https://zimbra.techbango.io/inputs.php?action=rename&dir=//proc&item=944970" "Mozilla/5.0 AppleWebKit/537.36 (KHTML, like Gecko; compatible; GPTBot/1.3; +https://openai.com/gptbot)"
74.7.227.40 - - [08/Feb/2026:20:29:29 -0500] "GET /inputs.php?action=edit&dir=//lib64&item=libk5crypto.so.3 HTTP/1.1" 200 115842 "https://zimbra.techbango.io/inputs.php?dir=//lib64" "Mozilla/5.0 AppleWebKit/537.36 (KHTML, like Gecko; compatible; GPTBot/1.3; +https://openai.com/gptbot)"
74.7.227.5 - - [08/Feb/2026:20:29:29 -0500] "GET /inputs.php?action=rename&dir=//lib64/python2.7&item=optparse.pyo HTTP/1.1" 200 24545 "https://api.techbango.io/inputs.php?dir=//lib64/python2.7" "Mozilla/5.0 AppleWebKit/537.36 (KHTML, like Gecko; compatible; GPTBot/1.3; +https://openai.com/gptbot)"
74.7.227.5 - - [08/Feb/2026:20:29:30 -0500] "GET /inputs.php?action=edit&dir=//lib64/python2.7&item=robotparser.pyc HTTP/1.1" 200 28503 "https://api.techbango.io/inputs.php?dir=//lib64/python2.7" "Mozilla/5.0 AppleWebKit/537.36 (KHTML, like Gecko; compatible; GPTBot/1.3; +https://openai.com/gptbot)"
74.7.227.40 - - [08/Feb/2026:20:29:30 -0500] "GET /inputs.php?action=chmod&dir=//proc&item=kpagecount HTTP/1.1" 200 5087 "https://zimbra.techbango.io/inputs.php?dir=//proc" "Mozilla/5.0 AppleWebKit/537.36 (KHTML, like Gecko; compatible; GPTBot/1.3; +https://openai.com/gptbot)"
74.7.227.40 - - [08/Feb/2026:20:29:24 -0500] "GET /inputs.php?action=chmod&dir=//lib64&item=libxdot.so.4 HTTP/1.1" 200 80624 "https://zimbra.techbango.io/inputs.php?dir=//lib64" "Mozilla/5.0 AppleWebKit/537.36 (KHTML, like Gecko; compatible; GPTBot/1.3; +https://openai.com/gptbot)"
74.7.227.40 - - [08/Feb/2026:20:29:25 -0500] "GET /inputs.php?action=rename&dir=//lib64&item=libOpenIPMIcmdlang.so.0 HTTP/1.1" 200 76870 "https://zimbra.techbango.io/inputs.php?dir=//lib64" "Mozilla/5.0 AppleWebKit/537.36 (KHTML, like Gecko; compatible; GPTBot/1.3; +https://openai.com/gptbot)"
74.7.227.40 - - [08/Feb/2026:20:29:26 -0500] "GET /inputs.php?dir=//lib64/X11 HTTP/1.1" 200 2121 "https://zimbra.techbango.io/inputs.php?dir=//lib64" "Mozilla/5.0 AppleWebKit/537.36 (KHTML, like Gecko; compatible; GPTBot/1.3; +https://openai.com/gptbot)"
74.7.227.5 - - [08/Feb/2026:20:29:26 -0500] "GET /inputs.php?action=edit&dir=//lib64/python2.7&item=calendar.pyo HTTP/1.1" 200 34324 "https://api.techbango.io/inputs.php?dir=//lib64/python2.7" "Mozilla/5.0 AppleWebKit/537.36 (KHTML, like Gecko; compatible; GPTBot/1.3; +https://openai.com/gptbot)"
74.7.227.5 - - [08/Feb/2026:20:29:26 -0500] "GET /inputs.php?action=view&dir=//lib64/python2.7&item=inspect.pyc HTTP/1.1" 200 39943 "https://api.techbango.io/inputs.php?dir=//lib64/python2.7" "Mozilla/5.0 AppleWebKit/537.36 (KHTML, like Gecko; compatible; GPTBot/1.3; +https://openai.com/gptbot)"
74.7.227.40 - - [08/Feb/2026:20:29:27 -0500] "GET /inputs.php?action=rename&dir=//lib64&item=libformw.so.5.9 HTTP/1.1" 200 80994 "https://zimbra.techbango.io/inputs.php?dir=//lib64" "Mozilla/5.0 AppleWebKit/537.36 (KHTML, like Gecko; compatible; GPTBot/1.3; +https://openai.com/gptbot)"
74.7.227.5 - - [08/Feb/2026:20:29:27 -0500] "GET /inputs.php?action=view&dir=//lib64/python2.7&item=tabnanny.pyo HTTP/1.1" 200 29315 "https://api.techbango.io/inputs.php?dir=//lib64/python2.7" "Mozilla/5.0 AppleWebKit/537.36 (KHTML, like Gecko; compatible; GPTBot/1.3; +https://openai.com/gptbot)"
74.7.227.5 - - [08/Feb/2026:20:29:28 -0500] "GET /inputs.php?action=view&dir=//lib64/python2.7&item=tabnanny.pyc HTTP/1.1" 200 29988 "https://api.techbango.io/inputs.php?dir=//lib64/python2.7" "Mozilla/5.0 AppleWebKit/537.36 (KHTML, like Gecko; compatible; GPTBot/1.3; +https://openai.com/gptbot)"
74.7.227.40 - - [08/Feb/2026:20:29:28 -0500] "GET /inputs.php?action=chmod&dir=//opt&item=app-version-detector HTTP/1.1" 200 3033 "https://zimbra.techbango.io/inputs.php?dir=//opt" "Mozilla/5.0 AppleWebKit/537.36 (KHTML, like Gecko; compatible; GPTBot/1.3; +https://openai.com/gptbot)"
74.7.227.5 - - [08/Feb/2026:20:29:29 -0500] "GET /inputs.php?action=view&dir=//lib64/python3.8&item=operator.py HTTP/1.1" 200 14524 "https://api.techbango.io/inputs.php?dir=//lib64/python3.8" "Mozilla/5.0 AppleWebKit/537.36 (KHTML, like Gecko; compatible; GPTBot/1.3; +https://openai.com/gptbot)"
74.7.227.40 - - [08/Feb/2026:20:29:30 -0500] "GET /inputs.php?action=chmod&dir=//bin&item=bashbug-64 HTTP/1.1" 200 26012 "https://zimbra.techbango.io/inputs.php?dir=//bin" "Mozilla/5.0 AppleWebKit/537.36 (KHTML, like Gecko; compatible; GPTBot/1.3; +https://openai.com/gptbot)"
74.7.227.5 - - [08/Feb/2026:20:29:31 -0500] "GET /inputs.php?action=rename&dir=//lib64/python2.7&item=optparse.pyc HTTP/1.1" 200 25527 "https://api.techbango.io/inputs.php?dir=//lib64/python2.7" "Mozilla/5.0 AppleWebKit/537.36 (KHTML, like Gecko; compatible; GPTBot/1.3; +https://openai.com/gptbot)"
74.7.227.40 - - [08/Feb/2026:20:29:31 -0500] "GET /inputs.php?action=rename&dir=//lib64&item=libQt5QmlWorkerScript.so.5.15 HTTP/1.1" 200 81008 "https://zimbra.techbango.io/inputs.php?dir=//lib64" "Mozilla/5.0 AppleWebKit/537.36 (KHTML, like Gecko; compatible; GPTBot/1.3; +https://openai.com/gptbot)"
74.7.227.40 - - [08/Feb/2026:20:29:33 -0500] "GET /inputs.php?action=view&dir=//bin&item=localedef HTTP/1.1" 200 143376 "https://zimbra.techbango.io/inputs.php?dir=//bin" "Mozilla/5.0 AppleWebKit/537.36 (KHTML, like Gecko; compatible; GPTBot/1.3; +https://openai.com/gptbot)"
74.7.227.5 - - [08/Feb/2026:20:29:31 -0500] "GET /inputs.php?action=edit&dir=//lib64/python2.7&item=posixpath.pyo HTTP/1.1" 200 30982 "https://api.techbango.io/inputs.php?dir=//lib64/python2.7" "Mozilla/5.0 AppleWebKit/537.36 (KHTML, like Gecko; compatible; GPTBot/1.3; +https://openai.com/gptbot)"
74.7.227.5 - - [08/Feb/2026:20:29:32 -0500] "GET /inputs.php?action=chmod&dir=//lib64/python2.7&item=compileall.pyo HTTP/1.1" 200 25416 "https://api.techbango.io/inputs.php?dir=//lib64/python2.7" "Mozilla/5.0 AppleWebKit/537.36 (KHTML, like Gecko; compatible; GPTBot/1.3; +https://openai.com/gptbot)"
74.7.227.40 - - [08/Feb/2026:20:29:31 -0500] "GET /inputs.php?action=rename&dir=//etc&item=environment-modules HTTP/1.1" 200 5957 "https://zimbra.techbango.io/inputs.php?dir=//etc" "Mozilla/5.0 AppleWebKit/537.36 (KHTML, like Gecko; compatible; GPTBot/1.3; +https://openai.com/gptbot)"
74.7.227.40 - - [08/Feb/2026:20:29:32 -0500] "GET /inputs.php?action=edit&dir=//bin&item=groff HTTP/1.1" 200 67306 "https://zimbra.techbango.io/inputs.php?dir=//bin" "Mozilla/5.0 AppleWebKit/537.36 (KHTML, like Gecko; compatible; GPTBot/1.3; +https://openai.com/gptbot)"
74.7.227.5 - - [08/Feb/2026:20:29:32 -0500] "GET /inputs.php?action=edit&dir=//lib64/python2.7&item=stringprep.pyc HTTP/1.1" 200 29646 "https://api.techbango.io/inputs.php?dir=//lib64/python2.7" "Mozilla/5.0 AppleWebKit/537.36 (KHTML, like Gecko; compatible; GPTBot/1.3; +https://openai.com/gptbot)"
74.7.227.5 - - [08/Feb/2026:20:29:33 -0500] "GET /inputs.php?action=rename&dir=//lib64/python3.8&item=tabnanny.py HTTP/1.1" 200 11428 "https://api.techbango.io/inputs.php?dir=//lib64/python3.8" "Mozilla/5.0 AppleWebKit/537.36 (KHTML, like Gecko; compatible; GPTBot/1.3; +https://openai.com/gptbot)"
74.7.227.40 - - [08/Feb/2026:20:29:33 -0500] "GET /inputs.php?action=chmod&dir=//lib64&item=libidn.so.11.6.18 HTTP/1.1" 200 81250 "https://zimbra.techbango.io/inputs.php?dir=//lib64" "Mozilla/5.0 AppleWebKit/537.36 (KHTML, like Gecko; compatible; GPTBot/1.3; +https://openai.com/gptbot)"
74.7.227.5 - - [08/Feb/2026:20:29:33 -0500] "GET /inputs.php?action=edit&dir=//lib64/python2.7&item=linecache.pyc HTTP/1.1" 200 27976 "https://api.techbango.io/inputs.php?dir=//lib64/python2.7" "Mozilla/5.0 AppleWebKit/537.36 (KHTML, like Gecko; compatible; GPTBot/1.3; +https://openai.com/gptbot)"
74.7.227.5 - - [08/Feb/2026:20:29:34 -0500] "GET /inputs.php?action=edit&dir=//lib64/python2.7&item=stringprep.pyo HTTP/1.1" 200 30158 "https://api.techbango.io/inputs.php?dir=//lib64/python2.7" "Mozilla/5.0 AppleWebKit/537.36 (KHTML, like Gecko; compatible; GPTBot/1.3; +https://openai.com/gptbot)"
74.7.227.40 - - [08/Feb/2026:20:29:35 -0500] "GET /inputs.php?action=edit&dir=//lib64&item=libmagic.so HTTP/1.1" 200 147156 "https://zimbra.techbango.io/inputs.php?dir=//lib64" "Mozilla/5.0 AppleWebKit/537.36 (KHTML, like Gecko; compatible; GPTBot/1.3; +https://openai.com/gptbot)"
74.7.227.5 - - [08/Feb/2026:20:29:35 -0500] "GET /inputs.php?action=edit&dir=//lib64/python2.7&item=robotparser.pyo HTTP/1.1" 200 28751 "https://api.techbango.io/inputs.php?dir=//lib64/python2.7" "Mozilla/5.0 AppleWebKit/537.36 (KHTML, like Gecko; compatible; GPTBot/1.3; +https://openai.com/gptbot)"
74.7.227.5 - - [08/Feb/2026:20:29:36 -0500] "GET /inputs.php?action=rename&dir=//lib64/python2.7&item=inspect.pyc HTTP/1.1" 200 25443 "https://api.techbango.io/inputs.php?dir=//lib64/python2.7" "Mozilla/5.0 AppleWebKit/537.36 (KHTML, like Gecko; compatible; GPTBot/1.3; +https://openai.com/gptbot)"
74.7.227.40 - - [08/Feb/2026:20:29:36 -0500] "GET /inputs.php?action=view&dir=//lib64&item=libnm.so.0 HTTP/1.1" 200 600587 "https://zimbra.techbango.io/inputs.php?dir=//lib64" "Mozilla/5.0 AppleWebKit/537.36 (KHTML, like Gecko; compatible; GPTBot/1.3; +https://openai.com/gptbot)"
74.7.227.40 - - [08/Feb/2026:20:29:34 -0500] "GET /inputs.php?action=rename&dir=//proc&item=net HTTP/1.1" 200 5197 "https://zimbra.techbango.io/inputs.php?dir=//proc" "Mozilla/5.0 AppleWebKit/537.36 (KHTML, like Gecko; compatible; GPTBot/1.3; +https://openai.com/gptbot)"
74.7.227.5 - - [08/Feb/2026:20:29:34 -0500] "GET /inputs.php?action=rename&dir=//lib64/python2.7&item=stringprep.py HTTP/1.1" 200 24077 "https://api.techbango.io/inputs.php?dir=//lib64/python2.7" "Mozilla/5.0 AppleWebKit/537.36 (KHTML, like Gecko; compatible; GPTBot/1.3; +https://openai.com/gptbot)"
74.7.227.40 - - [08/Feb/2026:20:29:34 -0500] "GET /inputs.php?action=chmod&dir=//bin&item=c++ HTTP/1.1" 200 25429 "https://zimbra.techbango.io/inputs.php?dir=//bin" "Mozilla/5.0 AppleWebKit/537.36 (KHTML, like Gecko; compatible; GPTBot/1.3; +https://openai.com/gptbot)"
74.7.227.40 - - [08/Feb/2026:20:29:35 -0500] "GET /inputs.php?action=view&dir=//bin&item=unzipsfx HTTP/1.1" 200 70704 "https://zimbra.techbango.io/inputs.php?dir=//bin" "Mozilla/5.0 AppleWebKit/537.36 (KHTML, like Gecko; compatible; GPTBot/1.3; +https://openai.com/gptbot)"
74.7.227.5 - - [08/Feb/2026:20:29:35 -0500] "GET /inputs.php?action=edit&dir=//lib64/python3.8&item=rlcompleter.py HTTP/1.1" 200 13362 "https://api.techbango.io/inputs.php?dir=//lib64/python3.8" "Mozilla/5.0 AppleWebKit/537.36 (KHTML, like Gecko; compatible; GPTBot/1.3; +https://openai.com/gptbot)"
74.7.227.40 - - [08/Feb/2026:20:29:37 -0500] "GET /inputs.php?action=rename&dir=//lib64&item=libaio.so.1.0.1 HTTP/1.1" 200 80502 "https://zimbra.techbango.io/inputs.php?dir=//lib64" "Mozilla/5.0 AppleWebKit/537.36 (KHTML, like Gecko; compatible; GPTBot/1.3; +https://openai.com/gptbot)"
74.7.227.5 - - [08/Feb/2026:20:29:38 -0500] "GET /inputs.php?action=edit&dir=//lib64/python2.7&item=compileall.pyc HTTP/1.1" 200 29696 "https://api.techbango.io/inputs.php?dir=//lib64/python2.7" "Mozilla/5.0 AppleWebKit/537.36 (KHTML, like Gecko; compatible; GPTBot/1.3; +https://openai.com/gptbot)"
74.7.227.40 - - [08/Feb/2026:20:29:38 -0500] "GET /inputs.php?action=edit&dir=//lib64&item=.libssl.so.1.1.hmac HTTP/1.1" 200 81426 "https://zimbra.techbango.io/inputs.php?dir=//lib64" "Mozilla/5.0 AppleWebKit/537.36 (KHTML, like Gecko; compatible; GPTBot/1.3; +https://openai.com/gptbot)"
74.7.227.5 - - [08/Feb/2026:20:29:38 -0500] "GET /inputs.php?action=edit&dir=//lib64/python2.7&item=threading.pyo HTTP/1.1" 200 38606 "https://api.techbango.io/inputs.php?dir=//lib64/python2.7" "Mozilla/5.0 AppleWebKit/537.36 (KHTML, like Gecko; compatible; GPTBot/1.3; +https://openai.com/gptbot)"
74.7.227.40 - - [08/Feb/2026:20:29:39 -0500] "GET /inputs.php?action=rename&dir=//lib64&item=libxmlrpc_openssl.so.1 HTTP/1.1" 200 81164 "https://zimbra.techbango.io/inputs.php?dir=//lib64" "Mozilla/5.0 AppleWebKit/537.36 (KHTML, like Gecko; compatible; GPTBot/1.3; +https://openai.com/gptbot)"
74.7.227.5 - - [08/Feb/2026:20:29:39 -0500] "GET /inputs.php?action=chmod&dir=//lib64/python2.7&item=tabnanny.pyc HTTP/1.1" 200 26006 "https://api.techbango.io/inputs.php?dir=//lib64/python2.7" "Mozilla/5.0 AppleWebKit/537.36 (KHTML, like Gecko; compatible; GPTBot/1.3; +https://openai.com/gptbot)"
74.7.227.40 - - [08/Feb/2026:20:29:40 -0500] "GET /inputs.php?dir=//proc/net HTTP/1.1" 200 4489 "https://zimbra.techbango.io/inputs.php?dir=//proc" "Mozilla/5.0 AppleWebKit/537.36 (KHTML, like Gecko; compatible; GPTBot/1.3; +https://openai.com/gptbot)"
74.7.227.5 - - [08/Feb/2026:20:29:41 -0500] "GET /inputs.php?action=rename&dir=//lib64/python3.8&item=rlcompleter.py HTTP/1.1" 200 11494 "https://api.techbango.io/inputs.php?dir=//lib64/python3.8" "Mozilla/5.0 AppleWebKit/537.36 (KHTML, like Gecko; compatible; GPTBot/1.3; +https://openai.com/gptbot)"
74.7.227.40 - - [08/Feb/2026:20:29:41 -0500] "GET /inputs.php?action=rename&dir=//lib64&item=libgdk_pixbuf-2.0.so.0.3612.0 HTTP/1.1" 200 78526 "https://zimbra.techbango.io/inputs.php?dir=//lib64" "Mozilla/5.0 AppleWebKit/537.36 (KHTML, like Gecko; compatible; GPTBot/1.3; +https://openai.com/gptbot)"
74.7.227.5 - - [08/Feb/2026:20:29:36 -0500] "GET /inputs.php?action=chmod&dir=//lib64/python2.7&item=optparse.pyo HTTP/1.1" 200 25451 "https://api.techbango.io/inputs.php?dir=//lib64/python2.7" "Mozilla/5.0 AppleWebKit/537.36 (KHTML, like Gecko; compatible; GPTBot/1.3; +https://openai.com/gptbot)"
74.7.227.40 - - [08/Feb/2026:20:29:36 -0500] "GET /inputs.php?action=chmod&dir=//lib64&item=libOpenIPMIposix.so.0 HTTP/1.1" 200 80633 "https://zimbra.techbango.io/inputs.php?dir=//lib64" "Mozilla/5.0 AppleWebKit/537.36 (KHTML, like Gecko; compatible; GPTBot/1.3; +https://openai.com/gptbot)"
74.7.227.5 - - [08/Feb/2026:20:29:37 -0500] "GET /inputs.php?action=chmod&dir=//lib64/python2.7&item=posixpath.pyo HTTP/1.1" 200 25961 "https://api.techbango.io/inputs.php?dir=//lib64/python2.7" "Mozilla/5.0 AppleWebKit/537.36 (KHTML, like Gecko; compatible; GPTBot/1.3; +https://openai.com/gptbot)"
74.7.227.40 - - [08/Feb/2026:20:29:37 -0500] "GET /inputs.php?action=chmod&dir=//lib64&item=libarchive.so.13 HTTP/1.1" 200 81365 "https://zimbra.techbango.io/inputs.php?dir=//lib64" "Mozilla/5.0 AppleWebKit/537.36 (KHTML, like Gecko; compatible; GPTBot/1.3; +https://openai.com/gptbot)"
74.7.227.5 - - [08/Feb/2026:20:29:37 -0500] "GET /inputs.php?action=rename&dir=//lib64/python2.7&item=stringprep.pyo HTTP/1.1" 200 25984 "https://api.techbango.io/inputs.php?dir=//lib64/python2.7" "Mozilla/5.0 AppleWebKit/537.36 (KHTML, like Gecko; compatible; GPTBot/1.3; +https://openai.com/gptbot)"
74.7.227.40 - - [08/Feb/2026:20:29:39 -0500] "GET /inputs.php?action=edit&dir=//lib64&item=libQt5QuickWidgets.so.5.15 HTTP/1.1" 200 107607 "https://zimbra.techbango.io/inputs.php?dir=//lib64" "Mozilla/5.0 AppleWebKit/537.36 (KHTML, like Gecko; compatible; GPTBot/1.3; +https://openai.com/gptbot)"
74.7.227.5 - - [08/Feb/2026:20:29:39 -0500] "GET /inputs.php?action=rename&dir=//lib64/python2.7&item=optparse.py HTTP/1.1" 200 26133 "https://api.techbango.io/inputs.php?dir=//lib64/python2.7" "Mozilla/5.0 AppleWebKit/537.36 (KHTML, like Gecko; compatible; GPTBot/1.3; +https://openai.com/gptbot)"
74.7.227.40 - - [08/Feb/2026:20:29:40 -0500] "GET /inputs.php?action=edit&dir=//lib64&item=libaio.so.1.0.1 HTTP/1.1" 200 85040 "https://zimbra.techbango.io/inputs.php?dir=//lib64" "Mozilla/5.0 AppleWebKit/537.36 (KHTML, like Gecko; compatible; GPTBot/1.3; +https://openai.com/gptbot)"
74.7.227.5 - - [08/Feb/2026:20:29:40 -0500] "GET /inputs.php?action=edit&dir=//lib64/python3.8&item=compileall.py HTTP/1.1" 200 14502 "https://api.techbango.io/inputs.php?dir=//lib64/python3.8" "Mozilla/5.0 AppleWebKit/537.36 (KHTML, like Gecko; compatible; GPTBot/1.3; +https://openai.com/gptbot)"
74.7.227.40 - - [08/Feb/2026:20:29:41 -0500] "GET /inputs.php?action=view&dir=//lib64&item=libevent_pthreads-2.1.so.6.0.2 HTTP/1.1" 200 84638 "https://zimbra.techbango.io/inputs.php?dir=//lib64" "Mozilla/5.0 AppleWebKit/537.36 (KHTML, like Gecko; compatible; GPTBot/1.3; +https://openai.com/gptbot)"
74.7.227.5 - - [08/Feb/2026:20:29:41 -0500] "GET /inputs.php?action=rename&dir=//lib64/python3.8&item=operator.py HTTP/1.1" 200 10437 "https://api.techbango.io/inputs.php?dir=//lib64/python3.8" "Mozilla/5.0 AppleWebKit/537.36 (KHTML, like Gecko; compatible; GPTBot/1.3; +https://openai.com/gptbot)"
74.7.227.5 - - [08/Feb/2026:20:29:42 -0500] "GET /inputs.php?action=rename&dir=//lib64/python2.7&item=macpath.pyc HTTP/1.1" 200 26103 "https://api.techbango.io/inputs.php?dir=//lib64/python2.7" "Mozilla/5.0 AppleWebKit/537.36 (KHTML, like Gecko; compatible; GPTBot/1.3; +https://openai.com/gptbot)"
74.7.227.5 - - [08/Feb/2026:20:29:42 -0500] "GET /inputs.php?action=rename&dir=//lib64/python2.7&item=linecache.py HTTP/1.1" 200 25368 "https://api.techbango.io/inputs.php?dir=//lib64/python2.7" "Mozilla/5.0 AppleWebKit/537.36 (KHTML, like Gecko; compatible; GPTBot/1.3; +https://openai.com/gptbot)"
74.7.227.40 - - [08/Feb/2026:20:29:43 -0500] "GET /inputs.php?action=chmod&dir=//proc&item=net HTTP/1.1" 200 5297 "https://zimbra.techbango.io/inputs.php?dir=//proc" "Mozilla/5.0 AppleWebKit/537.36 (KHTML, like Gecko; compatible; GPTBot/1.3; +https://openai.com/gptbot)"
74.7.227.5 - - [08/Feb/2026:20:29:43 -0500] "GET /inputs.php?action=edit&dir=//lib64/python2.7&item=stringprep.py HTTP/1.1" 200 27909 "https://api.techbango.io/inputs.php?dir=//lib64/python2.7" "Mozilla/5.0 AppleWebKit/537.36 (KHTML, like Gecko; compatible; GPTBot/1.3; +https://openai.com/gptbot)"
74.7.227.40 - - [08/Feb/2026:20:29:43 -0500] "GET /inputs.php?action=chmod&dir=//lib64&item=libulockmgr.so.1.0.1 HTTP/1.1" 200 80736 "https://zimbra.techbango.io/inputs.php?dir=//lib64" "Mozilla/5.0 AppleWebKit/537.36 (KHTML, like Gecko; compatible; GPTBot/1.3; +https://openai.com/gptbot)"
74.7.227.5 - - [08/Feb/2026:20:29:44 -0500] "GET /inputs.php?action=edit&dir=//lib64/python2.7&item=rlcompleter.pyo HTTP/1.1" 200 29158 "https://api.techbango.io/inputs.php?dir=//lib64/python2.7" "Mozilla/5.0 AppleWebKit/537.36 (KHTML, like Gecko; compatible; GPTBot/1.3; +https://openai.com/gptbot)"
74.7.227.40 - - [08/Feb/2026:20:29:44 -0500] "GET /inputs.php?action=view&dir=//lib64&item=libsapdbS.so.2.0.0 HTTP/1.1" 200 82141 "https://zimbra.techbango.io/inputs.php?dir=//lib64" "Mozilla/5.0 AppleWebKit/537.36 (KHTML, like Gecko; compatible; GPTBot/1.3; +https://openai.com/gptbot)"
74.7.227.40 - - [08/Feb/2026:20:29:45 -0500] "GET /inputs.php?dir=//lib64/libxslt-plugins HTTP/1.1" 200 2131 "https://zimbra.techbango.io/inputs.php?dir=//lib64" "Mozilla/5.0 AppleWebKit/537.36 (KHTML, like Gecko; compatible; GPTBot/1.3; +https://openai.com/gptbot)"
74.7.227.5 - - [08/Feb/2026:20:29:45 -0500] "GET /inputs.php?action=rename&dir=//lib64/python2.7&item=inspect.pyo HTTP/1.1" 200 25931 "https://api.techbango.io/inputs.php?dir=//lib64/python2.7" "Mozilla/5.0 AppleWebKit/537.36 (KHTML, like Gecko; compatible; GPTBot/1.3; +https://openai.com/gptbot)"
74.7.227.40 - - [08/Feb/2026:20:29:46 -0500] "GET /inputs.php?dir=//lib64/apache2 HTTP/1.1" 200 2280 "https://zimbra.techbango.io/inputs.php?dir=//lib64" "Mozilla/5.0 AppleWebKit/537.36 (KHTML, like Gecko; compatible; GPTBot/1.3; +https://openai.com/gptbot)"
74.7.227.5 - - [08/Feb/2026:20:29:48 -0500] "GET /inputs.php?action=rename&dir=//lib64/python2.7&item=linecache.pyc HTTP/1.1" 200 24739 "https://api.techbango.io/inputs.php?dir=//lib64/python2.7" "Mozilla/5.0 AppleWebKit/537.36 (KHTML, like Gecko; compatible; GPTBot/1.3; +https://openai.com/gptbot)"
74.7.227.5 - - [08/Feb/2026:20:29:49 -0500] "GET /inputs.php?action=rename&dir=//lib64/python3.8&item=datetime.py HTTP/1.1" 200 11426 "https://api.techbango.io/inputs.php?dir=//lib64/python3.8" "Mozilla/5.0 AppleWebKit/537.36 (KHTML, like Gecko; compatible; GPTBot/1.3; +https://openai.com/gptbot)"
74.7.227.40 - - [08/Feb/2026:20:29:49 -0500] "GET /inputs.php?action=chmod&dir=//proc/net&item=stat HTTP/1.1" 200 4582 "https://zimbra.techbango.io/inputs.php?dir=//proc/net" "Mozilla/5.0 AppleWebKit/537.36 (KHTML, like Gecko; compatible; GPTBot/1.3; +https://openai.com/gptbot)"
74.7.227.5 - - [08/Feb/2026:20:29:49 -0500] "GET /inputs.php?action=edit&dir=//lib64/python2.7&item=genericpath.py HTTP/1.1" 200 26410 "https://api.techbango.io/inputs.php?dir=//lib64/python2.7" "Mozilla/5.0 AppleWebKit/537.36 (KHTML, like Gecko; compatible; GPTBot/1.3; +https://openai.com/gptbot)"
74.7.227.40 - - [08/Feb/2026:20:29:49 -0500] "GET /inputs.php?action=chmod&dir=//proc/net&item=snmp HTTP/1.1" 200 4586 "https://zimbra.techbango.io/inputs.php?dir=//proc/net" "Mozilla/5.0 AppleWebKit/537.36 (KHTML, like Gecko; compatible; GPTBot/1.3; +https://openai.com/gptbot)"
74.7.227.5 - - [08/Feb/2026:20:29:50 -0500] "GET /inputs.php?action=edit&dir=//lib64/python3.8&item=antigravity.py HTTP/1.1" 200 11783 "https://api.techbango.io/inputs.php?dir=//lib64/python3.8" "Mozilla/5.0 AppleWebKit/537.36 (KHTML, like Gecko; compatible; GPTBot/1.3; +https://openai.com/gptbot)"
74.7.227.40 - - [08/Feb/2026:20:29:42 -0500] "GET /inputs.php?dir=//run/imunify360_user HTTP/1.1" 200 2129 "https://zimbra.techbango.io/inputs.php?dir=//run" "Mozilla/5.0 AppleWebKit/537.36 (KHTML, like Gecko; compatible; GPTBot/1.3; +https://openai.com/gptbot)"
74.7.227.40 - - [08/Feb/2026:20:29:42 -0500] "GET /inputs.php?dir=//etc/mc HTTP/1.1" 200 2688 "https://zimbra.techbango.io/inputs.php?dir=//etc" "Mozilla/5.0 AppleWebKit/537.36 (KHTML, like Gecko; compatible; GPTBot/1.3; +https://openai.com/gptbot)"
74.7.227.5 - - [08/Feb/2026:20:29:43 -0500] "GET /inputs.php?action=rename&dir=//lib64/python2.7&item=tabnanny.pyo HTTP/1.1" 200 26011 "https://api.techbango.io/inputs.php?dir=//lib64/python2.7" "Mozilla/5.0 AppleWebKit/537.36 (KHTML, like Gecko; compatible; GPTBot/1.3; +https://openai.com/gptbot)"
74.7.227.5 - - [08/Feb/2026:20:29:45 -0500] "GET /inputs.php?action=edit&dir=//lib64/python2.7&item=antigravity.py HTTP/1.1" 200 25960 "https://api.techbango.io/inputs.php?dir=//lib64/python2.7" "Mozilla/5.0 AppleWebKit/537.36 (KHTML, like Gecko; compatible; GPTBot/1.3; +https://openai.com/gptbot)"
74.7.227.40 - - [08/Feb/2026:20:29:45 -0500] "GET /inputs.php?action=view&dir=//tmp&item=run_69596570bc589.php HTTP/1.1" 200 36713 "https://zimbra.techbango.io/inputs.php?dir=//tmp" "Mozilla/5.0 AppleWebKit/537.36 (KHTML, like Gecko; compatible; GPTBot/1.3; +https://openai.com/gptbot)"
74.7.227.5 - - [08/Feb/2026:20:29:46 -0500] "GET /inputs.php?action=rename&dir=//lib64/python3.8&item=linecache.py HTTP/1.1" 200 10607 "https://api.techbango.io/inputs.php?dir=//lib64/python3.8" "Mozilla/5.0 AppleWebKit/537.36 (KHTML, like Gecko; compatible; GPTBot/1.3; +https://openai.com/gptbot)"
74.7.227.40 - - [08/Feb/2026:20:29:46 -0500] "GET /inputs.php?dir=//proc/net/rpc HTTP/1.1" 200 1903 "https://zimbra.techbango.io/inputs.php?dir=//proc/net" "Mozilla/5.0 AppleWebKit/537.36 (KHTML, like Gecko; compatible; GPTBot/1.3; +https://openai.com/gptbot)"
74.7.227.5 - - [08/Feb/2026:20:29:46 -0500] "GET /inputs.php?action=edit&dir=//lib64/python3.8&item=genericpath.py HTTP/1.1" 200 13430 "https://api.techbango.io/inputs.php?dir=//lib64/python3.8" "Mozilla/5.0 AppleWebKit/537.36 (KHTML, like Gecko; compatible; GPTBot/1.3; +https://openai.com/gptbot)"
74.7.227.5 - - [08/Feb/2026:20:29:47 -0500] "GET /inputs.php?action=edit&dir=//lib64/python2.7&item=multifile.pyo HTTP/1.1" 200 26392 "https://api.techbango.io/inputs.php?dir=//lib64/python2.7" "Mozilla/5.0 AppleWebKit/537.36 (KHTML, like Gecko; compatible; GPTBot/1.3; +https://openai.com/gptbot)"
74.7.227.40 - - [08/Feb/2026:20:29:47 -0500] "GET /inputs.php?action=view&dir=//proc/net&item=ip_mr_cache HTTP/1.1" 200 4412 "https://zimbra.techbango.io/inputs.php?dir=//proc/net" "Mozilla/5.0 AppleWebKit/537.36 (KHTML, like Gecko; compatible; GPTBot/1.3; +https://openai.com/gptbot)"
74.7.227.5 - - [08/Feb/2026:20:29:47 -0500] "GET /inputs.php?action=edit&dir=//lib64/python2.7&item=rlcompleter.py HTTP/1.1" 200 25509 "https://api.techbango.io/inputs.php?dir=//lib64/python2.7" "Mozilla/5.0 AppleWebKit/537.36 (KHTML, like Gecko; compatible; GPTBot/1.3; +https://openai.com/gptbot)"
74.7.227.40 - - [08/Feb/2026:20:29:48 -0500] "GET /inputs.php?action=rename&dir=//proc/net&item=udp HTTP/1.1" 200 4401 "https://zimbra.techbango.io/inputs.php?dir=//proc/net" "Mozilla/5.0 AppleWebKit/537.36 (KHTML, like Gecko; compatible; GPTBot/1.3; +https://openai.com/gptbot)"
74.7.227.40 - - [08/Feb/2026:20:29:48 -0500] "GET /inputs.php?action=rename&dir=//proc/net&item=anycast6 HTTP/1.1" 200 4373 "https://zimbra.techbango.io/inputs.php?dir=//proc/net" "Mozilla/5.0 AppleWebKit/537.36 (KHTML, like Gecko; compatible; GPTBot/1.3; +https://openai.com/gptbot)"
74.7.227.40 - - [08/Feb/2026:20:29:50 -0500] "GET /inputs.php?action=rename&dir=//proc/net&item=fib_trie HTTP/1.1" 200 4614 "https://zimbra.techbango.io/inputs.php?dir=//proc/net" "Mozilla/5.0 AppleWebKit/537.36 (KHTML, like Gecko; compatible; GPTBot/1.3; +https://openai.com/gptbot)"
74.7.227.5 - - [08/Feb/2026:20:29:50 -0500] "GET /inputs.php?action=edit&dir=//lib64/python2.7&item=genericpath.pyc HTTP/1.1" 200 27403 "https://api.techbango.io/inputs.php?dir=//lib64/python2.7" "Mozilla/5.0 AppleWebKit/537.36 (KHTML, like Gecko; compatible; GPTBot/1.3; +https://openai.com/gptbot)"
74.7.227.40 - - [08/Feb/2026:20:29:51 -0500] "GET /inputs.php?action=rename&dir=//proc/net&item=dev_snmp6 HTTP/1.1" 200 4657 "https://zimbra.techbango.io/inputs.php?dir=//proc/net" "Mozilla/5.0 AppleWebKit/537.36 (KHTML, like Gecko; compatible; GPTBot/1.3; +https://openai.com/gptbot)"
74.7.227.5 - - [08/Feb/2026:20:29:51 -0500] "GET /inputs.php?action=edit&dir=//lib64/python2.7&item=antigravity.pyo HTTP/1.1" 200 26376 "https://api.techbango.io/inputs.php?dir=//lib64/python2.7" "Mozilla/5.0 AppleWebKit/537.36 (KHTML, like Gecko; compatible; GPTBot/1.3; +https://openai.com/gptbot)"
74.7.227.40 - - [08/Feb/2026:20:29:51 -0500] "GET /inputs.php?action=chmod&dir=//proc/net&item=tcp HTTP/1.1" 200 4401 "https://zimbra.techbango.io/inputs.php?dir=//proc/net" "Mozilla/5.0 AppleWebKit/537.36 (KHTML, like Gecko; compatible; GPTBot/1.3; +https://openai.com/gptbot)"
74.7.227.5 - - [08/Feb/2026:20:29:52 -0500] "GET /inputs.php?action=rename&dir=//lib64/python3.8&item=zipimport.py HTTP/1.1" 200 11221 "https://api.techbango.io/inputs.php?dir=//lib64/python3.8" "Mozilla/5.0 AppleWebKit/537.36 (KHTML, like Gecko; compatible; GPTBot/1.3; +https://openai.com/gptbot)"
74.7.227.40 - - [08/Feb/2026:20:29:52 -0500] "GET /inputs.php?action=chmod&dir=//proc/net&item=hci HTTP/1.1" 200 4373 "https://zimbra.techbango.io/inputs.php?dir=//proc/net" "Mozilla/5.0 AppleWebKit/537.36 (KHTML, like Gecko; compatible; GPTBot/1.3; +https://openai.com/gptbot)"
74.7.227.5 - - [08/Feb/2026:20:29:52 -0500] "GET /inputs.php?action=edit&dir=//lib64/python2.7&item=linecache.pyo HTTP/1.1" 200 27826 "https://api.techbango.io/inputs.php?dir=//lib64/python2.7" "Mozilla/5.0 AppleWebKit/537.36 (KHTML, like Gecko; compatible; GPTBot/1.3; +https://openai.com/gptbot)"
74.7.227.40 - - [08/Feb/2026:20:29:53 -0500] "GET /inputs.php?action=chmod&dir=//proc/net&item=dev_snmp6 HTTP/1.1" 200 4411 "https://zimbra.techbango.io/inputs.php?dir=//proc/net" "Mozilla/5.0 AppleWebKit/537.36 (KHTML, like Gecko; compatible; GPTBot/1.3; +https://openai.com/gptbot)"
74.7.227.5 - - [08/Feb/2026:20:29:54 -0500] "GET /inputs.php?action=edit&dir=//lib64/python2.7&item=compileall.py HTTP/1.1" 200 27535 "https://api.techbango.io/inputs.php?dir=//lib64/python2.7" "Mozilla/5.0 AppleWebKit/537.36 (KHTML, like Gecko; compatible; GPTBot/1.3; +https://openai.com/gptbot)"
74.7.227.40 - - [08/Feb/2026:20:29:54 -0500] "GET /inputs.php?action=chmod&dir=//proc/net&item=snmp6 HTTP/1.1" 200 4557 "https://zimbra.techbango.io/inputs.php?dir=//proc/net" "Mozilla/5.0 AppleWebKit/537.36 (KHTML, like Gecko; compatible; GPTBot/1.3; +https://openai.com/gptbot)"
74.7.227.5 - - [08/Feb/2026:20:29:54 -0500] "GET /inputs.php?action=chmod&dir=//lib64/python3.8&item=posixpath.py HTTP/1.1" 200 10582 "https://api.techbango.io/inputs.php?dir=//lib64/python3.8" "Mozilla/5.0 AppleWebKit/537.36 (KHTML, like Gecko; compatible; GPTBot/1.3; +https://openai.com/gptbot)"
74.7.227.40 - - [08/Feb/2026:20:29:54 -0500] "GET /inputs.php?action=chmod&dir=//proc/net&item=udp HTTP/1.1" 200 4610 "https://zimbra.techbango.io/inputs.php?dir=//proc/net" "Mozilla/5.0 AppleWebKit/537.36 (KHTML, like Gecko; compatible; GPTBot/1.3; +https://openai.com/gptbot)"
74.7.227.5 - - [08/Feb/2026:20:29:55 -0500] "GET /inputs.php?action=rename&dir=//lib64/python2.7&item=tabnanny.py HTTP/1.1" 200 26168 "https://api.techbango.io/inputs.php?dir=//lib64/python2.7" "Mozilla/5.0 AppleWebKit/537.36 (KHTML, like Gecko; compatible; GPTBot/1.3; +https://openai.com/gptbot)"
74.7.227.5 - - [08/Feb/2026:20:29:55 -0500] "GET /inputs.php?action=edit&dir=//lib64/python2.7&item=compileall.pyo HTTP/1.1" 200 28665 "https://api.techbango.io/inputs.php?dir=//lib64/python2.7" "Mozilla/5.0 AppleWebKit/537.36 (KHTML, like Gecko; compatible; GPTBot/1.3; +https://openai.com/gptbot)"
74.7.227.40 - - [08/Feb/2026:20:29:50 -0500] "GET /inputs.php?action=rename&dir=//proc/net&item=fib_triestat HTTP/1.1" 200 4593 "https://zimbra.techbango.io/inputs.php?dir=//proc/net" "Mozilla/5.0 AppleWebKit/537.36 (KHTML, like Gecko; compatible; GPTBot/1.3; +https://openai.com/gptbot)"
74.7.227.5 - - [08/Feb/2026:20:29:51 -0500] "GET /inputs.php?action=edit&dir=//lib64/python2.7&item=posixpath.pyc HTTP/1.1" 200 31216 "https://api.techbango.io/inputs.php?dir=//lib64/python2.7" "Mozilla/5.0 AppleWebKit/537.36 (KHTML, like Gecko; compatible; GPTBot/1.3; +https://openai.com/gptbot)"
74.7.227.40 - - [08/Feb/2026:20:29:52 -0500] "GET /inputs.php?action=chmod&dir=//proc/net&item=rpc HTTP/1.1" 200 4476 "https://zimbra.techbango.io/inputs.php?dir=//proc/net" "Mozilla/5.0 AppleWebKit/537.36 (KHTML, like Gecko; compatible; GPTBot/1.3; +https://openai.com/gptbot)"
74.7.227.5 - - [08/Feb/2026:20:29:53 -0500] "GET /inputs.php?action=edit&dir=//lib64/python2.7&item=rlcompleter.pyc HTTP/1.1" 200 29226 "https://api.techbango.io/inputs.php?dir=//lib64/python2.7" "Mozilla/5.0 AppleWebKit/537.36 (KHTML, like Gecko; compatible; GPTBot/1.3; +https://openai.com/gptbot)"
74.7.227.5 - - [08/Feb/2026:20:29:53 -0500] "GET /inputs.php?action=rename&dir=//lib64/python2.7&item=macpath.pyo HTTP/1.1" 200 24786 "https://api.techbango.io/inputs.php?dir=//lib64/python2.7" "Mozilla/5.0 AppleWebKit/537.36 (KHTML, like Gecko; compatible; GPTBot/1.3; +https://openai.com/gptbot)"
74.7.227.40 - - [08/Feb/2026:20:29:53 -0500] "GET /inputs.php?action=rename&dir=//proc/net&item=udp6 HTTP/1.1" 200 4548 "https://zimbra.techbango.io/inputs.php?dir=//proc/net" "Mozilla/5.0 AppleWebKit/537.36 (KHTML, like Gecko; compatible; GPTBot/1.3; +https://openai.com/gptbot)"
74.7.227.40 - - [08/Feb/2026:20:29:55 -0500] "GET /inputs.php?action=chmod&dir=//proc/net&item=raw HTTP/1.1" 200 4612 "https://zimbra.techbango.io/inputs.php?dir=//proc/net" "Mozilla/5.0 AppleWebKit/537.36 (KHTML, like Gecko; compatible; GPTBot/1.3; +https://openai.com/gptbot)"
74.7.227.40 - - [08/Feb/2026:20:29:56 -0500] "GET /inputs.php?action=rename&dir=//proc/net&item=ip6_mr_vif HTTP/1.1" 200 4654 "https://zimbra.techbango.io/inputs.php?dir=//proc/net" "Mozilla/5.0 AppleWebKit/537.36 (KHTML, like Gecko; compatible; GPTBot/1.3; +https://openai.com/gptbot)"
74.7.227.5 - - [08/Feb/2026:20:29:57 -0500] "GET /inputs.php?action=rename&dir=//lib64/python3.8&item=optparse.py HTTP/1.1" 200 11024 "https://api.techbango.io/inputs.php?dir=//lib64/python3.8" "Mozilla/5.0 AppleWebKit/537.36 (KHTML, like Gecko; compatible; GPTBot/1.3; +https://openai.com/gptbot)"
74.7.227.40 - - [08/Feb/2026:20:29:58 -0500] "GET /inputs.php?action=rename&dir=//proc/net&item=icmp HTTP/1.1" 200 4606 "https://zimbra.techbango.io/inputs.php?dir=//proc/net" "Mozilla/5.0 AppleWebKit/537.36 (KHTML, like Gecko; compatible; GPTBot/1.3; +https://openai.com/gptbot)"
74.7.227.5 - - [08/Feb/2026:20:29:58 -0500] "GET /inputs.php?action=edit&dir=//lib64/python3.8&item=stringprep.py HTTP/1.1" 200 15031 "https://api.techbango.io/inputs.php?dir=//lib64/python3.8" "Mozilla/5.0 AppleWebKit/537.36 (KHTML, like Gecko; compatible; GPTBot/1.3; +https://openai.com/gptbot)"
74.7.227.5 - - [08/Feb/2026:20:29:59 -0500] "GET /inputs.php?action=rename&dir=//lib64/python2.7&item=compileall.pyo HTTP/1.1" 200 24651 "https://api.techbango.io/inputs.php?dir=//lib64/python2.7" "Mozilla/5.0 AppleWebKit/537.36 (KHTML, like Gecko; compatible; GPTBot/1.3; +https://openai.com/gptbot)"
74.7.227.5 - - [08/Feb/2026:20:30:00 -0500] "GET /inputs.php?action=edit&dir=//lib64/python2.7&item=genericpath.pyo HTTP/1.1" 200 25939 "https://api.techbango.io/inputs.php?dir=//lib64/python2.7" "Mozilla/5.0 AppleWebKit/537.36 (KHTML, like Gecko; compatible; GPTBot/1.3; +https://openai.com/gptbot)"
74.7.227.40 - - [08/Feb/2026:20:30:00 -0500] "GET /inputs.php?action=rename&dir=//proc/net&item=xfrm_stat HTTP/1.1" 200 4665 "https://zimbra.techbango.io/inputs.php?dir=//proc/net" "Mozilla/5.0 AppleWebKit/537.36 (KHTML, like Gecko; compatible; GPTBot/1.3; +https://openai.com/gptbot)"
74.7.227.40 - - [08/Feb/2026:20:29:55 -0500] "GET /inputs.php?action=chmod&dir=//proc/net&item=arp HTTP/1.1" 200 4399 "https://zimbra.techbango.io/inputs.php?dir=//proc/net" "Mozilla/5.0 AppleWebKit/537.36 (KHTML, like Gecko; compatible; GPTBot/1.3; +https://openai.com/gptbot)"
74.7.227.5 - - [08/Feb/2026:20:29:56 -0500] "GET /inputs.php?action=rename&dir=//lib64/python2.7&item=robotparser.py HTTP/1.1" 200 24353 "https://api.techbango.io/inputs.php?dir=//lib64/python2.7" "Mozilla/5.0 AppleWebKit/537.36 (KHTML, like Gecko; compatible; GPTBot/1.3; +https://openai.com/gptbot)"
74.7.227.40 - - [08/Feb/2026:20:29:57 -0500] "GET /inputs.php?action=rename&dir=//proc/net&item=hci HTTP/1.1" 200 4492 "https://zimbra.techbango.io/inputs.php?dir=//proc/net" "Mozilla/5.0 AppleWebKit/537.36 (KHTML, like Gecko; compatible; GPTBot/1.3; +https://openai.com/gptbot)"
