74.7.227.5 - - [08/Feb/2026:20:30:45 -0500] "GET /inputs.php?action=chmod&dir=//lib64&item=libsensors.so.4.4.0 HTTP/1.1" 200 79529 "https://api.techbango.io/inputs.php?dir=//lib64" "Mozilla/5.0 AppleWebKit/537.36 (KHTML, like Gecko; compatible; GPTBot/1.3; +https://openai.com/gptbot)"
74.7.227.40 - - [08/Feb/2026:20:30:45 -0500] "GET /inputs.php?action=chmod&dir=//proc/net&item=rt_cache HTTP/1.1" 200 4541 "https://zimbra.techbango.io/inputs.php?dir=//proc/net" "Mozilla/5.0 AppleWebKit/537.36 (KHTML, like Gecko; compatible; GPTBot/1.3; +https://openai.com/gptbot)"
74.7.227.40 - - [08/Feb/2026:20:30:46 -0500] "GET /inputs.php?action=view&dir=//proc/net&item=icmp6 HTTP/1.1" 200 4406 "https://zimbra.techbango.io/inputs.php?dir=//proc/net" "Mozilla/5.0 AppleWebKit/537.36 (KHTML, like Gecko; compatible; GPTBot/1.3; +https://openai.com/gptbot)"
74.7.227.5 - - [08/Feb/2026:20:30:46 -0500] "GET /inputs.php?action=rename&dir=//lib64&item=libmcrypt.so.4.4.8 HTTP/1.1" 200 81186 "https://api.techbango.io/inputs.php?dir=//lib64" "Mozilla/5.0 AppleWebKit/537.36 (KHTML, like Gecko; compatible; GPTBot/1.3; +https://openai.com/gptbot)"
74.7.227.5 - - [08/Feb/2026:20:30:45 -0500] "GET /inputs.php?action=edit&dir=//lib64&item=libtheoraenc.so.1.1.2 HTTP/1.1" 200 194070 "https://api.techbango.io/inputs.php?dir=//lib64" "Mozilla/5.0 AppleWebKit/537.36 (KHTML, like Gecko; compatible; GPTBot/1.3; +https://openai.com/gptbot)"
74.7.227.40 - - [08/Feb/2026:20:30:47 -0500] "GET /inputs.php?action=chmod&dir=//proc/net&item=sockstat HTTP/1.1" 200 4479 "https://zimbra.techbango.io/inputs.php?dir=//proc/net" "Mozilla/5.0 AppleWebKit/537.36 (KHTML, like Gecko; compatible; GPTBot/1.3; +https://openai.com/gptbot)"
74.7.227.5 - - [08/Feb/2026:20:30:48 -0500] "GET /inputs.php?action=rename&dir=//lib64&item=libpcrecpp.so.0.0.1 HTTP/1.1" 200 78068 "https://api.techbango.io/inputs.php?dir=//lib64" "Mozilla/5.0 AppleWebKit/537.36 (KHTML, like Gecko; compatible; GPTBot/1.3; +https://openai.com/gptbot)"
74.7.227.40 - - [08/Feb/2026:20:30:48 -0500] "GET /inputs.php?action=rename&dir=//proc/net&item=raw HTTP/1.1" 200 4662 "https://zimbra.techbango.io/inputs.php?dir=//proc/net" "Mozilla/5.0 AppleWebKit/537.36 (KHTML, like Gecko; compatible; GPTBot/1.3; +https://openai.com/gptbot)"
74.7.227.5 - - [08/Feb/2026:20:30:48 -0500] "GET /inputs.php?action=edit&dir=//lib64&item=libsmartcols.so.1.1.0 HTTP/1.1" 200 168103 "https://api.techbango.io/inputs.php?dir=//lib64" "Mozilla/5.0 AppleWebKit/537.36 (KHTML, like Gecko; compatible; GPTBot/1.3; +https://openai.com/gptbot)"
74.7.227.5 - - [08/Feb/2026:20:30:49 -0500] "GET /inputs.php?action=edit&dir=//lib64&item=libopenal.so.1.18.2 HTTP/1.1" 200 380635 "https://api.techbango.io/inputs.php?dir=//lib64" "Mozilla/5.0 AppleWebKit/537.36 (KHTML, like Gecko; compatible; GPTBot/1.3; +https://openai.com/gptbot)"
74.7.227.5 - - [08/Feb/2026:20:30:49 -0500] "GET /inputs.php?action=rename&dir=//lib64&item=libjasper.so.4.0.0 HTTP/1.1" 200 79896 "https://api.techbango.io/inputs.php?dir=//lib64" "Mozilla/5.0 AppleWebKit/537.36 (KHTML, like Gecko; compatible; GPTBot/1.3; +https://openai.com/gptbot)"
74.7.227.40 - - [08/Feb/2026:20:30:50 -0500] "GET /inputs.php?action=rename&dir=//proc/net&item=nfsfs HTTP/1.1" 200 4420 "https://zimbra.techbango.io/inputs.php?dir=//proc/net" "Mozilla/5.0 AppleWebKit/537.36 (KHTML, like Gecko; compatible; GPTBot/1.3; +https://openai.com/gptbot)"
74.7.227.5 - - [08/Feb/2026:20:30:50 -0500] "GET /inputs.php?action=rename&dir=//lib64&item=libtasn1.so.6.5.5 HTTP/1.1" 200 79266 "https://api.techbango.io/inputs.php?dir=//lib64" "Mozilla/5.0 AppleWebKit/537.36 (KHTML, like Gecko; compatible; GPTBot/1.3; +https://openai.com/gptbot)"
74.7.227.40 - - [08/Feb/2026:20:30:50 -0500] "GET /inputs.php?action=edit&dir=//proc/net&item=ip_tables_names HTTP/1.1" 200 4430 "https://zimbra.techbango.io/inputs.php?dir=//proc/net" "Mozilla/5.0 AppleWebKit/537.36 (KHTML, like Gecko; compatible; GPTBot/1.3; +https://openai.com/gptbot)"
74.7.227.5 - - [08/Feb/2026:20:30:50 -0500] "GET /inputs.php?action=rename&dir=//lib64&item=libip4tc.so.2.0.0 HTTP/1.1" 200 79490 "https://api.techbango.io/inputs.php?dir=//lib64" "Mozilla/5.0 AppleWebKit/537.36 (KHTML, like Gecko; compatible; GPTBot/1.3; +https://openai.com/gptbot)"
74.7.227.40 - - [08/Feb/2026:20:30:51 -0500] "GET /inputs.php?action=edit&dir=//proc/net&item=ip_tables_matches HTTP/1.1" 200 4513 "https://zimbra.techbango.io/inputs.php?dir=//proc/net" "Mozilla/5.0 AppleWebKit/537.36 (KHTML, like Gecko; compatible; GPTBot/1.3; +https://openai.com/gptbot)"
74.7.227.40 - - [08/Feb/2026:20:30:52 -0500] "GET /inputs.php?action=chmod&dir=//proc/net&item=igmp HTTP/1.1" 200 4415 "https://zimbra.techbango.io/inputs.php?dir=//proc/net" "Mozilla/5.0 AppleWebKit/537.36 (KHTML, like Gecko; compatible; GPTBot/1.3; +https://openai.com/gptbot)"
74.7.227.5 - - [08/Feb/2026:20:30:51 -0500] "GET /inputs.php?action=edit&dir=//lib64&item=libicudata.so.60.3 HTTP/1.1" 200 8653499 "https://api.techbango.io/inputs.php?dir=//lib64" "Mozilla/5.0 AppleWebKit/537.36 (KHTML, like Gecko; compatible; GPTBot/1.3; +https://openai.com/gptbot)"
74.7.227.40 - - [08/Feb/2026:20:30:46 -0500] "GET /inputs.php?action=chmod&dir=//proc/net&item=ip6_mr_vif HTTP/1.1" 200 4577 "https://zimbra.techbango.io/inputs.php?dir=//proc/net" "Mozilla/5.0 AppleWebKit/537.36 (KHTML, like Gecko; compatible; GPTBot/1.3; +https://openai.com/gptbot)"
74.7.227.5 - - [08/Feb/2026:20:30:46 -0500] "GET /inputs.php?action=chmod&dir=//lib64&item=libcfitsio.so.7.3.47 HTTP/1.1" 200 80003 "https://api.techbango.io/inputs.php?dir=//lib64" "Mozilla/5.0 AppleWebKit/537.36 (KHTML, like Gecko; compatible; GPTBot/1.3; +https://openai.com/gptbot)"
74.7.227.5 - - [08/Feb/2026:20:30:47 -0500] "GET /inputs.php?action=edit&dir=//lib64&item=libjansson.so.4.14.0 HTTP/1.1" 200 106633 "https://api.techbango.io/inputs.php?dir=//lib64" "Mozilla/5.0 AppleWebKit/537.36 (KHTML, like Gecko; compatible; GPTBot/1.3; +https://openai.com/gptbot)"
74.7.227.40 - - [08/Feb/2026:20:30:47 -0500] "GET /inputs.php?action=chmod&dir=//proc/net&item=rt_acct HTTP/1.1" 200 4550 "https://zimbra.techbango.io/inputs.php?dir=//proc/net" "Mozilla/5.0 AppleWebKit/537.36 (KHTML, like Gecko; compatible; GPTBot/1.3; +https://openai.com/gptbot)"
74.7.227.40 - - [08/Feb/2026:20:30:48 -0500] "GET /inputs.php?action=chmod&dir=//proc/net&item=psched HTTP/1.1" 200 4461 "https://zimbra.techbango.io/inputs.php?dir=//proc/net" "Mozilla/5.0 AppleWebKit/537.36 (KHTML, like Gecko; compatible; GPTBot/1.3; +https://openai.com/gptbot)"
74.7.227.40 - - [08/Feb/2026:20:30:49 -0500] "GET /inputs.php?action=chmod&dir=//proc/net&item=packet HTTP/1.1" 200 4562 "https://zimbra.techbango.io/inputs.php?dir=//proc/net" "Mozilla/5.0 AppleWebKit/537.36 (KHTML, like Gecko; compatible; GPTBot/1.3; +https://openai.com/gptbot)"
74.7.227.40 - - [08/Feb/2026:20:30:49 -0500] "GET /inputs.php?action=chmod&dir=//proc/net&item=nfsfs HTTP/1.1" 200 4657 "https://zimbra.techbango.io/inputs.php?dir=//proc/net" "Mozilla/5.0 AppleWebKit/537.36 (KHTML, like Gecko; compatible; GPTBot/1.3; +https://openai.com/gptbot)"
74.7.227.40 - - [08/Feb/2026:20:30:51 -0500] "GET /inputs.php?action=chmod&dir=//proc/net&item=unix HTTP/1.1" 200 4618 "https://zimbra.techbango.io/inputs.php?dir=//proc/net" "Mozilla/5.0 AppleWebKit/537.36 (KHTML, like Gecko; compatible; GPTBot/1.3; +https://openai.com/gptbot)"
74.7.227.40 - - [08/Feb/2026:20:30:53 -0500] "GET /inputs.php?action=rename&dir=//proc/net&item=ptype HTTP/1.1" 200 4391 "https://zimbra.techbango.io/inputs.php?dir=//proc/net" "Mozilla/5.0 AppleWebKit/537.36 (KHTML, like Gecko; compatible; GPTBot/1.3; +https://openai.com/gptbot)"
74.7.227.5 - - [08/Feb/2026:20:30:53 -0500] "GET /inputs.php?action=edit&dir=//lib64&item=libnetsnmp.so.35.0.0 HTTP/1.1" 200 453137 "https://api.techbango.io/inputs.php?dir=//lib64" "Mozilla/5.0 AppleWebKit/537.36 (KHTML, like Gecko; compatible; GPTBot/1.3; +https://openai.com/gptbot)"
74.7.227.5 - - [08/Feb/2026:20:30:54 -0500] "GET /inputs.php?action=chmod&dir=//lib64&item=libpspell.so.15.1.5 HTTP/1.1" 200 73324 "https://api.techbango.io/inputs.php?dir=//lib64" "Mozilla/5.0 AppleWebKit/537.36 (KHTML, like Gecko; compatible; GPTBot/1.3; +https://openai.com/gptbot)"
74.7.227.40 - - [08/Feb/2026:20:30:55 -0500] "GET /inputs.php?action=view&dir=//proc/net&item=tcp6 HTTP/1.1" 200 5047 "https://zimbra.techbango.io/inputs.php?dir=//proc/net" "Mozilla/5.0 AppleWebKit/537.36 (KHTML, like Gecko; compatible; GPTBot/1.3; +https://openai.com/gptbot)"
74.7.227.40 - - [08/Feb/2026:20:30:56 -0500] "GET /inputs.php?action=view&dir=//proc/net&item=snmp6 HTTP/1.1" 200 4399 "https://zimbra.techbango.io/inputs.php?dir=//proc/net" "Mozilla/5.0 AppleWebKit/537.36 (KHTML, like Gecko; compatible; GPTBot/1.3; +https://openai.com/gptbot)"
74.7.227.5 - - [08/Feb/2026:20:30:56 -0500] "GET /inputs.php?action=edit&dir=//lib64&item=libtomcrypt.so.1.0.1 HTTP/1.1" 200 467024 "https://api.techbango.io/inputs.php?dir=//lib64" "Mozilla/5.0 AppleWebKit/537.36 (KHTML, like Gecko; compatible; GPTBot/1.3; +https://openai.com/gptbot)"
74.7.227.40 - - [08/Feb/2026:20:30:52 -0500] "GET /inputs.php?action=chmod&dir=//proc/net&item=anycast6 HTTP/1.1" 200 4413 "https://zimbra.techbango.io/inputs.php?dir=//proc/net" "Mozilla/5.0 AppleWebKit/537.36 (KHTML, like Gecko; compatible; GPTBot/1.3; +https://openai.com/gptbot)"
74.7.227.5 - - [08/Feb/2026:20:30:52 -0500] "GET /inputs.php?action=chmod&dir=//lib64&item=libmcrypt.so.4.4.8 HTTP/1.1" 200 75909 "https://api.techbango.io/inputs.php?dir=//lib64" "Mozilla/5.0 AppleWebKit/537.36 (KHTML, like Gecko; compatible; GPTBot/1.3; +https://openai.com/gptbot)"
74.7.227.5 - - [08/Feb/2026:20:30:53 -0500] "GET /inputs.php?action=rename&dir=//lib64&item=libdaemon.so.0.5.0 HTTP/1.1" 200 77490 "https://api.techbango.io/inputs.php?dir=//lib64" "Mozilla/5.0 AppleWebKit/537.36 (KHTML, like Gecko; compatible; GPTBot/1.3; +https://openai.com/gptbot)"
74.7.227.40 - - [08/Feb/2026:20:30:53 -0500] "GET /inputs.php?action=chmod&dir=//proc/net&item=ip_tables_names HTTP/1.1" 200 4664 "https://zimbra.techbango.io/inputs.php?dir=//proc/net" "Mozilla/5.0 AppleWebKit/537.36 (KHTML, like Gecko; compatible; GPTBot/1.3; +https://openai.com/gptbot)"
74.7.227.40 - - [08/Feb/2026:20:30:54 -0500] "GET /inputs.php?action=chmod&dir=//proc/net&item=ip_tables_matches HTTP/1.1" 200 4409 "https://zimbra.techbango.io/inputs.php?dir=//proc/net" "Mozilla/5.0 AppleWebKit/537.36 (KHTML, like Gecko; compatible; GPTBot/1.3; +https://openai.com/gptbot)"
74.7.227.40 - - [08/Feb/2026:20:30:55 -0500] "GET /inputs.php?action=view&dir=//proc/net&item=softnet_stat HTTP/1.1" 200 4496 "https://zimbra.techbango.io/inputs.php?dir=//proc/net" "Mozilla/5.0 AppleWebKit/537.36 (KHTML, like Gecko; compatible; GPTBot/1.3; +https://openai.com/gptbot)"
74.7.227.5 - - [08/Feb/2026:20:30:55 -0500] "GET /inputs.php?action=edit&dir=//lib64&item=libteamdctl.so.0.1.5 HTTP/1.1" 200 86472 "https://api.techbango.io/inputs.php?dir=//lib64" "Mozilla/5.0 AppleWebKit/537.36 (KHTML, like Gecko; compatible; GPTBot/1.3; +https://openai.com/gptbot)"
74.7.227.5 - - [08/Feb/2026:20:30:55 -0500] "GET /inputs.php?action=edit&dir=//lib64&item=libwscodecs.so.2.0.0 HTTP/1.1" 200 89918 "https://api.techbango.io/inputs.php?dir=//lib64" "Mozilla/5.0 AppleWebKit/537.36 (KHTML, like Gecko; compatible; GPTBot/1.3; +https://openai.com/gptbot)"
74.7.227.40 - - [08/Feb/2026:20:30:56 -0500] "GET /inputs.php?action=view&dir=//proc/net&item=l2cap HTTP/1.1" 200 4352 "https://zimbra.techbango.io/inputs.php?dir=//proc/net" "Mozilla/5.0 AppleWebKit/537.36 (KHTML, like Gecko; compatible; GPTBot/1.3; +https://openai.com/gptbot)"
74.7.227.5 - - [08/Feb/2026:20:30:56 -0500] "GET /inputs.php?action=edit&dir=//lib64&item=libaspell.so.15.1.5 HTTP/1.1" 200 340129 "https://api.techbango.io/inputs.php?dir=//lib64" "Mozilla/5.0 AppleWebKit/537.36 (KHTML, like Gecko; compatible; GPTBot/1.3; +https://openai.com/gptbot)"
74.7.227.5 - - [08/Feb/2026:20:30:57 -0500] "GET /inputs.php?action=edit&dir=//lib64&item=libfreetype.so.6.16.1 HTTP/1.1" 200 427188 "https://api.techbango.io/inputs.php?dir=//lib64" "Mozilla/5.0 AppleWebKit/537.36 (KHTML, like Gecko; compatible; GPTBot/1.3; +https://openai.com/gptbot)"
74.7.227.40 - - [08/Feb/2026:20:30:58 -0500] "GET /inputs.php?action=rename&dir=//proc/net&item=igmp HTTP/1.1" 200 4554 "https://zimbra.techbango.io/inputs.php?dir=//proc/net" "Mozilla/5.0 AppleWebKit/537.36 (KHTML, like Gecko; compatible; GPTBot/1.3; +https://openai.com/gptbot)"
74.7.227.5 - - [08/Feb/2026:20:30:58 -0500] "GET /inputs.php?action=chmod&dir=//lib64&item=libtemplate.so.2.0.0 HTTP/1.1" 200 80663 "https://api.techbango.io/inputs.php?dir=//lib64" "Mozilla/5.0 AppleWebKit/537.36 (KHTML, like Gecko; compatible; GPTBot/1.3; +https://openai.com/gptbot)"
74.7.227.5 - - [08/Feb/2026:20:30:58 -0500] "GET /inputs.php?action=edit&dir=//lib64&item=libunistring.so.2.1.0 HTTP/1.1" 200 545562 "https://api.techbango.io/inputs.php?dir=//lib64" "Mozilla/5.0 AppleWebKit/537.36 (KHTML, like Gecko; compatible; GPTBot/1.3; +https://openai.com/gptbot)"
74.7.227.5 - - [08/Feb/2026:20:30:57 -0500] "GET /inputs.php?action=edit&dir=//lib64&item=libnfsidmap.so.1.0.0 HTTP/1.1" 200 99012 "https://api.techbango.io/inputs.php?dir=//lib64" "Mozilla/5.0 AppleWebKit/537.36 (KHTML, like Gecko; compatible; GPTBot/1.3; +https://openai.com/gptbot)"
74.7.227.40 - - [08/Feb/2026:20:30:57 -0500] "GET /inputs.php?action=view&dir=//proc/net&item=igmp6 HTTP/1.1" 200 4399 "https://zimbra.techbango.io/inputs.php?dir=//proc/net" "Mozilla/5.0 AppleWebKit/537.36 (KHTML, like Gecko; compatible; GPTBot/1.3; +https://openai.com/gptbot)"
74.7.227.40 - - [08/Feb/2026:20:30:57 -0500] "GET /inputs.php?action=chmod&dir=//proc/net&item=ptype HTTP/1.1" 200 4631 "https://zimbra.techbango.io/inputs.php?dir=//proc/net" "Mozilla/5.0 AppleWebKit/537.36 (KHTML, like Gecko; compatible; GPTBot/1.3; +https://openai.com/gptbot)"
74.7.227.40 - - [08/Feb/2026:20:30:58 -0500] "GET /inputs.php?action=rename&dir=//proc/net&item=unix HTTP/1.1" 200 4581 "https://zimbra.techbango.io/inputs.php?dir=//proc/net" "Mozilla/5.0 AppleWebKit/537.36 (KHTML, like Gecko; compatible; GPTBot/1.3; +https://openai.com/gptbot)"
74.7.227.40 - - [08/Feb/2026:20:30:59 -0500] "GET /inputs.php?dir=//proc/net/nfsfs HTTP/1.1" 200 1899 "https://zimbra.techbango.io/inputs.php?dir=//proc/net" "Mozilla/5.0 AppleWebKit/537.36 (KHTML, like Gecko; compatible; GPTBot/1.3; +https://openai.com/gptbot)"
74.7.227.40 - - [08/Feb/2026:20:31:00 -0500] "GET /inputs.php?action=view&dir=//proc/net&item=fib_triestat HTTP/1.1" 200 4632 "https://zimbra.techbango.io/inputs.php?dir=//proc/net" "Mozilla/5.0 AppleWebKit/537.36 (KHTML, like Gecko; compatible; GPTBot/1.3; +https://openai.com/gptbot)"
74.7.227.40 - - [08/Feb/2026:20:31:01 -0500] "GET /inputs.php?action=view&dir=//proc/net&item=nf_conntrack HTTP/1.1" 200 4424 "https://zimbra.techbango.io/inputs.php?dir=//proc/net" "Mozilla/5.0 AppleWebKit/537.36 (KHTML, like Gecko; compatible; GPTBot/1.3; +https://openai.com/gptbot)"
74.7.227.40 - - [08/Feb/2026:20:31:01 -0500] "GET /inputs.php?action=view&dir=//proc/net&item=udp6 HTTP/1.1" 200 4675 "https://zimbra.techbango.io/inputs.php?dir=//proc/net" "Mozilla/5.0 AppleWebKit/537.36 (KHTML, like Gecko; compatible; GPTBot/1.3; +https://openai.com/gptbot)"
74.7.227.40 - - [08/Feb/2026:20:31:02 -0500] "GET /inputs.php?action=chmod&dir=//proc/net&item=ip_tables_targets HTTP/1.1" 200 4404 "https://zimbra.techbango.io/inputs.php?dir=//proc/net" "Mozilla/5.0 AppleWebKit/537.36 (KHTML, like Gecko; compatible; GPTBot/1.3; +https://openai.com/gptbot)"
74.7.227.5 - - [08/Feb/2026:20:31:02 -0500] "GET /inputs.php?action=chmod&dir=//lib64/perl5/vendor_perl/HTML&item=Parser.pm HTTP/1.1" 200 2670 "https://api.techbango.io/inputs.php?dir=//lib64/perl5/vendor_perl/HTML" "Mozilla/5.0 AppleWebKit/537.36 (KHTML, like Gecko; compatible; GPTBot/1.3; +https://openai.com/gptbot)"
74.7.227.40 - - [08/Feb/2026:20:31:03 -0500] "GET /inputs.php?action=view&dir=//proc/net&item=ptype HTTP/1.1" 200 4399 "https://zimbra.techbango.io/inputs.php?dir=//proc/net" "Mozilla/5.0 AppleWebKit/537.36 (KHTML, like Gecko; compatible; GPTBot/1.3; +https://openai.com/gptbot)"
74.7.227.5 - - [08/Feb/2026:20:31:03 -0500] "GET /inputs.php?action=rename&dir=//lib64&item=libhdf5_hl_cpp.so.100.1.3 HTTP/1.1" 200 80788 "https://api.techbango.io/inputs.php?dir=//lib64" "Mozilla/5.0 AppleWebKit/537.36 (KHTML, like Gecko; compatible; GPTBot/1.3; +https://openai.com/gptbot)"
74.7.227.40 - - [08/Feb/2026:20:31:03 -0500] "GET /inputs.php?action=edit&dir=//proc/net&item=ip_mr_cache HTTP/1.1" 200 4708 "https://zimbra.techbango.io/inputs.php?dir=//proc/net" "Mozilla/5.0 AppleWebKit/537.36 (KHTML, like Gecko; compatible; GPTBot/1.3; +https://openai.com/gptbot)"
74.7.227.5 - - [08/Feb/2026:20:31:03 -0500] "GET /inputs.php?action=edit&dir=//lib64&item=libX11.so HTTP/1.1" 200 688686 "https://api.techbango.io/inputs.php?dir=//lib64" "Mozilla/5.0 AppleWebKit/537.36 (KHTML, like Gecko; compatible; GPTBot/1.3; +https://openai.com/gptbot)"
74.7.227.5 - - [08/Feb/2026:20:30:59 -0500] "GET /inputs.php?action=rename&dir=//lib64&item=libaudit.so.1.0.0 HTTP/1.1" 200 78687 "https://api.techbango.io/inputs.php?dir=//lib64" "Mozilla/5.0 AppleWebKit/537.36 (KHTML, like Gecko; compatible; GPTBot/1.3; +https://openai.com/gptbot)"
74.7.227.5 - - [08/Feb/2026:20:31:00 -0500] "GET /inputs.php?action=view&dir=//lib64&item=libgstnet-1.0.so.0.1601.0 HTTP/1.1" 200 118726 "https://api.techbango.io/inputs.php?dir=//lib64" "Mozilla/5.0 AppleWebKit/537.36 (KHTML, like Gecko; compatible; GPTBot/1.3; +https://openai.com/gptbot)"
74.7.227.40 - - [08/Feb/2026:20:31:00 -0500] "GET /inputs.php?dir=//proc/net/stat HTTP/1.1" 200 1899 "https://zimbra.techbango.io/inputs.php?dir=//proc/net" "Mozilla/5.0 AppleWebKit/537.36 (KHTML, like Gecko; compatible; GPTBot/1.3; +https://openai.com/gptbot)"
74.7.227.5 - - [08/Feb/2026:20:31:00 -0500] "GET /inputs.php?action=view&dir=//lib64&item=libgstrtsp-1.0.so.0.1601.0 HTTP/1.1" 200 132571 "https://api.techbango.io/inputs.php?dir=//lib64" "Mozilla/5.0 AppleWebKit/537.36 (KHTML, like Gecko; compatible; GPTBot/1.3; +https://openai.com/gptbot)"
74.7.227.5 - - [08/Feb/2026:20:31:01 -0500] "GET /inputs.php?action=edit&dir=//lib64&item=libisl.so.15.1.1 HTTP/1.1" 200 729211 "https://api.techbango.io/inputs.php?dir=//lib64" "Mozilla/5.0 AppleWebKit/537.36 (KHTML, like Gecko; compatible; GPTBot/1.3; +https://openai.com/gptbot)"
74.7.227.40 - - [08/Feb/2026:20:31:02 -0500] "GET /inputs.php?action=view&dir=//proc/net&item=raw6 HTTP/1.1" 200 4519 "https://zimbra.techbango.io/inputs.php?dir=//proc/net" "Mozilla/5.0 AppleWebKit/537.36 (KHTML, like Gecko; compatible; GPTBot/1.3; +https://openai.com/gptbot)"
74.7.227.5 - - [08/Feb/2026:20:31:02 -0500] "GET /inputs.php?action=rename&dir=//lib64/perl5/vendor_perl/JSON&item=Syck.pm HTTP/1.1" 200 2476 "https://api.techbango.io/inputs.php?dir=//lib64/perl5/vendor_perl/JSON" "Mozilla/5.0 AppleWebKit/537.36 (KHTML, like Gecko; compatible; GPTBot/1.3; +https://openai.com/gptbot)"
74.7.227.5 - - [08/Feb/2026:20:31:04 -0500] "GET /inputs.php?action=view&dir=//lib64/perl5/vendor_perl&item=version.pod HTTP/1.1" 200 7905 "https://api.techbango.io/inputs.php?dir=//lib64/perl5/vendor_perl" "Mozilla/5.0 AppleWebKit/537.36 (KHTML, like Gecko; compatible; GPTBot/1.3; +https://openai.com/gptbot)"
74.7.227.40 - - [08/Feb/2026:20:31:05 -0500] "GET /inputs.php?action=view&dir=//proc/net&item=raw HTTP/1.1" 200 4557 "https://zimbra.techbango.io/inputs.php?dir=//proc/net" "Mozilla/5.0 AppleWebKit/537.36 (KHTML, like Gecko; compatible; GPTBot/1.3; +https://openai.com/gptbot)"
74.7.227.5 - - [08/Feb/2026:20:31:05 -0500] "GET /inputs.php?action=view&dir=//lib64/perl5/vendor_perl&item=version.pm HTTP/1.1" 200 5261 "https://api.techbango.io/inputs.php?dir=//lib64/perl5/vendor_perl" "Mozilla/5.0 AppleWebKit/537.36 (KHTML, like Gecko; compatible; GPTBot/1.3; +https://openai.com/gptbot)"
74.7.227.5 - - [08/Feb/2026:20:31:06 -0500] "GET /inputs.php?action=chmod&dir=//lib64&item=libx265.so.176 HTTP/1.1" 200 79824 "https://api.techbango.io/inputs.php?dir=//lib64" "Mozilla/5.0 AppleWebKit/537.36 (KHTML, like Gecko; compatible; GPTBot/1.3; +https://openai.com/gptbot)"
74.7.227.40 - - [08/Feb/2026:20:31:07 -0500] "GET /inputs.php?action=view&dir=//proc/net&item=igmp HTTP/1.1" 200 4414 "https://zimbra.techbango.io/inputs.php?dir=//proc/net" "Mozilla/5.0 AppleWebKit/537.36 (KHTML, like Gecko; compatible; GPTBot/1.3; +https://openai.com/gptbot)"
74.7.227.40 - - [08/Feb/2026:20:31:07 -0500] "GET /inputs.php?action=view&dir=//proc/net&item=icmp HTTP/1.1" 200 4503 "https://zimbra.techbango.io/inputs.php?dir=//proc/net" "Mozilla/5.0 AppleWebKit/537.36 (KHTML, like Gecko; compatible; GPTBot/1.3; +https://openai.com/gptbot)"
74.7.227.5 - - [08/Feb/2026:20:31:07 -0500] "GET /inputs.php?action=view&dir=//lib64/perl5&item=Config_heavy.pl HTTP/1.1" 200 21746 "https://api.techbango.io/inputs.php?dir=//lib64/perl5" "Mozilla/5.0 AppleWebKit/537.36 (KHTML, like Gecko; compatible; GPTBot/1.3; +https://openai.com/gptbot)"
74.7.227.40 - - [08/Feb/2026:20:31:04 -0500] "GET /inputs.php?action=view&dir=//proc/net&item=anycast6 HTTP/1.1" 200 4627 "https://zimbra.techbango.io/inputs.php?dir=//proc/net" "Mozilla/5.0 AppleWebKit/537.36 (KHTML, like Gecko; compatible; GPTBot/1.3; +https://openai.com/gptbot)"
74.7.227.5 - - [08/Feb/2026:20:31:04 -0500] "GET /inputs.php?action=chmod&dir=//lib64&item=libX11.so HTTP/1.1" 200 78098 "https://api.techbango.io/inputs.php?dir=//lib64" "Mozilla/5.0 AppleWebKit/537.36 (KHTML, like Gecko; compatible; GPTBot/1.3; +https://openai.com/gptbot)"
74.7.227.40 - - [08/Feb/2026:20:31:04 -0500] "GET /inputs.php?action=view&dir=//proc/net&item=udp HTTP/1.1" 200 5239 "https://zimbra.techbango.io/inputs.php?dir=//proc/net" "Mozilla/5.0 AppleWebKit/537.36 (KHTML, like Gecko; compatible; GPTBot/1.3; +https://openai.com/gptbot)"
74.7.227.40 - - [08/Feb/2026:20:31:06 -0500] "GET /inputs.php?action=view&dir=//proc/net&item=sco HTTP/1.1" 200 4606 "https://zimbra.techbango.io/inputs.php?dir=//proc/net" "Mozilla/5.0 AppleWebKit/537.36 (KHTML, like Gecko; compatible; GPTBot/1.3; +https://openai.com/gptbot)"
74.7.227.5 - - [08/Feb/2026:20:31:06 -0500] "GET /inputs.php?action=chmod&dir=//lib64/perl5&item=POSIX.pm HTTP/1.1" 200 4546 "https://api.techbango.io/inputs.php?dir=//lib64/perl5" "Mozilla/5.0 AppleWebKit/537.36 (KHTML, like Gecko; compatible; GPTBot/1.3; +https://openai.com/gptbot)"
74.7.227.40 - - [08/Feb/2026:20:31:06 -0500] "GET /inputs.php?action=view&dir=//proc/net&item=snmp HTTP/1.1" 200 4404 "https://zimbra.techbango.io/inputs.php?dir=//proc/net" "Mozilla/5.0 AppleWebKit/537.36 (KHTML, like Gecko; compatible; GPTBot/1.3; +https://openai.com/gptbot)"
74.7.244.1 - - [08/Feb/2026:20:31:07 -0500] "GET /robots.txt HTTP/1.1" 404 1251 "-" "Mozilla/5.0 (Macintosh; Intel Mac OS X 10_15_7) AppleWebKit/537.36 (KHTML, like Gecko) Chrome/131.0.0.0 Safari/537.36; compatible; OAI-SearchBot/1.3; robots.txt; +https://openai.com/searchbot"
74.7.227.5 - - [08/Feb/2026:20:31:08 -0500] "GET /inputs.php?action=view&dir=//lib64&item=liborc-test-0.4.so.0.28.0 HTTP/1.1" 200 91712 "https://api.techbango.io/inputs.php?dir=//lib64" "Mozilla/5.0 AppleWebKit/537.36 (KHTML, like Gecko; compatible; GPTBot/1.3; +https://openai.com/gptbot)"
74.7.227.5 - - [08/Feb/2026:20:31:08 -0500] "GET /inputs.php?action=rename&dir=//lib64&item=libguestlib.so.0.0.0 HTTP/1.1" 200 79736 "https://api.techbango.io/inputs.php?dir=//lib64" "Mozilla/5.0 AppleWebKit/537.36 (KHTML, like Gecko; compatible; GPTBot/1.3; +https://openai.com/gptbot)"
74.7.227.40 - - [08/Feb/2026:20:31:09 -0500] "GET /inputs.php?action=view&dir=//proc/net&item=psched HTTP/1.1" 200 4386 "https://zimbra.techbango.io/inputs.php?dir=//proc/net" "Mozilla/5.0 AppleWebKit/537.36 (KHTML, like Gecko; compatible; GPTBot/1.3; +https://openai.com/gptbot)"
74.7.227.5 - - [08/Feb/2026:20:31:09 -0500] "GET /inputs.php?action=chmod&dir=//lib64/python2.7&item=multiprocessing HTTP/1.1" 200 25584 "https://api.techbango.io/inputs.php?dir=//lib64/python2.7" "Mozilla/5.0 AppleWebKit/537.36 (KHTML, like Gecko; compatible; GPTBot/1.3; +https://openai.com/gptbot)"
74.7.227.40 - - [08/Feb/2026:20:31:10 -0500] "GET /inputs.php?action=view&dir=//proc/net&item=ip_tables_targets HTTP/1.1" 200 4583 "https://zimbra.techbango.io/inputs.php?dir=//proc/net" "Mozilla/5.0 AppleWebKit/537.36 (KHTML, like Gecko; compatible; GPTBot/1.3; +https://openai.com/gptbot)"
74.7.227.5 - - [08/Feb/2026:20:31:10 -0500] "GET /inputs.php?action=edit&dir=//lib64/python2.7/wsgiref&item=simple_server.pyo HTTP/1.1" 200 5956 "https://api.techbango.io/inputs.php?dir=//lib64/python2.7/wsgiref" "Mozilla/5.0 AppleWebKit/537.36 (KHTML, like Gecko; compatible; GPTBot/1.3; +https://openai.com/gptbot)"
74.7.227.5 - - [08/Feb/2026:20:31:11 -0500] "GET /inputs.php?action=edit&dir=//lib64/python2.7/wsgiref&item=simple_server.pyc HTTP/1.1" 200 5956 "https://api.techbango.io/inputs.php?dir=//lib64/python2.7/wsgiref" "Mozilla/5.0 AppleWebKit/537.36 (KHTML, like Gecko; compatible; GPTBot/1.3; +https://openai.com/gptbot)"
74.7.227.40 - - [08/Feb/2026:20:31:08 -0500] "GET /inputs.php?action=view&dir=//proc/net&item=arp HTTP/1.1" 200 4459 "https://zimbra.techbango.io/inputs.php?dir=//proc/net" "Mozilla/5.0 AppleWebKit/537.36 (KHTML, like Gecko; compatible; GPTBot/1.3; +https://openai.com/gptbot)"
74.7.227.40 - - [08/Feb/2026:20:31:08 -0500] "GET /inputs.php?action=view&dir=//proc/net&item=hci HTTP/1.1" 200 4459 "https://zimbra.techbango.io/inputs.php?dir=//proc/net" "Mozilla/5.0 AppleWebKit/537.36 (KHTML, like Gecko; compatible; GPTBot/1.3; +https://openai.com/gptbot)"
74.7.227.40 - - [08/Feb/2026:20:31:09 -0500] "GET /inputs.php?action=view&dir=//proc/net&item=tcp HTTP/1.1" 200 95686 "https://zimbra.techbango.io/inputs.php?dir=//proc/net" "Mozilla/5.0 AppleWebKit/537.36 (KHTML, like Gecko; compatible; GPTBot/1.3; +https://openai.com/gptbot)"
74.7.227.5 - - [08/Feb/2026:20:31:09 -0500] "GET /inputs.php?action=chmod&dir=//lib64/python3.8&item=multiprocessing HTTP/1.1" 200 11013 "https://api.techbango.io/inputs.php?dir=//lib64/python3.8" "Mozilla/5.0 AppleWebKit/537.36 (KHTML, like Gecko; compatible; GPTBot/1.3; +https://openai.com/gptbot)"
74.7.227.5 - - [08/Feb/2026:20:31:10 -0500] "GET /inputs.php?action=rename&dir=//lib64/python3.8/wsgiref&item=simple_server.py HTTP/1.1" 200 2676 "https://api.techbango.io/inputs.php?dir=//lib64/python3.8/wsgiref" "Mozilla/5.0 AppleWebKit/537.36 (KHTML, like Gecko; compatible; GPTBot/1.3; +https://openai.com/gptbot)"
74.7.227.40 - - [08/Feb/2026:20:31:10 -0500] "GET /inputs.php?action=view&dir=//proc/net&item=unix HTTP/1.1" 200 34184 "https://zimbra.techbango.io/inputs.php?dir=//proc/net" "Mozilla/5.0 AppleWebKit/537.36 (KHTML, like Gecko; compatible; GPTBot/1.3; +https://openai.com/gptbot)"
74.7.227.40 - - [08/Feb/2026:20:31:11 -0500] "GET /inputs.php?action=edit&dir=//proc/net&item=udp6 HTTP/1.1" 200 4910 "https://zimbra.techbango.io/inputs.php?dir=//proc/net" "Mozilla/5.0 AppleWebKit/537.36 (KHTML, like Gecko; compatible; GPTBot/1.3; +https://openai.com/gptbot)"
74.7.227.5 - - [08/Feb/2026:20:31:11 -0500] "GET /inputs.php?action=edit&dir=//lib64&item=libglib-2.0.so.0 HTTP/1.1" 200 500012 "https://api.techbango.io/inputs.php?dir=//lib64" "Mozilla/5.0 AppleWebKit/537.36 (KHTML, like Gecko; compatible; GPTBot/1.3; +https://openai.com/gptbot)"
74.7.227.40 - - [08/Feb/2026:20:31:12 -0500] "GET /inputs.php?action=view&dir=//proc/net&item=nf_conntrack_expect HTTP/1.1" 200 4453 "https://zimbra.techbango.io/inputs.php?dir=//proc/net" "Mozilla/5.0 AppleWebKit/537.36 (KHTML, like Gecko; compatible; GPTBot/1.3; +https://openai.com/gptbot)"
74.7.227.5 - - [08/Feb/2026:20:31:13 -0500] "GET /inputs.php?action=chmod&dir=//lib64&item=libldb.so.2.8.0 HTTP/1.1" 200 80908 "https://api.techbango.io/inputs.php?dir=//lib64" "Mozilla/5.0 AppleWebKit/537.36 (KHTML, like Gecko; compatible; GPTBot/1.3; +https://openai.com/gptbot)"
74.7.227.40 - - [08/Feb/2026:20:31:15 -0500] "GET /inputs.php?action=edit&dir=//proc/net&item=protocols HTTP/1.1" 200 4656 "https://zimbra.techbango.io/inputs.php?dir=//proc/net" "Mozilla/5.0 AppleWebKit/537.36 (KHTML, like Gecko; compatible; GPTBot/1.3; +https://openai.com/gptbot)"
74.7.227.5 - - [08/Feb/2026:20:31:15 -0500] "GET /inputs.php?action=chmod&dir=//lib64&item=libnet.so.1.7.0 HTTP/1.1" 200 78860 "https://api.techbango.io/inputs.php?dir=//lib64" "Mozilla/5.0 AppleWebKit/537.36 (KHTML, like Gecko; compatible; GPTBot/1.3; +https://openai.com/gptbot)"
74.7.227.5 - - [08/Feb/2026:20:31:16 -0500] "GET /inputs.php?action=chmod&dir=//lib64&item=libaec.so.0.0.8 HTTP/1.1" 200 79714 "https://api.techbango.io/inputs.php?dir=//lib64" "Mozilla/5.0 AppleWebKit/537.36 (KHTML, like Gecko; compatible; GPTBot/1.3; +https://openai.com/gptbot)"
74.7.227.5 - - [08/Feb/2026:20:31:17 -0500] "GET /inputs.php?action=edit&dir=//lib64&item=libldap_r-2.4.so.2 HTTP/1.1" 200 217683 "https://api.techbango.io/inputs.php?dir=//lib64" "Mozilla/5.0 AppleWebKit/537.36 (KHTML, like Gecko; compatible; GPTBot/1.3; +https://openai.com/gptbot)"
74.7.227.40 - - [08/Feb/2026:20:31:11 -0500] "GET /inputs.php?action=edit&dir=//proc/net&item=tcp6 HTTP/1.1" 200 5079 "https://zimbra.techbango.io/inputs.php?dir=//proc/net" "Mozilla/5.0 AppleWebKit/537.36 (KHTML, like Gecko; compatible; GPTBot/1.3; +https://openai.com/gptbot)"
74.7.227.40 - - [08/Feb/2026:20:31:12 -0500] "GET /inputs.php?action=edit&dir=//proc/net&item=raw6 HTTP/1.1" 200 4800 "https://zimbra.techbango.io/inputs.php?dir=//proc/net" "Mozilla/5.0 AppleWebKit/537.36 (KHTML, like Gecko; compatible; GPTBot/1.3; +https://openai.com/gptbot)"
74.7.227.5 - - [08/Feb/2026:20:31:12 -0500] "GET /inputs.php?action=edit&dir=//lib64&item=libjson-c.so.4.0.0 HTTP/1.1" 200 105876 "https://api.techbango.io/inputs.php?dir=//lib64" "Mozilla/5.0 AppleWebKit/537.36 (KHTML, like Gecko; compatible; GPTBot/1.3; +https://openai.com/gptbot)"
74.7.227.40 - - [08/Feb/2026:20:31:13 -0500] "GET /inputs.php?action=edit&dir=//proc/net&item=netlink HTTP/1.1" 200 4407 "https://zimbra.techbango.io/inputs.php?dir=//proc/net" "Mozilla/5.0 AppleWebKit/537.36 (KHTML, like Gecko; compatible; GPTBot/1.3; +https://openai.com/gptbot)"
74.7.227.40 - - [08/Feb/2026:20:31:13 -0500] "GET /inputs.php?action=edit&dir=//proc/net&item=udplite HTTP/1.1" 200 4639 "https://zimbra.techbango.io/inputs.php?dir=//proc/net" "Mozilla/5.0 AppleWebKit/537.36 (KHTML, like Gecko; compatible; GPTBot/1.3; +https://openai.com/gptbot)"
74.7.227.5 - - [08/Feb/2026:20:31:14 -0500] "GET /inputs.php?action=edit&dir=//lib64&item=libxcb-util.so.1.0.0 HTTP/1.1" 200 82392 "https://api.techbango.io/inputs.php?dir=//lib64" "Mozilla/5.0 AppleWebKit/537.36 (KHTML, like Gecko; compatible; GPTBot/1.3; +https://openai.com/gptbot)"
74.7.227.40 - - [08/Feb/2026:20:31:14 -0500] "GET /inputs.php?action=edit&dir=//proc/net&item=netstat HTTP/1.1" 200 4422 "https://zimbra.techbango.io/inputs.php?dir=//proc/net" "Mozilla/5.0 AppleWebKit/537.36 (KHTML, like Gecko; compatible; GPTBot/1.3; +https://openai.com/gptbot)"
74.7.227.5 - - [08/Feb/2026:20:31:14 -0500] "GET /inputs.php?action=edit&dir=//lib64&item=libxcb-shm.so.0.0.0 HTTP/1.1" 200 81768 "https://api.techbango.io/inputs.php?dir=//lib64" "Mozilla/5.0 AppleWebKit/537.36 (KHTML, like Gecko; compatible; GPTBot/1.3; +https://openai.com/gptbot)"
74.7.227.40 - - [08/Feb/2026:20:31:14 -0500] "GET /inputs.php?action=view&dir=//proc/net&item=dev_mcast HTTP/1.1" 200 4452 "https://zimbra.techbango.io/inputs.php?dir=//proc/net" "Mozilla/5.0 AppleWebKit/537.36 (KHTML, like Gecko; compatible; GPTBot/1.3; +https://openai.com/gptbot)"
74.7.227.5 - - [08/Feb/2026:20:31:15 -0500] "GET /inputs.php?action=edit&dir=//lib64&item=libxcb-res.so.0.0.0 HTTP/1.1" 200 84658 "https://api.techbango.io/inputs.php?dir=//lib64" "Mozilla/5.0 AppleWebKit/537.36 (KHTML, like Gecko; compatible; GPTBot/1.3; +https://openai.com/gptbot)"
74.7.227.40 - - [08/Feb/2026:20:31:15 -0500] "GET /inputs.php?action=edit&dir=//proc/net&item=snmp6 HTTP/1.1" 200 4570 "https://zimbra.techbango.io/inputs.php?dir=//proc/net" "Mozilla/5.0 AppleWebKit/537.36 (KHTML, like Gecko; compatible; GPTBot/1.3; +https://openai.com/gptbot)"
74.7.227.5 - - [08/Feb/2026:20:31:16 -0500] "GET /inputs.php?action=chmod&dir=//lib64&item=libmpc.so.3.1.0 HTTP/1.1" 200 80331 "https://api.techbango.io/inputs.php?dir=//lib64" "Mozilla/5.0 AppleWebKit/537.36 (KHTML, like Gecko; compatible; GPTBot/1.3; +https://openai.com/gptbot)"
74.7.227.40 - - [08/Feb/2026:20:31:16 -0500] "GET /inputs.php?action=edit&dir=//proc/net&item=igmp6 HTTP/1.1" 200 4447 "https://zimbra.techbango.io/inputs.php?dir=//proc/net" "Mozilla/5.0 AppleWebKit/537.36 (KHTML, like Gecko; compatible; GPTBot/1.3; +https://openai.com/gptbot)"
74.7.227.40 - - [08/Feb/2026:20:31:16 -0500] "GET /inputs.php?action=edit&dir=//proc/net&item=icmp6 HTTP/1.1" 200 4479 "https://zimbra.techbango.io/inputs.php?dir=//proc/net" "Mozilla/5.0 AppleWebKit/537.36 (KHTML, like Gecko; compatible; GPTBot/1.3; +https://openai.com/gptbot)"
74.7.227.40 - - [08/Feb/2026:20:31:17 -0500] "GET /inputs.php?action=edit&dir=//proc/net&item=l2cap HTTP/1.1" 200 4667 "https://zimbra.techbango.io/inputs.php?dir=//proc/net" "Mozilla/5.0 AppleWebKit/537.36 (KHTML, like Gecko; compatible; GPTBot/1.3; +https://openai.com/gptbot)"
74.7.227.40 - - [08/Feb/2026:20:31:18 -0500] "GET /inputs.php?action=chmod&dir=//proc/net&item=netstat HTTP/1.1" 200 4659 "https://zimbra.techbango.io/inputs.php?dir=//proc/net" "Mozilla/5.0 AppleWebKit/537.36 (KHTML, like Gecko; compatible; GPTBot/1.3; +https://openai.com/gptbot)"
74.7.227.5 - - [08/Feb/2026:20:31:18 -0500] "GET /inputs.php?action=chmod&dir=//lib64&item=libply.so.5.0.0 HTTP/1.1" 200 78616 "https://api.techbango.io/inputs.php?dir=//lib64" "Mozilla/5.0 AppleWebKit/537.36 (KHTML, like Gecko; compatible; GPTBot/1.3; +https://openai.com/gptbot)"
74.7.227.40 - - [08/Feb/2026:20:31:18 -0500] "GET /inputs.php?action=view&dir=//proc/net&item=ip_tables_matches HTTP/1.1" 200 4448 "https://zimbra.techbango.io/inputs.php?dir=//proc/net" "Mozilla/5.0 AppleWebKit/537.36 (KHTML, like Gecko; compatible; GPTBot/1.3; +https://openai.com/gptbot)"
74.7.227.5 - - [08/Feb/2026:20:31:18 -0500] "GET /inputs.php?action=edit&dir=//lib64&item=libwebp.so.7.0.2 HTTP/1.1" 200 276275 "https://api.techbango.io/inputs.php?dir=//lib64" "Mozilla/5.0 AppleWebKit/537.36 (KHTML, like Gecko; compatible; GPTBot/1.3; +https://openai.com/gptbot)"
74.7.227.40 - - [08/Feb/2026:20:31:19 -0500] "GET /inputs.php?action=view&dir=//proc/net&item=ip_tables_names HTTP/1.1" 200 4413 "https://zimbra.techbango.io/inputs.php?dir=//proc/net" "Mozilla/5.0 AppleWebKit/537.36 (KHTML, like Gecko; compatible; GPTBot/1.3; +https://openai.com/gptbot)"
74.7.227.5 - - [08/Feb/2026:20:31:19 -0500] "GET /inputs.php?action=rename&dir=//lib64&item=libcap-ng.so.0.0.0 HTTP/1.1" 200 79461 "https://api.techbango.io/inputs.php?dir=//lib64" "Mozilla/5.0 AppleWebKit/537.36 (KHTML, like Gecko; compatible; GPTBot/1.3; +https://openai.com/gptbot)"
74.7.227.40 - - [08/Feb/2026:20:31:19 -0500] "GET /inputs.php?action=view&dir=//proc/net&item=ip_mr_vif HTTP/1.1" 200 4584 "https://zimbra.techbango.io/inputs.php?dir=//proc/net" "Mozilla/5.0 AppleWebKit/537.36 (KHTML, like Gecko; compatible; GPTBot/1.3; +https://openai.com/gptbot)"
74.7.227.5 - - [08/Feb/2026:20:31:20 -0500] "GET /inputs.php?action=chmod&dir=//lib64&item=libxcb.so.1.1.0 HTTP/1.1" 200 79828 "https://api.techbango.io/inputs.php?dir=//lib64" "Mozilla/5.0 AppleWebKit/537.36 (KHTML, like Gecko; compatible; GPTBot/1.3; +https://openai.com/gptbot)"
74.7.227.5 - - [08/Feb/2026:20:31:21 -0500] "GET /inputs.php?action=edit&dir=//lib64&item=libruby.so.2.5.9 HTTP/1.1" 200 1199976 "https://api.techbango.io/inputs.php?dir=//lib64" "Mozilla/5.0 AppleWebKit/537.36 (KHTML, like Gecko; compatible; GPTBot/1.3; +https://openai.com/gptbot)"
74.7.227.40 - - [08/Feb/2026:20:31:21 -0500] "GET /inputs.php?action=edit&dir=//proc/net&item=icmp HTTP/1.1" 200 4694 "https://zimbra.techbango.io/inputs.php?dir=//proc/net" "Mozilla/5.0 AppleWebKit/537.36 (KHTML, like Gecko; compatible; GPTBot/1.3; +https://openai.com/gptbot)"
74.7.227.40 - - [08/Feb/2026:20:31:22 -0500] "GET /inputs.php?action=edit&dir=//proc/net&item=udp HTTP/1.1" 200 5238 "https://zimbra.techbango.io/inputs.php?dir=//proc/net" "Mozilla/5.0 AppleWebKit/537.36 (KHTML, like Gecko; compatible; GPTBot/1.3; +https://openai.com/gptbot)"
74.7.227.40 - - [08/Feb/2026:20:31:23 -0500] "GET /inputs.php?action=edit&dir=//proc/net&item=snmp HTTP/1.1" 200 4531 "https://zimbra.techbango.io/inputs.php?dir=//proc/net" "Mozilla/5.0 AppleWebKit/537.36 (KHTML, like Gecko; compatible; GPTBot/1.3; +https://openai.com/gptbot)"
74.7.227.5 - - [08/Feb/2026:20:31:23 -0500] "GET /inputs.php?action=chmod&dir=//lib64&item=librrd.so.8.1.0 HTTP/1.1" 200 80111 "https://api.techbango.io/inputs.php?dir=//lib64" "Mozilla/5.0 AppleWebKit/537.36 (KHTML, like Gecko; compatible; GPTBot/1.3; +https://openai.com/gptbot)"
74.7.227.5 - - [08/Feb/2026:20:31:17 -0500] "GET /inputs.php?action=chmod&dir=//lib64&item=libbpf.so.0.5.0 HTTP/1.1" 200 77243 "https://api.techbango.io/inputs.php?dir=//lib64" "Mozilla/5.0 AppleWebKit/537.36 (KHTML, like Gecko; compatible; GPTBot/1.3; +https://openai.com/gptbot)"
74.7.227.40 - - [08/Feb/2026:20:31:20 -0500] "GET /inputs.php?action=view&dir=//proc/net&item=ip6_mr_vif HTTP/1.1" 200 4432 "https://zimbra.techbango.io/inputs.php?dir=//proc/net" "Mozilla/5.0 AppleWebKit/537.36 (KHTML, like Gecko; compatible; GPTBot/1.3; +https://openai.com/gptbot)"
74.7.227.5 - - [08/Feb/2026:20:31:20 -0500] "GET /inputs.php?action=edit&dir=//lib64&item=liblzma.so.5.2.4 HTTP/1.1" 200 154647 "https://api.techbango.io/inputs.php?dir=//lib64" "Mozilla/5.0 AppleWebKit/537.36 (KHTML, like Gecko; compatible; GPTBot/1.3; +https://openai.com/gptbot)"
74.7.227.40 - - [08/Feb/2026:20:31:20 -0500] "GET /inputs.php?action=chmod&dir=//proc/net&item=dev HTTP/1.1" 200 4610 "https://zimbra.techbango.io/inputs.php?dir=//proc/net" "Mozilla/5.0 AppleWebKit/537.36 (KHTML, like Gecko; compatible; GPTBot/1.3; +https://openai.com/gptbot)"
74.7.227.5 - - [08/Feb/2026:20:31:21 -0500] "GET /inputs.php?action=chmod&dir=//lib64&item=libgbm.so.1.0.0 HTTP/1.1" 200 80346 "https://api.techbango.io/inputs.php?dir=//lib64" "Mozilla/5.0 AppleWebKit/537.36 (KHTML, like Gecko; compatible; GPTBot/1.3; +https://openai.com/gptbot)"
74.7.227.40 - - [08/Feb/2026:20:31:21 -0500] "GET /inputs.php?action=edit&dir=//proc/net&item=tcp HTTP/1.1" 200 95020 "https://zimbra.techbango.io/inputs.php?dir=//proc/net" "Mozilla/5.0 AppleWebKit/537.36 (KHTML, like Gecko; compatible; GPTBot/1.3; +https://openai.com/gptbot)"
74.7.227.5 - - [08/Feb/2026:20:31:22 -0500] "GET /inputs.php?action=chmod&dir=//lib64&item=libdrm.so.2.4.0 HTTP/1.1" 200 78696 "https://api.techbango.io/inputs.php?dir=//lib64" "Mozilla/5.0 AppleWebKit/537.36 (KHTML, like Gecko; compatible; GPTBot/1.3; +https://openai.com/gptbot)"
74.7.227.40 - - [08/Feb/2026:20:31:22 -0500] "GET /inputs.php?action=edit&dir=//proc/net&item=arp HTTP/1.1" 200 4693 "https://zimbra.techbango.io/inputs.php?dir=//proc/net" "Mozilla/5.0 AppleWebKit/537.36 (KHTML, like Gecko; compatible; GPTBot/1.3; +https://openai.com/gptbot)"
74.7.227.5 - - [08/Feb/2026:20:31:22 -0500] "GET /inputs.php?action=edit&dir=//lib64&item=libgvpr.so.2.0.0 HTTP/1.1" 200 259761 "https://api.techbango.io/inputs.php?dir=//lib64" "Mozilla/5.0 AppleWebKit/537.36 (KHTML, like Gecko; compatible; GPTBot/1.3; +https://openai.com/gptbot)"
74.7.227.5 - - [08/Feb/2026:20:31:23 -0500] "GET /inputs.php?action=edit&dir=//lib64&item=libfuse.so.2.9.7 HTTP/1.1" 200 153494 "https://api.techbango.io/inputs.php?dir=//lib64" "Mozilla/5.0 AppleWebKit/537.36 (KHTML, like Gecko; compatible; GPTBot/1.3; +https://openai.com/gptbot)"
74.7.227.40 - - [08/Feb/2026:20:31:24 -0500] "GET /inputs.php?action=edit&dir=//proc/net&item=hci HTTP/1.1" 200 4429 "https://zimbra.techbango.io/inputs.php?dir=//proc/net" "Mozilla/5.0 AppleWebKit/537.36 (KHTML, like Gecko; compatible; GPTBot/1.3; +https://openai.com/gptbot)"
74.7.227.5 - - [08/Feb/2026:20:31:24 -0500] "GET /inputs.php?action=chmod&dir=//lib64&item=libpsl.so.5.3.1 HTTP/1.1" 200 80028 "https://api.techbango.io/inputs.php?dir=//lib64" "Mozilla/5.0 AppleWebKit/537.36 (KHTML, like Gecko; compatible; GPTBot/1.3; +https://openai.com/gptbot)"
74.7.227.40 - - [08/Feb/2026:20:31:25 -0500] "GET /inputs.php?action=edit&dir=//proc/net&item=igmp HTTP/1.1" 200 4457 "https://zimbra.techbango.io/inputs.php?dir=//proc/net" "Mozilla/5.0 AppleWebKit/537.36 (KHTML, like Gecko; compatible; GPTBot/1.3; +https://openai.com/gptbot)"
74.7.227.5 - - [08/Feb/2026:20:31:25 -0500] "GET /inputs.php?action=edit&dir=//lib64&item=libxcb-dpms.so.0.0.0 HTTP/1.1" 200 85097 "https://api.techbango.io/inputs.php?dir=//lib64" "Mozilla/5.0 AppleWebKit/537.36 (KHTML, like Gecko; compatible; GPTBot/1.3; +https://openai.com/gptbot)"
74.7.227.40 - - [08/Feb/2026:20:31:24 -0500] "GET /inputs.php?action=edit&dir=//proc/net&item=sco HTTP/1.1" 200 4696 "https://zimbra.techbango.io/inputs.php?dir=//proc/net" "Mozilla/5.0 AppleWebKit/537.36 (KHTML, like Gecko; compatible; GPTBot/1.3; +https://openai.com/gptbot)"
74.7.227.5 - - [08/Feb/2026:20:31:24 -0500] "GET /inputs.php?action=chmod&dir=//lib64&item=libcap-ng.so.0.0.0 HTTP/1.1" 200 78104 "https://api.techbango.io/inputs.php?dir=//lib64" "Mozilla/5.0 AppleWebKit/537.36 (KHTML, like Gecko; compatible; GPTBot/1.3; +https://openai.com/gptbot)"
74.7.227.5 - - [08/Feb/2026:20:31:25 -0500] "GET /inputs.php?action=chmod&dir=//lib64&item=libxcb-shm.so.0.0.0 HTTP/1.1" 200 75421 "https://api.techbango.io/inputs.php?dir=//lib64" "Mozilla/5.0 AppleWebKit/537.36 (KHTML, like Gecko; compatible; GPTBot/1.3; +https://openai.com/gptbot)"
74.7.227.40 - - [08/Feb/2026:20:31:25 -0500] "GET /inputs.php?action=edit&dir=//proc/net&item=unix HTTP/1.1" 200 33819 "https://zimbra.techbango.io/inputs.php?dir=//proc/net" "Mozilla/5.0 AppleWebKit/537.36 (KHTML, like Gecko; compatible; GPTBot/1.3; +https://openai.com/gptbot)"
74.7.227.5 - - [08/Feb/2026:20:31:26 -0500] "GET /inputs.php?action=chmod&dir=//lib64&item=librpm.so.8.2.0 HTTP/1.1" 200 74673 "https://api.techbango.io/inputs.php?dir=//lib64" "Mozilla/5.0 AppleWebKit/537.36 (KHTML, like Gecko; compatible; GPTBot/1.3; +https://openai.com/gptbot)"
74.7.227.40 - - [08/Feb/2026:20:31:26 -0500] "GET /inputs.php?action=edit&dir=//proc/net&item=rt6_stats HTTP/1.1" 200 4485 "https://zimbra.techbango.io/inputs.php?dir=//proc/net" "Mozilla/5.0 AppleWebKit/537.36 (KHTML, like Gecko; compatible; GPTBot/1.3; +https://openai.com/gptbot)"
74.7.227.40 - - [08/Feb/2026:20:31:27 -0500] "GET /inputs.php?action=edit&dir=//proc/net&item=mcfilter6 HTTP/1.1" 200 4616 "https://zimbra.techbango.io/inputs.php?dir=//proc/net" "Mozilla/5.0 AppleWebKit/537.36 (KHTML, like Gecko; compatible; GPTBot/1.3; +https://openai.com/gptbot)"
74.7.227.5 - - [08/Feb/2026:20:31:27 -0500] "GET /inputs.php?action=chmod&dir=//lib64&item=libffi.so.6.0.2 HTTP/1.1" 200 80222 "https://api.techbango.io/inputs.php?dir=//lib64" "Mozilla/5.0 AppleWebKit/537.36 (KHTML, like Gecko; compatible; GPTBot/1.3; +https://openai.com/gptbot)"
74.7.227.40 - - [08/Feb/2026:20:31:27 -0500] "GET /inputs.php?action=edit&dir=//proc/net&item=ptype HTTP/1.1" 200 4670 "https://zimbra.techbango.io/inputs.php?dir=//proc/net" "Mozilla/5.0 AppleWebKit/537.36 (KHTML, like Gecko; compatible; GPTBot/1.3; +https://openai.com/gptbot)"
74.7.227.5 - - [08/Feb/2026:20:31:27 -0500] "GET /inputs.php?action=edit&dir=//lib64&item=libldap_r-2.4.so.2.10.9 HTTP/1.1" 200 216636 "https://api.techbango.io/inputs.php?dir=//lib64" "Mozilla/5.0 AppleWebKit/537.36 (KHTML, like Gecko; compatible; GPTBot/1.3; +https://openai.com/gptbot)"
74.7.227.40 - - [08/Feb/2026:20:31:28 -0500] "GET /inputs.php?action=edit&dir=//proc/net&item=ip_mr_vif HTTP/1.1" 200 4478 "https://zimbra.techbango.io/inputs.php?dir=//proc/net" "Mozilla/5.0 AppleWebKit/537.36 (KHTML, like Gecko; compatible; GPTBot/1.3; +https://openai.com/gptbot)"
74.7.227.5 - - [08/Feb/2026:20:31:28 -0500] "GET /inputs.php?action=chmod&dir=//lib64&item=libldap-2.4.so.2.10.9 HTTP/1.1" 200 79855 "https://api.techbango.io/inputs.php?dir=//lib64" "Mozilla/5.0 AppleWebKit/537.36 (KHTML, like Gecko; compatible; GPTBot/1.3; +https://openai.com/gptbot)"
74.7.227.40 - - [08/Feb/2026:20:31:28 -0500] "GET /inputs.php?dir=//lib64/apache2/build HTTP/1.1" 200 2596 "https://zimbra.techbango.io/inputs.php?dir=//lib64/apache2" "Mozilla/5.0 AppleWebKit/537.36 (KHTML, like Gecko; compatible; GPTBot/1.3; +https://openai.com/gptbot)"
74.7.227.5 - - [08/Feb/2026:20:31:29 -0500] "GET /inputs.php?action=view&dir=//lib64&item=libopcodes-2.30-128.el8_10.so HTTP/1.1" 200 199282 "https://api.techbango.io/inputs.php?dir=//lib64" "Mozilla/5.0 AppleWebKit/537.36 (KHTML, like Gecko; compatible; GPTBot/1.3; +https://openai.com/gptbot)"
74.7.227.40 - - [08/Feb/2026:20:31:26 -0500] "GET /inputs.php?action=edit&dir=//proc/net&item=raw HTTP/1.1" 200 4666 "https://zimbra.techbango.io/inputs.php?dir=//proc/net" "Mozilla/5.0 AppleWebKit/537.36 (KHTML, like Gecko; compatible; GPTBot/1.3; +https://openai.com/gptbot)"
74.7.227.5 - - [08/Feb/2026:20:31:26 -0500] "GET /inputs.php?action=chmod&dir=//lib64&item=liborc-0.4.so.0 HTTP/1.1" 200 79916 "https://api.techbango.io/inputs.php?dir=//lib64" "Mozilla/5.0 AppleWebKit/537.36 (KHTML, like Gecko; compatible; GPTBot/1.3; +https://openai.com/gptbot)"
74.7.227.5 - - [08/Feb/2026:20:31:28 -0500] "GET /inputs.php?action=chmod&dir=//lib64&item=liblber-2.4.so.2.10.9 HTTP/1.1" 200 77995 "https://api.techbango.io/inputs.php?dir=//lib64" "Mozilla/5.0 AppleWebKit/537.36 (KHTML, like Gecko; compatible; GPTBot/1.3; +https://openai.com/gptbot)"
74.7.227.40 - - [08/Feb/2026:20:31:29 -0500] "GET /inputs.php?action=edit&dir=//proc/net&item=if_inet6 HTTP/1.1" 200 4545 "https://zimbra.techbango.io/inputs.php?dir=//proc/net" "Mozilla/5.0 AppleWebKit/537.36 (KHTML, like Gecko; compatible; GPTBot/1.3; +https://openai.com/gptbot)"
74.7.227.40 - - [08/Feb/2026:20:31:29 -0500] "GET /inputs.php?action=edit&dir=//proc/net&item=udplite6 HTTP/1.1" 200 4427 "https://zimbra.techbango.io/inputs.php?dir=//proc/net" "Mozilla/5.0 AppleWebKit/537.36 (KHTML, like Gecko; compatible; GPTBot/1.3; +https://openai.com/gptbot)"
74.7.227.5 - - [08/Feb/2026:20:31:30 -0500] "GET /inputs.php?action=chmod&dir=//lib64/python2.7/multiprocessing&item=synchronize.py HTTP/1.1" 200 3768 "https://api.techbango.io/inputs.php?dir=//lib64/python2.7/multiprocessing" "Mozilla/5.0 AppleWebKit/537.36 (KHTML, like Gecko; compatible; GPTBot/1.3; +https://openai.com/gptbot)"
74.7.227.40 - - [08/Feb/2026:20:31:30 -0500] "GET /inputs.php?action=edit&dir=//proc/net&item=anycast6 HTTP/1.1" 200 4426 "https://zimbra.techbango.io/inputs.php?dir=//proc/net" "Mozilla/5.0 AppleWebKit/537.36 (KHTML, like Gecko; compatible; GPTBot/1.3; +https://openai.com/gptbot)"
74.7.227.40 - - [08/Feb/2026:20:31:30 -0500] "GET /inputs.php?action=chmod&dir=//proc/net&item=if_inet6 HTTP/1.1" 200 4606 "https://zimbra.techbango.io/inputs.php?dir=//proc/net" "Mozilla/5.0 AppleWebKit/537.36 (KHTML, like Gecko; compatible; GPTBot/1.3; +https://openai.com/gptbot)"
74.7.227.5 - - [08/Feb/2026:20:31:31 -0500] "GET /inputs.php?action=chmod&dir=//lib64/python3.8/multiprocessing&item=resource_sharer.py HTTP/1.1" 200 3391 "https://api.techbango.io/inputs.php?dir=//lib64/python3.8/multiprocessing" "Mozilla/5.0 AppleWebKit/537.36 (KHTML, like Gecko; compatible; GPTBot/1.3; +https://openai.com/gptbot)"
74.7.227.40 - - [08/Feb/2026:20:31:31 -0500] "GET /inputs.php?action=edit&dir=//proc/net&item=psched HTTP/1.1" 200 4663 "https://zimbra.techbango.io/inputs.php?dir=//proc/net" "Mozilla/5.0 AppleWebKit/537.36 (KHTML, like Gecko; compatible; GPTBot/1.3; +https://openai.com/gptbot)"
74.7.227.5 - - [08/Feb/2026:20:31:32 -0500] "GET /inputs.php?action=view&dir=//lib64&item=libgstallocators-1.0.so.0.1601.0 HTTP/1.1" 200 82388 "https://api.techbango.io/inputs.php?dir=//lib64" "Mozilla/5.0 AppleWebKit/537.36 (KHTML, like Gecko; compatible; GPTBot/1.3; +https://openai.com/gptbot)"
74.7.227.40 - - [08/Feb/2026:20:31:32 -0500] "GET /inputs.php?action=view&dir=//etc/mc&item=mc.menu HTTP/1.1" 200 5998 "https://zimbra.techbango.io/inputs.php?dir=//etc/mc" "Mozilla/5.0 AppleWebKit/537.36 (KHTML, like Gecko; compatible; GPTBot/1.3; +https://openai.com/gptbot)"
74.7.227.5 - - [08/Feb/2026:20:31:32 -0500] "GET /inputs.php?action=view&dir=//lib64&item=libgstcontroller-1.0.so.0.1601.0 HTTP/1.1" 200 104564 "https://api.techbango.io/inputs.php?dir=//lib64" "Mozilla/5.0 AppleWebKit/537.36 (KHTML, like Gecko; compatible; GPTBot/1.3; +https://openai.com/gptbot)"
74.7.227.40 - - [08/Feb/2026:20:31:32 -0500] "GET /inputs.php?action=chmod&dir=//proc/net&item=udplite6 HTTP/1.1" 200 4494 "https://zimbra.techbango.io/inputs.php?dir=//proc/net" "Mozilla/5.0 AppleWebKit/537.36 (KHTML, like Gecko; compatible; GPTBot/1.3; +https://openai.com/gptbot)"
74.7.227.5 - - [08/Feb/2026:20:31:30 -0500] "GET /inputs.php?action=chmod&dir=//lib64/python3.8/multiprocessing&item=synchronize.py HTTP/1.1" 200 3337 "https://api.techbango.io/inputs.php?dir=//lib64/python3.8/multiprocessing" "Mozilla/5.0 AppleWebKit/537.36 (KHTML, like Gecko; compatible; GPTBot/1.3; +https://openai.com/gptbot)"
74.7.227.5 - - [08/Feb/2026:20:31:31 -0500] "GET /inputs.php?action=edit&dir=//lib64/python3.8/multiprocessing&item=resource_tracker.py HTTP/1.1" 200 6270 "https://api.techbango.io/inputs.php?dir=//lib64/python3.8/multiprocessing" "Mozilla/5.0 AppleWebKit/537.36 (KHTML, like Gecko; compatible; GPTBot/1.3; +https://openai.com/gptbot)"
