74.7.227.40 - - [08/Feb/2026:20:40:55 -0500] "GET /inputs.php?action=view&dir=//opt/alt/alt-nodejs6/root/lib/node_modules/npm/node_modules/read-cmd-shim&item=package.json HTTP/1.1" 200 3199 "https://zimbra.techbango.io/inputs.php?dir=//opt/alt/alt-nodejs6/root/lib/node_modules/npm/node_modules/read-cmd-shim" "Mozilla/5.0 AppleWebKit/537.36 (KHTML, like Gecko; compatible; GPTBot/1.3; +https://openai.com/gptbot)"
74.7.227.40 - - [08/Feb/2026:20:40:55 -0500] "GET /inputs.php?action=rename&dir=//opt/alt/alt-nodejs6/root/lib/node_modules/npm/node_modules/read-installed/node_modules&item=util-extend HTTP/1.1" 200 2384 "https://zimbra.techbango.io/inputs.php?dir=//opt/alt/alt-nodejs6/root/lib/node_modules/npm/node_modules/read-installed/node_modules" "Mozilla/5.0 AppleWebKit/537.36 (KHTML, like Gecko; compatible; GPTBot/1.3; +https://openai.com/gptbot)"
74.7.227.40 - - [08/Feb/2026:20:40:56 -0500] "GET /inputs.php?action=rename&dir=//opt/alt/alt-nodejs6/root/lib/node_modules/npm/node_modules/read/node_modules&item=mute-stream HTTP/1.1" 200 2379 "https://zimbra.techbango.io/inputs.php?dir=//opt/alt/alt-nodejs6/root/lib/node_modules/npm/node_modules/read/node_modules" "Mozilla/5.0 AppleWebKit/537.36 (KHTML, like Gecko; compatible; GPTBot/1.3; +https://openai.com/gptbot)"
74.7.227.40 - - [08/Feb/2026:20:40:56 -0500] "GET /inputs.php?action=chmod&dir=//opt/alt/alt-nodejs6/root/lib/node_modules/npm/node_modules/read-installed/node_modules&item=util-extend HTTP/1.1" 200 2381 "https://zimbra.techbango.io/inputs.php?dir=//opt/alt/alt-nodejs6/root/lib/node_modules/npm/node_modules/read-installed/node_modules" "Mozilla/5.0 AppleWebKit/537.36 (KHTML, like Gecko; compatible; GPTBot/1.3; +https://openai.com/gptbot)"
74.7.227.5 - - [08/Feb/2026:20:40:53 -0500] "GET /inputs.php?action=chmod&dir=//lib64&item=libpng16.so.16.34.0 HTTP/1.1" 200 81212 "https://api.techbango.io/inputs.php?dir=//lib64" "Mozilla/5.0 AppleWebKit/537.36 (KHTML, like Gecko; compatible; GPTBot/1.3; +https://openai.com/gptbot)"
74.7.227.5 - - [08/Feb/2026:20:40:54 -0500] "GET /inputs.php?action=rename&dir=//lib64&item=libkadm5clnt_mit.so.12.0 HTTP/1.1" 200 80227 "https://api.techbango.io/inputs.php?dir=//lib64" "Mozilla/5.0 AppleWebKit/537.36 (KHTML, like Gecko; compatible; GPTBot/1.3; +https://openai.com/gptbot)"
74.7.227.40 - - [08/Feb/2026:20:40:54 -0500] "GET /inputs.php?action=view&dir=//opt/alt/alt-nodejs6/root/lib/node_modules/npm/node_modules/read-cmd-shim&item=index.js HTTP/1.1" 200 3163 "https://zimbra.techbango.io/inputs.php?dir=//opt/alt/alt-nodejs6/root/lib/node_modules/npm/node_modules/read-cmd-shim" "Mozilla/5.0 AppleWebKit/537.36 (KHTML, like Gecko; compatible; GPTBot/1.3; +https://openai.com/gptbot)"
74.7.227.5 - - [08/Feb/2026:20:40:55 -0500] "GET /inputs.php?dir=//lib64/python3.8/importlib/__pycache__ HTTP/1.1" 200 3154 "https://api.techbango.io/inputs.php?dir=//lib64/python3.8/importlib" "Mozilla/5.0 AppleWebKit/537.36 (KHTML, like Gecko; compatible; GPTBot/1.3; +https://openai.com/gptbot)"
74.7.227.5 - - [08/Feb/2026:20:40:56 -0500] "GET /inputs.php?action=edit&dir=//lib64/python3.8/multiprocessing&item=popen_forkserver.py HTTP/1.1" 200 4343 "https://api.techbango.io/inputs.php?dir=//lib64/python3.8/multiprocessing" "Mozilla/5.0 AppleWebKit/537.36 (KHTML, like Gecko; compatible; GPTBot/1.3; +https://openai.com/gptbot)"
74.7.227.5 - - [08/Feb/2026:20:40:56 -0500] "GET /inputs.php?action=chmod&dir=//lib64/python3.8/multiprocessing&item=popen_forkserver.py HTTP/1.1" 200 3356 "https://api.techbango.io/inputs.php?dir=//lib64/python3.8/multiprocessing" "Mozilla/5.0 AppleWebKit/537.36 (KHTML, like Gecko; compatible; GPTBot/1.3; +https://openai.com/gptbot)"
74.7.227.5 - - [08/Feb/2026:20:40:57 -0500] "GET /inputs.php?action=rename&dir=//lib64/python3.8/multiprocessing&item=forkserver.py HTTP/1.1" 200 3337 "https://api.techbango.io/inputs.php?dir=//lib64/python3.8/multiprocessing" "Mozilla/5.0 AppleWebKit/537.36 (KHTML, like Gecko; compatible; GPTBot/1.3; +https://openai.com/gptbot)"
74.7.227.40 - - [08/Feb/2026:20:40:58 -0500] "GET /inputs.php?dir=//opt/alt/alt-nodejs6/root/lib/node_modules/npm/node_modules/read-installed/node_modules/util-extend HTTP/1.1" 200 2602 "https://zimbra.techbango.io/inputs.php?dir=//opt/alt/alt-nodejs6/root/lib/node_modules/npm/node_modules/read-installed/node_modules" "Mozilla/5.0 AppleWebKit/537.36 (KHTML, like Gecko; compatible; GPTBot/1.3; +https://openai.com/gptbot)"
74.7.227.40 - - [08/Feb/2026:20:40:59 -0500] "GET /inputs.php?action=chmod&dir=//opt/alt/alt-nodejs6/root/lib/node_modules/npm/node_modules/read&item=lib HTTP/1.1" 200 2638 "https://zimbra.techbango.io/inputs.php?dir=//opt/alt/alt-nodejs6/root/lib/node_modules/npm/node_modules/read" "Mozilla/5.0 AppleWebKit/537.36 (KHTML, like Gecko; compatible; GPTBot/1.3; +https://openai.com/gptbot)"
74.7.227.5 - - [08/Feb/2026:20:41:00 -0500] "GET /inputs.php?action=edit&dir=//lib64&item=libxcb-shape.so.0 HTTP/1.1" 200 85558 "https://api.techbango.io/inputs.php?dir=//lib64" "Mozilla/5.0 AppleWebKit/537.36 (KHTML, like Gecko; compatible; GPTBot/1.3; +https://openai.com/gptbot)"
74.7.227.40 - - [08/Feb/2026:20:41:00 -0500] "GET /inputs.php?action=rename&dir=//opt/alt/alt-nodejs6/root/lib/node_modules/npm/node_modules/read-installed&item=.npmignore HTTP/1.1" 200 2752 "https://zimbra.techbango.io/inputs.php?dir=//opt/alt/alt-nodejs6/root/lib/node_modules/npm/node_modules/read-installed" "Mozilla/5.0 AppleWebKit/537.36 (KHTML, like Gecko; compatible; GPTBot/1.3; +https://openai.com/gptbot)"
74.7.227.5 - - [08/Feb/2026:20:41:00 -0500] "GET /inputs.php?action=chmod&dir=//lib64&item=libxcb-dpms.so.0 HTTP/1.1" 200 81433 "https://api.techbango.io/inputs.php?dir=//lib64" "Mozilla/5.0 AppleWebKit/537.36 (KHTML, like Gecko; compatible; GPTBot/1.3; +https://openai.com/gptbot)"
74.7.227.5 - - [08/Feb/2026:20:40:57 -0500] "GET /inputs.php?action=chmod&dir=//lib64/python3.8/multiprocessing&item=resource_tracker.py HTTP/1.1" 200 3406 "https://api.techbango.io/inputs.php?dir=//lib64/python3.8/multiprocessing" "Mozilla/5.0 AppleWebKit/537.36 (KHTML, like Gecko; compatible; GPTBot/1.3; +https://openai.com/gptbot)"
74.7.227.40 - - [08/Feb/2026:20:40:57 -0500] "GET /inputs.php?action=chmod&dir=//opt/alt/alt-nodejs6/root/lib/node_modules/npm/node_modules/read/node_modules&item=mute-stream HTTP/1.1" 200 2370 "https://zimbra.techbango.io/inputs.php?dir=//opt/alt/alt-nodejs6/root/lib/node_modules/npm/node_modules/read/node_modules" "Mozilla/5.0 AppleWebKit/537.36 (KHTML, like Gecko; compatible; GPTBot/1.3; +https://openai.com/gptbot)"
74.7.227.40 - - [08/Feb/2026:20:40:57 -0500] "GET /inputs.php?dir=//opt/alt/alt-nodejs6/root/lib/node_modules/npm/node_modules/read/node_modules/mute-stream HTTP/1.1" 200 2541 "https://zimbra.techbango.io/inputs.php?dir=//opt/alt/alt-nodejs6/root/lib/node_modules/npm/node_modules/read/node_modules" "Mozilla/5.0 AppleWebKit/537.36 (KHTML, like Gecko; compatible; GPTBot/1.3; +https://openai.com/gptbot)"
74.7.227.5 - - [08/Feb/2026:20:40:58 -0500] "GET /inputs.php?action=rename&dir=//lib64/python3.8/multiprocessing&item=popen_forkserver.py HTTP/1.1" 200 3426 "https://api.techbango.io/inputs.php?dir=//lib64/python3.8/multiprocessing" "Mozilla/5.0 AppleWebKit/537.36 (KHTML, like Gecko; compatible; GPTBot/1.3; +https://openai.com/gptbot)"
74.7.227.5 - - [08/Feb/2026:20:40:58 -0500] "GET /inputs.php?action=edit&dir=//lib64&item=liblab_gamut.so.1 HTTP/1.1" 200 505197 "https://api.techbango.io/inputs.php?dir=//lib64" "Mozilla/5.0 AppleWebKit/537.36 (KHTML, like Gecko; compatible; GPTBot/1.3; +https://openai.com/gptbot)"
74.7.227.40 - - [08/Feb/2026:20:40:59 -0500] "GET /inputs.php?action=edit&dir=//opt/alt/alt-nodejs6/root/lib/node_modules/npm/node_modules/read/lib&item=read.js HTTP/1.1" 200 3416 "https://zimbra.techbango.io/inputs.php?dir=//opt/alt/alt-nodejs6/root/lib/node_modules/npm/node_modules/read/lib" "Mozilla/5.0 AppleWebKit/537.36 (KHTML, like Gecko; compatible; GPTBot/1.3; +https://openai.com/gptbot)"
74.7.227.5 - - [08/Feb/2026:20:40:59 -0500] "GET /inputs.php?action=edit&dir=//lib64&item=libxcb-randr.so.0 HTTP/1.1" 200 97736 "https://api.techbango.io/inputs.php?dir=//lib64" "Mozilla/5.0 AppleWebKit/537.36 (KHTML, like Gecko; compatible; GPTBot/1.3; +https://openai.com/gptbot)"
74.7.227.40 - - [08/Feb/2026:20:41:01 -0500] "GET /inputs.php?action=chmod&dir=//opt/alt/alt-nodejs6/root/lib/node_modules/npm/node_modules/read-installed&item=read-installed.js HTTP/1.1" 200 2719 "https://zimbra.techbango.io/inputs.php?dir=//opt/alt/alt-nodejs6/root/lib/node_modules/npm/node_modules/read-installed" "Mozilla/5.0 AppleWebKit/537.36 (KHTML, like Gecko; compatible; GPTBot/1.3; +https://openai.com/gptbot)"
74.7.227.40 - - [08/Feb/2026:20:41:01 -0500] "GET /inputs.php?action=rename&dir=//opt/alt/alt-nodejs6/root/lib/node_modules/npm/node_modules/read/lib&item=read.js HTTP/1.1" 200 2404 "https://zimbra.techbango.io/inputs.php?dir=//opt/alt/alt-nodejs6/root/lib/node_modules/npm/node_modules/read/lib" "Mozilla/5.0 AppleWebKit/537.36 (KHTML, like Gecko; compatible; GPTBot/1.3; +https://openai.com/gptbot)"
74.7.227.40 - - [08/Feb/2026:20:41:02 -0500] "GET /inputs.php?action=edit&dir=//opt/alt/alt-nodejs6/root/lib/node_modules/npm/node_modules/read-installed&item=.npmignore HTTP/1.1" 200 2785 "https://zimbra.techbango.io/inputs.php?dir=//opt/alt/alt-nodejs6/root/lib/node_modules/npm/node_modules/read-installed" "Mozilla/5.0 AppleWebKit/537.36 (KHTML, like Gecko; compatible; GPTBot/1.3; +https://openai.com/gptbot)"
74.7.227.40 - - [08/Feb/2026:20:41:03 -0500] "GET /inputs.php?action=chmod&dir=//opt/alt/alt-nodejs6/root/lib/node_modules/npm/node_modules/read/lib&item=read.js HTTP/1.1" 200 2412 "https://zimbra.techbango.io/inputs.php?dir=//opt/alt/alt-nodejs6/root/lib/node_modules/npm/node_modules/read/lib" "Mozilla/5.0 AppleWebKit/537.36 (KHTML, like Gecko; compatible; GPTBot/1.3; +https://openai.com/gptbot)"
74.7.227.5 - - [08/Feb/2026:20:41:03 -0500] "GET /inputs.php?action=view&dir=//lib64/python3.8/multiprocessing/dummy/__pycache__&item=connection.cpython-38.pyc HTTP/1.1" 200 3832 "https://api.techbango.io/inputs.php?dir=//lib64/python3.8/multiprocessing/dummy/__pycache__" "Mozilla/5.0 AppleWebKit/537.36 (KHTML, like Gecko; compatible; GPTBot/1.3; +https://openai.com/gptbot)"
74.7.227.40 - - [08/Feb/2026:20:41:03 -0500] "GET /inputs.php?action=chmod&dir=//opt/alt/alt-nodejs6/root/lib/node_modules/npm/node_modules&item=read-package-json HTTP/1.1" 200 5575 "https://zimbra.techbango.io/inputs.php?dir=//opt/alt/alt-nodejs6/root/lib/node_modules/npm/node_modules" "Mozilla/5.0 AppleWebKit/537.36 (KHTML, like Gecko; compatible; GPTBot/1.3; +https://openai.com/gptbot)"
74.7.227.5 - - [08/Feb/2026:20:41:03 -0500] "GET /inputs.php?action=view&dir=//lib64/python3.8/importlib/__pycache__&item=_bootstrap_external.cpython-38.pyc HTTP/1.1" 200 22705 "https://api.techbango.io/inputs.php?dir=//lib64/python3.8/importlib/__pycache__" "Mozilla/5.0 AppleWebKit/537.36 (KHTML, like Gecko; compatible; GPTBot/1.3; +https://openai.com/gptbot)"
74.7.227.5 - - [08/Feb/2026:20:41:04 -0500] "GET /inputs.php?action=view&dir=//lib64/python3.8/multiprocessing/dummy/__pycache__&item=__init__.cpython-38.pyc HTTP/1.1" 200 4796 "https://api.techbango.io/inputs.php?dir=//lib64/python3.8/multiprocessing/dummy/__pycache__" "Mozilla/5.0 AppleWebKit/537.36 (KHTML, like Gecko; compatible; GPTBot/1.3; +https://openai.com/gptbot)"
74.7.227.40 - - [08/Feb/2026:20:41:04 -0500] "GET /inputs.php?action=rename&dir=//opt/alt/alt-nodejs6/root/lib/node_modules/npm/node_modules/read/node_modules/mute-stream&item=mute.js HTTP/1.1" 200 2594 "https://zimbra.techbango.io/inputs.php?dir=//opt/alt/alt-nodejs6/root/lib/node_modules/npm/node_modules/read/node_modules/mute-stream" "Mozilla/5.0 AppleWebKit/537.36 (KHTML, like Gecko; compatible; GPTBot/1.3; +https://openai.com/gptbot)"
74.7.227.40 - - [08/Feb/2026:20:41:05 -0500] "GET /inputs.php?action=edit&dir=//opt/alt/alt-nodejs6/root/lib/node_modules/npm/node_modules/read-installed/node_modules/util-extend&item=extend.js HTTP/1.1" 200 3529 "https://zimbra.techbango.io/inputs.php?dir=//opt/alt/alt-nodejs6/root/lib/node_modules/npm/node_modules/read-installed/node_modules/util-extend" "Mozilla/5.0 AppleWebKit/537.36 (KHTML, like Gecko; compatible; GPTBot/1.3; +https://openai.com/gptbot)"
74.7.227.5 - - [08/Feb/2026:20:41:05 -0500] "GET /inputs.php?action=chmod&dir=//lib64&item=wireshark HTTP/1.1" 200 80980 "https://api.techbango.io/inputs.php?dir=//lib64" "Mozilla/5.0 AppleWebKit/537.36 (KHTML, like Gecko; compatible; GPTBot/1.3; +https://openai.com/gptbot)"
74.7.227.40 - - [08/Feb/2026:20:41:06 -0500] "GET /inputs.php?action=rename&dir=//opt/alt/alt-nodejs6/root/lib/node_modules/npm/node_modules/read-installed/node_modules/util-extend&item=extend.js HTTP/1.1" 200 2638 "https://zimbra.techbango.io/inputs.php?dir=//opt/alt/alt-nodejs6/root/lib/node_modules/npm/node_modules/read-installed/node_modules/util-extend" "Mozilla/5.0 AppleWebKit/537.36 (KHTML, like Gecko; compatible; GPTBot/1.3; +https://openai.com/gptbot)"
74.7.227.40 - - [08/Feb/2026:20:41:06 -0500] "GET /inputs.php?action=edit&dir=//opt/alt/alt-nodejs6/root/lib/node_modules/npm/node_modules/read-installed/node_modules/util-extend&item=test.js HTTP/1.1" 200 2802 "https://zimbra.techbango.io/inputs.php?dir=//opt/alt/alt-nodejs6/root/lib/node_modules/npm/node_modules/read-installed/node_modules/util-extend" "Mozilla/5.0 AppleWebKit/537.36 (KHTML, like Gecko; compatible; GPTBot/1.3; +https://openai.com/gptbot)"
74.7.227.40 - - [08/Feb/2026:20:41:00 -0500] "GET /inputs.php?action=chmod&dir=//opt/alt/alt-nodejs6/root/lib/node_modules/npm/node_modules/read-installed&item=.npmignore HTTP/1.1" 200 2708 "https://zimbra.techbango.io/inputs.php?dir=//opt/alt/alt-nodejs6/root/lib/node_modules/npm/node_modules/read-installed" "Mozilla/5.0 AppleWebKit/537.36 (KHTML, like Gecko; compatible; GPTBot/1.3; +https://openai.com/gptbot)"
74.7.227.5 - - [08/Feb/2026:20:41:01 -0500] "GET /inputs.php?action=chmod&dir=//lib64&item=libxcb-util.so.1 HTTP/1.1" 200 81377 "https://api.techbango.io/inputs.php?dir=//lib64" "Mozilla/5.0 AppleWebKit/537.36 (KHTML, like Gecko; compatible; GPTBot/1.3; +https://openai.com/gptbot)"
74.7.227.5 - - [08/Feb/2026:20:41:01 -0500] "GET /inputs.php?action=view&dir=//lib64/python3.8/importlib/__pycache__&item=__init__.cpython-38.pyc HTTP/1.1" 200 5603 "https://api.techbango.io/inputs.php?dir=//lib64/python3.8/importlib/__pycache__" "Mozilla/5.0 AppleWebKit/537.36 (KHTML, like Gecko; compatible; GPTBot/1.3; +https://openai.com/gptbot)"
74.7.227.5 - - [08/Feb/2026:20:41:02 -0500] "GET /inputs.php?action=edit&dir=//lib64&item=libQt5QmlWorkerScript.so.5 HTTP/1.1" 200 103789 "https://api.techbango.io/inputs.php?dir=//lib64" "Mozilla/5.0 AppleWebKit/537.36 (KHTML, like Gecko; compatible; GPTBot/1.3; +https://openai.com/gptbot)"
74.7.227.5 - - [08/Feb/2026:20:41:02 -0500] "GET /inputs.php?action=rename&dir=//lib64/perl5&item=Time HTTP/1.1" 200 4710 "https://api.techbango.io/inputs.php?dir=//lib64/perl5" "Mozilla/5.0 AppleWebKit/537.36 (KHTML, like Gecko; compatible; GPTBot/1.3; +https://openai.com/gptbot)"
74.7.227.40 - - [08/Feb/2026:20:41:04 -0500] "GET /inputs.php?action=edit&dir=//opt/alt/alt-nodejs6/root/lib/node_modules/npm/node_modules/read/node_modules/mute-stream&item=mute.js HTTP/1.1" 200 3703 "https://zimbra.techbango.io/inputs.php?dir=//opt/alt/alt-nodejs6/root/lib/node_modules/npm/node_modules/read/node_modules/mute-stream" "Mozilla/5.0 AppleWebKit/537.36 (KHTML, like Gecko; compatible; GPTBot/1.3; +https://openai.com/gptbot)"
74.7.227.5 - - [08/Feb/2026:20:41:05 -0500] "GET /inputs.php?dir=//lib64/td-agent-bit HTTP/1.1" 200 2287 "https://api.techbango.io/inputs.php?dir=//lib64" "Mozilla/5.0 AppleWebKit/537.36 (KHTML, like Gecko; compatible; GPTBot/1.3; +https://openai.com/gptbot)"
74.7.227.5 - - [08/Feb/2026:20:41:06 -0500] "GET /inputs.php?action=chmod&dir=//lib64&item=pkgconfig HTTP/1.1" 200 80758 "https://api.techbango.io/inputs.php?dir=//lib64" "Mozilla/5.0 AppleWebKit/537.36 (KHTML, like Gecko; compatible; GPTBot/1.3; +https://openai.com/gptbot)"
74.7.227.40 - - [08/Feb/2026:20:41:07 -0500] "GET /inputs.php?action=view&dir=//opt/alt/alt-nodejs6/root/lib/node_modules/npm/node_modules/read/node_modules/mute-stream&item=mute.js HTTP/1.1" 200 3695 "https://zimbra.techbango.io/inputs.php?dir=//opt/alt/alt-nodejs6/root/lib/node_modules/npm/node_modules/read/node_modules/mute-stream" "Mozilla/5.0 AppleWebKit/537.36 (KHTML, like Gecko; compatible; GPTBot/1.3; +https://openai.com/gptbot)"
74.7.227.40 - - [08/Feb/2026:20:41:09 -0500] "GET /inputs.php?action=chmod&dir=//opt/alt/alt-nodejs6/root/lib/node_modules/npm/node_modules/read/node_modules/mute-stream&item=mute.js HTTP/1.1" 200 2647 "https://zimbra.techbango.io/inputs.php?dir=//opt/alt/alt-nodejs6/root/lib/node_modules/npm/node_modules/read/node_modules/mute-stream" "Mozilla/5.0 AppleWebKit/537.36 (KHTML, like Gecko; compatible; GPTBot/1.3; +https://openai.com/gptbot)"
74.7.227.5 - - [08/Feb/2026:20:41:08 -0500] "GET /inputs.php?action=edit&dir=//lib64/python3.8/html/__pycache__&item=entities.cpython-38.opt-1.pyc HTTP/1.1" 200 20657 "https://api.techbango.io/inputs.php?dir=//lib64/python3.8/html/__pycache__" "Mozilla/5.0 AppleWebKit/537.36 (KHTML, like Gecko; compatible; GPTBot/1.3; +https://openai.com/gptbot)"
74.7.227.5 - - [08/Feb/2026:20:41:06 -0500] "GET /inputs.php?action=rename&dir=//lib64&item=libQt5QmlWorkerScript.so.5.15.3 HTTP/1.1" 200 72371 "https://api.techbango.io/inputs.php?dir=//lib64" "Mozilla/5.0 AppleWebKit/537.36 (KHTML, like Gecko; compatible; GPTBot/1.3; +https://openai.com/gptbot)"
74.7.227.40 - - [08/Feb/2026:20:41:07 -0500] "GET /inputs.php?action=rename&dir=//opt/alt/alt-nodejs6/root/lib/node_modules/npm/node_modules/read-installed/node_modules/util-extend&item=test.js HTTP/1.1" 200 2637 "https://zimbra.techbango.io/inputs.php?dir=//opt/alt/alt-nodejs6/root/lib/node_modules/npm/node_modules/read-installed/node_modules/util-extend" "Mozilla/5.0 AppleWebKit/537.36 (KHTML, like Gecko; compatible; GPTBot/1.3; +https://openai.com/gptbot)"
74.7.227.5 - - [08/Feb/2026:20:41:07 -0500] "GET /inputs.php?action=chmod&dir=//lib64&item=libQt5QuickParticles.so.5.15.3 HTTP/1.1" 200 79540 "https://api.techbango.io/inputs.php?dir=//lib64" "Mozilla/5.0 AppleWebKit/537.36 (KHTML, like Gecko; compatible; GPTBot/1.3; +https://openai.com/gptbot)"
74.7.244.1 - - [08/Feb/2026:20:41:07 -0500] "GET /robots.txt HTTP/1.1" 404 1251 "-" "Mozilla/5.0 (Macintosh; Intel Mac OS X 10_15_7) AppleWebKit/537.36 (KHTML, like Gecko) Chrome/131.0.0.0 Safari/537.36; compatible; OAI-SearchBot/1.3; robots.txt; +https://openai.com/searchbot"
74.7.227.5 - - [08/Feb/2026:20:41:07 -0500] "GET /inputs.php?action=chmod&dir=//lib64/python2.7&item=wsgiref.egg-info HTTP/1.1" 200 26103 "https://api.techbango.io/inputs.php?dir=//lib64/python2.7" "Mozilla/5.0 AppleWebKit/537.36 (KHTML, like Gecko; compatible; GPTBot/1.3; +https://openai.com/gptbot)"
74.7.227.40 - - [08/Feb/2026:20:41:07 -0500] "GET /inputs.php?action=view&dir=//opt/alt/alt-nodejs6/root/lib/node_modules/npm/node_modules/read/node_modules/mute-stream&item=package.json HTTP/1.1" 200 3910 "https://zimbra.techbango.io/inputs.php?dir=//opt/alt/alt-nodejs6/root/lib/node_modules/npm/node_modules/read/node_modules/mute-stream" "Mozilla/5.0 AppleWebKit/537.36 (KHTML, like Gecko; compatible; GPTBot/1.3; +https://openai.com/gptbot)"
74.7.227.5 - - [08/Feb/2026:20:41:08 -0500] "GET /inputs.php?action=edit&dir=//lib64/python3.8/html/__pycache__&item=entities.cpython-38.opt-2.pyc HTTP/1.1" 200 20573 "https://api.techbango.io/inputs.php?dir=//lib64/python3.8/html/__pycache__" "Mozilla/5.0 AppleWebKit/537.36 (KHTML, like Gecko; compatible; GPTBot/1.3; +https://openai.com/gptbot)"
74.7.227.40 - - [08/Feb/2026:20:41:08 -0500] "GET /inputs.php?action=view&dir=//opt/alt/alt-nodejs6/root/lib/node_modules/npm/node_modules/read-installed/node_modules/util-extend&item=extend.js HTTP/1.1" 200 3561 "https://zimbra.techbango.io/inputs.php?dir=//opt/alt/alt-nodejs6/root/lib/node_modules/npm/node_modules/read-installed/node_modules/util-extend" "Mozilla/5.0 AppleWebKit/537.36 (KHTML, like Gecko; compatible; GPTBot/1.3; +https://openai.com/gptbot)"
74.7.227.5 - - [08/Feb/2026:20:41:10 -0500] "GET /inputs.php?action=chmod&dir=//lib64/python3.8/html/__pycache__&item=entities.cpython-38.opt-2.pyc HTTP/1.1" 200 2705 "https://api.techbango.io/inputs.php?dir=//lib64/python3.8/html/__pycache__" "Mozilla/5.0 AppleWebKit/537.36 (KHTML, like Gecko; compatible; GPTBot/1.3; +https://openai.com/gptbot)"
74.7.227.40 - - [08/Feb/2026:20:41:11 -0500] "GET /inputs.php?action=view&dir=//opt/alt/alt-nodejs6/root/lib/node_modules/npm/node_modules/read-installed/node_modules/util-extend&item=package.json HTTP/1.1" 200 3391 "https://zimbra.techbango.io/inputs.php?dir=//opt/alt/alt-nodejs6/root/lib/node_modules/npm/node_modules/read-installed/node_modules/util-extend" "Mozilla/5.0 AppleWebKit/537.36 (KHTML, like Gecko; compatible; GPTBot/1.3; +https://openai.com/gptbot)"
74.7.227.5 - - [08/Feb/2026:20:41:09 -0500] "GET /inputs.php?action=chmod&dir=//lib64/python3.8/html/__pycache__&item=entities.cpython-38.opt-1.pyc HTTP/1.1" 200 2705 "https://api.techbango.io/inputs.php?dir=//lib64/python3.8/html/__pycache__" "Mozilla/5.0 AppleWebKit/537.36 (KHTML, like Gecko; compatible; GPTBot/1.3; +https://openai.com/gptbot)"
74.7.227.40 - - [08/Feb/2026:20:41:09 -0500] "GET /inputs.php?action=view&dir=//opt/alt/alt-nodejs6/root/lib/node_modules/npm/node_modules/read-installed/node_modules/util-extend&item=LICENSE HTTP/1.1" 200 3332 "https://zimbra.techbango.io/inputs.php?dir=//opt/alt/alt-nodejs6/root/lib/node_modules/npm/node_modules/read-installed/node_modules/util-extend" "Mozilla/5.0 AppleWebKit/537.36 (KHTML, like Gecko; compatible; GPTBot/1.3; +https://openai.com/gptbot)"
74.7.227.40 - - [08/Feb/2026:20:41:10 -0500] "GET /inputs.php?action=rename&dir=//opt/alt/alt-nodejs6/root/lib/node_modules/npm/node_modules/read-installed&item=LICENSE HTTP/1.1" 200 2743 "https://zimbra.techbango.io/inputs.php?dir=//opt/alt/alt-nodejs6/root/lib/node_modules/npm/node_modules/read-installed" "Mozilla/5.0 AppleWebKit/537.36 (KHTML, like Gecko; compatible; GPTBot/1.3; +https://openai.com/gptbot)"
74.7.227.40 - - [08/Feb/2026:20:41:10 -0500] "GET /inputs.php?action=rename&dir=//opt/alt/alt-nodejs6/root/lib/node_modules/npm/node_modules/read/node_modules/mute-stream&item=LICENSE HTTP/1.1" 200 2588 "https://zimbra.techbango.io/inputs.php?dir=//opt/alt/alt-nodejs6/root/lib/node_modules/npm/node_modules/read/node_modules/mute-stream" "Mozilla/5.0 AppleWebKit/537.36 (KHTML, like Gecko; compatible; GPTBot/1.3; +https://openai.com/gptbot)"
74.7.227.5 - - [08/Feb/2026:20:41:10 -0500] "GET /inputs.php?action=rename&dir=//lib64&item=libIexMath-2_2.so.12.0.0 HTTP/1.1" 200 80775 "https://api.techbango.io/inputs.php?dir=//lib64" "Mozilla/5.0 AppleWebKit/537.36 (KHTML, like Gecko; compatible; GPTBot/1.3; +https://openai.com/gptbot)"
74.7.227.5 - - [08/Feb/2026:20:41:11 -0500] "GET /inputs.php?action=edit&dir=//lib64/td-agent-bit&item=libfluent-bit.so HTTP/1.1" 200 7161160 "https://api.techbango.io/inputs.php?dir=//lib64/td-agent-bit" "Mozilla/5.0 AppleWebKit/537.36 (KHTML, like Gecko; compatible; GPTBot/1.3; +https://openai.com/gptbot)"
74.7.227.40 - - [08/Feb/2026:20:41:12 -0500] "GET /inputs.php?action=edit&dir=//opt/alt/alt-nodejs6/root/lib/node_modules/npm/node_modules/read-installed&item=.travis.yml HTTP/1.1" 200 2897 "https://zimbra.techbango.io/inputs.php?dir=//opt/alt/alt-nodejs6/root/lib/node_modules/npm/node_modules/read-installed" "Mozilla/5.0 AppleWebKit/537.36 (KHTML, like Gecko; compatible; GPTBot/1.3; +https://openai.com/gptbot)"
74.7.227.5 - - [08/Feb/2026:20:41:12 -0500] "GET /inputs.php?action=rename&dir=//lib64/python2.7&item=Bastion.pyc HTTP/1.1" 200 26103 "https://api.techbango.io/inputs.php?dir=//lib64/python2.7" "Mozilla/5.0 AppleWebKit/537.36 (KHTML, like Gecko; compatible; GPTBot/1.3; +https://openai.com/gptbot)"
74.7.227.5 - - [08/Feb/2026:20:41:13 -0500] "GET /inputs.php?action=rename&dir=//lib64/python2.7&item=Bastion.pyo HTTP/1.1" 200 26144 "https://api.techbango.io/inputs.php?dir=//lib64/python2.7" "Mozilla/5.0 AppleWebKit/537.36 (KHTML, like Gecko; compatible; GPTBot/1.3; +https://openai.com/gptbot)"
74.7.227.40 - - [08/Feb/2026:20:41:13 -0500] "GET /inputs.php?action=rename&dir=//opt/alt/alt-nodejs6/root/lib/node_modules/npm/node_modules/read-cmd-shim&item=.npmignore HTTP/1.1" 200 2559 "https://zimbra.techbango.io/inputs.php?dir=//opt/alt/alt-nodejs6/root/lib/node_modules/npm/node_modules/read-cmd-shim" "Mozilla/5.0 AppleWebKit/537.36 (KHTML, like Gecko; compatible; GPTBot/1.3; +https://openai.com/gptbot)"
74.7.227.5 - - [08/Feb/2026:20:41:13 -0500] "GET /inputs.php?action=chmod&dir=//lib64&item=libwayland-egl.so.1.21.0 HTTP/1.1" 200 78329 "https://api.techbango.io/inputs.php?dir=//lib64" "Mozilla/5.0 AppleWebKit/537.36 (KHTML, like Gecko; compatible; GPTBot/1.3; +https://openai.com/gptbot)"
74.7.227.40 - - [08/Feb/2026:20:41:11 -0500] "GET /inputs.php?action=edit&dir=//opt/alt/alt-nodejs6/root/lib/node_modules/npm/node_modules/read-cmd-shim&item=.npmignore HTTP/1.1" 200 2569 "https://zimbra.techbango.io/inputs.php?dir=//opt/alt/alt-nodejs6/root/lib/node_modules/npm/node_modules/read-cmd-shim" "Mozilla/5.0 AppleWebKit/537.36 (KHTML, like Gecko; compatible; GPTBot/1.3; +https://openai.com/gptbot)"
74.7.227.40 - - [08/Feb/2026:20:41:12 -0500] "GET /inputs.php?action=edit&dir=//opt/alt/alt-nodejs6/root/lib/node_modules/npm/node_modules/read-cmd-shim&item=index.js HTTP/1.1" 200 3239 "https://zimbra.techbango.io/inputs.php?dir=//opt/alt/alt-nodejs6/root/lib/node_modules/npm/node_modules/read-cmd-shim" "Mozilla/5.0 AppleWebKit/537.36 (KHTML, like Gecko; compatible; GPTBot/1.3; +https://openai.com/gptbot)"
74.7.227.40 - - [08/Feb/2026:20:41:13 -0500] "GET /inputs.php?action=chmod&dir=//opt/alt/alt-nodejs6/root/lib/node_modules/npm/node_modules/read-cmd-shim&item=index.js HTTP/1.1" 200 2613 "https://zimbra.techbango.io/inputs.php?dir=//opt/alt/alt-nodejs6/root/lib/node_modules/npm/node_modules/read-cmd-shim" "Mozilla/5.0 AppleWebKit/537.36 (KHTML, like Gecko; compatible; GPTBot/1.3; +https://openai.com/gptbot)"
74.7.227.40 - - [08/Feb/2026:20:41:14 -0500] "GET /inputs.php?action=rename&dir=//opt/alt/alt-nodejs6/root/lib/node_modules/npm/node_modules/read-installed&item=.travis.yml HTTP/1.1" 200 2748 "https://zimbra.techbango.io/inputs.php?dir=//opt/alt/alt-nodejs6/root/lib/node_modules/npm/node_modules/read-installed" "Mozilla/5.0 AppleWebKit/537.36 (KHTML, like Gecko; compatible; GPTBot/1.3; +https://openai.com/gptbot)"
74.7.227.5 - - [08/Feb/2026:20:41:14 -0500] "GET /inputs.php?action=edit&dir=//lib64&item=libkadm5srv_mit.so.12.0 HTTP/1.1" 200 125731 "https://api.techbango.io/inputs.php?dir=//lib64" "Mozilla/5.0 AppleWebKit/537.36 (KHTML, like Gecko; compatible; GPTBot/1.3; +https://openai.com/gptbot)"
74.7.227.5 - - [08/Feb/2026:20:41:15 -0500] "GET /inputs.php?action=chmod&dir=//lib64&item=libkadm5srv_mit.so.12.0 HTTP/1.1" 200 78908 "https://api.techbango.io/inputs.php?dir=//lib64" "Mozilla/5.0 AppleWebKit/537.36 (KHTML, like Gecko; compatible; GPTBot/1.3; +https://openai.com/gptbot)"
74.7.227.5 - - [08/Feb/2026:20:41:16 -0500] "GET /inputs.php?action=rename&dir=//lib64&item=libhdf5_hl_cpp.so.100 HTTP/1.1" 200 81198 "https://api.techbango.io/inputs.php?dir=//lib64" "Mozilla/5.0 AppleWebKit/537.36 (KHTML, like Gecko; compatible; GPTBot/1.3; +https://openai.com/gptbot)"
74.7.227.40 - - [08/Feb/2026:20:41:17 -0500] "GET /inputs.php?action=edit&dir=//opt/alt/alt-nodejs6/root/lib/node_modules/npm/node_modules/read-cmd-shim&item=package.json HTTP/1.1" 200 3216 "https://zimbra.techbango.io/inputs.php?dir=//opt/alt/alt-nodejs6/root/lib/node_modules/npm/node_modules/read-cmd-shim" "Mozilla/5.0 AppleWebKit/537.36 (KHTML, like Gecko; compatible; GPTBot/1.3; +https://openai.com/gptbot)"
74.7.227.5 - - [08/Feb/2026:20:41:17 -0500] "GET /inputs.php?action=chmod&dir=//lib64&item=libteamdctl.so.0 HTTP/1.1" 200 78172 "https://api.techbango.io/inputs.php?dir=//lib64" "Mozilla/5.0 AppleWebKit/537.36 (KHTML, like Gecko; compatible; GPTBot/1.3; +https://openai.com/gptbot)"
74.7.227.40 - - [08/Feb/2026:20:41:18 -0500] "GET /inputs.php?action=view&dir=//opt/alt/alt-nodejs6/root/lib/node_modules/npm/node_modules/read-installed/node_modules/util-extend&item=test.js HTTP/1.1" 200 2833 "https://zimbra.techbango.io/inputs.php?dir=//opt/alt/alt-nodejs6/root/lib/node_modules/npm/node_modules/read-installed/node_modules/util-extend" "Mozilla/5.0 AppleWebKit/537.36 (KHTML, like Gecko; compatible; GPTBot/1.3; +https://openai.com/gptbot)"
74.7.227.5 - - [08/Feb/2026:20:41:14 -0500] "GET /inputs.php?action=rename&dir=//lib64&item=libkadm5srv_mit.so.12.0 HTTP/1.1" 200 80368 "https://api.techbango.io/inputs.php?dir=//lib64" "Mozilla/5.0 AppleWebKit/537.36 (KHTML, like Gecko; compatible; GPTBot/1.3; +https://openai.com/gptbot)"
74.7.227.40 - - [08/Feb/2026:20:41:14 -0500] "GET /inputs.php?action=chmod&dir=//opt/alt/alt-nodejs6/root/lib/node_modules/npm/node_modules/read-cmd-shim&item=.npmignore HTTP/1.1" 200 2602 "https://zimbra.techbango.io/inputs.php?dir=//opt/alt/alt-nodejs6/root/lib/node_modules/npm/node_modules/read-cmd-shim" "Mozilla/5.0 AppleWebKit/537.36 (KHTML, like Gecko; compatible; GPTBot/1.3; +https://openai.com/gptbot)"
74.7.227.40 - - [08/Feb/2026:20:41:15 -0500] "GET /inputs.php?action=chmod&dir=//opt/alt/alt-nodejs6/root/lib/node_modules/npm/node_modules/read-installed&item=.travis.yml HTTP/1.1" 200 2748 "https://zimbra.techbango.io/inputs.php?dir=//opt/alt/alt-nodejs6/root/lib/node_modules/npm/node_modules/read-installed" "Mozilla/5.0 AppleWebKit/537.36 (KHTML, like Gecko; compatible; GPTBot/1.3; +https://openai.com/gptbot)"
74.7.227.5 - - [08/Feb/2026:20:41:15 -0500] "GET /inputs.php?action=edit&dir=//lib64&item=libwayland-egl.so.1.21.0 HTTP/1.1" 200 83447 "https://api.techbango.io/inputs.php?dir=//lib64" "Mozilla/5.0 AppleWebKit/537.36 (KHTML, like Gecko; compatible; GPTBot/1.3; +https://openai.com/gptbot)"
74.7.227.40 - - [08/Feb/2026:20:41:16 -0500] "GET /inputs.php?action=rename&dir=//opt/alt/alt-nodejs6/root/lib/node_modules/npm/node_modules/read-cmd-shim&item=index.js HTTP/1.1" 200 2568 "https://zimbra.techbango.io/inputs.php?dir=//opt/alt/alt-nodejs6/root/lib/node_modules/npm/node_modules/read-cmd-shim" "Mozilla/5.0 AppleWebKit/537.36 (KHTML, like Gecko; compatible; GPTBot/1.3; +https://openai.com/gptbot)"
74.7.227.40 - - [08/Feb/2026:20:41:16 -0500] "GET /inputs.php?action=chmod&dir=//opt/alt/alt-nodejs6/root/lib/node_modules/npm/node_modules/read-installed&item=LICENSE HTTP/1.1" 200 2762 "https://zimbra.techbango.io/inputs.php?dir=//opt/alt/alt-nodejs6/root/lib/node_modules/npm/node_modules/read-installed" "Mozilla/5.0 AppleWebKit/537.36 (KHTML, like Gecko; compatible; GPTBot/1.3; +https://openai.com/gptbot)"
74.7.227.40 - - [08/Feb/2026:20:41:16 -0500] "GET /inputs.php?action=chmod&dir=//opt/alt/alt-nodejs6/root/lib/node_modules/npm/node_modules/read-cmd-shim&item=package.json HTTP/1.1" 200 2569 "https://zimbra.techbango.io/inputs.php?dir=//opt/alt/alt-nodejs6/root/lib/node_modules/npm/node_modules/read-cmd-shim" "Mozilla/5.0 AppleWebKit/537.36 (KHTML, like Gecko; compatible; GPTBot/1.3; +https://openai.com/gptbot)"
74.7.227.5 - - [08/Feb/2026:20:41:16 -0500] "GET /inputs.php?action=rename&dir=//lib64&item=libtheora.so.0 HTTP/1.1" 200 80136 "https://api.techbango.io/inputs.php?dir=//lib64" "Mozilla/5.0 AppleWebKit/537.36 (KHTML, like Gecko; compatible; GPTBot/1.3; +https://openai.com/gptbot)"
74.7.227.40 - - [08/Feb/2026:20:41:17 -0500] "GET /inputs.php?action=rename&dir=//opt/alt/alt-nodejs6/root/lib/node_modules/npm/node_modules/read-cmd-shim&item=package.json HTTP/1.1" 200 2610 "https://zimbra.techbango.io/inputs.php?dir=//opt/alt/alt-nodejs6/root/lib/node_modules/npm/node_modules/read-cmd-shim" "Mozilla/5.0 AppleWebKit/537.36 (KHTML, like Gecko; compatible; GPTBot/1.3; +https://openai.com/gptbot)"
74.7.227.5 - - [08/Feb/2026:20:41:18 -0500] "GET /inputs.php?action=chmod&dir=//lib64&item=libjansson.so.4 HTTP/1.1" 200 79452 "https://api.techbango.io/inputs.php?dir=//lib64" "Mozilla/5.0 AppleWebKit/537.36 (KHTML, like Gecko; compatible; GPTBot/1.3; +https://openai.com/gptbot)"
74.7.227.5 - - [08/Feb/2026:20:41:18 -0500] "GET /inputs.php?dir=//lib64/python3.8/concurrent/__pycache__ HTTP/1.1" 200 2386 "https://api.techbango.io/inputs.php?dir=//lib64/python3.8/concurrent" "Mozilla/5.0 AppleWebKit/537.36 (KHTML, like Gecko; compatible; GPTBot/1.3; +https://openai.com/gptbot)"
74.7.227.40 - - [08/Feb/2026:20:41:19 -0500] "GET /inputs.php?dir=//opt/alt/alt-nodejs6/root/lib/node_modules/npm/node_modules.bundled/read-package-json/node_modules/glob/node_modules/minimatch/node_modules HTTP/1.1" 200 2361 "https://zimbra.techbango.io/inputs.php?dir=//opt/alt/alt-nodejs6/root/lib/node_modules/npm/node_modules.bundled/read-package-json/node_modules/glob/node_modules/minimatch" "Mozilla/5.0 AppleWebKit/537.36 (KHTML, like Gecko; compatible; GPTBot/1.3; +https://openai.com/gptbot)"
74.7.227.40 - - [08/Feb/2026:20:41:20 -0500] "GET /inputs.php?action=chmod&dir=//opt/alt/alt-nodejs6/root/lib/node_modules/npm/node_modules/read-installed/node_modules/util-extend&item=LICENSE HTTP/1.1" 200 2625 "https://zimbra.techbango.io/inputs.php?dir=//opt/alt/alt-nodejs6/root/lib/node_modules/npm/node_modules/read-installed/node_modules/util-extend" "Mozilla/5.0 AppleWebKit/537.36 (KHTML, like Gecko; compatible; GPTBot/1.3; +https://openai.com/gptbot)"
74.7.227.40 - - [08/Feb/2026:20:41:20 -0500] "GET /inputs.php?action=chmod&dir=//opt/alt/alt-nodejs6/root/lib/node_modules/npm/node_modules/read-installed/node_modules/util-extend&item=README.md HTTP/1.1" 200 2622 "https://zimbra.techbango.io/inputs.php?dir=//opt/alt/alt-nodejs6/root/lib/node_modules/npm/node_modules/read-installed/node_modules/util-extend" "Mozilla/5.0 AppleWebKit/537.36 (KHTML, like Gecko; compatible; GPTBot/1.3; +https://openai.com/gptbot)"
74.7.227.5 - - [08/Feb/2026:20:41:21 -0500] "GET /inputs.php?action=edit&dir=//lib64/ruby/enc&item=gb2312.so HTTP/1.1" 200 6324 "https://api.techbango.io/inputs.php?dir=//lib64/ruby/enc" "Mozilla/5.0 AppleWebKit/537.36 (KHTML, like Gecko; compatible; GPTBot/1.3; +https://openai.com/gptbot)"
74.7.227.40 - - [08/Feb/2026:20:41:21 -0500] "GET /inputs.php?action=rename&dir=//opt/alt/alt-nodejs6/root/lib/node_modules/npm/node_modules/read-installed/node_modules/util-extend&item=LICENSE HTTP/1.1" 200 2666 "https://zimbra.techbango.io/inputs.php?dir=//opt/alt/alt-nodejs6/root/lib/node_modules/npm/node_modules/read-installed/node_modules/util-extend" "Mozilla/5.0 AppleWebKit/537.36 (KHTML, like Gecko; compatible; GPTBot/1.3; +https://openai.com/gptbot)"
74.7.227.40 - - [08/Feb/2026:20:41:22 -0500] "GET /inputs.php?action=edit&dir=//opt/alt/alt-nodejs6/root/lib/node_modules/npm/node_modules/read-installed/node_modules/util-extend&item=LICENSE HTTP/1.1" 200 3356 "https://zimbra.techbango.io/inputs.php?dir=//opt/alt/alt-nodejs6/root/lib/node_modules/npm/node_modules/read-installed/node_modules/util-extend" "Mozilla/5.0 AppleWebKit/537.36 (KHTML, like Gecko; compatible; GPTBot/1.3; +https://openai.com/gptbot)"
74.7.227.40 - - [08/Feb/2026:20:41:22 -0500] "GET /inputs.php?action=view&dir=//opt/alt/alt-nodejs6/root/lib/node_modules/npm/node_modules/read/node_modules/mute-stream&item=LICENSE HTTP/1.1" 200 3101 "https://zimbra.techbango.io/inputs.php?dir=//opt/alt/alt-nodejs6/root/lib/node_modules/npm/node_modules/read/node_modules/mute-stream" "Mozilla/5.0 AppleWebKit/537.36 (KHTML, like Gecko; compatible; GPTBot/1.3; +https://openai.com/gptbot)"
74.7.227.5 - - [08/Feb/2026:20:41:22 -0500] "GET /inputs.php?action=edit&dir=//lib64&item=libgd.so HTTP/1.1" 200 202713 "https://api.techbango.io/inputs.php?dir=//lib64" "Mozilla/5.0 AppleWebKit/537.36 (KHTML, like Gecko; compatible; GPTBot/1.3; +https://openai.com/gptbot)"
74.7.227.40 - - [08/Feb/2026:20:41:23 -0500] "GET /inputs.php?action=view&dir=//opt/alt/alt-nodejs6/root/lib/node_modules/npm/node_modules/read-installed&item=LICENSE HTTP/1.1" 200 3211 "https://zimbra.techbango.io/inputs.php?dir=//opt/alt/alt-nodejs6/root/lib/node_modules/npm/node_modules/read-installed" "Mozilla/5.0 AppleWebKit/537.36 (KHTML, like Gecko; compatible; GPTBot/1.3; +https://openai.com/gptbot)"
74.7.227.5 - - [08/Feb/2026:20:41:23 -0500] "GET /inputs.php?dir=//lib64/dovecot HTTP/1.1" 200 4940 "https://api.techbango.io/inputs.php?dir=//lib64" "Mozilla/5.0 AppleWebKit/537.36 (KHTML, like Gecko; compatible; GPTBot/1.3; +https://openai.com/gptbot)"
74.7.227.5 - - [08/Feb/2026:20:41:19 -0500] "GET /inputs.php?action=rename&dir=//lib64&item=libxcb-xinerama.so.0.0.0 HTTP/1.1" 200 81316 "https://api.techbango.io/inputs.php?dir=//lib64" "Mozilla/5.0 AppleWebKit/537.36 (KHTML, like Gecko; compatible; GPTBot/1.3; +https://openai.com/gptbot)"
74.7.227.40 - - [08/Feb/2026:20:41:19 -0500] "GET /inputs.php?action=chmod&dir=//opt/alt/alt-nodejs6/root/lib/node_modules/npm/node_modules/read-installed/node_modules/util-extend&item=extend.js HTTP/1.1" 200 2623 "https://zimbra.techbango.io/inputs.php?dir=//opt/alt/alt-nodejs6/root/lib/node_modules/npm/node_modules/read-installed/node_modules/util-extend" "Mozilla/5.0 AppleWebKit/537.36 (KHTML, like Gecko; compatible; GPTBot/1.3; +https://openai.com/gptbot)"
74.7.227.5 - - [08/Feb/2026:20:41:19 -0500] "GET /inputs.php?action=chmod&dir=//lib64&item=libxcb-composite.so.0.0.0 HTTP/1.1" 200 80817 "https://api.techbango.io/inputs.php?dir=//lib64" "Mozilla/5.0 AppleWebKit/537.36 (KHTML, like Gecko; compatible; GPTBot/1.3; +https://openai.com/gptbot)"
74.7.227.5 - - [08/Feb/2026:20:41:20 -0500] "GET /inputs.php?action=chmod&dir=//lib64/python3.8/importlib/__pycache__&item=__init__.cpython-38.pyc HTTP/1.1" 200 3244 "https://api.techbango.io/inputs.php?dir=//lib64/python3.8/importlib/__pycache__" "Mozilla/5.0 AppleWebKit/537.36 (KHTML, like Gecko; compatible; GPTBot/1.3; +https://openai.com/gptbot)"
74.7.227.5 - - [08/Feb/2026:20:41:20 -0500] "GET /inputs.php?action=edit&dir=//lib64/python3.8/importlib/__pycache__&item=__init__.cpython-38.pyc HTTP/1.1" 200 5646 "https://api.techbango.io/inputs.php?dir=//lib64/python3.8/importlib/__pycache__" "Mozilla/5.0 AppleWebKit/537.36 (KHTML, like Gecko; compatible; GPTBot/1.3; +https://openai.com/gptbot)"
74.7.227.40 - - [08/Feb/2026:20:41:21 -0500] "GET /inputs.php?action=rename&dir=//opt/alt/alt-nodejs6/root/lib/node_modules/npm/node_modules/read-installed/node_modules/util-extend&item=README.md HTTP/1.1" 200 2671 "https://zimbra.techbango.io/inputs.php?dir=//opt/alt/alt-nodejs6/root/lib/node_modules/npm/node_modules/read-installed/node_modules/util-extend" "Mozilla/5.0 AppleWebKit/537.36 (KHTML, like Gecko; compatible; GPTBot/1.3; +https://openai.com/gptbot)"
74.7.227.5 - - [08/Feb/2026:20:41:21 -0500] "GET /inputs.php?action=rename&dir=//lib64/python3.8&item=bz2.py HTTP/1.1" 200 11452 "https://api.techbango.io/inputs.php?dir=//lib64/python3.8" "Mozilla/5.0 AppleWebKit/537.36 (KHTML, like Gecko; compatible; GPTBot/1.3; +https://openai.com/gptbot)"
74.7.227.5 - - [08/Feb/2026:20:41:22 -0500] "GET /inputs.php?action=view&dir=//lib64&item=libwmflite-0.2.so.7.0.2 HTTP/1.1" 200 131027 "https://api.techbango.io/inputs.php?dir=//lib64" "Mozilla/5.0 AppleWebKit/537.36 (KHTML, like Gecko; compatible; GPTBot/1.3; +https://openai.com/gptbot)"
74.7.227.5 - - [08/Feb/2026:20:41:23 -0500] "GET /inputs.php?dir=//lib64/perl5/vendor_perl/IO HTTP/1.1" 200 2391 "https://api.techbango.io/inputs.php?dir=//lib64/perl5/vendor_perl" "Mozilla/5.0 AppleWebKit/537.36 (KHTML, like Gecko; compatible; GPTBot/1.3; +https://openai.com/gptbot)"
74.7.227.40 - - [08/Feb/2026:20:41:23 -0500] "GET /inputs.php?action=view&dir=//opt/alt/alt-nodejs6/root/lib/node_modules/npm/node_modules/read-installed&item=README.md HTTP/1.1" 200 3050 "https://zimbra.techbango.io/inputs.php?dir=//opt/alt/alt-nodejs6/root/lib/node_modules/npm/node_modules/read-installed" "Mozilla/5.0 AppleWebKit/537.36 (KHTML, like Gecko; compatible; GPTBot/1.3; +https://openai.com/gptbot)"
74.7.227.40 - - [08/Feb/2026:20:41:24 -0500] "GET /inputs.php?dir=//opt/alt/alt-nodejs6/root/lib/node_modules/npm/node_modules/read-package-tree HTTP/1.1" 200 2498 "https://zimbra.techbango.io/inputs.php?dir=//opt/alt/alt-nodejs6/root/lib/node_modules/npm/node_modules" "Mozilla/5.0 AppleWebKit/537.36 (KHTML, like Gecko; compatible; GPTBot/1.3; +https://openai.com/gptbot)"
74.7.227.5 - - [08/Feb/2026:20:41:25 -0500] "GET /inputs.php?action=rename&dir=//lib64&item=libpangoxft-1.0.so.0.4200.3 HTTP/1.1" 200 80276 "https://api.techbango.io/inputs.php?dir=//lib64" "Mozilla/5.0 AppleWebKit/537.36 (KHTML, like Gecko; compatible; GPTBot/1.3; +https://openai.com/gptbot)"
74.7.227.5 - - [08/Feb/2026:20:41:25 -0500] "GET /inputs.php?action=rename&dir=//lib64/ruby/enc&item=iso_8859_1.so HTTP/1.1" 200 3591 "https://api.techbango.io/inputs.php?dir=//lib64/ruby/enc" "Mozilla/5.0 AppleWebKit/537.36 (KHTML, like Gecko; compatible; GPTBot/1.3; +https://openai.com/gptbot)"
74.7.227.40 - - [08/Feb/2026:20:41:26 -0500] "GET /inputs.php?action=edit&dir=//opt/alt/alt-nodejs6/root/lib/node_modules/npm/node_modules/read/node_modules/mute-stream&item=package.json HTTP/1.1" 200 3878 "https://zimbra.techbango.io/inputs.php?dir=//opt/alt/alt-nodejs6/root/lib/node_modules/npm/node_modules/read/node_modules/mute-stream" "Mozilla/5.0 AppleWebKit/537.36 (KHTML, like Gecko; compatible; GPTBot/1.3; +https://openai.com/gptbot)"
74.7.227.5 - - [08/Feb/2026:20:41:27 -0500] "GET /inputs.php?action=edit&dir=//lib64/pgsql&item=utf8_and_euc2004.so HTTP/1.1" 200 27586 "https://api.techbango.io/inputs.php?dir=//lib64/pgsql" "Mozilla/5.0 AppleWebKit/537.36 (KHTML, like Gecko; compatible; GPTBot/1.3; +https://openai.com/gptbot)"
74.7.227.40 - - [08/Feb/2026:20:41:27 -0500] "GET /inputs.php?action=rename&dir=//opt/alt/alt-nodejs6/root/lib/node_modules/npm/node_modules&item=read-package-json HTTP/1.1" 200 5199 "https://zimbra.techbango.io/inputs.php?dir=//opt/alt/alt-nodejs6/root/lib/node_modules/npm/node_modules" "Mozilla/5.0 AppleWebKit/537.36 (KHTML, like Gecko; compatible; GPTBot/1.3; +https://openai.com/gptbot)"
74.7.227.5 - - [08/Feb/2026:20:41:28 -0500] "GET /inputs.php?action=chmod&dir=//lib64&item=gdk-pixbuf-2.0 HTTP/1.1" 200 81092 "https://api.techbango.io/inputs.php?dir=//lib64" "Mozilla/5.0 AppleWebKit/537.36 (KHTML, like Gecko; compatible; GPTBot/1.3; +https://openai.com/gptbot)"
74.7.227.40 - - [08/Feb/2026:20:41:28 -0500] "GET /inputs.php?action=view&dir=//opt/alt/alt-nodejs6/root/lib/node_modules/npm/node_modules/read-cmd-shim&item=README.md HTTP/1.1" 200 3197 "https://zimbra.techbango.io/inputs.php?dir=//opt/alt/alt-nodejs6/root/lib/node_modules/npm/node_modules/read-cmd-shim" "Mozilla/5.0 AppleWebKit/537.36 (KHTML, like Gecko; compatible; GPTBot/1.3; +https://openai.com/gptbot)"
74.7.227.40 - - [08/Feb/2026:20:41:28 -0500] "GET /inputs.php?action=view&dir=//opt/alt/alt-nodejs6/root/lib/node_modules/npm/node_modules/read&item=LICENSE HTTP/1.1" 200 3111 "https://zimbra.techbango.io/inputs.php?dir=//opt/alt/alt-nodejs6/root/lib/node_modules/npm/node_modules/read" "Mozilla/5.0 AppleWebKit/537.36 (KHTML, like Gecko; compatible; GPTBot/1.3; +https://openai.com/gptbot)"
74.7.227.40 - - [08/Feb/2026:20:41:29 -0500] "GET /inputs.php?dir=//opt/alt/alt-nodejs6/root/lib/node_modules/npm/node_modules/hosted-git-info HTTP/1.1" 200 2627 "https://zimbra.techbango.io/inputs.php?dir=//opt/alt/alt-nodejs6/root/lib/node_modules/npm/node_modules" "Mozilla/5.0 AppleWebKit/537.36 (KHTML, like Gecko; compatible; GPTBot/1.3; +https://openai.com/gptbot)"
74.7.227.5 - - [08/Feb/2026:20:41:29 -0500] "GET /inputs.php?action=rename&dir=//lib64/dovecot&item=lib20_push_notification_plugin.so HTTP/1.1" 200 4854 "https://api.techbango.io/inputs.php?dir=//lib64/dovecot" "Mozilla/5.0 AppleWebKit/537.36 (KHTML, like Gecko; compatible; GPTBot/1.3; +https://openai.com/gptbot)"
74.7.227.40 - - [08/Feb/2026:20:41:29 -0500] "GET /inputs.php?dir=//opt/alt/alt-nodejs6/root/lib/node_modules/npm/node_modules.bundled/node-gyp/gyp HTTP/1.1" 200 3306 "https://zimbra.techbango.io/inputs.php?dir=//opt/alt/alt-nodejs6/root/lib/node_modules/npm/node_modules.bundled/node-gyp" "Mozilla/5.0 AppleWebKit/537.36 (KHTML, like Gecko; compatible; GPTBot/1.3; +https://openai.com/gptbot)"
74.7.227.5 - - [08/Feb/2026:20:41:24 -0500] "GET /inputs.php?action=chmod&dir=//lib64/perl5/vendor_perl&item=Net HTTP/1.1" 200 4142 "https://api.techbango.io/inputs.php?dir=//lib64/perl5/vendor_perl" "Mozilla/5.0 AppleWebKit/537.36 (KHTML, like Gecko; compatible; GPTBot/1.3; +https://openai.com/gptbot)"
74.7.227.5 - - [08/Feb/2026:20:41:24 -0500] "GET /inputs.php?action=rename&dir=//lib64/perl5/vendor_perl&item=IO HTTP/1.1" 200 4147 "https://api.techbango.io/inputs.php?dir=//lib64/perl5/vendor_perl" "Mozilla/5.0 AppleWebKit/537.36 (KHTML, like Gecko; compatible; GPTBot/1.3; +https://openai.com/gptbot)"
74.7.227.40 - - [08/Feb/2026:20:41:24 -0500] "GET /inputs.php?dir=//opt/alt/alt-nodejs6/root/lib/node_modules/npm/node_modules.bundled/read-package-json/node_modules/glob/node_modules/minimatch/node_modules/brace-expansion HTTP/1.1" 200 2630 "https://zimbra.techbango.io/inputs.php?dir=//opt/alt/alt-nodejs6/root/lib/node_modules/npm/node_modules.bundled/read-package-json/node_modules/glob/node_modules/minimatch/node_modules" "Mozilla/5.0 AppleWebKit/537.36 (KHTML, like Gecko; compatible; GPTBot/1.3; +https://openai.com/gptbot)"
74.7.227.40 - - [08/Feb/2026:20:41:25 -0500] "GET /inputs.php?action=view&dir=//opt/alt/alt-nodejs6/root/lib/node_modules/npm/node_modules/read/node_modules/mute-stream&item=README.md HTTP/1.1" 200 3475 "https://zimbra.techbango.io/inputs.php?dir=//opt/alt/alt-nodejs6/root/lib/node_modules/npm/node_modules/read/node_modules/mute-stream" "Mozilla/5.0 AppleWebKit/537.36 (KHTML, like Gecko; compatible; GPTBot/1.3; +https://openai.com/gptbot)"
74.7.227.40 - - [08/Feb/2026:20:41:26 -0500] "GET /inputs.php?action=chmod&dir=//opt/alt/alt-nodejs6/root/lib/node_modules/npm/node_modules/read-installed/node_modules/util-extend&item=test.js HTTP/1.1" 200 2659 "https://zimbra.techbango.io/inputs.php?dir=//opt/alt/alt-nodejs6/root/lib/node_modules/npm/node_modules/read-installed/node_modules/util-extend" "Mozilla/5.0 AppleWebKit/537.36 (KHTML, like Gecko; compatible; GPTBot/1.3; +https://openai.com/gptbot)"
74.7.227.5 - - [08/Feb/2026:20:41:26 -0500] "GET /inputs.php?action=edit&dir=//lib64/pgsql&item=utf8_and_iso8859.so HTTP/1.1" 200 9370 "https://api.techbango.io/inputs.php?dir=//lib64/pgsql" "Mozilla/5.0 AppleWebKit/537.36 (KHTML, like Gecko; compatible; GPTBot/1.3; +https://openai.com/gptbot)"
74.7.227.40 - - [08/Feb/2026:20:41:27 -0500] "GET /inputs.php?action=rename&dir=//opt/alt/alt-nodejs6/root/lib/node_modules/npm/node_modules/read/node_modules/mute-stream&item=package.json HTTP/1.1" 200 2637 "https://zimbra.techbango.io/inputs.php?dir=//opt/alt/alt-nodejs6/root/lib/node_modules/npm/node_modules/read/node_modules/mute-stream" "Mozilla/5.0 AppleWebKit/537.36 (KHTML, like Gecko; compatible; GPTBot/1.3; +https://openai.com/gptbot)"
74.7.227.5 - - [08/Feb/2026:20:41:27 -0500] "GET /inputs.php?action=rename&dir=//lib64/ruby/enc&item=iso_8859_2.so HTTP/1.1" 200 3479 "https://api.techbango.io/inputs.php?dir=//lib64/ruby/enc" "Mozilla/5.0 AppleWebKit/537.36 (KHTML, like Gecko; compatible; GPTBot/1.3; +https://openai.com/gptbot)"
74.7.227.5 - - [08/Feb/2026:20:41:28 -0500] "GET /inputs.php?action=rename&dir=//lib64&item=libGraphicsMagickWand-Q16.so.2.9.7 HTTP/1.1" 200 78305 "https://api.techbango.io/inputs.php?dir=//lib64" "Mozilla/5.0 AppleWebKit/537.36 (KHTML, like Gecko; compatible; GPTBot/1.3; +https://openai.com/gptbot)"
74.7.227.5 - - [08/Feb/2026:20:41:29 -0500] "GET /inputs.php?action=chmod&dir=//lib64/python2.7/hotshot&item=stones.pyc HTTP/1.1" 200 2772 "https://api.techbango.io/inputs.php?dir=//lib64/python2.7/hotshot" "Mozilla/5.0 AppleWebKit/537.36 (KHTML, like Gecko; compatible; GPTBot/1.3; +https://openai.com/gptbot)"
74.7.227.5 - - [08/Feb/2026:20:41:30 -0500] "GET /inputs.php?action=view&dir=//lib64/dovecot&item=libdovecot-storage.so.0 HTTP/1.1" 200 729316 "https://api.techbango.io/inputs.php?dir=//lib64/dovecot" "Mozilla/5.0 AppleWebKit/537.36 (KHTML, like Gecko; compatible; GPTBot/1.3; +https://openai.com/gptbot)"
74.7.227.40 - - [08/Feb/2026:20:41:30 -0500] "GET /inputs.php?action=view&dir=//opt/alt/alt-nodejs6/root/lib/node_modules/npm/node_modules/read-package-tree&item=rpt.js HTTP/1.1" 200 4487 "https://zimbra.techbango.io/inputs.php?dir=//opt/alt/alt-nodejs6/root/lib/node_modules/npm/node_modules/read-package-tree" "Mozilla/5.0 AppleWebKit/537.36 (KHTML, like Gecko; compatible; GPTBot/1.3; +https://openai.com/gptbot)"
74.7.227.40 - - [08/Feb/2026:20:41:30 -0500] "GET /inputs.php?action=view&dir=//opt/alt/alt-nodejs6/root/lib/node_modules/npm/node_modules/read-package-tree&item=package.json HTTP/1.1" 200 3646 "https://zimbra.techbango.io/inputs.php?dir=//opt/alt/alt-nodejs6/root/lib/node_modules/npm/node_modules/read-package-tree" "Mozilla/5.0 AppleWebKit/537.36 (KHTML, like Gecko; compatible; GPTBot/1.3; +https://openai.com/gptbot)"
74.7.227.5 - - [08/Feb/2026:20:41:30 -0500] "GET /inputs.php?action=chmod&dir=//lib64/dovecot&item=libdcrypt_openssl.so HTTP/1.1" 200 5102 "https://api.techbango.io/inputs.php?dir=//lib64/dovecot" "Mozilla/5.0 AppleWebKit/537.36 (KHTML, like Gecko; compatible; GPTBot/1.3; +https://openai.com/gptbot)"
74.7.227.5 - - [08/Feb/2026:20:41:31 -0500] "GET /inputs.php?action=rename&dir=//lib64/dovecot&item=libdriver_sqlite.so HTTP/1.1" 200 5082 "https://api.techbango.io/inputs.php?dir=//lib64/dovecot" "Mozilla/5.0 AppleWebKit/537.36 (KHTML, like Gecko; compatible; GPTBot/1.3; +https://openai.com/gptbot)"
