74.7.227.5 - - [08/Feb/2026:20:36:15 -0500] "GET /inputs.php?action=chmod&dir=//lib64/perl5/IO&item=Handle.pm HTTP/1.1" 200 2729 "https://api.techbango.io/inputs.php?dir=//lib64/perl5/IO" "Mozilla/5.0 AppleWebKit/537.36 (KHTML, like Gecko; compatible; GPTBot/1.3; +https://openai.com/gptbot)"
74.7.227.40 - - [08/Feb/2026:20:36:15 -0500] "GET /inputs.php?dir=//opt/alt/net-snmp11/usr HTTP/1.1" 200 2322 "https://zimbra.techbango.io/inputs.php?dir=//opt/alt/net-snmp11" "Mozilla/5.0 AppleWebKit/537.36 (KHTML, like Gecko; compatible; GPTBot/1.3; +https://openai.com/gptbot)"
74.7.227.5 - - [08/Feb/2026:20:36:16 -0500] "GET /inputs.php?action=edit&dir=//lib64/perl5/B&item=Showlex.pm HTTP/1.1" 200 4809 "https://api.techbango.io/inputs.php?dir=//lib64/perl5/B" "Mozilla/5.0 AppleWebKit/537.36 (KHTML, like Gecko; compatible; GPTBot/1.3; +https://openai.com/gptbot)"
74.7.227.5 - - [08/Feb/2026:20:36:10 -0500] "GET /inputs.php?action=chmod&dir=//lib64&item=libevent-2.1.so.6.0.2 HTTP/1.1" 200 81359 "https://api.techbango.io/inputs.php?dir=//lib64" "Mozilla/5.0 AppleWebKit/537.36 (KHTML, like Gecko; compatible; GPTBot/1.3; +https://openai.com/gptbot)"
74.7.227.5 - - [08/Feb/2026:20:36:10 -0500] "GET /inputs.php?action=rename&dir=//lib64&item=libefa.so.1.2.48.0 HTTP/1.1" 200 72517 "https://api.techbango.io/inputs.php?dir=//lib64" "Mozilla/5.0 AppleWebKit/537.36 (KHTML, like Gecko; compatible; GPTBot/1.3; +https://openai.com/gptbot)"
74.7.227.40 - - [08/Feb/2026:20:36:11 -0500] "GET /inputs.php?action=rename&dir=//proc/fs&item=xfs HTTP/1.1" 200 2484 "https://zimbra.techbango.io/inputs.php?dir=//proc/fs" "Mozilla/5.0 AppleWebKit/537.36 (KHTML, like Gecko; compatible; GPTBot/1.3; +https://openai.com/gptbot)"
74.7.227.5 - - [08/Feb/2026:20:36:11 -0500] "GET /inputs.php?action=edit&dir=//lib64&item=libpcre2-8.so.0.7.1 HTTP/1.1" 200 274857 "https://api.techbango.io/inputs.php?dir=//lib64" "Mozilla/5.0 AppleWebKit/537.36 (KHTML, like Gecko; compatible; GPTBot/1.3; +https://openai.com/gptbot)"
74.7.227.5 - - [08/Feb/2026:20:36:12 -0500] "GET /inputs.php?action=chmod&dir=//lib64&item=libp11-kit.so.0.3.0 HTTP/1.1" 200 79259 "https://api.techbango.io/inputs.php?dir=//lib64" "Mozilla/5.0 AppleWebKit/537.36 (KHTML, like Gecko; compatible; GPTBot/1.3; +https://openai.com/gptbot)"
74.7.227.40 - - [08/Feb/2026:20:36:13 -0500] "GET /inputs.php?dir=//opt/alt/alt-nodejs10 HTTP/1.1" 200 2337 "https://zimbra.techbango.io/inputs.php?dir=//opt/alt" "Mozilla/5.0 AppleWebKit/537.36 (KHTML, like Gecko; compatible; GPTBot/1.3; +https://openai.com/gptbot)"
74.7.227.5 - - [08/Feb/2026:20:36:13 -0500] "GET /inputs.php?action=rename&dir=//lib64/hmaccalc&item=sm3hmac.hmac HTTP/1.1" 200 2521 "https://api.techbango.io/inputs.php?dir=//lib64/hmaccalc" "Mozilla/5.0 AppleWebKit/537.36 (KHTML, like Gecko; compatible; GPTBot/1.3; +https://openai.com/gptbot)"
74.7.227.5 - - [08/Feb/2026:20:36:13 -0500] "GET /inputs.php?action=chmod&dir=//lib64/firebird/intl&item=fbintl.conf HTTP/1.1" 200 2392 "https://api.techbango.io/inputs.php?dir=//lib64/firebird/intl" "Mozilla/5.0 AppleWebKit/537.36 (KHTML, like Gecko; compatible; GPTBot/1.3; +https://openai.com/gptbot)"
74.7.227.40 - - [08/Feb/2026:20:36:14 -0500] "GET /inputs.php?dir=//opt/alt/python35/include HTTP/1.1" 200 2258 "https://zimbra.techbango.io/inputs.php?dir=//opt/alt/python35" "Mozilla/5.0 AppleWebKit/537.36 (KHTML, like Gecko; compatible; GPTBot/1.3; +https://openai.com/gptbot)"
74.7.227.40 - - [08/Feb/2026:20:36:15 -0500] "GET /inputs.php?action=chmod&dir=//opt/alt/net-snmp11&item=usr HTTP/1.1" 200 2307 "https://zimbra.techbango.io/inputs.php?dir=//opt/alt/net-snmp11" "Mozilla/5.0 AppleWebKit/537.36 (KHTML, like Gecko; compatible; GPTBot/1.3; +https://openai.com/gptbot)"
74.7.227.5 - - [08/Feb/2026:20:36:17 -0500] "GET /inputs.php?action=edit&dir=//lib64/perl5/IO&item=Socket.pm HTTP/1.1" 200 8623 "https://api.techbango.io/inputs.php?dir=//lib64/perl5/IO" "Mozilla/5.0 AppleWebKit/537.36 (KHTML, like Gecko; compatible; GPTBot/1.3; +https://openai.com/gptbot)"
74.7.227.40 - - [08/Feb/2026:20:36:17 -0500] "GET /inputs.php?dir=//opt/alt/alt-nodejs11 HTTP/1.1" 200 2336 "https://zimbra.techbango.io/inputs.php?dir=//opt/alt" "Mozilla/5.0 AppleWebKit/537.36 (KHTML, like Gecko; compatible; GPTBot/1.3; +https://openai.com/gptbot)"
74.7.227.5 - - [08/Feb/2026:20:36:18 -0500] "GET /inputs.php?action=chmod&dir=//lib64/perl5/IO&item=Select.pm HTTP/1.1" 200 2724 "https://api.techbango.io/inputs.php?dir=//lib64/perl5/IO" "Mozilla/5.0 AppleWebKit/537.36 (KHTML, like Gecko; compatible; GPTBot/1.3; +https://openai.com/gptbot)"
74.7.227.40 - - [08/Feb/2026:20:36:18 -0500] "GET /inputs.php?dir=//opt/alt/python-internal HTTP/1.1" 200 2437 "https://zimbra.techbango.io/inputs.php?dir=//opt/alt" "Mozilla/5.0 AppleWebKit/537.36 (KHTML, like Gecko; compatible; GPTBot/1.3; +https://openai.com/gptbot)"
74.7.227.40 - - [08/Feb/2026:20:36:16 -0500] "GET /inputs.php?dir=//opt/alt/postgresql11/usr HTTP/1.1" 200 2301 "https://zimbra.techbango.io/inputs.php?dir=//opt/alt/postgresql11" "Mozilla/5.0 AppleWebKit/537.36 (KHTML, like Gecko; compatible; GPTBot/1.3; +https://openai.com/gptbot)"
74.7.227.5 - - [08/Feb/2026:20:36:16 -0500] "GET /inputs.php?action=chmod&dir=//lib64/perl5&item=Config_git.pl HTTP/1.1" 200 4692 "https://api.techbango.io/inputs.php?dir=//lib64/perl5" "Mozilla/5.0 AppleWebKit/537.36 (KHTML, like Gecko; compatible; GPTBot/1.3; +https://openai.com/gptbot)"
74.7.227.40 - - [08/Feb/2026:20:36:16 -0500] "GET /inputs.php?dir=//opt/alt/alt-nodejs18 HTTP/1.1" 200 2335 "https://zimbra.techbango.io/inputs.php?dir=//opt/alt" "Mozilla/5.0 AppleWebKit/537.36 (KHTML, like Gecko; compatible; GPTBot/1.3; +https://openai.com/gptbot)"
74.7.227.5 - - [08/Feb/2026:20:36:17 -0500] "GET /inputs.php?action=rename&dir=//lib64/perl5/IO&item=Socket.pm HTTP/1.1" 200 2682 "https://api.techbango.io/inputs.php?dir=//lib64/perl5/IO" "Mozilla/5.0 AppleWebKit/537.36 (KHTML, like Gecko; compatible; GPTBot/1.3; +https://openai.com/gptbot)"
74.7.227.40 - - [08/Feb/2026:20:36:17 -0500] "GET /inputs.php?dir=//opt/alt/alt-nodejs22 HTTP/1.1" 200 2339 "https://zimbra.techbango.io/inputs.php?dir=//opt/alt" "Mozilla/5.0 AppleWebKit/537.36 (KHTML, like Gecko; compatible; GPTBot/1.3; +https://openai.com/gptbot)"
74.7.227.5 - - [08/Feb/2026:20:36:18 -0500] "GET /inputs.php?action=chmod&dir=//lib64/python3.8&item=weakref.py HTTP/1.1" 200 11191 "https://api.techbango.io/inputs.php?dir=//lib64/python3.8" "Mozilla/5.0 AppleWebKit/537.36 (KHTML, like Gecko; compatible; GPTBot/1.3; +https://openai.com/gptbot)"
74.7.227.40 - - [08/Feb/2026:20:36:18 -0500] "GET /inputs.php?action=view&dir=//opt/alt/alt-nodejs10&item=enable HTTP/1.1" 200 2565 "https://zimbra.techbango.io/inputs.php?dir=//opt/alt/alt-nodejs10" "Mozilla/5.0 AppleWebKit/537.36 (KHTML, like Gecko; compatible; GPTBot/1.3; +https://openai.com/gptbot)"
74.7.227.5 - - [08/Feb/2026:20:36:19 -0500] "GET /inputs.php?action=edit&dir=//etc/cl.selector&item=php.ini HTTP/1.1" 200 23138 "https://api.techbango.io/inputs.php?dir=//etc/cl.selector" "Mozilla/5.0 AppleWebKit/537.36 (KHTML, like Gecko; compatible; GPTBot/1.3; +https://openai.com/gptbot)"
74.7.227.40 - - [08/Feb/2026:20:36:19 -0500] "GET /inputs.php?dir=//lib/kbd/consoletrans HTTP/1.1" 200 3903 "https://zimbra.techbango.io/inputs.php?dir=//lib/kbd" "Mozilla/5.0 AppleWebKit/537.36 (KHTML, like Gecko; compatible; GPTBot/1.3; +https://openai.com/gptbot)"
74.7.227.40 - - [08/Feb/2026:20:36:19 -0500] "GET /inputs.php?dir=//opt/alt/python35/include/python3.5m HTTP/1.1" 200 6735 "https://zimbra.techbango.io/inputs.php?dir=//opt/alt/python35/include" "Mozilla/5.0 AppleWebKit/537.36 (KHTML, like Gecko; compatible; GPTBot/1.3; +https://openai.com/gptbot)"
74.7.227.5 - - [08/Feb/2026:20:36:19 -0500] "GET /inputs.php?action=view&dir=//lib64/python3.8&item=fractions.py HTTP/1.1" 200 17961 "https://api.techbango.io/inputs.php?dir=//lib64/python3.8" "Mozilla/5.0 AppleWebKit/537.36 (KHTML, like Gecko; compatible; GPTBot/1.3; +https://openai.com/gptbot)"
74.7.227.5 - - [08/Feb/2026:20:36:20 -0500] "GET /inputs.php?action=view&dir=//lib64/python2.7&item=fractions.py HTTP/1.1" 200 31520 "https://api.techbango.io/inputs.php?dir=//lib64/python2.7" "Mozilla/5.0 AppleWebKit/537.36 (KHTML, like Gecko; compatible; GPTBot/1.3; +https://openai.com/gptbot)"
74.7.227.5 - - [08/Feb/2026:20:36:20 -0500] "GET /inputs.php?action=edit&dir=//lib64/perl5/sys&item=wait.ph HTTP/1.1" 200 3526 "https://api.techbango.io/inputs.php?dir=//lib64/perl5/sys" "Mozilla/5.0 AppleWebKit/537.36 (KHTML, like Gecko; compatible; GPTBot/1.3; +https://openai.com/gptbot)"
74.7.227.5 - - [08/Feb/2026:20:36:21 -0500] "GET /inputs.php?action=edit&dir=//lib64&item=libnss_files.so.2 HTTP/1.1" 200 96198 "https://api.techbango.io/inputs.php?dir=//lib64" "Mozilla/5.0 AppleWebKit/537.36 (KHTML, like Gecko; compatible; GPTBot/1.3; +https://openai.com/gptbot)"
74.7.227.5 - - [08/Feb/2026:20:36:22 -0500] "GET /inputs.php?action=view&dir=//lib64/perl5/vendor_perl/HTML&item=Parser.pm HTTP/1.1" 200 16347 "https://api.techbango.io/inputs.php?dir=//lib64/perl5/vendor_perl/HTML" "Mozilla/5.0 AppleWebKit/537.36 (KHTML, like Gecko; compatible; GPTBot/1.3; +https://openai.com/gptbot)"
74.7.227.40 - - [08/Feb/2026:20:36:22 -0500] "GET /inputs.php?action=chmod&dir=//opt/alt/net-snmp11/usr&item=lib64 HTTP/1.1" 200 2373 "https://zimbra.techbango.io/inputs.php?dir=//opt/alt/net-snmp11/usr" "Mozilla/5.0 AppleWebKit/537.36 (KHTML, like Gecko; compatible; GPTBot/1.3; +https://openai.com/gptbot)"
74.7.227.40 - - [08/Feb/2026:20:36:23 -0500] "GET /inputs.php?action=rename&dir=//opt/alt/net-snmp11/usr&item=lib64 HTTP/1.1" 200 2377 "https://zimbra.techbango.io/inputs.php?dir=//opt/alt/net-snmp11/usr" "Mozilla/5.0 AppleWebKit/537.36 (KHTML, like Gecko; compatible; GPTBot/1.3; +https://openai.com/gptbot)"
74.7.227.5 - - [08/Feb/2026:20:36:23 -0500] "GET /inputs.php?action=rename&dir=//lib64&item=libboost_serialization.so.1.66.0 HTTP/1.1" 200 79526 "https://api.techbango.io/inputs.php?dir=//lib64" "Mozilla/5.0 AppleWebKit/537.36 (KHTML, like Gecko; compatible; GPTBot/1.3; +https://openai.com/gptbot)"
74.7.227.40 - - [08/Feb/2026:20:36:23 -0500] "GET /inputs.php?dir=//opt/alt/net-snmp11/usr/bin HTTP/1.1" 200 2363 "https://zimbra.techbango.io/inputs.php?dir=//opt/alt/net-snmp11/usr" "Mozilla/5.0 AppleWebKit/537.36 (KHTML, like Gecko; compatible; GPTBot/1.3; +https://openai.com/gptbot)"
74.7.227.5 - - [08/Feb/2026:20:36:23 -0500] "GET /inputs.php?action=chmod&dir=//lib64&item=libboost_serialization.so.1.66.0 HTTP/1.1" 200 78158 "https://api.techbango.io/inputs.php?dir=//lib64" "Mozilla/5.0 AppleWebKit/537.36 (KHTML, like Gecko; compatible; GPTBot/1.3; +https://openai.com/gptbot)"
74.7.227.40 - - [08/Feb/2026:20:36:24 -0500] "GET /inputs.php?dir=//opt/alt/python-internal/include HTTP/1.1" 200 2249 "https://zimbra.techbango.io/inputs.php?dir=//opt/alt/python-internal" "Mozilla/5.0 AppleWebKit/537.36 (KHTML, like Gecko; compatible; GPTBot/1.3; +https://openai.com/gptbot)"
74.7.227.40 - - [08/Feb/2026:20:36:24 -0500] "GET /inputs.php?dir=//opt/alt/python-internal/lib64 HTTP/1.1" 200 2444 "https://zimbra.techbango.io/inputs.php?dir=//opt/alt/python-internal" "Mozilla/5.0 AppleWebKit/537.36 (KHTML, like Gecko; compatible; GPTBot/1.3; +https://openai.com/gptbot)"
74.7.227.5 - - [08/Feb/2026:20:36:24 -0500] "GET /inputs.php?action=rename&dir=//lib64/python3.8&item=pkgutil.py HTTP/1.1" 200 11150 "https://api.techbango.io/inputs.php?dir=//lib64/python3.8" "Mozilla/5.0 AppleWebKit/537.36 (KHTML, like Gecko; compatible; GPTBot/1.3; +https://openai.com/gptbot)"
74.7.227.40 - - [08/Feb/2026:20:36:25 -0500] "GET /inputs.php?action=rename&dir=//lib/kbd/consoletrans&item=zero HTTP/1.1" 200 4028 "https://zimbra.techbango.io/inputs.php?dir=//lib/kbd/consoletrans" "Mozilla/5.0 AppleWebKit/537.36 (KHTML, like Gecko; compatible; GPTBot/1.3; +https://openai.com/gptbot)"
74.7.227.40 - - [08/Feb/2026:20:36:26 -0500] "GET /inputs.php?dir=//opt/alt/postgresql11/usr/lib64 HTTP/1.1" 200 2160 "https://zimbra.techbango.io/inputs.php?dir=//opt/alt/postgresql11/usr" "Mozilla/5.0 AppleWebKit/537.36 (KHTML, like Gecko; compatible; GPTBot/1.3; +https://openai.com/gptbot)"
74.7.227.5 - - [08/Feb/2026:20:36:26 -0500] "GET /inputs.php?action=chmod&dir=//lib64/python2.7&item=zipfile.py HTTP/1.1" 200 26005 "https://api.techbango.io/inputs.php?dir=//lib64/python2.7" "Mozilla/5.0 AppleWebKit/537.36 (KHTML, like Gecko; compatible; GPTBot/1.3; +https://openai.com/gptbot)"
74.7.227.40 - - [08/Feb/2026:20:36:26 -0500] "GET /inputs.php?action=rename&dir=//lib/kbd/consolefonts&item=Cyr_a8x8.psfu.gz HTTP/1.1" 200 8742 "https://zimbra.techbango.io/inputs.php?dir=//lib/kbd/consolefonts" "Mozilla/5.0 AppleWebKit/537.36 (KHTML, like Gecko; compatible; GPTBot/1.3; +https://openai.com/gptbot)"
74.7.227.40 - - [08/Feb/2026:20:36:20 -0500] "GET /inputs.php?dir=//lib/kbd/consolefonts HTTP/1.1" 200 9486 "https://zimbra.techbango.io/inputs.php?dir=//lib/kbd" "Mozilla/5.0 AppleWebKit/537.36 (KHTML, like Gecko; compatible; GPTBot/1.3; +https://openai.com/gptbot)"
74.7.227.40 - - [08/Feb/2026:20:36:20 -0500] "GET /inputs.php?dir=//opt/alt/libmemcached HTTP/1.1" 200 2232 "https://zimbra.techbango.io/inputs.php?dir=//opt/alt" "Mozilla/5.0 AppleWebKit/537.36 (KHTML, like Gecko; compatible; GPTBot/1.3; +https://openai.com/gptbot)"
74.7.227.5 - - [08/Feb/2026:20:36:21 -0500] "GET /inputs.php?action=edit&dir=//lib64&item=libdrm_intel.so.1 HTTP/1.1" 200 140800 "https://api.techbango.io/inputs.php?dir=//lib64" "Mozilla/5.0 AppleWebKit/537.36 (KHTML, like Gecko; compatible; GPTBot/1.3; +https://openai.com/gptbot)"
74.7.227.40 - - [08/Feb/2026:20:36:21 -0500] "GET /inputs.php?action=rename&dir=//opt/alt/net-snmp11/usr&item=bin HTTP/1.1" 200 2375 "https://zimbra.techbango.io/inputs.php?dir=//opt/alt/net-snmp11/usr" "Mozilla/5.0 AppleWebKit/537.36 (KHTML, like Gecko; compatible; GPTBot/1.3; +https://openai.com/gptbot)"
74.7.227.40 - - [08/Feb/2026:20:36:21 -0500] "GET /inputs.php?action=chmod&dir=//opt/alt/net-snmp11/usr&item=bin HTTP/1.1" 200 2394 "https://zimbra.techbango.io/inputs.php?dir=//opt/alt/net-snmp11/usr" "Mozilla/5.0 AppleWebKit/537.36 (KHTML, like Gecko; compatible; GPTBot/1.3; +https://openai.com/gptbot)"
74.7.227.5 - - [08/Feb/2026:20:36:22 -0500] "GET /inputs.php?action=edit&dir=//lib64&item=libboost_wserialization.so.1.66.0 HTTP/1.1" 200 133301 "https://api.techbango.io/inputs.php?dir=//lib64" "Mozilla/5.0 AppleWebKit/537.36 (KHTML, like Gecko; compatible; GPTBot/1.3; +https://openai.com/gptbot)"
74.7.227.5 - - [08/Feb/2026:20:36:24 -0500] "GET /inputs.php?action=chmod&dir=//lib64/python2.7&item=gettext.py HTTP/1.1" 200 26164 "https://api.techbango.io/inputs.php?dir=//lib64/python2.7" "Mozilla/5.0 AppleWebKit/537.36 (KHTML, like Gecko; compatible; GPTBot/1.3; +https://openai.com/gptbot)"
74.7.227.5 - - [08/Feb/2026:20:36:25 -0500] "GET /inputs.php?action=chmod&dir=//lib64/python3.8&item=gettext.py HTTP/1.1" 200 10822 "https://api.techbango.io/inputs.php?dir=//lib64/python3.8" "Mozilla/5.0 AppleWebKit/537.36 (KHTML, like Gecko; compatible; GPTBot/1.3; +https://openai.com/gptbot)"
74.7.227.40 - - [08/Feb/2026:20:36:25 -0500] "GET /inputs.php?action=view&dir=//opt/alt/python35/include/python3.5m&item=import.h HTTP/1.1" 200 7689 "https://zimbra.techbango.io/inputs.php?dir=//opt/alt/python35/include/python3.5m" "Mozilla/5.0 AppleWebKit/537.36 (KHTML, like Gecko; compatible; GPTBot/1.3; +https://openai.com/gptbot)"
74.7.227.5 - - [08/Feb/2026:20:36:25 -0500] "GET /inputs.php?action=edit&dir=//lib64/python2.7&item=mailbox.pyc HTTP/1.1" 200 48888 "https://api.techbango.io/inputs.php?dir=//lib64/python2.7" "Mozilla/5.0 AppleWebKit/537.36 (KHTML, like Gecko; compatible; GPTBot/1.3; +https://openai.com/gptbot)"
74.7.227.40 - - [08/Feb/2026:20:36:27 -0500] "GET /inputs.php?action=chmod&dir=//lib/kbd/consolefonts&item=880.cp.gz HTTP/1.1" 200 9277 "https://zimbra.techbango.io/inputs.php?dir=//lib/kbd/consolefonts" "Mozilla/5.0 AppleWebKit/537.36 (KHTML, like Gecko; compatible; GPTBot/1.3; +https://openai.com/gptbot)"
74.7.227.40 - - [08/Feb/2026:20:36:27 -0500] "GET /inputs.php?action=edit&dir=//lib/kbd/consolefonts&item=lat0-16.psfu.gz HTTP/1.1" 200 10976 "https://zimbra.techbango.io/inputs.php?dir=//lib/kbd/consolefonts" "Mozilla/5.0 AppleWebKit/537.36 (KHTML, like Gecko; compatible; GPTBot/1.3; +https://openai.com/gptbot)"
74.7.227.5 - - [08/Feb/2026:20:36:29 -0500] "GET /inputs.php?action=chmod&dir=//lib64/python3.8&item=zipfile.py HTTP/1.1" 200 10699 "https://api.techbango.io/inputs.php?dir=//lib64/python3.8" "Mozilla/5.0 AppleWebKit/537.36 (KHTML, like Gecko; compatible; GPTBot/1.3; +https://openai.com/gptbot)"
74.7.227.5 - - [08/Feb/2026:20:36:26 -0500] "GET /inputs.php?action=chmod&dir=//lib64/python2.7&item=zipfile.pyo HTTP/1.1" 200 23350 "https://api.techbango.io/inputs.php?dir=//lib64/python2.7" "Mozilla/5.0 AppleWebKit/537.36 (KHTML, like Gecko; compatible; GPTBot/1.3; +https://openai.com/gptbot)"
74.7.227.5 - - [08/Feb/2026:20:36:27 -0500] "GET /inputs.php?action=chmod&dir=//lib64/python2.7&item=zipfile.pyc HTTP/1.1" 200 23257 "https://api.techbango.io/inputs.php?dir=//lib64/python2.7" "Mozilla/5.0 AppleWebKit/537.36 (KHTML, like Gecko; compatible; GPTBot/1.3; +https://openai.com/gptbot)"
74.7.227.40 - - [08/Feb/2026:20:36:28 -0500] "GET /inputs.php?action=edit&dir=//lib/kbd/consolefonts&item=iso09.08.gz HTTP/1.1" 200 9158 "https://zimbra.techbango.io/inputs.php?dir=//lib/kbd/consolefonts" "Mozilla/5.0 AppleWebKit/537.36 (KHTML, like Gecko; compatible; GPTBot/1.3; +https://openai.com/gptbot)"
74.7.227.5 - - [08/Feb/2026:20:36:28 -0500] "GET /inputs.php?action=rename&dir=//lib64/python3.8&item=zipfile.py HTTP/1.1" 200 10898 "https://api.techbango.io/inputs.php?dir=//lib64/python3.8" "Mozilla/5.0 AppleWebKit/537.36 (KHTML, like Gecko; compatible; GPTBot/1.3; +https://openai.com/gptbot)"
74.7.227.5 - - [08/Feb/2026:20:36:28 -0500] "GET /inputs.php?action=rename&dir=//lib64/python2.7&item=pkgutil.py HTTP/1.1" 200 25363 "https://api.techbango.io/inputs.php?dir=//lib64/python2.7" "Mozilla/5.0 AppleWebKit/537.36 (KHTML, like Gecko; compatible; GPTBot/1.3; +https://openai.com/gptbot)"
74.7.227.40 - - [08/Feb/2026:20:36:28 -0500] "GET /inputs.php?action=view&dir=//lib/kbd/consolefonts&item=Agafari-14.psfu.gz HTTP/1.1" 200 12201 "https://zimbra.techbango.io/inputs.php?dir=//lib/kbd/consolefonts" "Mozilla/5.0 AppleWebKit/537.36 (KHTML, like Gecko; compatible; GPTBot/1.3; +https://openai.com/gptbot)"
74.7.227.40 - - [08/Feb/2026:20:36:29 -0500] "GET /inputs.php?action=rename&dir=//opt/alt/net-snmp11/usr/bin&item=net-snmp-create-v3-user HTTP/1.1" 200 2427 "https://zimbra.techbango.io/inputs.php?dir=//opt/alt/net-snmp11/usr/bin" "Mozilla/5.0 AppleWebKit/537.36 (KHTML, like Gecko; compatible; GPTBot/1.3; +https://openai.com/gptbot)"
74.7.227.5 - - [08/Feb/2026:20:36:29 -0500] "GET /inputs.php?action=rename&dir=//lib64/python2.7&item=zipfile.py HTTP/1.1" 200 24413 "https://api.techbango.io/inputs.php?dir=//lib64/python2.7" "Mozilla/5.0 AppleWebKit/537.36 (KHTML, like Gecko; compatible; GPTBot/1.3; +https://openai.com/gptbot)"
74.7.227.40 - - [08/Feb/2026:20:36:29 -0500] "GET /inputs.php?action=edit&dir=//opt/alt/net-snmp11/usr/bin&item=net-snmp-create-v3-user HTTP/1.1" 200 3640 "https://zimbra.techbango.io/inputs.php?dir=//opt/alt/net-snmp11/usr/bin" "Mozilla/5.0 AppleWebKit/537.36 (KHTML, like Gecko; compatible; GPTBot/1.3; +https://openai.com/gptbot)"
74.7.227.5 - - [08/Feb/2026:20:36:30 -0500] "GET /inputs.php?action=chmod&dir=//lib64/perl5/vendor_perl/version&item=Internals.pod HTTP/1.1" 200 2520 "https://api.techbango.io/inputs.php?dir=//lib64/perl5/vendor_perl/version" "Mozilla/5.0 AppleWebKit/537.36 (KHTML, like Gecko; compatible; GPTBot/1.3; +https://openai.com/gptbot)"
74.7.227.40 - - [08/Feb/2026:20:36:30 -0500] "GET /inputs.php?action=view&dir=//opt/alt/net-snmp11/usr/bin&item=net-snmp-create-v3-user HTTP/1.1" 200 3639 "https://zimbra.techbango.io/inputs.php?dir=//opt/alt/net-snmp11/usr/bin" "Mozilla/5.0 AppleWebKit/537.36 (KHTML, like Gecko; compatible; GPTBot/1.3; +https://openai.com/gptbot)"
74.7.227.40 - - [08/Feb/2026:20:36:32 -0500] "GET /inputs.php?action=rename&dir=//opt/alt/net-snmp11/usr/bin&item=net-snmp-config HTTP/1.1" 200 2423 "https://zimbra.techbango.io/inputs.php?dir=//opt/alt/net-snmp11/usr/bin" "Mozilla/5.0 AppleWebKit/537.36 (KHTML, like Gecko; compatible; GPTBot/1.3; +https://openai.com/gptbot)"
74.7.227.40 - - [08/Feb/2026:20:36:33 -0500] "GET /inputs.php?dir=//opt/alt/python-internal/include/python3.11 HTTP/1.1" 200 2330 "https://zimbra.techbango.io/inputs.php?dir=//opt/alt/python-internal/include" "Mozilla/5.0 AppleWebKit/537.36 (KHTML, like Gecko; compatible; GPTBot/1.3; +https://openai.com/gptbot)"
74.7.227.5 - - [08/Feb/2026:20:36:30 -0500] "GET /inputs.php?action=edit&dir=//lib64/python3.8&item=sysconfig.py HTTP/1.1" 200 19156 "https://api.techbango.io/inputs.php?dir=//lib64/python3.8" "Mozilla/5.0 AppleWebKit/537.36 (KHTML, like Gecko; compatible; GPTBot/1.3; +https://openai.com/gptbot)"
74.7.227.40 - - [08/Feb/2026:20:36:30 -0500] "GET /inputs.php?action=chmod&dir=//opt/alt/net-snmp11/usr/bin&item=net-snmp-create-v3-user HTTP/1.1" 200 2426 "https://zimbra.techbango.io/inputs.php?dir=//opt/alt/net-snmp11/usr/bin" "Mozilla/5.0 AppleWebKit/537.36 (KHTML, like Gecko; compatible; GPTBot/1.3; +https://openai.com/gptbot)"
74.7.227.40 - - [08/Feb/2026:20:36:31 -0500] "GET /inputs.php?action=edit&dir=//opt/alt/net-snmp11/usr/bin&item=net-snmp-config HTTP/1.1" 200 10548 "https://zimbra.techbango.io/inputs.php?dir=//opt/alt/net-snmp11/usr/bin" "Mozilla/5.0 AppleWebKit/537.36 (KHTML, like Gecko; compatible; GPTBot/1.3; +https://openai.com/gptbot)"
74.7.227.5 - - [08/Feb/2026:20:36:31 -0500] "GET /inputs.php?action=edit&dir=//lib64&item=libimagequant.so.0 HTTP/1.1" 200 111550 "https://api.techbango.io/inputs.php?dir=//lib64" "Mozilla/5.0 AppleWebKit/537.36 (KHTML, like Gecko; compatible; GPTBot/1.3; +https://openai.com/gptbot)"
74.7.227.40 - - [08/Feb/2026:20:36:31 -0500] "GET /inputs.php?action=view&dir=//opt/alt/net-snmp11/usr/bin&item=net-snmp-config HTTP/1.1" 200 10546 "https://zimbra.techbango.io/inputs.php?dir=//opt/alt/net-snmp11/usr/bin" "Mozilla/5.0 AppleWebKit/537.36 (KHTML, like Gecko; compatible; GPTBot/1.3; +https://openai.com/gptbot)"
74.7.227.5 - - [08/Feb/2026:20:36:32 -0500] "GET /inputs.php?action=rename&dir=//lib64&item=libteamdctl.so.0 HTTP/1.1" 200 81121 "https://api.techbango.io/inputs.php?dir=//lib64" "Mozilla/5.0 AppleWebKit/537.36 (KHTML, like Gecko; compatible; GPTBot/1.3; +https://openai.com/gptbot)"
74.7.227.5 - - [08/Feb/2026:20:36:32 -0500] "GET /inputs.php?action=chmod&dir=//lib64&item=libmemcachedutil.so.2 HTTP/1.1" 200 80470 "https://api.techbango.io/inputs.php?dir=//lib64" "Mozilla/5.0 AppleWebKit/537.36 (KHTML, like Gecko; compatible; GPTBot/1.3; +https://openai.com/gptbot)"
74.7.227.40 - - [08/Feb/2026:20:36:33 -0500] "GET /inputs.php?action=chmod&dir=//opt/alt/net-snmp11/usr/bin&item=net-snmp-config HTTP/1.1" 200 2429 "https://zimbra.techbango.io/inputs.php?dir=//opt/alt/net-snmp11/usr/bin" "Mozilla/5.0 AppleWebKit/537.36 (KHTML, like Gecko; compatible; GPTBot/1.3; +https://openai.com/gptbot)"
74.7.227.5 - - [08/Feb/2026:20:36:33 -0500] "GET /inputs.php?action=rename&dir=//lib64&item=libevent_core.so HTTP/1.1" 200 77160 "https://api.techbango.io/inputs.php?dir=//lib64" "Mozilla/5.0 AppleWebKit/537.36 (KHTML, like Gecko; compatible; GPTBot/1.3; +https://openai.com/gptbot)"
74.7.227.40 - - [08/Feb/2026:20:36:34 -0500] "GET /inputs.php?dir=//opt/alt/libmemcached/usr HTTP/1.1" 200 2278 "https://zimbra.techbango.io/inputs.php?dir=//opt/alt/libmemcached" "Mozilla/5.0 AppleWebKit/537.36 (KHTML, like Gecko; compatible; GPTBot/1.3; +https://openai.com/gptbot)"
74.7.227.40 - - [08/Feb/2026:20:36:34 -0500] "GET /inputs.php?action=rename&dir=//lib/kbd/consolefonts&item=gr737b-8x11.psfu.gz HTTP/1.1" 200 9065 "https://zimbra.techbango.io/inputs.php?dir=//lib/kbd/consolefonts" "Mozilla/5.0 AppleWebKit/537.36 (KHTML, like Gecko; compatible; GPTBot/1.3; +https://openai.com/gptbot)"
74.7.227.40 - - [08/Feb/2026:20:36:35 -0500] "GET /inputs.php?dir=//opt/alt/net-snmp11/usr/lib64 HTTP/1.1" 200 2849 "https://zimbra.techbango.io/inputs.php?dir=//opt/alt/net-snmp11/usr" "Mozilla/5.0 AppleWebKit/537.36 (KHTML, like Gecko; compatible; GPTBot/1.3; +https://openai.com/gptbot)"
74.7.227.5 - - [08/Feb/2026:20:36:35 -0500] "GET /inputs.php?action=chmod&dir=//lib64&item=libwebpdecoder.so HTTP/1.1" 200 74819 "https://api.techbango.io/inputs.php?dir=//lib64" "Mozilla/5.0 AppleWebKit/537.36 (KHTML, like Gecko; compatible; GPTBot/1.3; +https://openai.com/gptbot)"
74.7.227.40 - - [08/Feb/2026:20:36:36 -0500] "GET /inputs.php?dir=//lib/kbd/consolefonts/partialfonts HTTP/1.1" 200 3318 "https://zimbra.techbango.io/inputs.php?dir=//lib/kbd/consolefonts" "Mozilla/5.0 AppleWebKit/537.36 (KHTML, like Gecko; compatible; GPTBot/1.3; +https://openai.com/gptbot)"
74.7.227.40 - - [08/Feb/2026:20:36:36 -0500] "GET /inputs.php?dir=//opt/alt/python-internal/etc HTTP/1.1" 200 2300 "https://zimbra.techbango.io/inputs.php?dir=//opt/alt/python-internal" "Mozilla/5.0 AppleWebKit/537.36 (KHTML, like Gecko; compatible; GPTBot/1.3; +https://openai.com/gptbot)"
74.7.227.5 - - [08/Feb/2026:20:36:36 -0500] "GET /inputs.php?action=chmod&dir=//lib64&item=libgdbm_compat.so HTTP/1.1" 200 74356 "https://api.techbango.io/inputs.php?dir=//lib64" "Mozilla/5.0 AppleWebKit/537.36 (KHTML, like Gecko; compatible; GPTBot/1.3; +https://openai.com/gptbot)"
74.7.227.40 - - [08/Feb/2026:20:36:37 -0500] "GET /inputs.php?dir=//opt/alt/python-internal/bin HTTP/1.1" 200 2413 "https://zimbra.techbango.io/inputs.php?dir=//opt/alt/python-internal" "Mozilla/5.0 AppleWebKit/537.36 (KHTML, like Gecko; compatible; GPTBot/1.3; +https://openai.com/gptbot)"
74.7.227.40 - - [08/Feb/2026:20:36:37 -0500] "GET /inputs.php?dir=//opt/alt/python-internal/lib HTTP/1.1" 200 2246 "https://zimbra.techbango.io/inputs.php?dir=//opt/alt/python-internal" "Mozilla/5.0 AppleWebKit/537.36 (KHTML, like Gecko; compatible; GPTBot/1.3; +https://openai.com/gptbot)"
74.7.227.5 - - [08/Feb/2026:20:36:37 -0500] "GET /inputs.php?action=rename&dir=//lib64&item=libevent_extra.so HTTP/1.1" 200 73798 "https://api.techbango.io/inputs.php?dir=//lib64" "Mozilla/5.0 AppleWebKit/537.36 (KHTML, like Gecko; compatible; GPTBot/1.3; +https://openai.com/gptbot)"
74.7.227.5 - - [08/Feb/2026:20:36:38 -0500] "GET /inputs.php?action=chmod&dir=//lib64&item=libsmartcols.so.1 HTTP/1.1" 200 74871 "https://api.techbango.io/inputs.php?dir=//lib64" "Mozilla/5.0 AppleWebKit/537.36 (KHTML, like Gecko; compatible; GPTBot/1.3; +https://openai.com/gptbot)"
74.7.227.5 - - [08/Feb/2026:20:36:39 -0500] "GET /inputs.php?action=rename&dir=//lib64&item=libxcb-xinerama.so HTTP/1.1" 200 74227 "https://api.techbango.io/inputs.php?dir=//lib64" "Mozilla/5.0 AppleWebKit/537.36 (KHTML, like Gecko; compatible; GPTBot/1.3; +https://openai.com/gptbot)"
74.7.227.5 - - [08/Feb/2026:20:36:39 -0500] "GET /inputs.php?action=chmod&dir=//lib64&item=libtheoradec.so.1 HTTP/1.1" 200 73256 "https://api.techbango.io/inputs.php?dir=//lib64" "Mozilla/5.0 AppleWebKit/537.36 (KHTML, like Gecko; compatible; GPTBot/1.3; +https://openai.com/gptbot)"
74.7.227.40 - - [08/Feb/2026:20:36:40 -0500] "GET /inputs.php?dir=//opt/alt/libmemcached/usr/bin HTTP/1.1" 200 2778 "https://zimbra.techbango.io/inputs.php?dir=//opt/alt/libmemcached/usr" "Mozilla/5.0 AppleWebKit/537.36 (KHTML, like Gecko; compatible; GPTBot/1.3; +https://openai.com/gptbot)"
74.7.227.40 - - [08/Feb/2026:20:36:40 -0500] "GET /inputs.php?dir=//opt/alt/openldap11 HTTP/1.1" 200 2401 "https://zimbra.techbango.io/inputs.php?dir=//opt/alt" "Mozilla/5.0 AppleWebKit/537.36 (KHTML, like Gecko; compatible; GPTBot/1.3; +https://openai.com/gptbot)"
74.7.227.5 - - [08/Feb/2026:20:36:40 -0500] "GET /inputs.php?action=rename&dir=//lib64&item=libfastjson.so.4 HTTP/1.1" 200 79295 "https://api.techbango.io/inputs.php?dir=//lib64" "Mozilla/5.0 AppleWebKit/537.36 (KHTML, like Gecko; compatible; GPTBot/1.3; +https://openai.com/gptbot)"
74.7.227.40 - - [08/Feb/2026:20:36:41 -0500] "GET /inputs.php?action=chmod&dir=//opt/alt/net-snmp11/usr/lib64&item=libsnmp.so HTTP/1.1" 200 2946 "https://zimbra.techbango.io/inputs.php?dir=//opt/alt/net-snmp11/usr/lib64" "Mozilla/5.0 AppleWebKit/537.36 (KHTML, like Gecko; compatible; GPTBot/1.3; +https://openai.com/gptbot)"
74.7.227.40 - - [08/Feb/2026:20:36:42 -0500] "GET /inputs.php?action=edit&dir=//opt/alt/net-snmp11/usr/lib64&item=libnetsnmp.so HTTP/1.1" 200 261649 "https://zimbra.techbango.io/inputs.php?dir=//opt/alt/net-snmp11/usr/lib64" "Mozilla/5.0 AppleWebKit/537.36 (KHTML, like Gecko; compatible; GPTBot/1.3; +https://openai.com/gptbot)"
74.7.227.5 - - [08/Feb/2026:20:36:33 -0500] "GET /inputs.php?action=rename&dir=//lib64&item=libfontconfig.so HTTP/1.1" 200 79510 "https://api.techbango.io/inputs.php?dir=//lib64" "Mozilla/5.0 AppleWebKit/537.36 (KHTML, like Gecko; compatible; GPTBot/1.3; +https://openai.com/gptbot)"
74.7.227.5 - - [08/Feb/2026:20:36:34 -0500] "GET /inputs.php?action=rename&dir=//lib64&item=libmysqlclient.so HTTP/1.1" 200 81211 "https://api.techbango.io/inputs.php?dir=//lib64" "Mozilla/5.0 AppleWebKit/537.36 (KHTML, like Gecko; compatible; GPTBot/1.3; +https://openai.com/gptbot)"
74.7.227.5 - - [08/Feb/2026:20:36:34 -0500] "GET /inputs.php?action=chmod&dir=//lib64&item=libunistring.so.2 HTTP/1.1" 200 81086 "https://api.techbango.io/inputs.php?dir=//lib64" "Mozilla/5.0 AppleWebKit/537.36 (KHTML, like Gecko; compatible; GPTBot/1.3; +https://openai.com/gptbot)"
74.7.227.40 - - [08/Feb/2026:20:36:35 -0500] "GET /inputs.php?action=chmod&dir=//lib/kbd/consolefonts&item=gr928b-8x14.psfu.gz HTTP/1.1" 200 9449 "https://zimbra.techbango.io/inputs.php?dir=//lib/kbd/consolefonts" "Mozilla/5.0 AppleWebKit/537.36 (KHTML, like Gecko; compatible; GPTBot/1.3; +https://openai.com/gptbot)"
74.7.227.5 - - [08/Feb/2026:20:36:35 -0500] "GET /inputs.php?action=edit&dir=//lib64&item=libmysqlclient_r.a HTTP/1.1" 200 223035 "https://api.techbango.io/inputs.php?dir=//lib64" "Mozilla/5.0 AppleWebKit/537.36 (KHTML, like Gecko; compatible; GPTBot/1.3; +https://openai.com/gptbot)"
74.7.227.5 - - [08/Feb/2026:20:36:36 -0500] "GET /inputs.php?action=chmod&dir=//lib64&item=libkrb5support.so HTTP/1.1" 200 80920 "https://api.techbango.io/inputs.php?dir=//lib64" "Mozilla/5.0 AppleWebKit/537.36 (KHTML, like Gecko; compatible; GPTBot/1.3; +https://openai.com/gptbot)"
74.7.227.5 - - [08/Feb/2026:20:36:38 -0500] "GET /inputs.php?action=edit&dir=//lib64&item=libtokyocabinet.so.9 HTTP/1.1" 200 309486 "https://api.techbango.io/inputs.php?dir=//lib64" "Mozilla/5.0 AppleWebKit/537.36 (KHTML, like Gecko; compatible; GPTBot/1.3; +https://openai.com/gptbot)"
74.7.227.40 - - [08/Feb/2026:20:36:38 -0500] "GET /inputs.php?dir=//opt/alt/alt-nodejs9 HTTP/1.1" 200 2333 "https://zimbra.techbango.io/inputs.php?dir=//opt/alt" "Mozilla/5.0 AppleWebKit/537.36 (KHTML, like Gecko; compatible; GPTBot/1.3; +https://openai.com/gptbot)"
74.7.227.40 - - [08/Feb/2026:20:36:38 -0500] "GET /inputs.php?dir=//opt/alt/alt-nodejs8 HTTP/1.1" 200 2332 "https://zimbra.techbango.io/inputs.php?dir=//opt/alt" "Mozilla/5.0 AppleWebKit/537.36 (KHTML, like Gecko; compatible; GPTBot/1.3; +https://openai.com/gptbot)"
74.7.227.40 - - [08/Feb/2026:20:36:39 -0500] "GET /inputs.php?dir=//opt/alt/alt-nodejs6 HTTP/1.1" 200 2331 "https://zimbra.techbango.io/inputs.php?dir=//opt/alt" "Mozilla/5.0 AppleWebKit/537.36 (KHTML, like Gecko; compatible; GPTBot/1.3; +https://openai.com/gptbot)"
74.7.227.40 - - [08/Feb/2026:20:36:39 -0500] "GET /inputs.php?dir=//opt/alt/libmemcached/usr/lib64 HTTP/1.1" 200 2503 "https://zimbra.techbango.io/inputs.php?dir=//opt/alt/libmemcached/usr" "Mozilla/5.0 AppleWebKit/537.36 (KHTML, like Gecko; compatible; GPTBot/1.3; +https://openai.com/gptbot)"
74.7.227.5 - - [08/Feb/2026:20:36:40 -0500] "GET /inputs.php?action=rename&dir=//lib64&item=libfbclient.so.2 HTTP/1.1" 200 79743 "https://api.techbango.io/inputs.php?dir=//lib64" "Mozilla/5.0 AppleWebKit/537.36 (KHTML, like Gecko; compatible; GPTBot/1.3; +https://openai.com/gptbot)"
74.7.227.40 - - [08/Feb/2026:20:36:41 -0500] "GET /inputs.php?action=edit&dir=//opt/alt/net-snmp11/usr/lib64&item=libsnmp.so HTTP/1.1" 200 261645 "https://zimbra.techbango.io/inputs.php?dir=//opt/alt/net-snmp11/usr/lib64" "Mozilla/5.0 AppleWebKit/537.36 (KHTML, like Gecko; compatible; GPTBot/1.3; +https://openai.com/gptbot)"
74.7.227.5 - - [08/Feb/2026:20:36:42 -0500] "GET /inputs.php?action=rename&dir=//lib64/perl5&item=syscall.ph HTTP/1.1" 200 4534 "https://api.techbango.io/inputs.php?dir=//lib64/perl5" "Mozilla/5.0 AppleWebKit/537.36 (KHTML, like Gecko; compatible; GPTBot/1.3; +https://openai.com/gptbot)"
74.7.227.5 - - [08/Feb/2026:20:36:41 -0500] "GET /inputs.php?action=chmod&dir=//lib64&item=libbasicobjects.so.0 HTTP/1.1" 200 77922 "https://api.techbango.io/inputs.php?dir=//lib64" "Mozilla/5.0 AppleWebKit/537.36 (KHTML, like Gecko; compatible; GPTBot/1.3; +https://openai.com/gptbot)"
74.7.227.40 - - [08/Feb/2026:20:36:42 -0500] "GET /inputs.php?action=rename&dir=//opt/alt/net-snmp11/usr/lib64&item=libsnmp.so HTTP/1.1" 200 2964 "https://zimbra.techbango.io/inputs.php?dir=//opt/alt/net-snmp11/usr/lib64" "Mozilla/5.0 AppleWebKit/537.36 (KHTML, like Gecko; compatible; GPTBot/1.3; +https://openai.com/gptbot)"
74.7.227.40 - - [08/Feb/2026:20:36:43 -0500] "GET /inputs.php?dir=//opt/alt/python-internal/lib/python3.11 HTTP/1.1" 200 2263 "https://zimbra.techbango.io/inputs.php?dir=//opt/alt/python-internal/lib" "Mozilla/5.0 AppleWebKit/537.36 (KHTML, like Gecko; compatible; GPTBot/1.3; +https://openai.com/gptbot)"
74.7.227.5 - - [08/Feb/2026:20:36:43 -0500] "GET /inputs.php?action=rename&dir=//lib64&item=libmysqlclient.a HTTP/1.1" 200 80384 "https://api.techbango.io/inputs.php?dir=//lib64" "Mozilla/5.0 AppleWebKit/537.36 (KHTML, like Gecko; compatible; GPTBot/1.3; +https://openai.com/gptbot)"
74.7.227.40 - - [08/Feb/2026:20:36:44 -0500] "GET /inputs.php?action=edit&dir=//opt/alt/net-snmp11/usr/lib64&item=libnetsnmphelpers.so HTTP/1.1" 200 5344 "https://zimbra.techbango.io/inputs.php?dir=//opt/alt/net-snmp11/usr/lib64" "Mozilla/5.0 AppleWebKit/537.36 (KHTML, like Gecko; compatible; GPTBot/1.3; +https://openai.com/gptbot)"
74.7.227.5 - - [08/Feb/2026:20:36:44 -0500] "GET /inputs.php?action=rename&dir=//lib64&item=libevent_pthreads.so HTTP/1.1" 200 80417 "https://api.techbango.io/inputs.php?dir=//lib64" "Mozilla/5.0 AppleWebKit/537.36 (KHTML, like Gecko; compatible; GPTBot/1.3; +https://openai.com/gptbot)"
74.7.227.40 - - [08/Feb/2026:20:36:46 -0500] "GET /inputs.php?action=rename&dir=//opt/alt/net-snmp11/usr/lib64&item=libnetsnmpagent.so HTTP/1.1" 200 2932 "https://zimbra.techbango.io/inputs.php?dir=//opt/alt/net-snmp11/usr/lib64" "Mozilla/5.0 AppleWebKit/537.36 (KHTML, like Gecko; compatible; GPTBot/1.3; +https://openai.com/gptbot)"
74.7.227.5 - - [08/Feb/2026:20:36:46 -0500] "GET /inputs.php?action=edit&dir=//lib64&item=libmysqlservices.a HTTP/1.1" 200 80894 "https://api.techbango.io/inputs.php?dir=//lib64" "Mozilla/5.0 AppleWebKit/537.36 (KHTML, like Gecko; compatible; GPTBot/1.3; +https://openai.com/gptbot)"
74.7.227.5 - - [08/Feb/2026:20:36:46 -0500] "GET /inputs.php?action=rename&dir=//lib64&item=libc_nonshared.a HTTP/1.1" 200 80895 "https://api.techbango.io/inputs.php?dir=//lib64" "Mozilla/5.0 AppleWebKit/537.36 (KHTML, like Gecko; compatible; GPTBot/1.3; +https://openai.com/gptbot)"
74.7.227.40 - - [08/Feb/2026:20:36:47 -0500] "GET /inputs.php?dir=//opt/alt/openldap11/include HTTP/1.1" 200 2696 "https://zimbra.techbango.io/inputs.php?dir=//opt/alt/openldap11" "Mozilla/5.0 AppleWebKit/537.36 (KHTML, like Gecko; compatible; GPTBot/1.3; +https://openai.com/gptbot)"
74.7.227.5 - - [08/Feb/2026:20:36:47 -0500] "GET /inputs.php?action=rename&dir=//lib64&item=libcpupower.so.0 HTTP/1.1" 200 81170 "https://api.techbango.io/inputs.php?dir=//lib64" "Mozilla/5.0 AppleWebKit/537.36 (KHTML, like Gecko; compatible; GPTBot/1.3; +https://openai.com/gptbot)"
74.7.227.5 - - [08/Feb/2026:20:36:48 -0500] "GET /inputs.php?action=rename&dir=//lib64&item=libbasicobjects.so.0 HTTP/1.1" 200 76428 "https://api.techbango.io/inputs.php?dir=//lib64" "Mozilla/5.0 AppleWebKit/537.36 (KHTML, like Gecko; compatible; GPTBot/1.3; +https://openai.com/gptbot)"
74.7.227.40 - - [08/Feb/2026:20:36:48 -0500] "GET /inputs.php?action=edit&dir=//opt/alt/net-snmp11/usr/lib64&item=libnetsnmpagent.so HTTP/1.1" 200 113401 "https://zimbra.techbango.io/inputs.php?dir=//opt/alt/net-snmp11/usr/lib64" "Mozilla/5.0 AppleWebKit/537.36 (KHTML, like Gecko; compatible; GPTBot/1.3; +https://openai.com/gptbot)"
74.7.227.5 - - [08/Feb/2026:20:36:43 -0500] "GET /inputs.php?action=rename&dir=//lib64&item=libmetalink.so.3 HTTP/1.1" 200 81090 "https://api.techbango.io/inputs.php?dir=//lib64" "Mozilla/5.0 AppleWebKit/537.36 (KHTML, like Gecko; compatible; GPTBot/1.3; +https://openai.com/gptbot)"
74.7.227.40 - - [08/Feb/2026:20:36:44 -0500] "GET /inputs.php?action=rename&dir=//opt/alt/net-snmp11/usr/lib64&item=libnetsnmphelpers.so HTTP/1.1" 200 2960 "https://zimbra.techbango.io/inputs.php?dir=//opt/alt/net-snmp11/usr/lib64" "Mozilla/5.0 AppleWebKit/537.36 (KHTML, like Gecko; compatible; GPTBot/1.3; +https://openai.com/gptbot)"
74.7.227.40 - - [08/Feb/2026:20:36:45 -0500] "GET /inputs.php?action=edit&dir=//opt/alt/net-snmp11/usr/lib64&item=libnetsnmpmibs.so HTTP/1.1" 200 155389 "https://zimbra.techbango.io/inputs.php?dir=//opt/alt/net-snmp11/usr/lib64" "Mozilla/5.0 AppleWebKit/537.36 (KHTML, like Gecko; compatible; GPTBot/1.3; +https://openai.com/gptbot)"
74.7.227.5 - - [08/Feb/2026:20:36:45 -0500] "GET /inputs.php?action=rename&dir=//lib64&item=libmysqlclient_r.a HTTP/1.1" 200 78448 "https://api.techbango.io/inputs.php?dir=//lib64" "Mozilla/5.0 AppleWebKit/537.36 (KHTML, like Gecko; compatible; GPTBot/1.3; +https://openai.com/gptbot)"
74.7.227.40 - - [08/Feb/2026:20:36:45 -0500] "GET /inputs.php?action=rename&dir=//opt/alt/net-snmp11/usr/lib64&item=libnetsnmpmibs.so HTTP/1.1" 200 2946 "https://zimbra.techbango.io/inputs.php?dir=//opt/alt/net-snmp11/usr/lib64" "Mozilla/5.0 AppleWebKit/537.36 (KHTML, like Gecko; compatible; GPTBot/1.3; +https://openai.com/gptbot)"
74.7.227.5 - - [08/Feb/2026:20:36:45 -0500] "GET /inputs.php?action=edit&dir=//lib64&item=libxmlsec1-openssl.so HTTP/1.1" 200 167468 "https://api.techbango.io/inputs.php?dir=//lib64" "Mozilla/5.0 AppleWebKit/537.36 (KHTML, like Gecko; compatible; GPTBot/1.3; +https://openai.com/gptbot)"
74.7.227.40 - - [08/Feb/2026:20:36:46 -0500] "GET /inputs.php?dir=//opt/alt/openldap11/libexec HTTP/1.1" 200 2261 "https://zimbra.techbango.io/inputs.php?dir=//opt/alt/openldap11" "Mozilla/5.0 AppleWebKit/537.36 (KHTML, like Gecko; compatible; GPTBot/1.3; +https://openai.com/gptbot)"
74.7.227.40 - - [08/Feb/2026:20:36:47 -0500] "GET /inputs.php?dir=//opt/alt/openldap11/lib64 HTTP/1.1" 200 2775 "https://zimbra.techbango.io/inputs.php?dir=//opt/alt/openldap11" "Mozilla/5.0 AppleWebKit/537.36 (KHTML, like Gecko; compatible; GPTBot/1.3; +https://openai.com/gptbot)"
74.7.227.5 - - [08/Feb/2026:20:36:47 -0500] "GET /inputs.php?action=rename&dir=//lib64&item=libtheoradec.so.1 HTTP/1.1" 200 80992 "https://api.techbango.io/inputs.php?dir=//lib64" "Mozilla/5.0 AppleWebKit/537.36 (KHTML, like Gecko; compatible; GPTBot/1.3; +https://openai.com/gptbot)"
74.7.227.40 - - [08/Feb/2026:20:36:48 -0500] "GET /inputs.php?action=chmod&dir=//opt/alt/net-snmp11/usr/lib64&item=libnetsnmphelpers.so HTTP/1.1" 200 2949 "https://zimbra.techbango.io/inputs.php?dir=//opt/alt/net-snmp11/usr/lib64" "Mozilla/5.0 AppleWebKit/537.36 (KHTML, like Gecko; compatible; GPTBot/1.3; +https://openai.com/gptbot)"
74.7.227.40 - - [08/Feb/2026:20:36:49 -0500] "GET /inputs.php?action=chmod&dir=//opt/alt/net-snmp11/usr/lib64&item=libnetsnmpmibs.so HTTP/1.1" 200 2905 "https://zimbra.techbango.io/inputs.php?dir=//opt/alt/net-snmp11/usr/lib64" "Mozilla/5.0 AppleWebKit/537.36 (KHTML, like Gecko; compatible; GPTBot/1.3; +https://openai.com/gptbot)"
74.7.227.5 - - [08/Feb/2026:20:36:49 -0500] "GET /inputs.php?action=rename&dir=//lib64&item=libnfnetlink.so.0 HTTP/1.1" 200 79937 "https://api.techbango.io/inputs.php?dir=//lib64" "Mozilla/5.0 AppleWebKit/537.36 (KHTML, like Gecko; compatible; GPTBot/1.3; +https://openai.com/gptbot)"
74.7.227.5 - - [08/Feb/2026:20:36:49 -0500] "GET /inputs.php?action=edit&dir=//lib64&item=libmysqlclient_r.so HTTP/1.1" 200 202378 "https://api.techbango.io/inputs.php?dir=//lib64" "Mozilla/5.0 AppleWebKit/537.36 (KHTML, like Gecko; compatible; GPTBot/1.3; +https://openai.com/gptbot)"
74.7.227.40 - - [08/Feb/2026:20:36:49 -0500] "GET /inputs.php?action=rename&dir=//opt/alt/net-snmp11/usr/lib64&item=libnetsnmp.so HTTP/1.1" 200 2893 "https://zimbra.techbango.io/inputs.php?dir=//opt/alt/net-snmp11/usr/lib64" "Mozilla/5.0 AppleWebKit/537.36 (KHTML, like Gecko; compatible; GPTBot/1.3; +https://openai.com/gptbot)"
74.7.227.5 - - [08/Feb/2026:20:36:50 -0500] "GET /inputs.php?action=chmod&dir=//lib64&item=libtclenvmodules.so HTTP/1.1" 200 80405 "https://api.techbango.io/inputs.php?dir=//lib64" "Mozilla/5.0 AppleWebKit/537.36 (KHTML, like Gecko; compatible; GPTBot/1.3; +https://openai.com/gptbot)"
74.7.227.40 - - [08/Feb/2026:20:36:50 -0500] "GET /inputs.php?action=chmod&dir=//opt/alt/net-snmp11/usr/lib64&item=libnetsnmpagent.so HTTP/1.1" 200 2953 "https://zimbra.techbango.io/inputs.php?dir=//opt/alt/net-snmp11/usr/lib64" "Mozilla/5.0 AppleWebKit/537.36 (KHTML, like Gecko; compatible; GPTBot/1.3; +https://openai.com/gptbot)"
74.7.227.5 - - [08/Feb/2026:20:36:50 -0500] "GET /inputs.php?action=rename&dir=//lib64&item=libsmartcols.so.1 HTTP/1.1" 200 80788 "https://api.techbango.io/inputs.php?dir=//lib64" "Mozilla/5.0 AppleWebKit/537.36 (KHTML, like Gecko; compatible; GPTBot/1.3; +https://openai.com/gptbot)"
74.7.227.40 - - [08/Feb/2026:20:36:50 -0500] "GET /inputs.php?action=chmod&dir=//opt/alt/net-snmp11/usr/lib64&item=libnetsnmp.so HTTP/1.1" 200 2942 "https://zimbra.techbango.io/inputs.php?dir=//opt/alt/net-snmp11/usr/lib64" "Mozilla/5.0 AppleWebKit/537.36 (KHTML, like Gecko; compatible; GPTBot/1.3; +https://openai.com/gptbot)"
74.7.227.5 - - [08/Feb/2026:20:36:51 -0500] "GET /inputs.php?action=rename&dir=//lib64&item=libgettextpo.so.0 HTTP/1.1" 200 81305 "https://api.techbango.io/inputs.php?dir=//lib64" "Mozilla/5.0 AppleWebKit/537.36 (KHTML, like Gecko; compatible; GPTBot/1.3; +https://openai.com/gptbot)"
74.7.227.5 - - [08/Feb/2026:20:36:51 -0500] "GET /inputs.php?action=rename&dir=//lib64&item=libwebpdecoder.so.3 HTTP/1.1" 200 77735 "https://api.techbango.io/inputs.php?dir=//lib64" "Mozilla/5.0 AppleWebKit/537.36 (KHTML, like Gecko; compatible; GPTBot/1.3; +https://openai.com/gptbot)"
74.7.227.5 - - [08/Feb/2026:20:36:52 -0500] "GET /inputs.php?action=rename&dir=//lib64&item=libxcb-composite.so HTTP/1.1" 200 80098 "https://api.techbango.io/inputs.php?dir=//lib64" "Mozilla/5.0 AppleWebKit/537.36 (KHTML, like Gecko; compatible; GPTBot/1.3; +https://openai.com/gptbot)"
74.7.227.40 - - [08/Feb/2026:20:36:52 -0500] "GET /inputs.php?dir=//opt/alt/openldap11/etc HTTP/1.1" 200 2239 "https://zimbra.techbango.io/inputs.php?dir=//opt/alt/openldap11" "Mozilla/5.0 AppleWebKit/537.36 (KHTML, like Gecko; compatible; GPTBot/1.3; +https://openai.com/gptbot)"
74.7.227.5 - - [08/Feb/2026:20:36:52 -0500] "GET /inputs.php?action=rename&dir=//lib64&item=libfreetype.so.6 HTTP/1.1" 200 81255 "https://api.techbango.io/inputs.php?dir=//lib64" "Mozilla/5.0 AppleWebKit/537.36 (KHTML, like Gecko; compatible; GPTBot/1.3; +https://openai.com/gptbot)"
74.7.227.5 - - [08/Feb/2026:20:36:54 -0500] "GET /inputs.php?action=rename&dir=//lib64&item=libauthselect.so.3 HTTP/1.1" 200 81301 "https://api.techbango.io/inputs.php?dir=//lib64" "Mozilla/5.0 AppleWebKit/537.36 (KHTML, like Gecko; compatible; GPTBot/1.3; +https://openai.com/gptbot)"
74.7.227.5 - - [08/Feb/2026:20:36:54 -0500] "GET /inputs.php?action=edit&dir=//lib64&item=libdebuginfod.so.1 HTTP/1.1" 200 92641 "https://api.techbango.io/inputs.php?dir=//lib64" "Mozilla/5.0 AppleWebKit/537.36 (KHTML, like Gecko; compatible; GPTBot/1.3; +https://openai.com/gptbot)"
74.7.227.40 - - [08/Feb/2026:20:36:55 -0500] "GET /inputs.php?action=chmod&dir=//opt/alt/net-snmp11/usr/lib64&item=libnetsnmpmibs.so.35 HTTP/1.1" 200 2901 "https://zimbra.techbango.io/inputs.php?dir=//opt/alt/net-snmp11/usr/lib64" "Mozilla/5.0 AppleWebKit/537.36 (KHTML, like Gecko; compatible; GPTBot/1.3; +https://openai.com/gptbot)"
74.7.227.5 - - [08/Feb/2026:20:36:55 -0500] "GET /inputs.php?action=chmod&dir=//lib64&item=libauthselect.so.3 HTTP/1.1" 200 79933 "https://api.techbango.io/inputs.php?dir=//lib64" "Mozilla/5.0 AppleWebKit/537.36 (KHTML, like Gecko; compatible; GPTBot/1.3; +https://openai.com/gptbot)"
74.7.227.40 - - [08/Feb/2026:20:36:55 -0500] "GET /inputs.php?action=chmod&dir=//opt/alt/net-snmp11/usr/lib64&item=libnetsnmphelpers.so.35 HTTP/1.1" 200 2950 "https://zimbra.techbango.io/inputs.php?dir=//opt/alt/net-snmp11/usr/lib64" "Mozilla/5.0 AppleWebKit/537.36 (KHTML, like Gecko; compatible; GPTBot/1.3; +https://openai.com/gptbot)"
74.7.227.5 - - [08/Feb/2026:20:36:55 -0500] "GET /inputs.php?action=edit&dir=//lib64&item=libvorbisfile.so.3 HTTP/1.1" 200 93004 "https://api.techbango.io/inputs.php?dir=//lib64" "Mozilla/5.0 AppleWebKit/537.36 (KHTML, like Gecko; compatible; GPTBot/1.3; +https://openai.com/gptbot)"
74.7.227.40 - - [08/Feb/2026:20:36:51 -0500] "GET /inputs.php?action=view&dir=//opt/alt/net-snmp11/usr/lib64&item=libsnmp.so HTTP/1.1" 200 261631 "https://zimbra.techbango.io/inputs.php?dir=//opt/alt/net-snmp11/usr/lib64" "Mozilla/5.0 AppleWebKit/537.36 (KHTML, like Gecko; compatible; GPTBot/1.3; +https://openai.com/gptbot)"
74.7.227.40 - - [08/Feb/2026:20:36:52 -0500] "GET /inputs.php?action=rename&dir=//lib/kbd/consolefonts/partialfonts&item=none.00-17.14.gz HTTP/1.1" 200 3400 "https://zimbra.techbango.io/inputs.php?dir=//lib/kbd/consolefonts/partialfonts" "Mozilla/5.0 AppleWebKit/537.36 (KHTML, like Gecko; compatible; GPTBot/1.3; +https://openai.com/gptbot)"
74.7.227.40 - - [08/Feb/2026:20:36:53 -0500] "GET /inputs.php?action=view&dir=//opt/alt/net-snmp11/usr/lib64&item=libnetsnmp.so HTTP/1.1" 200 261687 "https://zimbra.techbango.io/inputs.php?dir=//opt/alt/net-snmp11/usr/lib64" "Mozilla/5.0 AppleWebKit/537.36 (KHTML, like Gecko; compatible; GPTBot/1.3; +https://openai.com/gptbot)"
74.7.227.5 - - [08/Feb/2026:20:36:53 -0500] "GET /inputs.php?action=chmod&dir=//lib64&item=libevent_openssl.so HTTP/1.1" 200 80698 "https://api.techbango.io/inputs.php?dir=//lib64" "Mozilla/5.0 AppleWebKit/537.36 (KHTML, like Gecko; compatible; GPTBot/1.3; +https://openai.com/gptbot)"
74.7.227.40 - - [08/Feb/2026:20:36:53 -0500] "GET /inputs.php?action=rename&dir=//opt/alt/openldap11/lib64&item=libldap-2.4.so.2.10.9 HTTP/1.1" 200 2782 "https://zimbra.techbango.io/inputs.php?dir=//opt/alt/openldap11/lib64" "Mozilla/5.0 AppleWebKit/537.36 (KHTML, like Gecko; compatible; GPTBot/1.3; +https://openai.com/gptbot)"
74.7.227.5 - - [08/Feb/2026:20:36:53 -0500] "GET /inputs.php?action=chmod&dir=//lib64&item=libmysqlclient.so HTTP/1.1" 200 78703 "https://api.techbango.io/inputs.php?dir=//lib64" "Mozilla/5.0 AppleWebKit/537.36 (KHTML, like Gecko; compatible; GPTBot/1.3; +https://openai.com/gptbot)"
74.7.227.40 - - [08/Feb/2026:20:36:54 -0500] "GET /inputs.php?action=chmod&dir=//opt/alt/net-snmp11/usr/lib64&item=libsnmp.so.35 HTTP/1.1" 200 2945 "https://zimbra.techbango.io/inputs.php?dir=//opt/alt/net-snmp11/usr/lib64" "Mozilla/5.0 AppleWebKit/537.36 (KHTML, like Gecko; compatible; GPTBot/1.3; +https://openai.com/gptbot)"
74.7.227.40 - - [08/Feb/2026:20:36:54 -0500] "GET /inputs.php?action=rename&dir=//opt/alt/net-snmp11/usr/lib64&item=libsnmp.so.35 HTTP/1.1" 200 2945 "https://zimbra.techbango.io/inputs.php?dir=//opt/alt/net-snmp11/usr/lib64" "Mozilla/5.0 AppleWebKit/537.36 (KHTML, like Gecko; compatible; GPTBot/1.3; +https://openai.com/gptbot)"
74.7.227.5 - - [08/Feb/2026:20:36:56 -0500] "GET /inputs.php?action=rename&dir=//lib64&item=libsemanage.so.1 HTTP/1.1" 200 79937 "https://api.techbango.io/inputs.php?dir=//lib64" "Mozilla/5.0 AppleWebKit/537.36 (KHTML, like Gecko; compatible; GPTBot/1.3; +https://openai.com/gptbot)"
74.7.227.5 - - [08/Feb/2026:20:36:56 -0500] "GET /inputs.php?action=chmod&dir=//lib64&item=libxcb-composite.so HTTP/1.1" 200 80571 "https://api.techbango.io/inputs.php?dir=//lib64" "Mozilla/5.0 AppleWebKit/537.36 (KHTML, like Gecko; compatible; GPTBot/1.3; +https://openai.com/gptbot)"
74.7.227.40 - - [08/Feb/2026:20:36:57 -0500] "GET /inputs.php?action=edit&dir=//opt/alt/net-snmp11/usr/lib64&item=libsnmp.so.35.0.0 HTTP/1.1" 200 261671 "https://zimbra.techbango.io/inputs.php?dir=//opt/alt/net-snmp11/usr/lib64" "Mozilla/5.0 AppleWebKit/537.36 (KHTML, like Gecko; compatible; GPTBot/1.3; +https://openai.com/gptbot)"
74.7.227.5 - - [08/Feb/2026:20:36:57 -0500] "GET /inputs.php?action=edit&dir=//lib64&item=libmvec_nonshared.a HTTP/1.1" 200 79667 "https://api.techbango.io/inputs.php?dir=//lib64" "Mozilla/5.0 AppleWebKit/537.36 (KHTML, like Gecko; compatible; GPTBot/1.3; +https://openai.com/gptbot)"
74.7.227.40 - - [08/Feb/2026:20:36:58 -0500] "GET /inputs.php?dir=//opt/alt/openldap11/etc/openldap HTTP/1.1" 200 2346 "https://zimbra.techbango.io/inputs.php?dir=//opt/alt/openldap11/etc" "Mozilla/5.0 AppleWebKit/537.36 (KHTML, like Gecko; compatible; GPTBot/1.3; +https://openai.com/gptbot)"
74.7.227.40 - - [08/Feb/2026:20:36:56 -0500] "GET /inputs.php?action=chmod&dir=//opt/alt/net-snmp11/usr/lib64&item=libnetsnmp.so.35 HTTP/1.1" 200 2923 "https://zimbra.techbango.io/inputs.php?dir=//opt/alt/net-snmp11/usr/lib64" "Mozilla/5.0 AppleWebKit/537.36 (KHTML, like Gecko; compatible; GPTBot/1.3; +https://openai.com/gptbot)"
